-- Data for Name: document_countries; Type: TABLE DATA; Schema: public; Owner: -
--

COPY public.document_countries (id, country_id, document_id, created_at) FROM stdin;
\.


--
-- Data for Name: document_crops; Type: TABLE DATA; Schema: public; Owner: -
--

COPY public.document_crops (id, crop_id, document_id, created_at) FROM stdin;
1	1	1	2025-03-24 15:35:36.105071+00
2	2	1	2025-03-24 15:35:36.105071+00
3	3	1	2025-03-24 15:35:36.105071+00
4	4	1	2025-03-24 15:35:36.105071+00
5	33	1	2025-03-24 15:35:36.105071+00
6	34	1	2025-03-24 15:35:36.105071+00
7	35	1	2025-03-24 15:35:36.105071+00
8	21	1	2025-03-24 15:35:36.105071+00
9	46	1	2025-03-24 15:35:36.105071+00
10	52	1	2025-03-24 15:35:36.105071+00
11	72	1	2025-03-24 15:35:36.105071+00
12	73	1	2025-03-24 15:35:36.105071+00
13	262	1	2025-03-24 15:35:36.105071+00
14	263	1	2025-03-24 15:35:36.105071+00
15	1	2	2025-03-24 15:36:12.837737+00
16	2	2	2025-03-24 15:36:12.837737+00
17	3	2	2025-03-24 15:36:12.837737+00
18	4	2	2025-03-24 15:36:12.837737+00
19	33	2	2025-03-24 15:36:12.837737+00
20	34	2	2025-03-24 15:36:12.837737+00
21	35	2	2025-03-24 15:36:12.837737+00
22	21	2	2025-03-24 15:36:12.837737+00
23	46	2	2025-03-24 15:36:12.837737+00
24	52	2	2025-03-24 15:36:12.837737+00
25	72	2	2025-03-24 15:36:12.837737+00
26	73	2	2025-03-24 15:36:12.837737+00
27	262	2	2025-03-24 15:36:12.837737+00
28	263	2	2025-03-24 15:36:12.837737+00
29	1	3	2025-03-24 15:36:29.811554+00
30	2	3	2025-03-24 15:36:29.811554+00
31	3	3	2025-03-24 15:36:29.811554+00
32	4	3	2025-03-24 15:36:29.811554+00
33	33	3	2025-03-24 15:36:29.811554+00
34	34	3	2025-03-24 15:36:29.811554+00
35	35	3	2025-03-24 15:36:29.811554+00
36	21	3	2025-03-24 15:36:29.811554+00
37	46	3	2025-03-24 15:36:29.811554+00
38	52	3	2025-03-24 15:36:29.811554+00
39	72	3	2025-03-24 15:36:29.811554+00
40	73	3	2025-03-24 15:36:29.811554+00
41	262	3	2025-03-24 15:36:29.811554+00
42	263	3	2025-03-24 15:36:29.811554+00
43	1	4	2025-03-24 15:36:46.126174+00
44	2	4	2025-03-24 15:36:46.126174+00
45	3	4	2025-03-24 15:36:46.126174+00
46	4	4	2025-03-24 15:36:46.126174+00
47	33	4	2025-03-24 15:36:46.126174+00
48	34	4	2025-03-24 15:36:46.126174+00
49	35	4	2025-03-24 15:36:46.126174+00
50	21	4	2025-03-24 15:36:46.126174+00
51	46	4	2025-03-24 15:36:46.126174+00
52	52	4	2025-03-24 15:36:46.126174+00
53	72	4	2025-03-24 15:36:46.126174+00
54	73	4	2025-03-24 15:36:46.126174+00
55	262	4	2025-03-24 15:36:46.126174+00
56	263	4	2025-03-24 15:36:46.126174+00
57	1	5	2025-03-24 15:37:01.155568+00
58	2	5	2025-03-24 15:37:01.155568+00
59	3	5	2025-03-24 15:37:01.155568+00
60	4	5	2025-03-24 15:37:01.155568+00
61	33	5	2025-03-24 15:37:01.155568+00
62	34	5	2025-03-24 15:37:01.155568+00
63	35	5	2025-03-24 15:37:01.155568+00
64	21	5	2025-03-24 15:37:01.155568+00
65	46	5	2025-03-24 15:37:01.155568+00
66	52	5	2025-03-24 15:37:01.155568+00
67	72	5	2025-03-24 15:37:01.155568+00
68	73	5	2025-03-24 15:37:01.155568+00
69	262	5	2025-03-24 15:37:01.155568+00
70	263	5	2025-03-24 15:37:01.155568+00
71	1	6	2025-03-24 15:37:11.808545+00
72	2	6	2025-03-24 15:37:11.808545+00
73	3	6	2025-03-24 15:37:11.808545+00
74	4	6	2025-03-24 15:37:11.808545+00
75	33	6	2025-03-24 15:37:11.808545+00
76	34	6	2025-03-24 15:37:11.808545+00
77	35	6	2025-03-24 15:37:11.808545+00
78	21	6	2025-03-24 15:37:11.808545+00
79	46	6	2025-03-24 15:37:11.808545+00
80	52	6	2025-03-24 15:37:11.808545+00
81	72	6	2025-03-24 15:37:11.808545+00
82	73	6	2025-03-24 15:37:11.808545+00
83	262	6	2025-03-24 15:37:11.808545+00
84	263	6	2025-03-24 15:37:11.808545+00
85	1	7	2025-03-24 15:37:32.909466+00
86	2	7	2025-03-24 15:37:32.909466+00
87	3	7	2025-03-24 15:37:32.909466+00
88	4	7	2025-03-24 15:37:32.909466+00
89	33	7	2025-03-24 15:37:32.909466+00
90	34	7	2025-03-24 15:37:32.909466+00
91	35	7	2025-03-24 15:37:32.909466+00
92	21	7	2025-03-24 15:37:32.909466+00
93	46	7	2025-03-24 15:37:32.909466+00
94	52	7	2025-03-24 15:37:32.909466+00
95	72	7	2025-03-24 15:37:32.909466+00
96	73	7	2025-03-24 15:37:32.909466+00
97	262	7	2025-03-24 15:37:32.909466+00
98	263	7	2025-03-24 15:37:32.909466+00
\.


--
-- Data for Name: documents; Type: TABLE DATA; Schema: public; Owner: -
--

COPY public.documents (id, name, description, documentusage, iscrop, isglobal, created_at) FROM stdin;
1	MRL	MRL	Consignment	t	f	2025-03-24 15:35:36.105071+00
2	PRN	PRN	Reception	t	f	2025-03-24 15:36:12.837737+00
3	Product Harvest Slip	Product Harvest Slip	Reception	t	f	2025-03-24 15:36:29.811554+00
4	Scouting Records	Scouting Records	Reception	t	f	2025-03-24 15:36:46.126174+00
5	Spraying Records	Spraying Records	Reception	t	f	2025-03-24 15:37:01.155568+00
6	Lab Reports	Lab Reports	Reception	t	f	2025-03-24 15:37:11.808545+00
7	AirwayBill	AirwayBill	Consignment	t	f	2025-03-24 15:37:32.909466+00
\.


--
-- Data for Name: exithandlers; Type: TABLE DATA; Schema: public; Owner: -
--

COPY public.exithandlers (id, exhcode, exhdescription, exitpoint, status, created_at) FROM stdin;
1	MAU	Menzies Aviation Uganda	1	Active	2025-03-24 14:12:24.499564+00
2	DAS	DAS Handling Limited	1	Active	2025-03-24 14:12:24.522245+00
3	FHL	Fresh Handling Limited	1	Active	2025-03-24 14:12:24.524364+00
4	UAGH	Uganda Airlines Ground Handling	1	Active	2025-03-24 14:12:24.526641+00
5	ENHAS	​Entebbe Handling Services Limited	1	Active	2025-03-24 14:12:24.528335+00
6	NAS	ENTEBBE	1	Active	2025-04-14 14:15:24.652969+00
\.


--
-- Data for Name: exitpointroaster; Type: TABLE DATA; Schema: public; Owner: -
--

COPY public.exitpointroaster (id, status, user_id, exitpoint_id, dayshift, nightshift, date, created_at) FROM stdin;
\.


--
-- Data for Name: exitpoints; Type: TABLE DATA; Schema: public; Owner: -
--

COPY public.exitpoints (id, expcode, modeoftransport_id, expdescription, village_id, parish_id, district_id, expwhatsapp, longtitude, latitude, status, created_at) FROM stdin;
1	EBB	1	ENTEBBE INTERNATIONAL AIRPORT	1	1	13	074239333	32.443055	0.044721	Active	2025-03-24 13:19:56.361518+00
2	EL	2	ELEGU	40710	6413	82	4372831290	32.1321	9.3232	Active	2025-04-12 07:20:36.788696+00
\.


--
-- Data for Name: exportcompanies; Type: TABLE DATA; Schema: public; Owner: -
--

COPY public.exportcompanies (id, expname, expregno, exprexno, expaddress1, expdistrict_id, expsubcounty_id, expvillage_id, expparish_id, registrationstatus, validitydate, expcompanyphone, expemail, created_at, logo) FROM stdin;
125	40MILES FARM BUSINESS	80020002090049	\N	40MILES FARM BUSINESS	2	1	1	1	Active	2025-12-31	z9ji8ucfs	40milesfarmbusiness@gmail.com	2025-03-24 21:15:02.308122+00	\N
126	AFRICA HAVEN LTD	80020002387453	\N	AFRICA HAVEN LTD	2	1	1	1	Active	2025-12-31	1k502elfo	africahavenltd@gmail.com	2025-03-24 21:15:02.37475+00	\N
127	Afrimex Foods (U) Limited	80010003244855	\N	Afrimex Foods (U) Limited	2	1	1	1	Active	2025-12-31	2903zn8hh	maysum2006@yahoo.com	2025-03-24 21:15:02.437022+00	\N
128	AFROWAVE VENTURES LIMITED	80034495191522	\N	AFROWAVE VENTURES LIMITED	2	1	1	1	Active	2025-12-31	a6wfc3y15	afrowaveventures@gmail.com	2025-03-24 21:15:02.49874+00	\N
129	AGRENES	80010000922269	\N	AGRENES	2	1	1	1	Active	2025-12-31	ilm7n1tqb	agrienvecosys@gmail.com	2025-03-24 21:15:02.559615+00	\N
130	AGRI - VERDE UGANDA -SMC LIMITED		\N	AGRI - VERDE UGANDA -SMC LIMITED	2	1	1	1	Active	2025-12-31	eld7zcz62	agik.harriet@gmail.com	2025-03-24 21:15:02.622302+00	\N
131	AGRICADO FARMS UGANDA LIMITED	80020001493075	\N	AGRICADO FARMS UGANDA LIMITED	2	1	1	1	Active	2025-12-31	obw1ntt29	supplychain@agricadofarms.com	2025-03-24 21:15:02.684055+00	\N
133	AGRILINE EXPORTER (U) LTD	80020003179455	\N	AGRILINE EXPORTER (U) LTD	13	1	1	1	Active	2025-12-31	zaip3k5ol	agrilinexporter21@gmail.com	2025-03-24 21:15:02.809047+00	\N
134	AGRO SUPPLIES HOUSE LTD	80020000341194	\N	AGRO SUPPLIES HOUSE LTD	2	1	1	1	Active	2025-12-31	0a2haorgc	agrosupplieshouseltd@gmail.com	2025-03-24 21:15:02.871914+00	\N
135	AL-SYED TRADERS U LTD	80020002158634	\N	AL-SYED TRADERS U LTD	2	1	1	1	Active	2025-12-31	bt1cg15g7	alsyedtraders.u.ltd@gmail.com	2025-03-24 21:15:02.932755+00	\N
137	ALLIES AGRIC UG LTD	80020002068921	\N	ALLIES AGRIC UG LTD	2	1	1	1	Active	2025-12-31	xrk891ebg	alliesagricproduce@gmail.com	2025-03-24 21:15:03.115866+00	\N
138	Aloha exporters (U) ltd	80034418909693	\N	Aloha exporters (U) ltd	2	1	1	1	Active	2025-12-31	jyqicz3fu	mulindwaemma25@gmail.com	2025-03-24 21:15:03.177686+00	\N
139	AMANI FRUITS AND SNACKS UGANDA - SMC LIMITED	80034071149274	\N	AMANI FRUITS AND SNACKS UGANDA - SMC LIMITED	2	1	1	1	Active	2025-12-31	zpjou7fbj	amanifoodbasket@gmail.com	2025-03-24 21:15:03.239902+00	\N
141	AMFRI FARMS LTD	80010000408702	\N	AMFRI FARMS LTD	2	1	1	1	Active	2025-12-31	p6vl5lr5u	nazimamfri@gmail.com	2025-03-24 21:15:03.36167+00	\N
144	AROMATIC FRESH FRUITS AND VEGETABLES	80020003318215	\N	AROMATIC FRESH FRUITS AND VEGETABLES	2	1	1	1	Active	2025-12-31	dsstm5wad	rosebirdlimted@gmail.com	2025-03-24 21:15:03.546851+00	\N
145	ARUHO MARIDIAN EXPORTS LIMITED	80034873953942	\N	ARUHO MARIDIAN EXPORTS LIMITED	2	1	1	1	Active	2025-12-31	x89ub3shn	blank6@thinkit.africa	2025-03-24 21:15:03.609143+00	\N
147	ASEEL IMPEX LIMITED	80010002510525	\N	ASEEL IMPEX LIMITED	2	1	1	1	Active	2025-12-31	7iw2rlacf	aseelfruits@gmail.com	2025-03-24 21:15:03.732734+00	\N
148	ASHNA EXPORT COMPANY LIMITED	80034114619037	\N	ASHNA EXPORT COMPANY LIMITED	2	1	1	1	Active	2025-12-31	d4j0krwfs	blank8@thinkit.africa	2025-03-24 21:15:03.793208+00	\N
149	ATERO (U) LIMITED	80010003831311	\N	ATERO (U) LIMITED	2	1	1	1	Active	2025-12-31	tbaliyq4n	aterofoods@gmail.com	2025-03-24 21:15:03.85486+00	\N
151	Balaji group (EA) ltd	80010000459080	\N	Balaji group (EA) ltd	2	1	1	1	Active	2025-12-31	fyq4fp5si	blank10@thinkit.africa	2025-03-24 21:15:04.036359+00	\N
153	BELLA FRUITS UGANDA	80020002402914	\N	BELLA FRUITS UGANDA	2	1	1	1	Active	2025-12-31	70d4dfqiu	blank12@thinkit.africa	2025-03-24 21:15:04.159572+00	\N
154	BELLWETHER FARMS LTD	80034759438088	\N	BELLWETHER FARMS LTD	2	1	1	1	Active	2025-12-31	z05ex986x	blank13@thinkit.africa	2025-03-24 21:15:04.222268+00	\N
155	BIO FRESH LTD	80010002595192	\N	BIO FRESH LTD	13	1	1	1	Active	2025-12-31	wnuf2840i	info@biofreshltd.com	2025-03-24 21:15:04.283462+00	\N
156	BK MONARCH COMMODITIES LIMITED	80020001635741	\N	BK MONARCH COMMODITIES LIMITED	2	1	1	1	Active	2025-12-31	6m42d8fhs	Namagwaflavia@gmail.com	2025-03-24 21:15:04.344838+00	\N
157	BOGRAJE AGRITRADE LIMITED	80020003637406	\N	BOGRAJE AGRITRADE LIMITED	2	1	1	1	Active	2025-12-31	mc6jtihti	blank14@thinkit.africa	2025-03-24 21:15:04.406733+00	\N
158	BOSENT INTERNATIONAL LIMITED	80034266680332	\N	BOSENT INTERNATIONAL LIMITED	2	1	1	1	Active	2025-12-31	tf0q8k05l	bosentinternational@gmail.com	2025-03-24 21:15:04.468323+00	\N
159	BRAHMVISH NATURE LIMITED	80020002722554	\N	BRAHMVISH NATURE LIMITED	2	1	1	1	Active	2025-12-31	hxl2mudm9	info@brahmvishnature.com	2025-03-24 21:15:04.529928+00	\N
162	CARTER NOLLAN CONSULTANCY	80020001999897	\N	CARTER NOLLAN CONSULTANCY	2	1	1	1	Active	2025-12-31	wr6vfjzeg	blank17@thinkit.africa	2025-03-24 21:15:04.712087+00	\N
163	Chayil Produce (U) Limited	80020001979167	\N	Chayil Produce (U) Limited	2	1	1	1	Active	2025-12-31	lvthsl4me	blank18@thinkit.africa	2025-03-24 21:15:04.773797+00	\N
164	Concinnity Company Limited	80020000395773	\N	Concinnity Company Limited	2	1	1	1	Active	2025-12-31	jab1rj22e	concinnityltd44@gmail.com	2025-03-24 21:15:04.834483+00	\N
165	CONSORTIUM FOR ENHANCING UNIVERSITY RESPONSIVENESS TO AGRIBUSINESS DEVELOPMENT (CURAD) LIMITED	80010003646987	\N	CONSORTIUM FOR ENHANCING UNIVERSITY RESPONSIVENESS TO AGRIBUSINESS DEVELOPMENT (CURAD) LIMITED	2	1	1	1	Active	2025-12-31	5y9addp4u	info@curadincubator.org	2025-03-24 21:15:04.895786+00	\N
166	DAMEX (U)LTD	80010002694419	\N	DAMEX (U)LTD	2	1	1	1	Active	2025-12-31	gyb40cofq	damexfreshfruitltd@gmail.com	2025-03-24 21:15:04.957752+00	\N
140	AMBR PRODUCTS AND SERVICES LIMITED	80020000662381	\N	AMBR PRODUCTS AND SERVICES LIMITED	2	1	1	1	Active	2025-12-31	0caveaeql	ambrservices22@gmail.com	2025-03-24 21:15:03.300716+00	\N
142	ANDYCOM EXPORTERS UGANDA LIMITED	80020002509202	\N	ANDYCOM EXPORTERS UGANDA LIMITED	2	1	1	1	Active	2025-12-31	g83vyp2um	andyexporters3@gmail.com	2025-03-24 21:15:03.423825+00	\N
143	Arizinia Foods Ltd	80034779963784	\N	Arizinia Foods Ltd	2	1	1	1	Active	2025-12-31	f59rdezic	ariziniafoods@gmail.com	2025-03-24 21:15:03.485305+00	\N
146	ASASIRA TRADERS LIMITED	80010004181748	\N	ASASIRA TRADERS LIMITED	2	1	1	1	Active	2025-12-31	5jgj3ocud	asasiratradersltd@gmail.com	2025-03-24 21:15:03.670322+00	\N
152	BATEMSAD FARMER CO. LTD	80020003851086	\N	BATEMSAD FARMER CO. LTD	2	1	1	1	Active	2025-12-31	h680fvwnp	batemsadfarmersco.ltd@gmail.com	2025-03-24 21:15:04.098407+00	\N
160	BROOKLYN ANGELS EXPORTERS UG LTD	80020001028269	\N	BROOKLYN ANGELS EXPORTERS UG LTD	2	1	1	1	Active	2025-12-31	cyhiuacr7	brooklynangelsexportsugltd@gmail.com	2025-03-24 21:15:04.59055+00	\N
161	BUTIKIRO ECO-FARMS UGANDA LIMITED	80034277169197	\N	BUTIKIRO ECO-FARMS UGANDA LIMITED	2	1	1	1	Active	2025-12-31	65bd2qh26	butikirofarms@gmail.com	2025-03-24 21:15:04.651085+00	\N
167	DAR ANDOKA - SMC LIMITED	80034375634622	\N	DAR ANDOKA - SMC LIMITED	2	1	1	1	Active	2025-12-31	6c4kj5z9x	darandoka.sd@gmail.com	2025-03-24 21:15:05.019146+00	\N
132	AGRIKKOM &RESEARCH CO. LTD	80034894068265	\N	AGRIKKOM &RESEARCH CO. LTD	2	1	1	1	Active	2025-12-31	5v08pljrq	dmugerwa@agrikkom.co.ug	2025-03-24 21:15:02.745933+00	\N
150	Avotein Farms Limited	80020003859497	\N	Avotein Farms Limited	2	1	1	1	Active	2025-12-31	ho9uv3aw6	hani@avoteinfarms.earth	2025-03-24 21:15:03.916039+00	\N
168	DASE FINE FOODS - SMC LIMITED	80020000237881	\N	DASE FINE FOODS - SMC LIMITED	2	1	1	1	Active	2025-12-31	w5mt5l12x	erickatende1.ke@gmail.com	2025-03-24 21:15:05.080986+00	\N
172	EMMARINE ORGANIC FRUITS AGENCY	80010003982222	\N	EMMARINE ORGANIC FRUITS AGENCY	2	1	1	1	Active	2025-12-31	j5je6nmgv	emmarinefruit@gmail.com	2025-03-24 21:15:05.326177+00	\N
173	EMRON IMPEX( U) LTD	80020003838857	\N	EMRON IMPEX( U) LTD	2	1	1	1	Active	2025-12-31	rh22fnfgj	emronimpexltd@gmail.com	2025-03-24 21:15:05.387842+00	\N
175	FANSHA AGRO FRUITS AND VEGENTABLES (U) LTD	80020000186673	\N	FANSHA AGRO FRUITS AND VEGENTABLES (U) LTD	2	1	1	1	Active	2025-12-31	7n2p73tz8	fanshafruits@gmail.com	2025-03-24 21:15:05.510838+00	\N
177	FEDERAL FOODS LTD	80010004165735	\N	FEDERAL FOODS LTD	2	1	1	1	Active	2025-12-31	ef1914rlq	amukiibi@gmail.com	2025-03-24 21:15:05.633783+00	\N
178	FFP (U) Ltd	80010002983027	\N	FFP (U) Ltd	2	1	1	1	Active	2025-12-31	cbfmassfn	betty@icemark-africa.com	2025-03-24 21:15:05.694983+00	\N
179	FRESH PRODUCE AND GROCERIES UK LTD	80020001818424	\N	FRESH PRODUCE AND GROCERIES UK LTD	2	1	1	1	Active	2025-12-31	0yihelwg3	fpgugltd@gmail.com	2025-03-24 21:15:05.75652+00	\N
180	GALACTIC ENTERPRISES LIMITED	80010001073900	\N	GALACTIC ENTERPRISES LIMITED	2	1	1	1	Active	2025-12-31	zt4t0pjwh	blank25@thinkit.africa	2025-03-24 21:15:05.81794+00	\N
182	GO GREEN EXIM (U) LTD	80010004103199	\N	GO GREEN EXIM (U) LTD	2	1	1	1	Active	2025-12-31	cmqgb38xb	barotharish1968@gmail.com	2025-03-24 21:15:05.941027+00	\N
185	HEMOLOGISTICS - SMC LIMITED	80020002299076	\N	HEMOLOGISTICS - SMC LIMITED	2	1	1	1	Active	2025-12-31	8fwx7gy37	hnonyiego@gmail.com	2025-03-24 21:15:06.124773+00	\N
186	ICEMARK LIMITED	80010000472462	\N	ICEMARK LIMITED	2	1	1	1	Active	2025-12-31	2ri25q9n7	betty.kabahenda@gmail.com	2025-03-24 21:15:06.185254+00	\N
187	IMMANUEL AGRO LIMITED	80020000381169	\N	IMMANUEL AGRO LIMITED	2	1	1	1	Active	2025-12-31	ol84mwm1d	immanuelagro@gmail.com	2025-03-24 21:15:06.245975+00	\N
190	JOFI FRESH PRODUCE EXPORTER LTD	80010004027892	\N	JOFI FRESH PRODUCE EXPORTER LTD	2	1	1	1	Active	2025-12-31	prkjxm39f	ochanabdallatif@gmail.com	2025-03-24 21:15:06.430158+00	\N
194	KAFU ECOCENTRE INTERNATIONAL(KAFECO-INT) Ltd	80020003267018	\N	KAFU ECOCENTRE INTERNATIONAL(KAFECO-INT) Ltd	2	1	1	1	Active	2025-12-31	2jr27tdmx	blank34@thinkit.africa	2025-03-24 21:15:06.675782+00	\N
197	KK FRESH PRODUCE EXPORTERS LIMITED	80010002664957	\N	KK FRESH PRODUCE EXPORTERS LIMITED	2	1	1	1	Active	2025-12-31	zrmdtqwqw	nicholas@kkfoods.co	2025-03-24 21:15:06.91914+00	\N
198	Kula Exports LTD	80034517556733	\N	Kula Exports LTD	2	1	1	1	Active	2025-12-31	ltgmkbnbm	kulaexports@gmail.com	2025-03-24 21:15:06.981865+00	\N
199	LASTON SOLUTIONS LIMITED	80020002419236	\N	LASTON SOLUTIONS LIMITED	2	1	1	1	Active	2025-12-31	5sbkkw9rw	lastonsolutionsinfo@gmail.com	2025-03-24 21:15:07.043264+00	\N
201	MAQS AGRICULTURAL PRODUCTS LIMITED	80034061167062	\N	MAQS AGRICULTURAL PRODUCTS LIMITED	2	1	1	1	Active	2025-12-31	hki91qtr3	maqsagriculturalproductsltd@yahoo.com	2025-03-24 21:15:07.225826+00	\N
203	Mash fruits and vegetables Ltd	80020000523934	\N	Mash fruits and vegetables Ltd	2	1	1	1	Active	2025-12-31	49ndlrqnm	nuwagabagrace2011@gmail.com	2025-03-24 21:15:07.349313+00	\N
205	MKULIMA EXPORTS UGANDA LTD	80034703885045	\N	MKULIMA EXPORTS UGANDA LTD	2	1	1	1	Active	2025-12-31	sal7kns4k	contact@mkulimaexports.africa	2025-03-24 21:15:07.472477+00	\N
206	MWEMBETANGA FRESH FOODS LIMITED	80010000971903	\N	MWEMBETANGA FRESH FOODS LIMITED	2	1	1	1	Active	2025-12-31	h7m5h1o0n	edris@mtfreshfoods.com	2025-03-24 21:15:07.53339+00	\N
207	NERDPAC AGRICULTURAL SUPPLIES LIMITED	80034221790950	\N	NERDPAC AGRICULTURAL SUPPLIES LIMITED	2	1	1	1	Active	2025-12-31	v7n47pmrr	blank42@thinkit.africa	2025-03-24 21:15:07.59439+00	\N
208	Newman foods limited	80010003842712	\N	Newman foods limited	2	1	1	1	Active	2025-12-31	3t5d34imd	uzaifahthegreat@gmail.com	2025-03-24 21:15:07.655984+00	\N
209	NINE ELMS HOLDING COMPANY LIMITED	80020003247146	\N	NINE ELMS HOLDING COMPANY LIMITED	2	1	1	1	Active	2025-12-31	2vk21eki9	blank43@thinkit.africa	2025-03-24 21:15:07.71697+00	\N
171	ELITE WINNERS AGENCIES LTD	80010001275128	\N	ELITE WINNERS AGENCIES LTD	2	1	1	1	Active	2025-12-31	hc4hyi3ks	elitefood256@gmail.com	2025-03-24 21:15:05.264994+00	\N
174	EURO FRESH EXPORTERS COMPANY LTD	80034853054811	\N	EURO FRESH EXPORTERS COMPANY LTD	2	1	1	1	Active	2025-12-31	wzdr0ztck	eurofreshexporterslimited@gmail.com	2025-03-24 21:15:05.449472+00	\N
176	FAST MOVERS AND LOGISTICS COMPANY LTD	80010000987788	\N	FAST MOVERS AND LOGISTICS COMPANY LTD	2	1	1	1	Active	2025-12-31	g3qxo976v	fast.movers.ug@gmail.com	2025-03-24 21:15:05.572812+00	\N
181	GATC GENERAL SUPPLIES AND EXPORTS LTD	80010001940471	\N	GATC GENERAL SUPPLIES AND EXPORTS LTD	2	1	1	1	Active	2025-12-31	v46m23vwz	gatcgeneralssupplies@gmail.com	2025-03-24 21:15:05.879852+00	\N
184	HAVISA INTERNATIONAL LIMITED	80020003889245	\N	HAVISA INTERNATIONAL LIMITED	2	1	1	1	Active	2025-12-31	38hqczyc3	havisainternational@gmail.com	2025-03-24 21:15:06.063538+00	\N
189	JAKANA FOODS LTD	80010003174223	\N	JAKANA FOODS LTD	2	1	1	1	Active	2025-12-31	ws7eld9vr	Info@jakanafoods.com	2025-03-24 21:15:06.368325+00	\N
191	JOLLY ASSOCIATES LIMITED	80010001332407	\N	JOLLY ASSOCIATES LIMITED	2	1	1	1	Active	2025-12-31	oykwrsfsd	jollyassociate285@gmail.com	2025-03-24 21:15:06.491134+00	\N
192	JONA EXOTICS UG LTD	80020001078527	\N	JONA EXOTICS UG LTD	2	1	1	1	Active	2025-12-31	i6dyn92og	jonaexotics@gmail.com	2025-03-24 21:15:06.552489+00	\N
193	JOSEN VEGETABLE GROWERS	80010002215769	\N	JOSEN VEGETABLE GROWERS	2	1	1	1	Active	2025-12-31	aulo2rqkr	josenvegetablegrowers@yahoo.com	2025-03-24 21:15:06.614324+00	\N
195	KIMPRIME INVESTMENTS LIMITED	80010000717776	\N	KIMPRIME INVESTMENTS LIMITED	2	1	1	1	Active	2025-12-31	55eg35ih0	Kimprime02@gmail.com	2025-03-24 21:15:06.796579+00	\N
196	KIROYA EXPORTS & IMPORTS LTD	80020000352166	\N	KIROYA EXPORTS & IMPORTS LTD	2	1	1	1	Active	2025-12-31	5pvltboc2	kiroyaexportsandimports@gmail.com	2025-03-24 21:15:06.858004+00	\N
200	MAGNIFICENT EXPORTS ENTERPRISES	80020001937228	\N	MAGNIFICENT EXPORTS ENTERPRISES	2	1	1	1	Active	2025-12-31	ogfsl49at	magnificentexportsfoods@gmail.com	2025-03-24 21:15:07.164908+00	\N
202	MARSE VEGES UGANDA	80010001146581	\N	MARSE VEGES UGANDA	2	1	1	1	Active	2025-12-31	btwhyuu8w	marsevegs@gmail.com	2025-03-24 21:15:07.287374+00	\N
204	METAFORA COURIER ENTERPRISES (U) LTD	80034552078627	\N	METAFORA COURIER ENTERPRISES (U) LTD	2	1	1	1	Active	2025-12-31	pa4tptdnl	metaforacourierenterprisesug@gmail.com	2025-03-24 21:15:07.410406+00	\N
183	GROWFRONT ENTERPRISES LTD	80020001864791	\N	GROWFRONT ENTERPRISES LTD	2	1	1	1	Active	2025-12-31	sujle4zno	growfront.ug@gmail.com	2025-03-24 21:15:06.002333+00	\N
169	DIVINE EXPORTER LTD	80020002191076	\N	DIVINE EXPORTER LTD	2	1	1	1	Active	2025-12-31	fz2zti1sd	kanyesigyepatricia@gmail.com	2025-03-24 21:15:05.142634+00	\N
211	OLIDER UGANDA LTD	G230824-2663	\N	OLIDER UGANDA LTD	2	1	1	1	Active	2025-12-31	3768f9efp	muletolivier380@gmail.com	2025-03-24 21:15:07.898476+00	\N
212	OMIA AGRIBUSINESS DEVELOPMENT GROUP	80010004357527	\N	OMIA AGRIBUSINESS DEVELOPMENT GROUP	2	1	1	1	Active	2025-12-31	klg2uznv5	blank46@thinkit.africa	2025-03-24 21:15:07.959459+00	\N
213	ONESOURCE BRAND LIMITED	80020003843250	\N	ONESOURCE BRAND LIMITED	2	1	1	1	Active	2025-12-31	fi9er7o1v	onesourcebrand95@gmail.com	2025-03-24 21:15:08.021443+00	\N
214	ORISON AGRO COMPANY LIMITED	80020003342702	\N	ORISON AGRO COMPANY LIMITED	2	1	1	1	Active	2025-12-31	375gusmbt	jomakumbi@gmail.com	2025-03-24 21:15:08.083656+00	\N
215	PARAKHAN INVESTMENT	80020001973817	\N	PARAKHAN INVESTMENT	2	1	1	1	Active	2025-12-31	34cqb75wj	eweru.a@gmail.com	2025-03-24 21:15:08.145414+00	\N
216	PEARL OF NEIL LTD	80010001299157	\N	PEARL OF NEIL LTD	13	1	1	1	Active	2025-12-31	7vqns007i	pearlofneil@gmail.com	2025-03-24 21:15:08.206745+00	\N
217	Rabanex fruits agency ltd	80020000614117	\N	Rabanex fruits agency ltd	2	1	1	1	Active	2025-12-31	nqxt7dydy	rabanexfruitsagency@gmail.com	2025-03-24 21:15:08.326319+00	\N
218	REYEZ UGANDA LIMITED	80010001246301	\N	REYEZ UGANDA LIMITED	2	1	1	1	Active	2025-12-31	adv6b96wx	reyezug@gmail.com	2025-03-24 21:15:08.388858+00	\N
220	RIVERWAY FRESH LTD	80020001392806	\N	RIVERWAY FRESH LTD	2	1	1	1	Active	2025-12-31	lr8xyx4kq	riverwayfresh18@gmail.com	2025-03-24 21:15:08.544419+00	\N
221	ROKI FRUITS AND VEG. LTD	80010004121087	\N	ROKI FRUITS AND VEG. LTD	2	1	1	1	Active	2025-12-31	jbn1rm56z	rokifruits@gmail.com	2025-03-24 21:15:08.606314+00	\N
222	RWERE EXPORTS UGANDA LIMITED	80020003312888	\N	RWERE EXPORTS UGANDA LIMITED	2	1	1	1	Active	2025-12-31	0jr32398z	rwere.exports1@gmail.com	2025-03-24 21:15:08.670227+00	\N
223	SAK AGRO PRODUCE (U) LIMITED	80034831854477	\N	SAK AGRO PRODUCE (U) LIMITED	13	1	1	1	Active	2025-12-31	htc0fg3fe	sakagroproducts@gmail.com	2025-03-24 21:15:08.732245+00	\N
224	SAPHIRE ESTABLISHMENTS LTD	80020003922638	\N	SAPHIRE ESTABLISHMENTS LTD	2	1	1	1	Active	2025-12-31	ofk2ap3k2	areebsilat@gmail.com	2025-03-24 21:15:08.793047+00	\N
225	SATIBA GROUP LTD	80020003926070	\N	SATIBA GROUP LTD	2	1	1	1	Active	2025-12-31	vqcjlso8d	satibagrouplimited@gmail.com	2025-03-24 21:15:08.854489+00	\N
226	scripted traders smc limited	80034562271477	\N	scripted traders smc limited	2	1	1	1	Active	2025-12-31	ppqd2l82u	blank48@thinkit.africa	2025-03-24 21:15:08.915498+00	\N
227	Shaga Greens Co. Ug Ltd	80010003993272	\N	Shaga Greens Co. Ug Ltd	2	1	1	1	Active	2025-12-31	qyaoi2rbe	info@shagagreens.com	2025-03-24 21:15:08.977036+00	\N
228	SM IMPEX(U) LTD	80010000094446	\N	SM IMPEX(U) LTD	2	1	1	1	Active	2025-12-31	8locecezp	smimpex@smimpexint.com	2025-03-24 21:15:09.12183+00	\N
229	Smartlink Logistics Limited	80010003441370	\N	Smartlink Logistics Limited	2	1	1	1	Active	2025-12-31	rdgulf76m	smlogistics063@gmail.com	2025-03-24 21:15:09.183957+00	\N
230	Ssega Foods (U) LTD	80020002708042	\N	Ssega Foods (U) LTD	2	1	1	1	Active	2025-12-31	eitblrc14	galabuziali83@gmail.com	2025-03-24 21:15:09.304267+00	\N
231	THINWHALES LOGISTICS LTD	80020003527678	\N	THINWHALES LOGISTICS LTD	2	1	1	1	Active	2025-12-31	w4f2iyqiz	info@thinwhaleslogistics.co.ug	2025-03-24 21:15:09.366008+00	\N
232	THOMAS AND COMPANY LTD	80010002641069	\N	THOMAS AND COMPANY LTD	2	1	1	1	Active	2025-12-31	a6btb3i1m	bijuthomas@ymail.com	2025-03-24 21:15:09.427194+00	\N
233	TRB EXPORTS LIMITED	80010000744223	\N	TRB EXPORTS LIMITED	2	1	1	1	Active	2025-12-31	jyq8knjgr	trbexportsug@gmail.com	2025-03-24 21:15:09.488464+00	\N
235	TROPICAL DYNASTY AGENCIES	80010000537361	\N	TROPICAL DYNASTY AGENCIES	2	1	1	1	Active	2025-12-31	6euxqowgx	micheal.trdynasty@gmail.com	2025-03-24 21:15:09.612004+00	\N
236	Ultimate foods Uganda limited	80020000186233	\N	Ultimate foods Uganda limited	2	1	1	1	Active	2025-12-31	f3e7oymuc	akankwasaian45@gmail.com	2025-03-24 21:15:09.673405+00	\N
237	UNITED PEARL EXPORTERS	80010001052690	\N	UNITED PEARL EXPORTERS	2	1	1	1	Active	2025-12-31	qtouizljy	deus@unitedpearlexporters.com	2025-03-24 21:15:09.735413+00	\N
239	VITAPURE LIMITED	80020002079212	\N	VITAPURE LIMITED	2	1	1	1	Active	2025-12-31	tsprtzirl	ray.bu.otim@gmail.com	2025-03-24 21:15:09.857587+00	\N
240	WARFAA GROUP HOLDINGS LTD	80020002411090	\N	WARFAA GROUP HOLDINGS LTD	2	1	1	1	Active	2025-12-31	kufiu92eb	blank52@thinkit.africa	2025-03-24 21:15:09.919819+00	\N
241	YMA COMMODITIES UGANDA LTD	80010001394351	\N	YMA COMMODITIES UGANDA LTD	2	1	1	1	Active	2025-12-31	84m5dmyq4	ymaexports@gmail.com	2025-03-24 21:15:09.980886+00	\N
242	YTBM AFRO FRUITS	80010002520917	\N	YTBM AFRO FRUITS	2	1	1	1	Active	2025-12-31	yhsfjusza	ytbmqc@gmail.com	2025-03-24 21:15:10.043516+00	\N
243	Zahra Food Industries Ltd	80020000874166	\N	Zahra Food Industries Ltd	2	1	1	1	Active	2025-12-31	3167tivah	quresh.fidahusein@zahrafi.com	2025-03-24 21:15:10.105205+00	\N
246	ZIRWA IMPEX LTD	80020003912125	\N	ZIRWA IMPEX LTD	2	1	1	1	Active	2025-12-31	z6qiz9vn7	zirwaimpex@gmail.com	2025-03-24 21:15:10.289511+00	\N
247	ZOLA FRUITS LIMITED	80034738736160	\N	ZOLA FRUITS LIMITED	2	1	1	1	Active	2025-12-31	w1r82my9y	missionproduce.ug@gmail.com	2025-03-24 21:15:10.35072+00	\N
248	ZUNIE AGRI-CONSULTANCY LTD	80020003229061	\N	ZUNIE AGRI-CONSULTANCY LTD	2	1	1	1	Active	2025-12-31	sa8xfh02t	zunieagriconsultancy@gmail.com	2025-03-24 21:15:10.411653+00	\N
249	ALGAZAL (U) SMC LTD	80010000000001	\N	ALGAZAL (U) SMC LTD	2	1	1	1	Active	0001-01-01	l2rzcb7hs	algazalexport@gmail.com	2025-03-24 21:35:38.717145+00	\N
250	B&S GROUP OF COMPANIES LTD	80010000000002	\N	B&S GROUP OF COMPANIES LTD	2	1	1	1	Active	0001-01-01	8om5n4b38	logistics@bsgcompanies.com	2025-03-24 21:35:38.786845+00	\N
253	SJ TRADING LIMITED	80010000000005	\N	SJ TRADING LIMITED	2	1	1	1	Active	0001-01-01	s5p1d9xrp	blank49@thinkit.africa	2025-03-24 21:35:39.152147+00	\N
210	NORIE LOGISTICS & TRADING CO LTD	80020003241621	\N	NORIE LOGISTICS & TRADING CO LTD	2	1	1	1	Active	2025-12-31	thv1fn1lw	norielogisticsandtrading@gmail.com	2025-03-24 21:15:07.777917+00	\N
252	NTARE INDUSTRIES LIMITED	80010000000004	\N	NTARE INDUSTRIES LIMITED	2	1	1	1	Active	0001-01-01	7i3b8d462	ntareindustriesltd@gmail.com	2025-03-24 21:35:39.030116+00	\N
219	Rhino Vegetable ltd	80010001140659	\N	Rhino Vegetable ltd	2	1	1	1	Active	2025-12-31	tfv1n58kd	rhinovegetable@gmail.com	2025-03-24 21:15:08.476448+00	\N
234	TRIPORT AGRO INTERNATIONAL LTD	80020001865371	\N	TRIPORT AGRO INTERNATIONAL LTD	2	1	1	1	Active	2025-12-31	xwow0ijh6	triportagro@gmail.com	2025-03-24 21:15:09.549665+00	\N
238	VIRUNGA FARMERS LTD	80020000979272	\N	VIRUNGA FARMERS LTD	2	1	1	1	Active	2025-12-31	sfkklic35	virungafarmers@gmail.com	2025-03-24 21:15:09.796235+00	\N
244	ZAMANI FRESH EXPORTERS	80034376031506	\N	ZAMANI FRESH EXPORTERS	2	1	1	1	Active	2025-12-31	umbgdm48v	zamanifreshexporters@gmail.com	2025-03-24 21:15:10.166692+00	\N
245	ZIJJA FRUIT AND VEG PACKERS	80010003885077	\N	ZIJJA FRUIT AND VEG PACKERS	2	1	1	1	Active	2025-12-31	8wga4n36d	zijjafruitandvegpackers@yahoo.com	2025-03-24 21:15:10.22818+00	\N
254	SPAG UGANDA ENTERPRISES LTD	80010000000006	\N	SPAG UGANDA ENTERPRISES LTD	2	1	1	1	Active	0001-01-01	12tbrtiws	spagugandaenterprisesltd@gmail.com	2025-03-24 21:35:39.213659+00	\N
255	PURE GROW AFRICA LIMITED	8089100012957	\N	PURE GROW AFRICA LIMITED	2	1	1	1	Active	0001-01-01	dclgw6bix	admin@puregrowafrica.com	2025-03-24 21:40:28.729076+00	\N
256	FEDERAL  FOODS LTD	844173275735	\N	FEDERAL FOODS LTD	2	1	1	1	Active	0001-01-01	oue84asid	amukiibii@gmail.com	2025-03-24 21:44:33.184708+00	\N
258	RINAHA INTERNATIONAL LIMITED	8002000114	\N	RINAHA INTERNATIONAL LIMITED	13	1	1	1	Active	2025-12-31	n9fpn0van	rinahainternational2018@gmail.com	2025-03-24 23:19:27.083544+00	\N
259	THINKIT LIMITED	8000783737683745	\N	kampala	2	11	603	83	Active	2025-12-30	+256704319257	gittabrian@gmail.com	2025-03-25 06:33:28.28668+00	\N
260	STRAIGHT FORWARD LIMITED	80010001257405	\N	P.O.Box 134834, Kampala	13	182	5963	939	Active	2025-05-08	+256703199976	straightforward216@gmail.com	2025-03-26 10:21:19.340903+00	\N
136	Albertine fresh exporters and logistics ltd	80020001622652	\N	Albertine fresh exporters and logistics ltd	2	1	1	1	Active	2025-12-31	8bo7jpkac	albertinefreshexporters@gmail.com	2025-03-24 21:15:02.993604+00	\N
170	DUBAI HANDLERS LTD	80020001572947	\N	DUBAI HANDLERS LTD	2	1	1	1	Active	2025-12-31	hufj0ht2s	dubaihandlers.65@gmail.com	2025-03-24 21:15:05.204088+00	\N
188	interfruit dealers ltd	80010001955885	\N	interfruit dealers ltd	2	1	1	1	Active	2025-12-31	b32shwne1	interfruits717@gmail.com	2025-03-24 21:15:06.306894+00	\N
251	M3 GLOBAL LIMITED	80010000000003	\N	M3 GLOBAL LIMITED	2	1	1	1	Active	0001-01-01	azxabmm8r	m3globallimited@gmail.com	2025-03-24 21:35:38.968104+00	\N
261	KARYE FRESH FOODS LTD	80020003666212	\N	Lungujja plot 14	2	12	847	108	Active	2027-01-29	+256760902521	jimmytumushime@gmail.com	2025-03-28 13:26:11.132603+00	\N
262	FRESHMAX UGANDA LIMITED	80020002943932	\N	P.O.BOX 285338 kikajo 	2	12	10777	117	Active	2025-12-31	+256752531364	freshmax.ug.ltd@gmail.com	2025-03-28 14:16:29.291692+00	\N
263	CHAGUO TRADE &LOGISTICS LTD	80034608300699	\N	MUTUNDWE	2	12	907	113	Active	2025-12-31	+256759615330	chaguotraders@gmail.com	2025-03-29 07:13:20.755753+00	\N
264	JACOB FOODS LTD	80020001486511	\N	MASAJJA KIBIRA B\t	13	183	5987	942	Active	2025-12-29	+256788866776	Jacobfoods1@gmail.com	2025-03-30 10:23:45.786969+00	\N
265	BEANSMANIA SMC 	80034827504842	\N	mukwano mall kampala	2	8	5085	36	Active	2025-12-31	+256774666426	raoateeq000@gmail.com	2025-04-01 09:57:52.856404+00	\N
266	 PITCH-PINE EXPORTS LIMITED	80034560919259	\N	P.O. Box 179140 Kampala GPO, Garuga Road, Plot 20 Nalugala	13	165	5454	852	Active	2025-12-11	+256782181140	pitchpineexports@gmail.com	2025-04-02 07:24:46.330446+00	\N
267	 AMSTUS AGRO PROCESSING AND EXPORTS LIMITED	80020000194465	\N	ssi-kirukwe	17	235	7625	1197	Active	2027-02-03	+256780267145	atimsamanthaamstus@gmail.com	2025-04-04 11:13:53.87826+00	\N
268	KOBEHO LIMITED	80020001955907	\N	P.O BOX 123094 KAMPALA	2	8	202	33	Active	2025-12-31	+256776573573	kobeholtd@gmail.com	2025-04-04 11:16:51.307679+00	\N
269	Crisgrow Uganda Ltd	80020000735599	\N	Rubaga, kampala	2	12	886	111	Active	2025-12-11	+256777135875	crisgrowu@gmail.com	2025-04-05 16:25:50.417988+00	\N
270	USSU LOGISTICS & SUPPLIERS LTD	80034796556885	\N	NAMASUBA	13	183	5988	942	Active	2025-12-31	+256763360383	ddambatonny@gmail.com	2025-04-15 15:41:44.823751+00	\N
271	ORGANIC PEASANT AGRICULTURE CO.LTD	80020003114936	\N	Naluvule	13	164	5446	849	Active	2025-12-31	+256786143184	gamukamanorman02@gmail.com	2025-04-15 15:43:59.652745+00	\N
272	AFRO DIVINE STOCK LIMITED	80034246681467	\N	Katabi Tc Kitala	13	177	5805	930	Active	2025-12-31	+256760252024	afrodivinesltd@gmail.com	2025-04-25 10:29:28.027916+00	\N
273	DA BULL EXPORTERS 	80034990778065	\N	KAJJANSI 	13	173	5644	899	Active	2025-12-31	+256789325208	daudabuwembo73@gmail.com	2025-04-26 09:00:37.32282+00	\N
\.


--
-- Data for Name: farmer_contacts; Type: TABLE DATA; Schema: public; Owner: -
--

COPY public.farmer_contacts (id, farmer_id, contactname, contactphone, contactemail, created_at) FROM stdin;
\.


--
-- Data for Name: farmer_exporter; Type: TABLE DATA; Schema: public; Owner: -
--

COPY public.farmer_exporter (id, farmer_id, exportcompany_id, created_at) FROM stdin;
1	252	166	2025-03-24 23:40:41.489497+00
2	253	126	2025-03-24 23:40:41.500972+00
3	254	131	2025-03-24 23:40:41.501737+00
4	255	188	2025-03-24 23:40:41.502328+00
5	256	156	2025-03-24 23:40:41.50302+00
6	257	208	2025-03-24 23:40:41.503598+00
7	258	166	2025-03-24 23:40:41.504071+00
8	259	192	2025-03-24 23:40:41.504438+00
9	260	146	2025-03-24 23:40:41.504812+00
10	261	221	2025-03-24 23:40:41.505205+00
11	262	182	2025-03-24 23:40:41.505625+00
12	263	192	2025-03-24 23:40:41.505968+00
13	264	131	2025-03-24 23:40:41.506314+00
14	265	182	2025-03-24 23:40:41.50666+00
15	266	131	2025-03-24 23:40:41.506998+00
16	267	182	2025-03-24 23:40:41.507323+00
17	268	220	2025-03-24 23:40:41.507649+00
18	269	237	2025-03-24 23:40:41.507998+00
19	270	199	2025-03-24 23:40:41.50838+00
20	271	227	2025-03-24 23:40:41.508697+00
21	272	249	2025-03-24 23:40:41.509012+00
22	273	197	2025-03-24 23:40:41.509576+00
23	274	166	2025-03-24 23:40:41.510163+00
24	275	192	2025-03-24 23:40:41.510805+00
25	276	227	2025-03-24 23:40:41.511838+00
26	277	182	2025-03-24 23:40:41.512607+00
28	279	208	2025-03-24 23:40:41.513479+00
29	280	214	2025-03-24 23:40:41.514059+00
30	281	198	2025-03-24 23:40:41.514439+00
31	282	214	2025-03-24 23:40:41.514797+00
32	283	214	2025-03-24 23:40:41.515185+00
33	284	146	2025-03-24 23:40:41.515529+00
34	285	227	2025-03-24 23:40:41.515867+00
35	286	227	2025-03-24 23:40:41.51625+00
36	287	146	2025-03-24 23:40:41.516588+00
37	288	232	2025-03-24 23:40:41.516927+00
38	289	129	2025-03-24 23:40:41.517262+00
39	290	182	2025-03-24 23:40:41.517597+00
40	291	206	2025-03-24 23:40:41.517934+00
41	292	199	2025-03-24 23:40:41.518336+00
42	293	133	2025-03-24 23:40:41.518645+00
43	294	221	2025-03-24 23:40:41.519063+00
44	295	227	2025-03-24 23:40:41.519529+00
45	296	208	2025-03-24 23:40:41.519883+00
46	297	129	2025-03-24 23:40:41.520304+00
47	298	185	2025-03-24 23:40:41.52065+00
48	299	228	2025-03-24 23:40:41.520991+00
49	300	146	2025-03-24 23:40:41.521322+00
51	302	210	2025-03-24 23:40:41.521982+00
52	303	185	2025-03-24 23:40:41.522358+00
53	304	137	2025-03-24 23:40:41.522727+00
54	305	178	2025-03-24 23:40:41.523079+00
55	306	228	2025-03-24 23:40:41.523434+00
56	307	236	2025-03-24 23:40:41.523761+00
57	308	178	2025-03-24 23:40:41.524112+00
58	309	221	2025-03-24 23:40:41.524452+00
59	310	246	2025-03-24 23:40:41.524826+00
60	311	214	2025-03-24 23:40:41.525194+00
61	312	149	2025-03-24 23:40:41.525559+00
62	313	228	2025-03-24 23:40:41.525995+00
63	314	134	2025-03-24 23:40:41.526425+00
64	315	258	2025-03-24 23:40:41.527032+00
65	316	223	2025-03-24 23:40:41.528528+00
66	317	232	2025-03-24 23:40:41.528996+00
67	318	131	2025-03-24 23:40:41.529325+00
69	320	138	2025-03-24 23:40:41.52997+00
70	321	131	2025-03-24 23:40:41.530297+00
71	322	185	2025-03-24 23:40:41.530628+00
72	323	182	2025-03-24 23:40:41.530906+00
73	324	228	2025-03-24 23:40:41.531176+00
74	325	182	2025-03-24 23:40:41.531475+00
75	326	142	2025-03-24 23:40:41.531774+00
76	327	178	2025-03-24 23:40:41.532186+00
77	328	199	2025-03-24 23:40:41.532457+00
78	329	228	2025-03-24 23:40:41.53275+00
79	330	147	2025-03-24 23:40:41.533017+00
80	331	239	2025-03-24 23:40:41.53331+00
81	332	228	2025-03-24 23:40:41.533559+00
82	333	182	2025-03-24 23:40:41.533823+00
83	334	218	2025-03-24 23:40:41.534091+00
84	335	199	2025-03-24 23:40:41.534364+00
85	336	225	2025-03-24 23:40:41.534684+00
86	337	214	2025-03-24 23:40:41.535001+00
87	338	249	2025-03-24 23:40:41.535325+00
88	339	235	2025-03-24 23:40:41.535659+00
89	340	221	2025-03-24 23:40:41.53594+00
90	341	208	2025-03-24 23:40:41.536201+00
91	342	178	2025-03-24 23:40:41.536484+00
92	343	125	2025-03-24 23:40:41.536734+00
93	344	214	2025-03-24 23:40:41.536987+00
94	345	182	2025-03-24 23:40:41.537252+00
95	346	228	2025-03-24 23:40:41.537543+00
96	347	159	2025-03-24 23:40:41.537803+00
97	348	185	2025-03-24 23:40:41.538064+00
99	350	227	2025-03-24 23:40:41.538604+00
100	351	182	2025-03-24 23:40:41.538888+00
101	352	221	2025-03-24 23:40:41.539149+00
102	353	182	2025-03-24 23:40:41.539398+00
103	354	185	2025-03-24 23:40:41.539643+00
104	355	159	2025-03-24 23:40:41.53988+00
105	356	182	2025-03-24 23:40:41.540113+00
106	357	182	2025-03-24 23:40:41.540365+00
107	358	182	2025-03-24 23:40:41.540646+00
108	359	228	2025-03-24 23:40:41.540917+00
109	360	146	2025-03-24 23:40:41.541173+00
111	362	221	2025-03-24 23:40:41.541681+00
112	363	198	2025-03-24 23:40:41.541923+00
113	364	178	2025-03-24 23:40:41.542168+00
114	365	222	2025-03-24 23:40:41.542418+00
115	366	202	2025-03-24 23:40:41.542684+00
116	367	208	2025-03-24 23:40:41.543012+00
117	368	185	2025-03-24 23:40:41.543313+00
118	369	147	2025-03-24 23:40:41.543667+00
119	370	182	2025-03-24 23:40:41.544058+00
120	371	210	2025-03-24 23:40:41.544522+00
121	372	147	2025-03-24 23:40:41.544973+00
122	373	147	2025-03-24 23:40:41.545284+00
123	374	185	2025-03-24 23:40:41.545618+00
124	375	179	2025-03-24 23:40:41.545947+00
125	376	235	2025-03-24 23:40:41.546288+00
126	377	182	2025-03-24 23:40:41.54663+00
127	378	182	2025-03-24 23:40:41.546915+00
128	379	241	2025-03-24 23:40:41.547242+00
129	380	175	2025-03-24 23:40:41.5475+00
131	382	258	2025-03-24 23:40:41.548106+00
132	383	197	2025-03-24 23:40:41.548413+00
133	384	147	2025-03-24 23:40:41.548727+00
134	385	127	2025-03-24 23:40:41.548987+00
135	386	137	2025-03-24 23:40:41.549263+00
136	387	185	2025-03-24 23:40:41.549501+00
137	388	237	2025-03-24 23:40:41.549744+00
138	389	197	2025-03-24 23:40:41.549978+00
139	390	228	2025-03-24 23:40:41.550214+00
141	392	146	2025-03-24 23:40:41.550724+00
142	393	197	2025-03-24 23:40:41.55101+00
143	394	232	2025-03-24 23:40:41.551327+00
144	395	190	2025-03-24 23:40:41.551741+00
145	396	221	2025-03-24 23:40:41.552018+00
146	397	254	2025-03-24 23:40:41.552318+00
147	398	227	2025-03-24 23:40:41.55261+00
148	399	146	2025-03-24 23:40:41.552876+00
149	400	182	2025-03-24 23:40:41.553173+00
150	401	210	2025-03-24 23:40:41.553429+00
151	402	137	2025-03-24 23:40:41.553688+00
152	403	182	2025-03-24 23:40:41.553924+00
153	404	146	2025-03-24 23:40:41.55418+00
154	405	182	2025-03-24 23:40:41.554441+00
155	406	208	2025-03-24 23:40:41.554743+00
156	407	232	2025-03-24 23:40:41.554985+00
157	408	214	2025-03-24 23:40:41.555219+00
158	409	232	2025-03-24 23:40:41.555463+00
159	410	140	2025-03-24 23:40:41.556827+00
161	412	182	2025-03-24 23:40:41.557465+00
162	413	214	2025-03-24 23:40:41.557785+00
163	414	221	2025-03-24 23:40:41.558116+00
164	415	232	2025-03-24 23:40:41.558442+00
165	416	254	2025-03-24 23:40:41.558767+00
166	417	175	2025-03-24 23:40:41.559191+00
167	418	182	2025-03-24 23:40:41.559584+00
168	419	146	2025-03-24 23:40:41.560074+00
169	420	146	2025-03-24 23:40:41.56048+00
170	421	146	2025-03-24 23:40:41.560844+00
171	422	146	2025-03-24 23:40:41.561345+00
172	423	221	2025-03-24 23:40:41.56188+00
173	424	159	2025-03-24 23:40:41.562312+00
174	425	140	2025-03-24 23:40:41.562659+00
175	426	208	2025-03-24 23:40:41.563005+00
176	427	235	2025-03-24 23:40:41.563484+00
177	428	228	2025-03-24 23:40:41.563802+00
178	429	188	2025-03-24 23:40:41.5642+00
179	430	126	2025-03-24 23:40:41.564541+00
180	431	159	2025-03-24 23:40:41.564906+00
181	432	182	2025-03-24 23:40:41.565281+00
182	433	182	2025-03-24 23:40:41.565671+00
183	434	129	2025-03-24 23:40:41.565998+00
184	435	182	2025-03-24 23:40:41.566366+00
185	436	182	2025-03-24 23:40:41.566701+00
186	437	192	2025-03-24 23:40:41.567088+00
187	438	201	2025-03-24 23:40:41.56749+00
188	439	222	2025-03-24 23:40:41.567988+00
189	440	147	2025-03-24 23:40:41.568386+00
190	441	188	2025-03-24 23:40:41.568732+00
191	442	146	2025-03-24 23:40:41.569054+00
192	443	159	2025-03-24 23:40:41.569423+00
193	444	228	2025-03-24 23:40:41.569748+00
194	445	159	2025-03-24 23:40:41.570087+00
195	446	201	2025-03-24 23:40:41.570434+00
196	447	131	2025-03-24 23:40:41.570754+00
197	448	131	2025-03-24 23:40:41.571067+00
198	449	131	2025-03-24 23:40:41.571377+00
199	450	131	2025-03-24 23:40:41.571678+00
200	451	131	2025-03-24 23:40:41.571996+00
201	452	131	2025-03-24 23:40:41.572387+00
202	453	131	2025-03-24 23:40:41.572724+00
203	454	131	2025-03-24 23:40:41.573043+00
204	455	131	2025-03-24 23:40:41.573356+00
205	456	178	2025-03-24 23:40:41.573669+00
206	457	182	2025-03-24 23:40:41.573975+00
207	458	186	2025-03-24 23:40:41.574287+00
208	459	147	2025-03-24 23:40:41.5746+00
209	460	147	2025-03-24 23:40:41.574917+00
210	461	182	2025-03-24 23:40:41.57528+00
211	462	254	2025-03-24 23:40:41.575826+00
212	463	213	2025-03-24 23:40:41.576299+00
213	464	213	2025-03-24 23:40:41.576702+00
214	465	199	2025-03-24 23:40:41.576982+00
215	466	170	2025-03-24 23:40:41.577247+00
216	469	156	2025-03-24 23:40:41.577523+00
217	470	156	2025-03-24 23:40:41.577799+00
218	471	156	2025-03-24 23:40:41.578263+00
219	472	156	2025-03-24 23:40:41.578772+00
220	473	156	2025-03-24 23:40:41.579125+00
221	474	197	2025-03-24 23:40:41.579429+00
222	475	227	2025-03-24 23:40:41.579724+00
223	476	227	2025-03-24 23:40:41.580006+00
224	477	227	2025-03-24 23:40:41.580379+00
225	478	227	2025-03-24 23:40:41.580808+00
226	479	227	2025-03-24 23:40:41.581195+00
227	480	227	2025-03-24 23:40:41.581577+00
228	481	227	2025-03-24 23:40:41.582158+00
229	482	227	2025-03-24 23:40:41.582701+00
230	483	227	2025-03-24 23:40:41.583182+00
231	484	227	2025-03-24 23:40:41.584981+00
232	485	227	2025-03-24 23:40:41.585323+00
233	486	227	2025-03-24 23:40:41.58562+00
234	487	214	2025-03-24 23:40:41.585941+00
235	488	182	2025-03-24 23:40:41.586233+00
236	489	182	2025-03-24 23:40:41.586495+00
237	490	166	2025-03-24 23:40:41.586787+00
238	491	182	2025-03-24 23:40:41.587085+00
239	492	182	2025-03-24 23:40:41.587348+00
240	493	182	2025-03-24 23:40:41.587645+00
241	494	182	2025-03-24 23:40:41.587904+00
242	495	182	2025-03-24 23:40:41.58816+00
243	496	182	2025-03-24 23:40:41.588406+00
244	497	182	2025-03-24 23:40:41.588656+00
245	498	131	2025-03-24 23:40:41.588976+00
246	499	227	2025-03-24 23:40:41.589252+00
247	500	227	2025-03-24 23:40:41.58952+00
248	501	227	2025-03-24 23:40:41.589794+00
249	502	138	2025-03-24 23:40:41.590061+00
250	503	227	2025-03-24 23:40:41.590308+00
251	504	227	2025-03-24 23:40:41.590586+00
252	505	182	2025-03-24 23:40:41.590908+00
253	506	182	2025-03-24 23:40:41.591226+00
254	507	182	2025-03-24 23:40:41.591579+00
255	508	182	2025-03-24 23:40:41.591908+00
256	509	182	2025-03-24 23:40:41.592299+00
257	510	182	2025-03-24 23:40:41.592578+00
258	511	182	2025-03-24 23:40:41.592867+00
259	512	182	2025-03-24 23:40:41.593147+00
260	513	182	2025-03-24 23:40:41.593415+00
261	514	236	2025-03-24 23:40:41.593716+00
262	515	222	2025-03-24 23:40:41.594102+00
263	516	131	2025-03-24 23:40:41.594576+00
264	517	131	2025-03-24 23:40:41.594977+00
265	518	178	2025-03-24 23:40:41.595319+00
266	519	178	2025-03-24 23:40:41.595673+00
267	520	178	2025-03-24 23:40:41.596015+00
268	521	178	2025-03-24 23:40:41.596304+00
269	522	237	2025-03-24 23:40:41.596627+00
270	523	214	2025-03-24 23:40:41.596921+00
271	524	214	2025-03-24 23:40:41.597308+00
272	525	208	2025-03-24 23:40:41.597648+00
273	526	214	2025-03-24 23:40:41.598085+00
274	527	214	2025-03-24 23:40:41.598516+00
275	528	214	2025-03-24 23:40:41.599013+00
276	529	214	2025-03-24 23:40:41.599487+00
277	530	214	2025-03-24 23:40:41.599919+00
278	531	214	2025-03-24 23:40:41.600423+00
279	532	214	2025-03-24 23:40:41.600711+00
280	533	178	2025-03-24 23:40:41.601001+00
281	534	178	2025-03-24 23:40:41.601254+00
283	536	208	2025-03-24 23:40:41.601794+00
284	537	147	2025-03-24 23:40:41.602054+00
285	538	214	2025-03-24 23:40:41.602353+00
286	539	208	2025-03-24 23:40:41.602606+00
287	540	208	2025-03-24 23:40:41.602898+00
288	541	208	2025-03-24 23:40:41.603168+00
290	543	208	2025-03-24 23:40:41.60369+00
291	544	208	2025-03-24 23:40:41.603944+00
292	545	208	2025-03-24 23:40:41.604188+00
293	546	208	2025-03-24 23:40:41.604498+00
294	547	208	2025-03-24 23:40:41.604778+00
295	548	214	2025-03-24 23:40:41.605037+00
296	549	214	2025-03-24 23:40:41.605296+00
297	550	214	2025-03-24 23:40:41.605537+00
298	551	214	2025-03-24 23:40:41.605795+00
299	552	182	2025-03-24 23:40:41.606062+00
300	553	147	2025-03-24 23:40:41.606319+00
301	554	147	2025-03-24 23:40:41.606605+00
302	555	147	2025-03-24 23:40:41.606868+00
303	556	214	2025-03-24 23:40:41.607147+00
304	557	214	2025-03-24 23:40:41.607505+00
305	558	214	2025-03-24 23:40:41.607857+00
306	559	214	2025-03-24 23:40:41.608244+00
307	560	214	2025-03-24 23:40:41.60858+00
308	561	214	2025-03-24 23:40:41.608877+00
309	562	214	2025-03-24 23:40:41.609138+00
310	563	214	2025-03-24 23:40:41.609418+00
311	564	214	2025-03-24 23:40:41.609678+00
312	565	214	2025-03-24 23:40:41.609937+00
313	566	214	2025-03-24 23:40:41.610179+00
314	567	254	2025-03-24 23:40:41.610498+00
315	568	214	2025-03-24 23:40:41.610825+00
316	569	214	2025-03-24 23:40:41.621409+00
317	570	214	2025-03-24 23:40:41.621883+00
318	571	254	2025-03-24 23:40:41.623989+00
319	572	254	2025-03-24 23:40:41.624472+00
320	573	214	2025-03-24 23:40:41.625039+00
321	574	208	2025-03-24 23:40:41.62539+00
322	575	208	2025-03-24 23:40:41.625771+00
323	576	208	2025-03-24 23:40:41.626167+00
324	577	182	2025-03-24 23:40:41.626514+00
325	578	182	2025-03-24 23:40:41.626816+00
326	579	182	2025-03-24 23:40:41.62714+00
327	580	182	2025-03-24 23:40:41.627449+00
328	581	182	2025-03-24 23:40:41.627807+00
329	582	182	2025-03-24 23:40:41.628315+00
330	583	147	2025-03-24 23:40:41.628893+00
331	584	221	2025-03-24 23:40:41.62931+00
332	585	218	2025-03-24 23:40:41.629672+00
333	586	218	2025-03-24 23:40:41.63001+00
334	587	221	2025-03-24 23:40:41.630396+00
335	588	214	2025-03-24 23:40:41.630863+00
336	589	159	2025-03-24 23:40:41.631287+00
337	590	126	2025-03-24 23:40:41.63194+00
338	591	126	2025-03-24 23:40:41.632486+00
339	592	182	2025-03-24 23:40:41.632903+00
340	593	182	2025-03-24 23:40:41.633362+00
341	594	228	2025-03-24 23:40:41.633698+00
342	595	182	2025-03-24 23:40:41.634035+00
343	596	182	2025-03-24 23:40:41.634358+00
344	597	218	2025-03-24 23:40:41.634677+00
345	598	246	2025-03-24 23:40:41.634988+00
346	599	131	2025-03-24 23:40:41.635343+00
347	600	246	2025-03-24 23:40:41.63564+00
348	601	246	2025-03-24 23:40:41.635969+00
349	602	246	2025-03-24 23:40:41.636278+00
350	603	131	2025-03-24 23:40:41.636583+00
351	604	131	2025-03-24 23:40:41.636896+00
352	605	146	2025-03-24 23:40:41.637191+00
353	606	147	2025-03-24 23:40:41.637584+00
354	607	146	2025-03-24 23:40:41.637866+00
355	608	201	2025-03-24 23:40:41.638142+00
356	609	188	2025-03-24 23:40:41.638497+00
357	610	245	2025-03-24 23:40:41.638785+00
358	611	245	2025-03-24 23:40:41.639064+00
359	612	245	2025-03-24 23:40:41.63941+00
360	613	245	2025-03-24 23:40:41.639811+00
361	614	223	2025-03-24 23:40:41.640178+00
362	616	223	2025-03-24 23:40:41.640529+00
363	617	223	2025-03-24 23:40:41.640895+00
364	618	223	2025-03-24 23:40:41.641202+00
365	619	223	2025-03-24 23:40:41.64152+00
366	620	228	2025-03-24 23:40:41.64182+00
367	621	174	2025-03-24 23:40:41.642103+00
368	622	138	2025-03-24 23:40:41.642385+00
369	623	138	2025-03-24 23:40:41.642647+00
370	624	138	2025-03-24 23:40:41.642969+00
371	625	222	2025-03-24 23:40:41.643239+00
372	626	146	2025-03-24 23:40:41.643507+00
373	627	230	2025-03-24 23:40:41.643772+00
374	628	230	2025-03-24 23:40:41.644162+00
375	629	146	2025-03-24 23:40:41.644817+00
376	630	146	2025-03-24 23:40:41.645204+00
377	631	127	2025-03-24 23:40:41.645506+00
378	632	210	2025-03-24 23:40:41.645813+00
379	633	146	2025-03-24 23:40:41.646149+00
380	634	228	2025-03-24 23:40:41.646574+00
381	635	228	2025-03-24 23:40:41.64687+00
382	636	228	2025-03-24 23:40:41.647205+00
383	637	225	2025-03-24 23:40:41.647618+00
384	638	225	2025-03-24 23:40:41.648003+00
385	639	225	2025-03-24 23:40:41.648356+00
386	640	225	2025-03-24 23:40:41.648768+00
387	641	222	2025-03-24 23:40:41.649222+00
388	642	206	2025-03-24 23:40:41.649751+00
389	643	206	2025-03-24 23:40:41.650061+00
390	644	206	2025-03-24 23:40:41.650336+00
391	645	206	2025-03-24 23:40:41.650619+00
392	646	210	2025-03-24 23:40:41.650924+00
393	647	222	2025-03-24 23:40:41.651201+00
394	648	131	2025-03-24 23:40:41.651483+00
395	649	216	2025-03-24 23:40:41.651814+00
396	650	216	2025-03-24 23:40:41.652087+00
397	651	206	2025-03-24 23:40:41.652352+00
398	652	241	2025-03-24 23:40:41.652616+00
399	653	241	2025-03-24 23:40:41.652892+00
400	654	241	2025-03-24 23:40:41.653146+00
401	655	241	2025-03-24 23:40:41.653401+00
402	656	241	2025-03-24 23:40:41.653649+00
403	657	241	2025-03-24 23:40:41.653903+00
404	658	149	2025-03-24 23:40:41.654154+00
405	659	149	2025-03-24 23:40:41.654421+00
406	660	149	2025-03-24 23:40:41.654697+00
407	661	191	2025-03-24 23:40:41.654962+00
408	662	166	2025-03-24 23:40:41.655267+00
409	663	246	2025-03-24 23:40:41.680998+00
410	664	232	2025-03-24 23:40:41.682263+00
411	665	232	2025-03-24 23:40:41.6833+00
412	666	232	2025-03-24 23:40:41.684059+00
413	667	232	2025-03-24 23:40:41.684727+00
414	668	232	2025-03-24 23:40:41.685482+00
415	669	232	2025-03-24 23:40:41.686174+00
416	670	232	2025-03-24 23:40:41.686795+00
418	672	232	2025-03-24 23:40:41.688104+00
419	673	232	2025-03-24 23:40:41.688716+00
420	674	237	2025-03-24 23:40:41.689362+00
421	675	192	2025-03-24 23:40:41.690046+00
422	676	192	2025-03-24 23:40:41.69058+00
423	677	228	2025-03-24 23:40:41.691072+00
424	678	228	2025-03-24 23:40:41.691702+00
425	679	228	2025-03-24 23:40:41.692256+00
426	680	179	2025-03-24 23:40:41.69271+00
427	681	179	2025-03-24 23:40:41.693218+00
428	682	179	2025-03-24 23:40:41.693782+00
429	683	179	2025-03-24 23:40:41.694538+00
430	684	228	2025-03-24 23:40:41.696055+00
431	685	228	2025-03-24 23:40:41.697136+00
432	686	248	2025-03-24 23:40:41.699436+00
433	687	248	2025-03-24 23:40:41.699962+00
434	688	248	2025-03-24 23:40:41.700538+00
435	689	248	2025-03-24 23:40:41.700941+00
436	690	248	2025-03-24 23:40:41.701339+00
437	691	248	2025-03-24 23:40:41.701723+00
438	692	248	2025-03-24 23:40:41.702094+00
439	693	248	2025-03-24 23:40:41.702523+00
440	694	248	2025-03-24 23:40:41.702901+00
441	695	248	2025-03-24 23:40:41.703302+00
442	696	178	2025-03-24 23:40:41.703785+00
443	697	125	2025-03-24 23:40:41.704253+00
444	698	125	2025-03-24 23:40:41.704733+00
445	699	222	2025-03-24 23:40:41.705108+00
446	700	176	2025-03-24 23:40:41.705494+00
447	701	176	2025-03-24 23:40:41.70589+00
448	702	256	2025-03-24 23:40:41.706264+00
449	703	127	2025-03-24 23:40:41.706672+00
450	704	256	2025-03-24 23:40:41.707031+00
451	705	219	2025-03-24 23:40:41.707424+00
456	710	169	2025-03-24 23:40:41.709352+00
457	711	252	2025-03-24 23:40:41.709708+00
458	712	252	2025-03-24 23:40:41.710122+00
459	713	147	2025-03-24 23:40:41.710549+00
460	714	252	2025-03-24 23:40:41.711145+00
461	715	147	2025-03-24 23:40:41.711888+00
462	716	252	2025-03-24 23:40:41.712325+00
463	717	252	2025-03-24 23:40:41.712709+00
464	718	252	2025-03-24 23:40:41.713107+00
465	719	182	2025-03-24 23:40:41.7136+00
466	720	182	2025-03-24 23:40:41.714197+00
467	721	237	2025-03-24 23:40:41.715051+00
469	723	205	2025-03-24 23:40:41.716725+00
470	724	137	2025-03-24 23:40:41.717191+00
471	725	252	2025-03-24 23:40:41.717602+00
472	726	146	2025-03-24 23:40:41.71799+00
473	727	252	2025-03-24 23:40:41.718611+00
474	728	232	2025-03-24 23:40:41.718993+00
475	729	232	2025-03-24 23:40:41.719445+00
476	730	205	2025-03-24 23:40:41.719837+00
477	731	245	2025-03-24 23:40:41.720216+00
478	732	232	2025-03-24 23:40:41.720606+00
479	733	185	2025-03-24 23:40:41.720979+00
480	734	237	2025-03-24 23:40:41.72139+00
481	735	232	2025-03-24 23:40:41.721763+00
482	736	176	2025-03-24 23:40:41.722155+00
483	737	182	2025-03-24 23:40:41.72251+00
484	738	149	2025-03-24 23:40:41.722873+00
486	740	159	2025-03-24 23:40:41.723663+00
487	741	140	2025-03-24 23:40:41.72403+00
488	742	253	2025-03-24 23:40:41.72438+00
489	743	140	2025-03-24 23:40:41.724738+00
490	744	209	2025-03-24 23:40:41.725096+00
491	745	159	2025-03-24 23:40:41.725516+00
492	746	159	2025-03-24 23:40:41.725946+00
493	747	159	2025-03-24 23:40:41.72633+00
494	748	159	2025-03-24 23:40:41.726712+00
495	749	159	2025-03-24 23:40:41.727104+00
496	750	141	2025-03-24 23:40:41.727472+00
497	751	135	2025-03-24 23:40:41.727796+00
498	752	239	2025-03-24 23:40:41.728251+00
499	753	239	2025-03-24 23:40:41.728901+00
500	754	239	2025-03-24 23:40:41.729527+00
501	755	239	2025-03-24 23:40:41.72995+00
502	756	239	2025-03-24 23:40:41.730341+00
503	757	239	2025-03-24 23:40:41.730816+00
504	758	182	2025-03-24 23:40:41.731267+00
505	759	239	2025-03-24 23:40:41.731863+00
506	760	239	2025-03-24 23:40:41.732481+00
507	761	239	2025-03-24 23:40:41.733088+00
508	762	240	2025-03-24 23:40:41.733861+00
509	763	240	2025-03-24 23:40:41.734322+00
510	764	231	2025-03-24 23:40:41.734679+00
511	765	229	2025-03-24 23:40:41.735026+00
512	766	229	2025-03-24 23:40:41.73532+00
513	768	185	2025-03-24 23:40:41.735662+00
514	769	185	2025-03-24 23:40:41.736014+00
515	770	213	2025-03-24 23:40:41.736304+00
516	771	252	2025-03-24 23:40:41.736584+00
517	772	232	2025-03-24 23:40:41.736861+00
518	773	232	2025-03-24 23:40:41.737142+00
519	774	155	2025-03-24 23:40:41.737406+00
520	775	155	2025-03-24 23:40:41.737669+00
521	776	165	2025-03-24 23:40:41.738054+00
522	777	165	2025-03-24 23:40:41.738323+00
523	778	236	2025-03-24 23:40:41.738598+00
524	779	228	2025-03-24 23:40:41.738875+00
525	780	228	2025-03-24 23:40:41.739148+00
526	781	164	2025-03-24 23:40:41.739429+00
527	782	164	2025-03-24 23:40:41.739689+00
528	783	164	2025-03-24 23:40:41.740031+00
529	784	159	2025-03-24 23:40:41.740301+00
530	785	159	2025-03-24 23:40:41.740555+00
531	786	159	2025-03-24 23:40:41.740807+00
532	787	159	2025-03-24 23:40:41.741073+00
533	788	238	2025-03-24 23:40:41.741398+00
534	789	238	2025-03-24 23:40:41.741853+00
535	790	238	2025-03-24 23:40:41.742229+00
536	791	238	2025-03-24 23:40:41.742511+00
537	792	238	2025-03-24 23:40:41.742795+00
538	793	238	2025-03-24 23:40:41.743055+00
539	794	238	2025-03-24 23:40:41.743341+00
540	795	238	2025-03-24 23:40:41.743605+00
542	797	147	2025-03-24 23:40:41.744153+00
543	798	147	2025-03-24 23:40:41.744464+00
544	799	147	2025-03-24 23:40:41.74486+00
545	800	147	2025-03-24 23:40:41.745366+00
546	801	155	2025-03-24 23:40:41.745954+00
547	802	155	2025-03-24 23:40:41.746407+00
548	803	185	2025-03-24 23:40:41.746708+00
549	804	197	2025-03-24 23:40:41.747035+00
550	805	212	2025-03-24 23:40:41.747443+00
551	806	212	2025-03-24 23:40:41.747813+00
552	807	159	2025-03-24 23:40:41.748249+00
553	808	185	2025-03-24 23:40:41.7486+00
554	809	258	2025-03-24 23:40:41.748963+00
555	810	248	2025-03-24 23:40:41.749333+00
556	811	170	2025-03-24 23:40:41.749756+00
557	812	136	2025-03-24 23:40:41.750114+00
558	813	136	2025-03-24 23:40:41.750388+00
559	814	238	2025-03-24 23:40:41.750673+00
560	815	239	2025-03-24 23:40:41.750963+00
561	816	238	2025-03-24 23:40:41.751247+00
562	818	164	2025-03-24 23:40:41.751509+00
563	819	159	2025-03-24 23:40:41.751827+00
564	820	238	2025-03-24 23:40:41.752112+00
565	821	130	2025-03-24 23:40:41.752391+00
566	475	206	2025-03-26 15:02:47.49336+00
567	385	206	2025-03-26 15:03:17.321991+00
568	991	206	2025-03-26 15:03:44.293565+00
569	286	206	2025-03-26 15:04:07.345177+00
570	320	206	2025-03-26 15:04:24.371685+00
571	269	206	2025-03-26 15:04:54.150411+00
572	973	182	2025-03-26 19:04:12.970548+00
573	911	147	2025-03-26 19:14:56.82374+00
574	306	217	2025-03-27 08:30:48.032675+00
576	943	217	2025-03-27 08:32:27.955734+00
577	972	217	2025-03-27 08:32:52.119263+00
578	370	217	2025-03-27 08:33:25.247518+00
579	663	217	2025-03-27 09:04:09.744128+00
580	378	217	2025-03-27 09:06:03.952721+00
581	390	217	2025-03-27 09:20:20.363413+00
582	490	182	2025-03-27 09:39:20.789321+00
583	957	182	2025-03-27 09:45:14.608398+00
584	930	182	2025-03-27 09:49:26.497203+00
585	915	254	2025-03-27 09:54:13.989574+00
586	648	254	2025-03-27 09:54:34.227356+00
587	500	254	2025-03-27 09:54:49.269161+00
588	478	254	2025-03-27 09:55:10.363493+00
589	480	254	2025-03-27 09:55:34.035924+00
590	477	254	2025-03-27 09:55:54.523705+00
591	483	254	2025-03-27 09:56:08.455544+00
592	485	254	2025-03-27 09:56:27.421414+00
593	476	254	2025-03-27 09:56:39.073907+00
594	479	254	2025-03-27 09:56:55.953807+00
595	501	254	2025-03-27 09:57:08.907435+00
596	475	254	2025-03-27 09:57:20.948568+00
597	398	254	2025-03-27 09:57:46.457094+00
598	280	208	2025-03-27 10:00:16.611547+00
599	991	254	2025-03-27 10:03:49.683079+00
600	286	254	2025-03-27 10:04:19.358845+00
601	280	220	2025-03-27 10:49:46.464132+00
602	290	220	2025-03-27 10:50:12.778689+00
603	385	220	2025-03-27 10:50:26.208839+00
604	337	220	2025-03-27 10:50:37.312091+00
605	316	220	2025-03-27 10:51:12.422734+00
606	319	220	2025-03-27 10:52:03.885584+00
607	891	220	2025-03-27 10:52:19.666637+00
608	252	220	2025-03-27 10:52:33.249015+00
609	525	220	2025-03-27 10:52:51.30098+00
610	277	220	2025-03-27 10:53:04.298675+00
611	475	220	2025-03-27 10:53:20.422588+00
612	515	221	2025-03-27 11:29:49.362672+00
613	631	221	2025-03-27 11:30:32.651356+00
614	257	221	2025-03-27 11:30:45.344671+00
615	334	221	2025-03-27 11:30:55.531019+00
616	490	221	2025-03-27 11:31:04.800998+00
617	594	220	2025-03-27 11:31:59.902771+00
618	703	221	2025-03-27 12:29:35.891811+00
619	475	214	2025-03-27 16:00:45.174144+00
620	389	214	2025-03-27 16:01:07.18182+00
621	316	214	2025-03-27 16:01:23.906179+00
622	991	182	2025-03-27 17:54:45.921616+00
623	286	182	2025-03-27 17:54:57.797837+00
624	252	214	2025-03-27 17:55:32.923042+00
625	459	214	2025-03-27 17:55:47.696686+00
626	552	214	2025-03-27 17:56:09.272389+00
627	475	174	2025-03-27 17:57:00.169664+00
628	389	174	2025-03-27 17:57:15.438893+00
629	316	174	2025-03-27 17:57:28.74743+00
630	325	174	2025-03-27 17:57:42.373073+00
632	459	174	2025-03-27 17:58:07.762181+00
636	524	174	2025-03-27 18:14:12.825544+00
637	526	174	2025-03-27 18:14:31.691251+00
638	527	174	2025-03-27 18:14:52.33829+00
639	523	174	2025-03-27 18:15:09.75377+00
640	461	174	2025-03-27 18:15:28.205123+00
643	590	174	2025-03-27 18:16:53.691888+00
645	528	174	2025-03-27 18:17:51.814059+00
647	530	174	2025-03-27 18:18:28.82122+00
648	531	174	2025-03-27 18:18:41.83709+00
631	252	174	2025-03-27 17:57:55.280617+00
633	552	174	2025-03-27 17:58:21.19465+00
634	588	174	2025-03-27 18:13:20.190898+00
635	311	174	2025-03-27 18:13:37.091328+00
641	532	174	2025-03-27 18:15:58.491144+00
642	515	174	2025-03-27 18:16:13.236531+00
644	333	174	2025-03-27 18:17:32.401249+00
646	529	174	2025-03-27 18:18:11.311523+00
649	589	224	2025-03-27 18:54:46.016828+00
650	514	224	2025-03-27 18:54:59.922341+00
651	623	224	2025-03-27 18:55:15.905435+00
652	542	147	2025-03-28 04:31:43.48878+00
653	515	147	2025-03-28 04:39:17.196122+00
654	385	147	2025-03-28 04:50:54.601836+00
655	371	218	2025-03-28 05:12:32.071044+00
656	529	218	2025-03-28 05:12:52.186106+00
657	333	218	2025-03-28 05:13:20.477625+00
658	326	218	2025-03-28 05:13:36.936479+00
659	461	218	2025-03-28 05:13:56.197305+00
660	360	218	2025-03-28 05:14:19.896478+00
661	289	218	2025-03-28 05:14:44.917863+00
662	325	218	2025-03-28 05:15:00.081354+00
663	848	218	2025-03-28 05:15:16.700646+00
664	616	218	2025-03-28 05:15:35.424722+00
665	296	218	2025-03-28 05:15:51.354274+00
666	590	218	2025-03-28 05:16:04.12412+00
667	257	218	2025-03-28 05:16:17.216009+00
668	617	218	2025-03-28 05:16:31.139705+00
669	600	218	2025-03-28 05:16:48.635802+00
670	280	218	2025-03-28 05:17:03.465793+00
671	252	218	2025-03-28 05:17:16.739628+00
672	922	218	2025-03-28 06:23:41.013413+00
673	768	178	2025-03-28 11:29:55.473166+00
674	768	186	2025-03-28 11:30:36.680961+00
675	327	186	2025-03-28 11:32:14.134602+00
676	521	186	2025-03-28 11:32:29.020066+00
677	519	186	2025-03-28 11:32:52.632375+00
678	492	186	2025-03-28 11:33:12.469074+00
679	518	186	2025-03-28 11:33:31.613614+00
680	456	186	2025-03-28 11:33:48.397102+00
681	520	186	2025-03-28 11:34:07.897774+00
682	991	188	2025-03-28 12:03:47.115827+00
683	280	188	2025-03-28 12:03:59.848478+00
684	490	188	2025-03-28 12:04:12.71248+00
685	956	188	2025-03-28 12:05:07.457623+00
686	481	178	2025-03-28 13:31:26.393016+00
687	389	178	2025-03-28 13:31:43.904448+00
688	481	186	2025-03-28 13:33:06.543958+00
689	389	186	2025-03-28 13:33:30.594863+00
690	252	228	2025-03-28 13:49:35.852441+00
691	385	228	2025-03-28 14:09:08.297027+00
692	313	129	2025-03-28 14:10:39.69619+00
693	381	129	2025-03-28 14:11:17.192787+00
694	401	129	2025-03-28 14:11:44.26414+00
695	659	129	2025-03-28 14:12:18.041417+00
696	326	129	2025-03-28 14:12:54.992729+00
697	257	129	2025-03-28 14:13:16.040967+00
698	513	129	2025-03-28 14:15:30.044614+00
699	371	129	2025-03-28 14:16:50.67871+00
700	586	129	2025-03-28 14:17:45.983576+00
701	366	129	2025-03-28 14:27:07.143625+00
702	381	210	2025-03-28 14:28:05.414137+00
703	333	210	2025-03-28 14:28:26.195866+00
704	659	210	2025-03-28 14:29:32.867009+00
705	257	210	2025-03-28 14:29:55.282899+00
706	586	210	2025-03-28 14:30:15.960289+00
707	308	210	2025-03-28 14:30:39.628657+00
708	280	252	2025-03-28 15:02:36.345721+00
709	475	252	2025-03-28 15:04:57.239836+00
710	364	186	2025-03-28 15:12:01.804257+00
711	534	186	2025-03-28 15:13:02.102189+00
712	981	252	2025-03-28 15:13:53.126143+00
713	721	246	2025-03-28 15:16:55.371769+00
714	276	246	2025-03-28 15:20:56.849965+00
715	661	246	2025-03-28 15:21:10.290171+00
716	597	246	2025-03-28 15:21:58.896902+00
717	257	246	2025-03-28 15:22:38.92876+00
718	848	246	2025-03-28 15:22:54.499979+00
719	389	246	2025-03-28 15:23:09.175957+00
720	325	246	2025-03-28 15:23:22.665386+00
721	632	246	2025-03-28 15:24:44.680806+00
722	324	246	2025-03-28 15:25:01.269023+00
723	601	261	2025-03-28 15:25:29.545998+00
724	721	261	2025-03-28 15:25:42.37628+00
725	276	261	2025-03-28 15:26:09.854841+00
726	661	261	2025-03-28 15:28:17.775296+00
727	597	261	2025-03-28 15:28:31.72947+00
728	257	261	2025-03-28 15:28:51.13805+00
729	848	261	2025-03-28 15:29:11.910648+00
730	389	261	2025-03-28 15:29:25.16977+00
731	325	261	2025-03-28 15:29:41.308515+00
732	602	261	2025-03-28 15:29:53.808546+00
733	598	261	2025-03-28 15:30:07.640347+00
734	632	261	2025-03-28 15:30:30.668673+00
735	324	261	2025-03-28 15:30:47.668484+00
736	601	191	2025-03-28 15:31:17.686732+00
737	721	191	2025-03-28 15:31:30.800708+00
738	276	191	2025-03-28 15:31:45.213916+00
739	597	191	2025-03-28 15:31:59.598472+00
740	257	191	2025-03-28 15:33:32.837068+00
741	848	191	2025-03-28 15:34:36.545637+00
742	389	191	2025-03-28 15:34:48.902514+00
743	325	191	2025-03-28 15:35:08.873368+00
744	310	191	2025-03-28 15:35:32.297005+00
745	598	191	2025-03-28 15:35:48.633218+00
746	632	191	2025-03-28 15:36:03.788302+00
747	324	191	2025-03-28 15:36:16.145053+00
748	601	262	2025-03-28 15:37:20.226648+00
749	721	262	2025-03-28 15:37:31.25482+00
750	276	262	2025-03-28 15:37:49.378539+00
751	661	262	2025-03-28 15:38:36.93252+00
752	597	262	2025-03-28 15:38:57.39106+00
753	257	262	2025-03-28 15:39:10.543481+00
754	848	262	2025-03-28 15:39:27.311663+00
755	389	262	2025-03-28 15:40:00.26423+00
756	325	262	2025-03-28 15:40:14.999072+00
757	602	262	2025-03-28 15:40:35.583616+00
758	598	262	2025-03-28 15:40:47.119142+00
759	632	262	2025-03-28 15:41:12.300232+00
760	324	262	2025-03-28 15:41:30.907853+00
761	822	259	2025-03-28 16:46:30.514963+00
762	823	259	2025-03-28 16:46:41.886404+00
763	290	259	2025-03-28 16:46:50.141033+00
764	490	192	2025-03-29 05:16:13.029837+00
765	457	190	2025-03-29 05:29:38.795752+00
766	268	190	2025-03-29 05:30:02.212647+00
767	614	190	2025-03-29 05:30:25.359973+00
768	280	261	2025-03-29 05:50:31.450481+00
769	316	261	2025-03-29 05:50:44.463955+00
770	277	261	2025-03-29 05:51:00.564951+00
771	796	261	2025-03-29 05:51:59.439446+00
772	636	261	2025-03-29 05:52:22.783357+00
773	555	261	2025-03-29 05:52:41.331531+00
774	783	261	2025-03-29 05:52:56.479775+00
775	591	261	2025-03-29 05:53:17.091818+00
776	975	261	2025-03-29 05:53:29.894497+00
777	996	190	2025-03-29 06:03:29.046123+00
778	389	146	2025-03-29 06:29:06.848317+00
780	461	146	2025-03-29 06:30:43.484677+00
781	997	190	2025-03-29 06:36:46.488307+00
782	277	146	2025-03-29 08:17:17.405157+00
783	971	146	2025-03-29 08:17:36.456602+00
784	600	263	2025-03-29 08:22:59.229264+00
785	276	263	2025-03-29 08:24:40.072832+00
786	286	146	2025-03-29 08:28:46.580122+00
787	260	181	2025-03-29 08:29:42.37247+00
788	277	181	2025-03-29 08:30:02.647632+00
789	284	181	2025-03-29 08:30:17.618019+00
790	286	181	2025-03-29 08:30:41.199102+00
791	287	181	2025-03-29 08:30:56.242963+00
792	300	181	2025-03-29 08:31:35.429301+00
793	360	181	2025-03-29 08:31:53.997766+00
794	389	181	2025-03-29 08:32:08.506217+00
795	392	181	2025-03-29 08:32:24.397381+00
796	399	181	2025-03-29 08:32:39.165393+00
797	404	181	2025-03-29 08:32:59.184428+00
798	419	181	2025-03-29 08:33:12.583454+00
799	420	181	2025-03-29 08:33:26.022584+00
802	442	181	2025-03-29 08:34:25.060729+00
800	421	181	2025-03-29 08:33:42.342951+00
801	422	181	2025-03-29 08:34:09.424359+00
803	461	181	2025-03-29 08:34:42.795528+00
804	605	181	2025-03-29 08:35:03.159902+00
805	607	181	2025-03-29 08:35:33.391644+00
806	626	181	2025-03-29 08:36:28.89553+00
807	629	181	2025-03-29 08:37:06.376038+00
808	630	181	2025-03-29 08:37:22.427919+00
809	633	181	2025-03-29 08:37:39.885487+00
810	726	181	2025-03-29 08:38:02.276293+00
811	971	181	2025-03-29 08:38:24.075232+00
812	623	136	2025-03-29 14:58:05.630815+00
813	622	136	2025-03-29 14:58:43.067471+00
814	589	136	2025-03-29 14:58:58.095054+00
815	502	136	2025-03-29 14:59:13.256264+00
816	619	235	2025-03-29 15:23:16.649742+00
818	710	136	2025-03-29 17:28:51.737181+00
819	622	155	2025-03-29 22:42:00.749949+00
820	623	155	2025-03-29 22:42:23.341607+00
821	388	155	2025-03-29 22:42:49.522979+00
822	588	129	2025-03-30 09:32:29.747671+00
823	848	129	2025-03-30 09:33:28.279705+00
824	597	129	2025-03-30 09:57:18.921067+00
826	601	237	2025-03-30 11:10:06.09212+00
827	461	237	2025-03-30 11:11:57.684338+00
828	295	237	2025-03-30 11:12:45.803461+00
829	490	183	2025-03-30 11:17:08.110497+00
830	796	183	2025-03-30 11:17:24.297973+00
831	989	183	2025-03-30 11:18:13.043547+00
832	526	183	2025-03-30 11:18:52.009991+00
833	620	183	2025-03-30 11:19:06.163685+00
834	594	183	2025-03-30 11:19:16.242408+00
835	257	183	2025-03-30 11:19:31.757623+00
836	706	183	2025-03-30 11:20:59.555624+00
837	708	183	2025-03-30 11:21:33.56368+00
838	707	183	2025-03-30 11:21:54.525673+00
839	513	183	2025-03-30 11:22:07.514506+00
840	722	183	2025-03-30 11:22:21.37397+00
841	319	183	2025-03-30 11:22:29.747417+00
842	739	183	2025-03-30 11:23:01.958518+00
843	391	183	2025-03-30 11:23:51.283229+00
844	381	183	2025-03-30 11:26:18.2411+00
845	787	182	2025-03-30 12:01:55.083327+00
846	787	188	2025-03-30 12:03:29.624855+00
847	526	188	2025-03-30 12:03:55.935843+00
848	659	188	2025-03-30 12:04:11.478089+00
849	621	214	2025-03-30 12:12:06.478364+00
850	276	156	2025-03-30 12:17:56.285487+00
851	344	156	2025-03-30 12:18:09.708038+00
852	282	156	2025-03-30 12:18:24.02795+00
853	648	156	2025-03-30 12:18:35.696276+00
854	461	156	2025-03-30 12:18:51.941458+00
855	766	235	2025-03-30 12:36:47.916232+00
856	642	235	2025-03-30 12:38:58.123809+00
857	344	235	2025-03-30 12:39:23.884265+00
858	280	149	2025-03-30 13:57:45.109917+00
859	482	182	2025-03-30 14:18:44.502849+00
860	490	214	2025-03-30 14:22:22.092533+00
861	490	174	2025-03-30 14:22:59.962901+00
862	389	156	2025-03-30 15:40:48.256755+00
863	388	156	2025-03-30 15:41:02.46745+00
864	822	156	2025-03-30 15:41:17.34589+00
865	325	237	2025-03-30 15:42:58.185771+00
866	332	127	2025-03-30 17:21:15.025327+00
867	628	127	2025-03-30 17:21:48.412461+00
868	378	127	2025-03-30 17:26:41.584553+00
869	632	127	2025-03-30 17:27:31.625201+00
870	293	159	2025-03-30 17:27:37.775734+00
871	591	127	2025-03-30 17:27:55.113853+00
872	589	239	2025-03-30 17:29:34.656458+00
873	303	156	2025-03-30 17:32:45.998603+00
874	730	159	2025-03-30 17:51:30.060794+00
875	364	197	2025-03-30 18:53:28.86922+00
876	998	144	2025-03-30 19:21:41.107938+00
877	586	238	2025-03-30 19:26:07.615619+00
878	815	238	2025-03-31 05:19:47.352247+00
879	439	236	2025-03-31 08:30:44.861494+00
880	502	236	2025-03-31 08:31:38.881378+00
881	589	236	2025-03-31 08:31:57.9678+00
883	622	236	2025-03-31 08:34:13.587653+00
884	623	128	2025-03-31 09:02:37.27624+00
885	320	128	2025-03-31 09:09:11.08058+00
886	502	128	2025-03-31 09:09:28.168696+00
887	622	128	2025-03-31 09:09:41.190223+00
888	624	128	2025-03-31 09:09:52.779396+00
889	532	128	2025-03-31 09:10:43.667155+00
890	388	128	2025-03-31 09:10:57.467671+00
891	589	128	2025-03-31 09:11:22.487064+00
892	502	264	2025-03-31 09:33:44.140144+00
893	623	264	2025-03-31 09:33:57.787595+00
894	640	264	2025-03-31 09:34:13.79017+00
895	723	264	2025-03-31 09:34:24.252574+00
896	589	264	2025-03-31 09:34:35.084623+00
897	388	264	2025-03-31 09:34:45.889596+00
898	514	264	2025-03-31 09:34:56.885194+00
899	622	264	2025-03-31 09:35:31.040883+00
900	292	264	2025-03-31 09:35:42.264121+00
901	385	128	2025-03-31 09:42:49.303697+00
902	721	127	2025-03-31 10:59:31.069193+00
903	293	127	2025-03-31 11:19:34.24974+00
904	480	127	2025-03-31 11:31:08.132537+00
905	620	249	2025-03-31 14:54:06.406049+00
906	321	249	2025-03-31 14:54:20.036355+00
907	516	249	2025-03-31 14:55:34.55041+00
908	337	249	2025-03-31 14:56:05.613244+00
909	333	249	2025-03-31 14:58:39.941594+00
910	385	249	2025-03-31 14:59:25.900208+00
911	411	264	2025-03-31 15:27:59.0412+00
912	301	264	2025-03-31 15:28:08.369138+00
913	999	264	2025-03-31 18:26:10.868686+00
914	445	160	2025-04-01 09:31:46.991569+00
915	302	160	2025-04-01 09:31:59.955799+00
916	621	160	2025-04-01 09:57:45.088808+00
917	523	160	2025-04-01 09:58:15.026429+00
918	256	160	2025-04-01 09:59:24.057043+00
919	734	160	2025-04-01 09:59:48.828279+00
920	309	160	2025-04-01 10:00:01.436045+00
921	707	160	2025-04-01 10:00:40.425682+00
922	915	227	2025-04-01 11:55:02.005649+00
923	366	160	2025-04-01 12:31:47.324502+00
924	514	265	2025-04-01 12:54:09.983012+00
925	620	221	2025-04-01 14:31:14.578319+00
926	371	142	2025-04-01 14:56:50.145561+00
927	529	142	2025-04-01 14:57:09.272603+00
928	366	142	2025-04-01 14:58:50.124009+00
929	597	142	2025-04-01 14:59:12.419954+00
930	289	142	2025-04-01 15:00:38.242581+00
931	585	142	2025-04-01 15:00:58.055742+00
932	480	199	2025-04-01 16:07:08.381567+00
933	374	199	2025-04-01 16:07:19.47574+00
934	766	199	2025-04-01 16:07:31.127808+00
935	723	199	2025-04-01 16:07:46.649322+00
936	680	199	2025-04-01 16:08:19.97214+00
937	321	199	2025-04-01 16:08:40.954838+00
938	578	199	2025-04-01 16:09:46.430313+00
939	265	199	2025-04-01 16:10:04.610919+00
940	416	199	2025-04-01 16:10:48.916091+00
941	648	199	2025-04-01 16:10:59.479963+00
942	365	240	2025-04-02 11:39:56.015232+00
943	329	235	2025-04-02 17:06:37.07364+00
944	293	266	2025-04-02 17:16:50.262723+00
945	378	266	2025-04-02 17:17:25.313347+00
946	408	266	2025-04-02 17:18:05.50873+00
947	589	266	2025-04-02 17:18:26.102801+00
948	730	266	2025-04-02 17:19:15.073101+00
949	425	266	2025-04-02 17:19:45.780975+00
950	786	266	2025-04-02 17:20:07.636742+00
951	325	266	2025-04-02 17:23:22.135336+00
952	462	266	2025-04-02 17:23:45.271435+00
953	745	266	2025-04-02 17:24:17.163325+00
954	320	235	2025-04-03 06:13:25.630407+00
955	976	239	2025-04-03 07:50:41.99285+00
956	589	169	2025-04-03 18:15:31.541834+00
957	546	192	2025-04-04 05:27:19.612476+00
958	299	192	2025-04-04 05:27:37.175814+00
959	258	192	2025-04-04 05:27:48.411986+00
960	648	192	2025-04-04 05:28:20.784483+00
961	701	192	2025-04-04 05:29:09.994676+00
962	374	170	2025-04-04 10:12:17.19664+00
963	276	170	2025-04-04 10:12:37.902176+00
964	461	170	2025-04-04 10:13:01.774423+00
965	344	170	2025-04-04 10:13:48.562+00
967	293	170	2025-04-04 10:14:29.0343+00
968	642	170	2025-04-04 10:15:06.829846+00
969	623	169	2025-04-04 10:22:54.358036+00
970	502	169	2025-04-04 10:23:31.605208+00
971	260	169	2025-04-04 10:23:54.272156+00
972	288	169	2025-04-04 10:24:09.252507+00
973	303	169	2025-04-04 10:24:24.414068+00
974	374	169	2025-04-04 10:24:30.238708+00
975	394	169	2025-04-04 10:24:41.509246+00
976	276	232	2025-04-04 13:21:13.797+00
977	942	232	2025-04-04 13:22:52.352146+00
978	946	232	2025-04-04 13:26:04.531442+00
979	587	232	2025-04-04 13:27:19.182962+00
980	303	199	2025-04-05 09:57:13.867779+00
981	989	201	2025-04-05 11:32:07.225332+00
982	406	201	2025-04-05 11:32:38.315169+00
983	276	201	2025-04-05 11:33:07.957655+00
984	257	201	2025-04-05 11:33:17.924942+00
985	365	201	2025-04-05 11:33:38.118567+00
986	311	201	2025-04-05 11:33:47.973395+00
987	321	268	2025-04-05 13:23:05.826048+00
988	333	268	2025-04-05 13:23:14.907279+00
989	589	268	2025-04-05 13:23:25.536442+00
990	637	268	2025-04-05 13:23:40.475152+00
991	639	268	2025-04-05 13:23:51.895268+00
992	723	268	2025-04-05 13:24:49.555392+00
993	325	268	2025-04-05 13:26:03.080834+00
994	741	268	2025-04-05 13:26:14.850811+00
995	742	268	2025-04-05 13:26:29.184925+00
996	743	268	2025-04-05 13:26:35.778131+00
997	481	201	2025-04-05 13:52:34.521783+00
998	1001	155	2025-04-05 14:01:43.460289+00
999	1002	155	2025-04-05 14:02:05.376186+00
1000	1003	155	2025-04-05 14:02:41.0495+00
1001	461	241	2025-04-05 14:26:22.233347+00
1002	1004	241	2025-04-05 14:52:07.758168+00
1003	1005	155	2025-04-05 14:57:11.043208+00
1004	1006	155	2025-04-05 16:07:32.150373+00
1005	362	175	2025-04-06 08:56:55.214653+00
1006	607	175	2025-04-06 08:58:02.292185+00
1007	834	175	2025-04-06 08:58:42.423405+00
1008	324	175	2025-04-06 09:22:29.897377+00
1009	922	175	2025-04-06 09:25:25.449806+00
1010	367	175	2025-04-06 09:25:49.360169+00
1011	396	175	2025-04-06 09:26:09.949159+00
1012	436	175	2025-04-06 09:28:04.323688+00
1013	441	175	2025-04-06 09:28:54.538306+00
1014	344	125	2025-04-06 09:46:47.752766+00
1015	283	125	2025-04-06 09:47:01.08217+00
1016	572	125	2025-04-06 09:47:18.326826+00
1017	571	125	2025-04-06 09:47:35.864039+00
1018	603	125	2025-04-06 09:47:55.920003+00
1019	569	125	2025-04-06 09:48:08.419201+00
1020	578	125	2025-04-06 09:48:28.551377+00
1021	566	125	2025-04-06 09:48:43.097369+00
1022	282	125	2025-04-06 09:49:06.675134+00
1023	565	125	2025-04-06 09:49:19.896664+00
1024	564	125	2025-04-06 09:49:50.08099+00
1025	563	125	2025-04-06 09:50:05.176694+00
1026	562	125	2025-04-06 09:50:20.190744+00
1027	285	125	2025-04-06 09:52:02.587413+00
1028	561	125	2025-04-06 09:52:21.224277+00
1029	560	125	2025-04-06 09:52:35.083565+00
1030	559	125	2025-04-06 09:52:54.221432+00
1031	821	125	2025-04-06 09:53:23.8954+00
1032	538	125	2025-04-06 09:55:40.179853+00
1033	548	125	2025-04-06 09:56:14.911579+00
1034	550	125	2025-04-06 09:57:03.961163+00
1035	549	125	2025-04-06 09:57:30.494903+00
1036	487	125	2025-04-06 09:58:08.37045+00
1037	551	125	2025-04-06 09:58:41.158721+00
1038	490	125	2025-04-06 09:58:56.930861+00
1039	462	125	2025-04-06 09:59:09.72511+00
1040	720	175	2025-04-06 10:02:34.080955+00
1041	269	175	2025-04-06 10:03:54.604771+00
1042	552	269	2025-04-06 11:56:39.63268+00
1043	277	269	2025-04-06 11:56:54.816308+00
1044	822	197	2025-04-06 11:58:06.900408+00
1045	385	138	2025-04-06 15:42:09.544124+00
1046	532	138	2025-04-06 15:42:29.720773+00
1047	589	138	2025-04-06 15:42:50.397535+00
1048	584	175	2025-04-06 17:46:29.234229+00
1049	458	153	2025-04-07 05:50:34.887805+00
1050	446	153	2025-04-07 06:05:25.94975+00
1051	533	186	2025-04-08 13:18:22.845743+00
1052	1017	155	2025-04-08 15:12:56.574227+00
1053	1016	155	2025-04-08 15:13:10.417102+00
1054	1015	155	2025-04-08 15:13:26.88372+00
1055	1014	155	2025-04-08 15:13:57.47797+00
1056	1013	155	2025-04-09 05:56:47.169185+00
1057	1012	155	2025-04-09 05:57:10.257086+00
1058	1011	155	2025-04-09 05:57:29.018333+00
1059	1010	155	2025-04-09 05:57:45.604522+00
1060	1009	155	2025-04-09 05:58:01.239405+00
1061	1008	155	2025-04-09 05:58:19.294637+00
1062	1007	155	2025-04-09 05:58:38.953225+00
1063	1018	155	2025-04-09 12:39:16.844393+00
1064	1019	160	2025-04-09 12:51:14.958653+00
1065	1020	160	2025-04-09 13:16:44.040538+00
1066	627	221	2025-04-09 14:57:50.569938+00
1067	332	221	2025-04-10 08:01:04.668337+00
1068	601	221	2025-04-10 08:05:20.344665+00
1069	721	221	2025-04-10 08:22:55.852059+00
1070	272	182	2025-04-10 15:59:06.178363+00
1071	361	202	2025-04-11 06:13:34.49153+00
1072	523	202	2025-04-11 06:13:51.084518+00
1073	529	202	2025-04-11 06:14:07.203018+00
1074	294	202	2025-04-11 06:14:22.398119+00
1075	289	202	2025-04-11 06:14:36.961794+00
1076	848	202	2025-04-11 06:15:33.666929+00
1077	371	202	2025-04-11 06:15:50.722976+00
1078	326	202	2025-04-11 06:16:33.831439+00
1079	360	202	2025-04-11 06:16:48.187276+00
1080	590	235	2025-04-12 12:04:42.836516+00
1081	378	268	2025-04-12 17:25:12.021772+00
1082	293	268	2025-04-12 17:26:25.52409+00
1083	408	268	2025-04-12 17:27:49.717074+00
1084	443	268	2025-04-12 17:29:55.165818+00
1085	730	268	2025-04-12 17:30:28.05606+00
1086	436	188	2025-04-13 11:57:18.238545+00
1087	940	197	2025-04-13 12:23:47.888613+00
1088	321	137	2025-04-13 14:49:03.258743+00
1089	325	137	2025-04-13 14:49:53.337037+00
1090	680	137	2025-04-13 14:50:31.223408+00
1091	490	137	2025-04-13 14:51:18.528412+00
1092	432	137	2025-04-13 14:51:35.528272+00
1093	390	137	2025-04-13 14:51:45.563597+00
1094	378	137	2025-04-13 14:52:31.950397+00
1095	682	137	2025-04-13 14:55:19.23634+00
1096	388	175	2025-04-13 18:23:08.671692+00
1097	1021	264	2025-04-14 15:11:41.853104+00
1098	299	206	2025-04-15 12:04:28.211294+00
1099	252	206	2025-04-15 12:04:41.162238+00
1100	344	206	2025-04-15 12:05:15.84531+00
1101	489	206	2025-04-15 12:06:14.313004+00
1102	488	206	2025-04-15 12:06:30.62767+00
1103	580	206	2025-04-15 12:06:51.964402+00
1104	590	208	2025-04-15 14:47:36.977385+00
1105	1023	192	2025-04-16 09:50:57.292907+00
1106	269	221	2025-04-16 11:13:19.735411+00
1107	380	213	2025-04-17 04:28:27.475997+00
1108	587	213	2025-04-17 04:28:37.536907+00
1109	661	263	2025-04-17 12:42:50.25123+00
1110	325	214	2025-04-17 13:49:23.117849+00
1111	252	230	2025-04-17 19:36:54.097667+00
1112	631	230	2025-04-17 19:37:37.1255+00
1113	682	230	2025-04-17 19:37:58.273702+00
1114	293	230	2025-04-17 19:38:22.016455+00
1115	740	230	2025-04-17 19:38:34.93147+00
1116	590	230	2025-04-17 19:39:00.849849+00
1117	276	230	2025-04-17 19:39:19.539935+00
1118	280	230	2025-04-17 19:40:32.295+00
1119	632	230	2025-04-17 19:40:52.69682+00
1120	1000	230	2025-04-17 19:41:11.002546+00
1121	640	199	2025-04-18 16:11:11.297984+00
1122	325	199	2025-04-18 16:13:26.415529+00
1123	590	237	2025-04-19 08:48:52.557973+00
1124	764	194	2025-04-20 16:25:00.508667+00
1125	285	260	2025-04-21 08:45:13.271837+00
1126	486	260	2025-04-21 08:46:02.683947+00
1127	485	260	2025-04-21 08:46:45.25258+00
1128	283	260	2025-04-21 08:47:25.392689+00
1129	316	260	2025-04-21 08:48:25.300265+00
1130	337	260	2025-04-21 08:48:58.780744+00
1131	459	260	2025-04-21 08:49:43.955198+00
1132	559	260	2025-04-21 08:50:26.129061+00
1133	311	260	2025-04-21 08:50:47.134196+00
1134	857	182	2025-04-21 09:16:13.207724+00
1135	899	182	2025-04-21 09:16:31.247755+00
1136	514	250	2025-04-22 10:22:26.387918+00
1137	603	133	2025-04-22 11:49:35.429922+00
1138	1022	133	2025-04-22 11:49:45.696347+00
1139	589	133	2025-04-22 11:50:18.550224+00
1140	272	269	2025-04-22 13:30:14.355358+00
1141	548	206	2025-04-23 11:43:00.013486+00
1142	487	206	2025-04-23 11:43:23.955764+00
1143	560	206	2025-04-23 11:43:39.338113+00
1144	1024	232	2025-04-24 15:41:35.810687+00
1145	994	272	2025-04-25 12:15:25.881399+00
1146	932	272	2025-04-25 12:16:22.273967+00
1147	325	272	2025-04-25 12:16:39.473263+00
1148	990	272	2025-04-25 12:17:15.733242+00
1149	374	272	2025-04-25 12:17:45.413137+00
1150	303	272	2025-04-25 12:17:59.333599+00
1151	649	130	2025-04-25 14:14:38.236314+00
1152	590	229	2025-04-26 08:29:40.995177+00
1154	320	229	2025-04-26 08:30:21.464027+00
1155	376	229	2025-04-26 08:30:50.507262+00
1156	642	229	2025-04-26 08:31:42.38473+00
1157	344	229	2025-04-26 08:31:55.963446+00
1158	851	229	2025-04-26 08:32:20.531246+00
1159	619	229	2025-04-26 08:33:41.728328+00
1160	339	229	2025-04-26 08:34:25.635613+00
1161	427	229	2025-04-26 08:36:46.705679+00
1162	574	229	2025-04-26 08:41:15.770736+00
1163	389	205	2025-04-26 15:30:46.640414+00
1164	589	205	2025-04-26 15:52:24.695044+00
1165	552	197	2025-04-27 12:15:30.840299+00
1166	518	197	2025-04-27 12:15:46.127107+00
1167	316	182	2025-04-28 09:28:14.101601+00
\.


--
-- Data for Name: farmer_farms; Type: TABLE DATA; Schema: public; Owner: -
--

COPY public.farmer_farms (id, farmer_id, crop_id, traceability_code, harvestbalance, district_id, subcounty_id, parish_id, village_id, acreage, lat, long, created_at, plantingdate, status) FROM stdin;
3798	253	1	UG/104/01/2	1000	4	1	1	1	10	0.6550536	32.6122284	2025-03-24 17:01:45.86982+00	\N	Active
3799	254	3	UG/113/03/4	1000	13	1	1	1	6	0.36062	32.51692	2025-03-24 17:01:45.872277+00	\N	Active
3800	255	16	UG/108/013/17	1000	8	1	1	1	14	0.5091879	32.7251028	2025-03-24 17:01:45.874743+00	\N	Active
3801	255	47	UG/113/032/17	1000	13	1	1	1	7	0.4070164	32.3881717	2025-03-24 17:01:45.877756+00	\N	Active
3802	256	52	UG/113/037/20	1000	13	1	1	1	4	0.5333	32.2333	2025-03-24 17:01:45.879911+00	\N	Active
3814	260	456	UG/122/0442/60	1000	22	1	1	1	5	0.04952	31.78322	2025-03-24 17:01:45.90161+00	\N	Active
3820	261	2	UG/113/02/76	1000	13	1	1	1	10	0.5095	32.6011	2025-03-24 17:01:45.916+00	\N	Active
3824	263	9	UG/113/08/87	1000	13	1	1	1	8	0.50974	32.26131	2025-03-24 17:01:45.922035+00	\N	Active
3825	263	3	UG/113/03/87	1000	13	1	1	1	2	0.50974	32.26131	2025-03-24 17:01:45.923624+00	\N	Active
3827	264	3	UG/113/03/100	1000	13	1	1	1	4	0.345	33.1456	2025-03-24 17:01:45.928661+00	\N	Active
3828	265	3	UG/113/03/101	1000	13	1	1	1	11	0.5570323	32.248477	2025-03-24 17:01:45.93057+00	\N	Active
3831	267	472	UG/113/0458/106	1000	13	1	1	1	7	0.5333	32.45	2025-03-24 17:01:45.939648+00	\N	Active
3832	267	53	UG/106/038/106	1000	6	1	1	1	7	0.37763	32.29421	2025-03-24 17:01:45.941193+00	\N	Active
3833	267	3	UG/113/03/106	1000	13	1	1	1	2	0.3433206	32.4851989	2025-03-24 17:01:45.942747+00	\N	Active
3834	267	1	UG/113/01/106	1000	13	1	1	1	12	0.326841	32.444	2025-03-24 17:01:45.944768+00	\N	Active
3837	270	1	UG/104/001/183	1000	4	1	1	1	11	0.6277367	32.414795	2025-03-24 17:01:45.950035+00	\N	Active
3839	272	2	UG/113/002/201	1000	13	1	1	1	11	0.5564	32.32009	2025-03-24 17:01:45.953579+00	\N	Active
3841	273	3	UG/113/03/213	1000	13	1	1	1	14	0.489192	32.272546	2025-03-24 17:01:45.960366+00	\N	Active
3842	274	3	UG/113/03/214	1000	13	1	1	1	3	0.489328	32.272734	2025-03-24 17:01:45.963602+00	\N	Active
3843	274	2	UG/113/02/214	1000	13	1	1	1	3	0.496328	32.292734	2025-03-24 17:01:45.965859+00	\N	Active
3844	275	2	UG/113/02/215	1000	13	1	1	1	11	0.51721	32.268393	2025-03-24 17:01:45.967348+00	\N	Active
3845	275	3	UG/113/03/215	1000	13	1	1	1	4	0.51721	32.268393	2025-03-24 17:01:45.968775+00	\N	Active
3851	276	12	UG/108/011/2021	1000	8	1	1	1	5	0.61254	32.91698	2025-03-24 17:01:45.978651+00	\N	Active
3818	260	40	UG/122/026/60	970	22	1	1	1	2	0.09452	31.73822	2025-03-24 17:01:45.911678+00	\N	Active
3815	260	12	UG/113/011/60	850	13	1	1	1	1	0.4111	32.4518	2025-03-24 17:01:45.904048+00	\N	Active
3810	259	3	UG/113/03/58	250	13	1	1	1	5	0.49045	32.31305	2025-03-24 17:01:45.892786+00	\N	Active
3854	276	17	UG/112/014/2021	19690	12	1	1	1	14	0.596684	32.84191	2025-03-24 17:01:45.98543+00	\N	Active
3852	276	46	UG/108/031/2021	680	8	1	1	1	5	0.61254	32.91698	2025-03-24 17:01:45.982277+00	\N	Active
3856	277	2	UG/126/02/3018	445	26	1	1	1	12	0.5723095	31.83546	2025-03-24 17:01:45.989052+00	\N	Active
3822	262	1	UG/113/01/82	2000	13	1	1	1	5	0.3693	32.5497	2025-03-24 17:01:45.919+00	\N	Active
3811	260	1	UG/122/01/60	955	22	1	1	1	14	-0.151748	31.71924	2025-03-24 17:01:45.894746+00	\N	Active
3797	252	3	UG/113/03/1	7650	13	1	1	1	1	0.4911065	32.2664372	2025-03-24 17:01:45.867701+00	\N	Active
3853	276	16	UG/108/013/2021	985	8	1	1	1	12	1.2231	32.0837	2025-03-24 17:01:45.98384+00	\N	Active
3855	276	2	UG/108/02/2021	17690	8	1	1	1	11	0.6127243	32.917303	2025-03-24 17:01:45.986939+00	\N	Active
3846	275	1	UG/113/01/215	800	13	1	1	1	6	0.51721	32.268393	2025-03-24 17:01:45.970394+00	\N	Active
3840	272	3	UG/113/03/201	1300	13	1	1	1	1	0.5239	32.27268	2025-03-24 17:01:45.955541+00	\N	Active
3849	276	8	UG/108/07/2021	819	8	1	1	1	11	1.2231	32.0837	2025-03-24 17:01:45.974786+00	\N	Active
3805	257	5	UG/113/04/25	1683	13	1	1	1	3	0.30246	32.57393	2025-03-24 17:01:45.885275+00	\N	Active
3812	260	2	UG/122/02/60	200	22	1	1	1	4	-0.09956	31.79306	2025-03-24 17:01:45.89723+00	\N	Active
3819	260	53	UG/113/038/60	700	13	1	1	1	11	0.41943	32.438043	2025-03-24 17:01:45.914176+00	\N	Active
3826	263	2	UG/113/02/87	401	13	1	1	1	9	0.50974	32.26131	2025-03-24 17:01:45.925699+00	\N	Active
4364	537	8	UG/121/07/24102461	70000	21	1	1	1	6	0.1513	31.8441	2025-03-24 17:01:46.852993+00	\N	Active
3821	262	2	UG/113/02/82	2000	13	1	1	1	9	0.5060173	32.2779093	2025-03-24 17:01:45.917511+00	\N	Active
4123	406	10	UG/117/09/110065	2000	17	1	1	1	10	0.059256	32.45678	2025-03-24 17:01:46.456762+00	\N	Active
3796	252	1	UG/113/01/1	20000	13	1	1	1	11	0.508573	32.28819	2025-03-24 17:01:45.853328+00	\N	Active
3848	276	5	UG/112/004/2021	18822	12	1	1	1	2	0.6324	32.4538	2025-03-24 17:01:45.973353+00	\N	Active
3803	256	3	UG/113/003/20	2000	13	1	1	1	8	0.5332999825	32.23329926	2025-03-24 17:01:45.881397+00	\N	Active
3847	276	3	UG/108/003/2021	18628	8	1	1	1	3	0.634	32.897	2025-03-24 17:01:45.971884+00	\N	Active
3817	260	49	UG/122/034/60	0	22	1	1	1	7	0.04187	31.69235	2025-03-24 17:01:45.909228+00	\N	Active
3809	258	1	UG/113/01/39	730	13	1	1	1	8	0.487773	32.270918	2025-03-24 17:01:45.891359+00	\N	Active
3807	258	2	UG/113/02/39	-200	13	1	1	1	2	0.46547	32.163788	2025-03-24 17:01:45.888274+00	\N	Active
3850	276	69	UG/108/047/2021	985	8	1	1	1	9	0.61254	32.91698	2025-03-24 17:01:45.9771+00	\N	Active
3823	263	10	UG/113/09/87	290	13	1	1	1	8	0.50974	32.26131	2025-03-24 17:01:45.920477+00	\N	Active
3835	268	47	UG/106/032/113	186	6	1	1	1	9	0.225	32.336	2025-03-24 17:01:45.946347+00	\N	Active
3808	258	3	UG/113/03/39	800	13	1	1	1	1	0.46547	32.163788	2025-03-24 17:01:45.889773+00	\N	Active
3813	260	50	UG/122/035/60	555	22	1	1	1	11	0.04882	31.74891	2025-03-24 17:01:45.899461+00	\N	Active
3816	260	47	UG/113/032/60	-36	13	1	1	1	2	0.420869	32.440029	2025-03-24 17:01:45.906533+00	\N	Active
3857	277	3	UG/107/03/3018	1000	7	1	1	1	2	0.3256	32.1234	2025-03-24 17:01:45.99056+00	\N	Active
3858	278	1	UG/104/01/5002	1000	4	1	1	1	12	0.2078	32.136605	2025-03-24 17:01:45.99224+00	\N	Active
3859	279	1	UG/104/01/5007	1000	4	1	1	1	10	0.6386	32.7307	2025-03-24 17:01:45.994716+00	\N	Active
3861	281	16	UG/112/013/5019	1000	12	1	1	1	8	0.767994	33.0052339	2025-03-24 17:01:45.997923+00	\N	Active
3862	281	3	UG/105/03/5019	1000	5	1	1	1	5	0.3134	32.1	2025-03-24 17:01:46.001822+00	\N	Active
3863	281	12	UG/205/011/5019	1000	32	1	1	1	1	2	3	2025-03-24 17:01:46.004583+00	\N	Active
3864	281	73	UG/106/051/5019	1000	6	1	1	1	10	23	12	2025-03-24 17:01:46.006145+00	\N	Active
3865	281	3	UG/113/03/5019	1000	13	1	1	1	4	3.206718	0.2537	2025-03-24 17:01:46.00834+00	\N	Active
3866	281	1	UG/112/01/5019	1000	12	1	1	1	13	3.274094	0.352635	2025-03-24 17:01:46.010549+00	\N	Active
3867	282	3	UG/104/03/5021	1000	4	1	1	1	13	0.5777974	32.7023117	2025-03-24 17:01:46.01247+00	\N	Active
3868	283	458	UG/104/0444/5022	1000	4	1	1	1	8	0.7034751	32.6203851	2025-03-24 17:01:46.014057+00	\N	Active
3869	283	3	UG/104/03/5022	1000	4	1	1	1	3	0.7876751	32.6941851	2025-03-24 17:01:46.015488+00	\N	Active
3870	284	3	UG/108/03/5024	1000	8	1	1	1	2	0.66455	32.853029	2025-03-24 17:01:46.016967+00	\N	Active
3871	285	1	UG/104/01/5025	1000	4	1	1	1	5	0.6533429	32.6050269	2025-03-24 17:01:46.019371+00	\N	Active
3875	288	456	UG/113/0442/5038	1000	13	1	1	1	2	0.58762	32.71657	2025-03-24 17:01:46.035434+00	\N	Active
3881	292	17	UG/104/014/5057	1000	4	1	1	1	5	0.6115	32.6152	2025-03-24 17:01:46.045278+00	\N	Active
3893	295	17	UG/104/014/5253	1000	4	1	1	1	13	0.6383461	32.6049542	2025-03-24 17:01:46.065378+00	\N	Active
3895	297	2	UG/117/02/10003	1000	17	1	1	1	2	0.29994	33.05245	2025-03-24 17:01:46.068417+00	\N	Active
3896	298	3	UG/116/03/10016	1000	16	1	1	1	11	0.57893	32.3114	2025-03-24 17:01:46.069896+00	\N	Active
3897	299	2	UG/113/02/10019	1000	13	1	1	1	2	0.481496	32.261956	2025-03-24 17:01:46.071409+00	\N	Active
3898	300	17	UG/116/014/10020	1000	16	1	1	1	13	0.59654	32.5698	2025-03-24 17:01:46.072935+00	\N	Active
3907	304	2	UG/115/002/20034	1000	15	1	1	1	2	0.4292	32.02078	2025-03-24 17:01:46.08751+00	\N	Active
3908	305	1	UG/106/01/24377	1000	6	1	1	1	3	0.0538	32.1826	2025-03-24 17:01:46.088958+00	\N	Active
3910	307	2	UG/119/002/25025	1000	19	1	1	1	1	0.17466	32.0745967	2025-03-24 17:01:46.092085+00	\N	Active
3912	309	1	UG/106/001/25030	1000	6	1	1	1	4	0.1944316	32.2661356	2025-03-24 17:01:46.09608+00	\N	Active
3913	309	1	UG/119/001/25030	1000	19	1	1	1	8	0.2877967	32.232555	2025-03-24 17:01:46.0978+00	\N	Active
3915	310	2	UG/119/02/25042	1000	19	1	1	1	1	0.6378	32.815	2025-03-24 17:01:46.101062+00	\N	Active
3916	311	45	UG/119/030/25069	1000	19	1	1	1	11	0.178157	32.105352	2025-03-24 17:01:46.102592+00	\N	Active
3882	292	47	UG/104/032/5057	14111	4	1	1	1	11	0.885522	32.620453	2025-03-24 17:01:46.047089+00	\N	Active
3901	301	74	UG/116/052/15003	20000	16	1	1	1	5	0.5249999762	32.61500168	2025-03-24 17:01:46.078507+00	\N	Active
3891	295	16	UG/106/013/5253	600	6	1	1	1	13	-0.052024	31.9476727	2025-03-24 17:01:46.062137+00	\N	Active
3890	294	40	UG/104/026/5093	909	4	1	1	1	13	0.887	32.4779	2025-03-24 17:01:46.059889+00	\N	Active
3873	286	3	UG/104/03/5036	1800	4	1	1	1	7	0.6078	32.6093	2025-03-24 17:01:46.022607+00	\N	Active
3911	308	2	UG/121/02/25026	200	21	1	1	1	11	0.16	31.91	2025-03-24 17:01:46.094311+00	\N	Active
3905	302	2	UG/115/02/20001	800	15	1	1	1	3	0.4933487	31.70997	2025-03-24 17:01:46.084485+00	\N	Active
3885	293	9	UG/122/008/5085	20000	22	1	1	1	9	-0.66456	31.096789	2025-03-24 17:01:46.052197+00	\N	Active
3904	301	3	UG/113/03/15003	20000	13	1	1	1	14	0.525	32.615	2025-03-24 17:01:46.082955+00	\N	Active
3877	288	17	UG/104/014/5038	565	4	1	1	1	1	0.58762	32.71657	2025-03-24 17:01:46.03842+00	\N	Active
3914	309	2	UG/119/002/25030	832	19	1	1	1	1	0.2848951	32.2287376	2025-03-24 17:01:46.099444+00	\N	Active
3860	280	1	UG/104/01/5016	17110	4	1	1	1	13	0.6808779	32.5861712	2025-03-24 17:01:45.996271+00	\N	Active
3903	301	50	UG/112/035/15003	20000	12	1	1	1	6	0.3804	32.577	2025-03-24 17:01:46.081634+00	\N	Active
3874	287	17	UG/104/014/5037	560	4	1	1	1	8	0.5258	32.5689	2025-03-24 17:01:46.033752+00	\N	Active
3887	293	37	UG/431/023/5085	20000	139	1	1	1	5	0.3780559897	30.2163887	2025-03-24 17:01:46.05529+00	\N	Active
3876	288	2	UG/113/02/5038	0	13	1	1	1	14	0.1884	32.4623	2025-03-24 17:01:46.037011+00	\N	Active
3880	291	3	UG/104/03/5047	-150	4	1	1	1	1	0.83287	32.41524	2025-03-24 17:01:46.0432+00	\N	Active
3906	303	10	UG/115/009/20027	4298	15	1	1	1	13	0.453566	31.98753	2025-03-24 17:01:46.085964+00	\N	Active
3889	293	8	UG/122/07/5085	-2950	22	1	1	1	11	0.181239	31.850878	2025-03-24 17:01:46.058174+00	\N	Active
3900	301	281	UG/116/0265/15003	20000	16	1	1	1	3	0.525	32.615	2025-03-24 17:01:46.076362+00	\N	Active
3902	301	286	UG/116/0270/15003	20000	16	1	1	1	1	0.5249999762	32.61500168	2025-03-24 17:01:46.080232+00	\N	Active
3899	301	351	UG/116/0337/15003	20000	16	1	1	1	5	1.348971963	32.44672394	2025-03-24 17:01:46.074516+00	\N	Active
3872	286	1	UG/104/01/5036	1870	4	1	1	1	9	0.6078	32.6093	2025-03-24 17:01:46.020938+00	\N	Active
3888	293	10	UG/122/009/5085	20000	22	1	1	1	12	0.066667	31.866667	2025-03-24 17:01:46.056826+00	\N	Active
3879	290	2	UG/105/02/5041	-98	5	1	1	1	7	-0.2019318	31.982832	2025-03-24 17:01:46.04145+00	\N	Active
3886	293	48	UG/122/033/5085	20000	22	1	1	1	10	0.56789	31.56789	2025-03-24 17:01:46.053775+00	\N	Active
3884	293	53	UG/204/038/5085	20000	31	1	1	1	13	0.647669	33.283774	2025-03-24 17:01:46.050733+00	\N	Active
3883	293	45	UG/122/030/5085	1	22	1	1	1	6	1.984275	32.059674	2025-03-24 17:01:46.048902+00	\N	Active
3892	295	1	UG/104/01/5253	825	4	1	1	1	12	0.639442	32.60563	2025-03-24 17:01:46.063873+00	\N	Active
3878	289	40	UG/104/026/5040	288	4	1	1	1	3	0.36078	32.136605	2025-03-24 17:01:46.039961+00	\N	Active
3923	314	6	UG/121/005/30043	1000	21	1	1	1	8	0.162181	31.80291	2025-03-24 17:01:46.114177+00	\N	Active
3924	315	2	UG/119/002/30048	1000	19	1	1	1	7	0.18184	32.78012	2025-03-24 17:01:46.115518+00	\N	Active
3925	316	11	UG/106/010/35001	1000	6	1	1	1	9	0.225	32.336	2025-03-24 17:01:46.11681+00	\N	Active
3926	316	50	UG/106/035/35001	1000	6	1	1	1	13	0.20067	31.75027	2025-03-24 17:01:46.118333+00	\N	Active
3936	318	2	UG/106/02/35004	1000	6	1	1	1	6	0.1426484	32.289409	2025-03-24 17:01:46.133931+00	\N	Active
3938	319	7	UG/106/06/35041	1000	6	1	1	1	14	0.021	32.0233	2025-03-24 17:01:46.136974+00	\N	Active
3942	321	3	UG/106/03/35060	1000	6	1	1	1	14	0.3447	32.3097	2025-03-24 17:01:46.143416+00	\N	Active
3943	321	1	UG/106/01/35060	1000	6	1	1	1	2	0.3473825	32.2857308	2025-03-24 17:01:46.145377+00	\N	Active
3945	323	1	UG/106/01/35068	1000	6	1	1	1	5	0.361859	32.2677	2025-03-24 17:01:46.148817+00	\N	Active
3946	323	3	UG/106/03/35068	1000	6	1	1	1	8	0.361688	32.26633	2025-03-24 17:01:46.150125+00	\N	Active
3954	327	71	UG/106/049/35083	1000	6	1	1	1	3	0.1902	32.30701	2025-03-24 17:01:46.163564+00	\N	Active
3959	328	3	UG/106/03/35101	1000	6	1	1	1	1	0.01032	32.06261	2025-03-24 17:01:46.170633+00	\N	Active
3962	331	115	UG/106/094/35200	1000	6	1	1	1	6	0.308541	31.75242	2025-03-24 17:01:46.175186+00	\N	Active
3973	334	16	UG/106/013/35216	1000	6	1	1	1	1	-0.28015	31.7669	2025-03-24 17:01:46.192927+00	\N	Active
3974	335	115	UG/122/094/35218	1000	22	1	1	1	3	0.151	31.7537	2025-03-24 17:01:46.195187+00	\N	Active
3975	335	16	UG/122/013/35218	1000	22	1	1	1	4	0.1667	31.85	2025-03-24 17:01:46.196913+00	\N	Active
3921	313	71	UG/121/049/30013	970	21	1	1	1	10	0.20067	31.75027	2025-03-24 17:01:46.11081+00	\N	Active
3964	331	458	UG/106/0444/35200	905	6	1	1	1	10	0.308541	31.75242	2025-03-24 17:01:46.179529+00	\N	Active
3948	325	71	UG/106/049/35074	2000	6	1	1	1	2	0.32465	32.285464	2025-03-24 17:01:46.153367+00	\N	Active
3909	306	6	UG/121/05/25011	-1110	21	1	1	1	11	0.1742017	32.09887	2025-03-24 17:01:46.09048+00	\N	Active
3920	313	13	UG/121/012/30013	0	21	1	1	1	4	0.20067	31.75027	2025-03-24 17:01:46.10862+00	\N	Active
3967	332	9	UG/415/08/35201	409	123	1	1	1	7	0.686629	30.5516	2025-03-24 17:01:46.183811+00	\N	Active
3952	326	1	UG/106/01/35075	-40	6	1	1	1	3	0.145568	32.26135	2025-03-24 17:01:46.159656+00	\N	Active
3927	316	1	UG/106/01/35001	2000	6	1	1	1	13	0.1799	32.31044	2025-03-24 17:01:46.119738+00	\N	Active
3955	327	2	UG/106/02/35083	-200	6	1	1	1	8	0.10042	32.18188	2025-03-24 17:01:46.165036+00	\N	Active
3929	317	51	UG/106/036/35003	19414	6	1	1	1	10	0.3845	32.3065	2025-03-24 17:01:46.122734+00	\N	Active
3922	313	2	UG/121/02/30013	0	21	1	1	1	14	0.2187	32.0456	2025-03-24 17:01:46.112614+00	\N	Active
3941	321	2	UG/106/02/35060	860	6	1	1	1	3	0.3447	32.3097	2025-03-24 17:01:46.141478+00	\N	Active
3932	317	271	UG/106/0255/35003	16580	6	1	1	1	2	0.37763	32.29421	2025-03-24 17:01:46.128051+00	\N	Active
3919	312	16	UG/119/013/30001	540	19	1	1	1	6	0.17273	32.10337	2025-03-24 17:01:46.10698+00	\N	Active
3972	333	16	UG/106/013/35212	-200	6	1	1	1	1	0.02334	32.3183	2025-03-24 17:01:46.191286+00	\N	Active
3944	322	1	UG/106/01/35061	-200	6	1	1	1	1	0.1329	32.1358	2025-03-24 17:01:46.147061+00	\N	Active
3950	325	13	UG/106/012/35074	-97	6	1	1	1	4	0.15323	32.19567	2025-03-24 17:01:46.156485+00	\N	Active
3947	324	8	UG/410/07/35072	-25	118	1	1	1	12	-0.6071	30.6545	2025-03-24 17:01:46.151559+00	\N	Active
3935	318	1	UG/106/01/35004	2000	6	1	1	1	12	0.133	32.2776	2025-03-24 17:01:46.13262+00	\N	Active
3957	328	1	UG/106/01/35101	600	6	1	1	1	14	0.22731	32.29286	2025-03-24 17:01:46.167698+00	\N	Active
3958	328	13	UG/106/012/35101	380	6	1	1	1	7	0.23042	32.29085	2025-03-24 17:01:46.169123+00	\N	Active
3966	332	48	UG/415/033/35201	-167	123	1	1	1	1	0.6811362	30.62301	2025-03-24 17:01:46.182475+00	\N	Active
3934	317	46	UG/106/031/35003	20000	6	1	1	1	3	0.3776299953	32.29420853	2025-03-24 17:01:46.13133+00	\N	Active
3940	320	1	UG/106/01/35049	18700	6	1	1	1	9	0.674454	31.8363	2025-03-24 17:01:46.140004+00	\N	Active
3965	331	21	UG/410/018/35200	772	118	1	1	1	6	0.308541	31.75242	2025-03-24 17:01:46.181116+00	\N	Active
3951	325	1	UG/106/01/35074	131	6	1	1	1	4	0.2222518	32.277512	2025-03-24 17:01:46.157941+00	\N	Active
3971	333	1	UG/106/01/35212	-80	6	1	1	1	13	-0.0520243	31.9476727	2025-03-24 17:01:46.189757+00	\N	Active
3918	311	2	UG/119/02/25069	-800	19	1	1	1	5	0.2273528	32.3249236	2025-03-24 17:01:46.105585+00	\N	Active
3970	333	10	UG/106/09/35212	-520	6	1	1	1	10	0.139045	32.39524	2025-03-24 17:01:46.188236+00	\N	Active
3949	325	2	UG/106/02/35074	-799	6	1	1	1	4	0.1492102	32.1955617	2025-03-24 17:01:46.154949+00	\N	Active
3933	317	69	UG/106/047/35003	19988	6	1	1	1	9	0.37763	32.29421	2025-03-24 17:01:46.129752+00	\N	Active
3963	331	9	UG/106/008/35200	586	6	1	1	1	7	0.308541	31.75242	2025-03-24 17:01:46.177688+00	\N	Active
3931	317	267	UG/106/251/35003	19607	6	1	1	1	5	0.37763	32.29421	2025-03-24 17:01:46.125872+00	\N	Active
3930	317	68	UG/106/046/35003	19820	6	1	1	1	13	0.37763	32.29421	2025-03-24 17:01:46.124245+00	\N	Active
3928	317	131	UG/106/0111/35003	20000	6	1	1	1	13	0.3567	32.435	2025-03-24 17:01:46.121291+00	\N	Active
3969	333	9	UG/106/08/35212	-80	6	1	1	1	2	0.136299	32.2634124	2025-03-24 17:01:46.186715+00	\N	Active
3960	329	2	UG/126/02/35104	320	26	1	1	1	14	0.1688	32.3826	2025-03-24 17:01:46.172115+00	\N	Active
3956	327	1	UG/106/01/35083	-846	6	1	1	1	5	0.15	32.27	2025-03-24 17:01:46.1664+00	\N	Active
3961	330	458	UG/121/0444/35107	10	21	1	1	1	14	0.1968	32.0331	2025-03-24 17:01:46.173637+00	\N	Active
3939	320	460	UG/106/0446/35049	19780	6	1	1	1	5	0.26894	32.30322	2025-03-24 17:01:46.138515+00	\N	Active
3968	332	8	UG/415/07/35201	-250	123	1	1	1	10	0.65692	30.6598	2025-03-24 17:01:46.185217+00	\N	Active
3978	336	10	UG/106/09/35221	1000	6	1	1	1	2	0.581701	33.029418	2025-03-24 17:01:46.201723+00	\N	Active
3979	336	16	UG/106/013/35221	1000	6	1	1	1	7	0.581701	33.029418	2025-03-24 17:01:46.203296+00	\N	Active
3980	337	2	UG/106/02/35224	1000	6	1	1	1	1	0.131607	32.2963946	2025-03-24 17:01:46.205106+00	\N	Active
3981	337	1	UG/106/01/35224	1000	6	1	1	1	1	0.1542174	32.312083	2025-03-24 17:01:46.206576+00	\N	Active
3988	340	3	UG/106/003/35259	1000	6	1	1	1	12	0.0065231	0.0065231	2025-03-24 17:01:46.217968+00	\N	Active
3990	342	2	UG/106/02/35299	1000	6	1	1	1	10	0.0633581	32.1840051	2025-03-24 17:01:46.220751+00	\N	Active
3991	343	8	UG/104/07/35309	1000	4	1	1	1	2	0.838305	32.5846196	2025-03-24 17:01:46.222329+00	\N	Active
3992	343	47	UG/104/032/35309	1000	4	1	1	1	4	0.838305	32.5846196	2025-03-24 17:01:46.223801+00	\N	Active
3995	345	3	UG/108/03/40006	1000	8	1	1	1	9	0.5714	32.7942	2025-03-24 17:01:46.229748+00	\N	Active
3997	346	1	UG/108/01/40011	1000	8	1	1	1	14	0.76237	32.8069	2025-03-24 17:01:46.232794+00	\N	Active
3998	346	2	UG/109/02/40011	1000	9	1	1	1	3	3.856069	0.354657	2025-03-24 17:01:46.234152+00	\N	Active
4000	348	2	UG/108/02/40014	1000	8	1	1	1	14	0.5737	32.7759	2025-03-24 17:01:46.236883+00	\N	Active
4001	349	3	UG/108/003/40022	1000	8	1	1	1	3	0.48088	32.7755	2025-03-24 17:01:46.248012+00	\N	Active
4002	350	1	UG/108/01/40029	1000	8	1	1	1	10	0.183255	32.939162	2025-03-24 17:01:46.254006+00	\N	Active
4003	351	3	UG/108/03/40033	1000	8	1	1	1	4	0.380398	32.770843	2025-03-24 17:01:46.258797+00	\N	Active
4005	353	1	UG/108/01/40040	1000	8	1	1	1	13	0.788	32.815	2025-03-24 17:01:46.262598+00	\N	Active
4006	354	3	UG/108/03/40058	1000	8	1	1	1	7	0.52423	32.70806	2025-03-24 17:01:46.264214+00	\N	Active
4007	355	3	UG/108/003/40242	1000	8	1	1	1	11	0.543611	32.79	2025-03-24 17:01:46.265964+00	\N	Active
4009	357	16	UG/108/013/40279	1000	8	1	1	1	13	0.48991	32.85392	2025-03-24 17:01:46.268834+00	\N	Active
4010	358	3	UG/108/03/40282	1000	8	1	1	1	12	0.54106	32.88619	2025-03-24 17:01:46.270164+00	\N	Active
4020	361	8	UG/105/07/45023	1000	5	1	1	1	10	0.10845	31.77403	2025-03-24 17:01:46.286002+00	\N	Active
4022	362	53	UG/122/038/45033	1000	22	1	1	1	8	0.1777	31.8897	2025-03-24 17:01:46.288624+00	\N	Active
4024	363	6	UG/105/05/45041	1000	5	1	1	1	7	0.3268	31.7537	2025-03-24 17:01:46.291558+00	\N	Active
4025	364	61	UG/105/042/45043	1000	5	1	1	1	14	6.09	4.88	2025-03-24 17:01:46.293841+00	\N	Active
4027	365	47	UG/122/032/45054	1000	22	1	1	1	9	0.2667	31.7333	2025-03-24 17:01:46.297141+00	\N	Active
4031	366	16	UG/122/013/45063	1000	22	1	1	1	4	-0.12256	31.8552	2025-03-24 17:01:46.303479+00	\N	Active
4034	367	115	UG/105/094/45066	1000	5	1	1	1	7	0.3987229	32.47927	2025-03-24 17:01:46.308011+00	\N	Active
4035	368	10	UG/122/009/45067	1000	22	1	1	1	6	0.405349	31.15373	2025-03-24 17:01:46.31009+00	\N	Active
4011	359	2	UG/105/02/45009	630	5	1	1	1	2	0.2144	31.970635	2025-03-24 17:01:46.271446+00	\N	Active
3987	339	13	UG/106/012/35249	19830	6	1	1	1	7	0.142807	32.225645	2025-03-24 17:01:46.216706+00	\N	Active
4017	360	53	UG/122/038/45018	-302	22	1	1	1	12	0.05427	31.6456	2025-03-24 17:01:46.281409+00	\N	Active
4028	365	16	UG/122/013/45054	160	22	1	1	1	14	-0.162048	31.754608	2025-03-24 17:01:46.29913+00	\N	Active
3976	335	10	UG/122/009/35218	4000	22	1	1	1	5	-0.2896	31.8378	2025-03-24 17:01:46.198981+00	\N	Active
4026	364	47	UG/122/032/45043	-1271	22	1	1	1	2	-0.1634	31.7972	2025-03-24 17:01:46.295589+00	\N	Active
4015	360	10	UG/122/09/45018	-50950	22	1	1	1	5	0.04127	31.6789	2025-03-24 17:01:46.278221+00	\N	Active
4019	360	48	UG/122/033/45018	-400	22	1	1	1	6	0.13256	31.36987	2025-03-24 17:01:46.284597+00	\N	Active
4004	352	2	UG/108/02/40039	2000	8	1	1	1	5	0.5	32.7833	2025-03-24 17:01:46.260827+00	\N	Active
4014	360	9	UG/122/08/45018	-77	22	1	1	1	7	0.04127	31.6789	2025-03-24 17:01:46.276083+00	\N	Active
3993	344	458	UG/104/0444/35336	20000	4	1	1	1	4	0.63652	32.60972	2025-03-24 17:01:46.225459+00	\N	Active
4030	365	13	UG/122/012/45054	820	22	1	1	1	9	-0.11947	31.78619	2025-03-24 17:01:46.302084+00	\N	Active
4023	362	8	UG/122/007/45033	-2604	22	1	1	1	7	0.167	31.85	2025-03-24 17:01:46.290176+00	\N	Active
3994	344	3	UG/104/03/35336	20000	4	1	1	1	13	0.681651	32.700436	2025-03-24 17:01:46.227939+00	\N	Active
3983	338	48	UG/106/033/35225	-130	6	1	1	1	2	0.301905	32.55842	2025-03-24 17:01:46.210328+00	\N	Active
3982	338	16	UG/106/013/35225	-490	6	1	1	1	14	0.302937	32.55842	2025-03-24 17:01:46.208018+00	\N	Active
4033	367	16	UG/105/013/45066	-300	5	1	1	1	7	0.3463729	32.45637	2025-03-24 17:01:46.306092+00	\N	Active
3985	338	115	UG/106/094/35225	-30	6	1	1	1	11	0.302937	32.55842	2025-03-24 17:01:46.213687+00	\N	Active
3984	338	10	UG/106/09/35225	-350	6	1	1	1	5	0.302937	32.55842	2025-03-24 17:01:46.21208+00	\N	Active
4013	360	8	UG/122/07/45018	-20000	22	1	1	1	10	0.1825	31.8469	2025-03-24 17:01:46.274456+00	\N	Active
4016	360	16	UG/122/013/45018	-3000	22	1	1	1	14	0.1937	31.8457	2025-03-24 17:01:46.279903+00	\N	Active
3977	335	8	UG/122/007/35218	4000	22	1	1	1	2	-0.2499568	31.8297576	2025-03-24 17:01:46.20041+00	\N	Active
4012	360	2	UG/122/02/45018	940	22	1	1	1	5	0.04127	31.6789	2025-03-24 17:01:46.272957+00	\N	Active
3986	339	8	UG/106/07/35249	19398	6	1	1	1	9	0.142807	32.225645	2025-03-24 17:01:46.215322+00	\N	Active
4021	362	457	UG/122/0443/45033	950	22	1	1	1	5	0.1867	32.5674	2025-03-24 17:01:46.28736+00	\N	Active
4008	356	2	UG/108/02/40260	-277	8	1	1	1	7	0.21761	32.7430672	2025-03-24 17:01:46.267469+00	\N	Active
4029	365	8	UG/122/07/45054	-450	22	1	1	1	6	-0.17028	31.73675	2025-03-24 17:01:46.300578+00	\N	Active
3999	347	3	UG/108/03/40013	-100	8	1	1	1	1	0.607442	32.838967	2025-03-24 17:01:46.235481+00	\N	Active
4032	366	8	UG/105/07/45063	-920	5	1	1	1	5	-0.54553	31.64989	2025-03-24 17:01:46.304821+00	\N	Active
4036	368	16	UG/122/013/45067	1000	22	1	1	1	8	-0.109176	31.8229	2025-03-24 17:01:46.312378+00	\N	Active
4037	368	45	UG/122/030/45067	1000	22	1	1	1	14	-0.109519	31.81846	2025-03-24 17:01:46.314109+00	\N	Active
4039	369	53	UG/105/038/45070	1000	5	1	1	1	10	-0.1673	31.659	2025-03-24 17:01:46.31734+00	\N	Active
4041	370	36	UG/405/022/45080	1000	113	1	1	1	5	0.580205	30.273513	2025-03-24 17:01:46.320291+00	\N	Active
4056	375	2	UG/124/002/45096	1000	24	1	1	1	4	-0.38142	31.41918	2025-03-24 17:01:46.343807+00	\N	Active
4058	377	5	UG/106/004/45100	1000	6	1	1	1	14	0.01167297	31.99802	2025-03-24 17:01:46.347188+00	\N	Active
4061	379	458	UG/113/0444/50035	1000	13	1	1	1	12	0.49916	32.47242	2025-03-24 17:01:46.352228+00	\N	Active
4062	379	16	UG/116/013/50035	1000	16	1	1	1	13	0.243	32.475	2025-03-24 17:01:46.353719+00	\N	Active
4068	381	1	UG/107/01/55006	1000	7	1	1	1	6	0.4597	22.6431	2025-03-24 17:01:46.363588+00	\N	Active
4069	382	8	UG/126/007/55010	1000	26	1	1	1	2	0.4830493	31.826362	2025-03-24 17:01:46.365183+00	\N	Active
4075	386	2	UG/126/002/65020	1000	26	1	1	1	9	0.59233	31.6399	2025-03-24 17:01:46.373819+00	\N	Active
4088	391	45	UG/405/030/80075	1000	113	1	1	1	4	0.69354	30.33311	2025-03-24 17:01:46.39604+00	\N	Active
4089	391	53	UG/405/038/80075	1000	113	1	1	1	2	0.8333	32.5255	2025-03-24 17:01:46.397671+00	\N	Active
4091	391	40	UG/405/026/80075	1000	113	1	1	1	3	0.8333	32.5255	2025-03-24 17:01:46.401816+00	\N	Active
4092	391	47	UG/405/032/80075	1000	113	1	1	1	4	0.69354	30.33311	2025-03-24 17:01:46.40333+00	\N	Active
4093	392	2	UG/422/02/85004	1000	130	1	1	1	1	0.318601	30.99243	2025-03-24 17:01:46.405266+00	\N	Active
4053	374	8	UG/115/007/45094	2840	15	1	1	1	13	0.409139	32.054601	2025-03-24 17:01:46.338722+00	\N	Active
4084	389	1	UG/104/01/80010	445	4	1	1	1	14	0.6019096	32.7032908	2025-03-24 17:01:46.389225+00	\N	Active
4070	383	3	UG/107/03/55023	400	7	1	1	1	8	0.483213	31.6001472	2025-03-24 17:01:46.366642+00	\N	Active
4087	390	9	UG/418/08/80055	1790	126	1	1	1	7	-0.91234	30.84935	2025-03-24 17:01:46.394139+00	\N	Active
4057	376	47	UG/113/032/45099	20000	13	1	1	1	12	0.441237	32.528233	2025-03-24 17:01:46.345578+00	\N	Active
4064	380	12	UG/107/011/55003	-300	7	1	1	1	1	0.634758	31.271675	2025-03-24 17:01:46.356427+00	\N	Active
4044	371	48	UG/110/033/45088	35	10	1	1	1	1	-0.86788	31.303482	2025-03-24 17:01:46.324426+00	\N	Active
4050	374	45	UG/115/030/45094	5000	15	1	1	1	5	0.50417	32.02028	2025-03-24 17:01:46.334357+00	\N	Active
4073	385	3	UG/126/03/65011	2000	26	1	1	1	3	0.8345	32.16045	2025-03-24 17:01:46.371039+00	\N	Active
4090	391	8	UG/405/007/80075	1600	113	1	1	1	4	0.69354	30.33311	2025-03-24 17:01:46.400148+00	\N	Active
4082	388	455	UG/204/0441/75016	2000	31	1	1	1	4	0.525927	33.1164	2025-03-24 17:01:46.386136+00	\N	Active
4048	373	21	UG/121/018/45091	427	21	1	1	1	10	0.1513	31.8441	2025-03-24 17:01:46.331338+00	\N	Active
4071	384	8	UG/405/07/65010	63900	113	1	1	1	1	0.6111029	30.30578	2025-03-24 17:01:46.368082+00	\N	Active
4083	389	3	UG/104/03/80010	3000	4	1	1	1	11	0.5864	32.6579	2025-03-24 17:01:46.387772+00	\N	Active
4081	388	17	UG/204/014/75016	1752	31	1	1	1	12	0.48916	33.1614	2025-03-24 17:01:46.384643+00	\N	Active
4045	371	9	UG/110/08/45088	-124	10	1	1	1	9	-0.86788	31.32408	2025-03-24 17:01:46.326035+00	\N	Active
4042	370	8	UG/405/07/45080	500	113	1	1	1	9	0.593251	30.27832	2025-03-24 17:01:46.321542+00	\N	Active
4046	372	48	UG/110/033/45089	18725	10	1	1	1	2	-0.6476	31.3899	2025-03-24 17:01:46.328124+00	\N	Active
4040	369	8	UG/105/07/45070	63727	5	1	1	1	9	-0.1673	31.6459	2025-03-24 17:01:46.318933+00	\N	Active
4072	385	2	UG/106/02/65011	2580	6	1	1	1	1	0.3833	32.2667	2025-03-24 17:01:46.36953+00	\N	Active
4047	372	9	UG/110/08/45089	17930	10	1	1	1	6	-0.6476	31.3899	2025-03-24 17:01:46.329795+00	\N	Active
4066	381	3	UG/115/003/55006	2000	15	1	1	1	3	0.43017	32.03029	2025-03-24 17:01:46.359473+00	\N	Active
4085	389	61	UG/104/042/80010	5000	4	1	1	1	4	0.55689	32.56892	2025-03-24 17:01:46.390532+00	\N	Active
4079	388	8	UG/204/007/75016	1290	31	1	1	1	8	0.48916	33.1614	2025-03-24 17:01:46.381604+00	\N	Active
4067	381	2	UG/107/02/55006	-1200	7	1	1	1	3	0.4597	22.6431	2025-03-24 17:01:46.361835+00	\N	Active
4052	374	9	UG/106/008/45094	2000	6	1	1	1	9	0.255217	32.376006	2025-03-24 17:01:46.337289+00	\N	Active
4164	432	10	UG/418/09/240001	-5200	126	1	1	1	8	-0.791412	30.815221	2025-03-24 17:01:46.52436+00	\N	Active
4038	368	48	UG/122/033/45067	635	22	1	1	1	11	-0.13546	31.83426	2025-03-24 17:01:46.315827+00	\N	Active
4063	379	3	UG/116/03/50035	-44	16	1	1	1	1	0.121	32.2323	2025-03-24 17:01:46.355134+00	\N	Active
4051	374	71	UG/106/049/45094	3000	6	1	1	1	3	0.256732	32.543667	2025-03-24 17:01:46.335906+00	\N	Active
4077	387	49	UG/204/034/75013	276	31	1	1	1	10	0.5	33.164	2025-03-24 17:01:46.378273+00	\N	Active
4043	371	10	UG/110/09/45088	-42	10	1	1	1	8	-0.849006	31.31996	2025-03-24 17:01:46.322897+00	\N	Active
4065	380	3	UG/107/03/55003	-2000	7	1	1	1	10	0.555589	31.395528	2025-03-24 17:01:46.357638+00	\N	Active
4080	388	12	UG/204/011/75016	2000	31	1	1	1	12	0.48916	33.1614	2025-03-24 17:01:46.383133+00	\N	Active
4055	374	16	UG/105/013/45094	4287	5	1	1	1	3	-0.397907	31.68079	2025-03-24 17:01:46.341381+00	\N	Active
4054	374	10	UG/115/09/45094	1010	15	1	1	1	6	0.316198	32.11441	2025-03-24 17:01:46.340041+00	\N	Active
4078	388	49	UG/204/034/75016	447	31	1	1	1	12	0.525927	33.116494	2025-03-24 17:01:46.380016+00	\N	Active
4076	387	17	UG/204/014/75013	-120	31	1	1	1	14	0.4879	33.1734	2025-03-24 17:01:46.375202+00	\N	Active
4059	377	1	UG/106/01/45100	93	6	1	1	1	6	-0.14488	31.8603	2025-03-24 17:01:46.349155+00	\N	Active
4099	393	5	UG/105/04/100001	1000	5	1	1	1	10	-0.3406034	31.7324115	2025-03-24 17:01:46.415247+00	\N	Active
4104	395	458	UG/106/0444/100007	1000	6	1	1	1	12	0.0333	31.75	2025-03-24 17:01:46.423523+00	\N	Active
4106	397	3	UG/117/03/110001	1000	17	1	1	1	5	0.0858176	32.9711	2025-03-24 17:01:46.42744+00	\N	Active
4108	399	3	UG/113/03/110005	1000	13	1	1	1	4	0.493692	32.246589	2025-03-24 17:01:46.431002+00	\N	Active
4112	400	3	UG/108/03/110006	1000	8	1	1	1	13	0.2473922	32.8192823	2025-03-24 17:01:46.437863+00	\N	Active
4113	401	2	UG/117/02/110007	1000	17	1	1	1	4	0.315168	33.036575	2025-03-24 17:01:46.439581+00	\N	Active
4114	402	2	UG/117/02/110015	1000	17	1	1	1	3	0.4382	33.033	2025-03-24 17:01:46.440984+00	\N	Active
4115	403	1	UG/117/01/110021	1000	17	1	1	1	12	0.1153	32.8888	2025-03-24 17:01:46.443045+00	\N	Active
4116	403	3	UG/117/03/110021	1000	17	1	1	1	7	0.2153	32.9888	2025-03-24 17:01:46.444937+00	\N	Active
4120	404	2	UG/117/02/110026	1000	17	1	1	1	6	0.17802	32.92488	2025-03-24 17:01:46.452034+00	\N	Active
4129	410	10	UG/431/009/135051	1000	139	1	1	1	11	0.339221	30.291387	2025-03-24 17:01:46.467888+00	\N	Active
4130	410	48	UG/431/033/135051	1000	139	1	1	1	8	0.339221	30.291387	2025-03-24 17:01:46.469422+00	\N	Active
4131	410	8	UG/431/007/135051	1000	139	1	1	1	11	0.339221	30.291387	2025-03-24 17:01:46.470906+00	\N	Active
4135	412	3	UG/113/03/145004	1000	13	1	1	1	12	0.532142	32.21775	2025-03-24 17:01:46.477746+00	\N	Active
4136	413	17	UG/112/014/145008	1000	12	1	1	1	10	0.7025	32.888	2025-03-24 17:01:46.479318+00	\N	Active
4137	413	2	UG/108/02/145008	1000	8	1	1	1	6	0.6127243	32.917303	2025-03-24 17:01:46.480741+00	\N	Active
4138	414	17	UG/112/014/145011	1000	12	1	1	1	2	0.657666	33.040923	2025-03-24 17:01:46.482167+00	\N	Active
4139	414	2	UG/112/02/145011	1000	12	1	1	1	9	0.657666	33.040923	2025-03-24 17:01:46.483663+00	\N	Active
4140	414	3	UG/112/03/145011	1000	12	1	1	1	1	0.657666	33.040923	2025-03-24 17:01:46.485206+00	\N	Active
4145	417	3	UG/214/03/170022	1000	41	1	1	1	7	0.31335	33.65249	2025-03-24 17:01:46.492724+00	\N	Active
4146	418	3	UG/411/03/175031	1000	119	1	1	1	7	-0.8830067	30.1596466	2025-03-24 17:01:46.4948+00	\N	Active
4147	419	2	UG/411/002/175106	1000	119	1	1	1	9	-0.8069607	30.0556489	2025-03-24 17:01:46.49639+00	\N	Active
4148	420	2	UG/411/002/175114	1000	119	1	1	1	10	-1.03815	30.31127	2025-03-24 17:01:46.498069+00	\N	Active
4149	421	6	UG/107/05/180001	1000	7	1	1	1	11	0.45592	31.66801	2025-03-24 17:01:46.500271+00	\N	Active
4150	421	3	UG/331/03/180001	1000	97	1	1	1	8	2.6419	32.4331	2025-03-24 17:01:46.501885+00	\N	Active
4151	422	2	UG/124/02/185011	1000	24	1	1	1	14	-0.4724	31.3742065	2025-03-24 17:01:46.50344+00	\N	Active
4141	415	16	UG/408/013/155001	305	116	1	1	1	9	-1.249411726	29.7838068	2025-03-24 17:01:46.486726+00	\N	Active
4118	404	1	UG/117/01/110026	470	17	1	1	1	12	0.16292	32.81039	2025-03-24 17:01:46.44895+00	\N	Active
4103	394	19	UG/122/016/100003	-896	22	1	1	1	11	-0.168	31.76	2025-03-24 17:01:46.422033+00	\N	Active
4102	394	33	UG/122/021/100003	541	22	1	1	1	4	-0.168	31.76	2025-03-24 17:01:46.420532+00	\N	Active
4143	416	5	UG/214/04/170007	2000	41	1	1	1	11	0.1531	29.3	2025-03-24 17:01:46.489723+00	\N	Active
4109	399	1	UG/113/01/110005	500	13	1	1	1	1	0.4933487	32.24521	2025-03-24 17:01:46.4334+00	\N	Active
4132	411	275	UG/104/0259/135090	20000	4	1	1	1	10	0.6875	32.6085	2025-03-24 17:01:46.47248+00	\N	Active
4133	411	48	UG/104/033/135090	20000	4	1	1	1	9	0.683196	32.614288	2025-03-24 17:01:46.474007+00	\N	Active
4105	396	10	UG/122/09/100037	-150	22	1	1	1	5	0.1667	31.85	2025-03-24 17:01:46.42485+00	\N	Active
4142	416	478	UG/204/463/170007	1956	31	1	1	1	12	0.458647	33.304264	2025-03-24 17:01:46.488248+00	\N	Active
4096	393	10	UG/105/09/100001	100	5	1	1	1	12	-0.6314253	31.7585322	2025-03-24 17:01:46.409636+00	\N	Active
4095	393	39	UG/105/025/100001	850	5	1	1	1	4	-0.5058728	31.8091166	2025-03-24 17:01:46.408042+00	\N	Active
4097	393	16	UG/105/013/100001	-1500	5	1	1	1	8	-0.3251363	31.7700868	2025-03-24 17:01:46.4121+00	\N	Active
4100	393	48	UG/105/033/100001	1910	5	1	1	1	4	-0.233333	31.966667	2025-03-24 17:01:46.416801+00	\N	Active
4119	404	479	UG/117/0466/110026	780	17	1	1	1	14	0.16292	32.81039	2025-03-24 17:01:46.450535+00	\N	Active
4144	416	8	UG/204/07/170007	2000	31	1	1	1	4	0.538322	33.31604	2025-03-24 17:01:46.491152+00	\N	Active
4101	393	8	UG/105/07/100001	-300	5	1	1	1	2	-0.5075	31.711667	2025-03-24 17:01:46.418332+00	\N	Active
4124	407	33	UG/113/021/130002	17690	13	1	1	1	14	0.422658	32.593343	2025-03-24 17:01:46.458358+00	\N	Active
4111	400	2	UG/108/02/110006	480	8	1	1	1	5	0.2018855	32.8381474	2025-03-24 17:01:46.43645+00	\N	Active
4122	406	9	UG/418/08/110065	1605	126	1	1	1	5	-0.96246	30.54393	2025-03-24 17:01:46.455262+00	\N	Active
4128	409	303	UG/404/0287/135001	20000	112	1	1	1	9	-1.241956	29.985616	2025-03-24 17:01:46.4664+00	\N	Active
4125	407	48	UG/113/033/130002	19890	13	1	1	1	4	0.422658	32.593343	2025-03-24 17:01:46.460151+00	\N	Active
4110	400	1	UG/108/01/110006	940	8	1	1	1	12	0.2925948	32.8215735	2025-03-24 17:01:46.435023+00	\N	Active
4134	411	5	UG/104/04/135090	20000	4	1	1	1	1	0.6875	32.6085	2025-03-24 17:01:46.475562+00	\N	Active
4117	403	2	UG/117/02/110021	-185	17	1	1	1	2	0.3672	32.4375	2025-03-24 17:01:46.446914+00	\N	Active
4098	393	9	UG/105/08/100001	1200	5	1	1	1	14	-0.4614307	31.7130659	2025-03-24 17:01:46.41373+00	\N	Active
4121	405	2	UG/117/02/110027	670	17	1	1	1	12	0.2856	33.0976	2025-03-24 17:01:46.453579+00	\N	Active
4107	398	48	UG/117/033/110004	30	17	1	1	1	4	0.3739085	32.9381321	2025-03-24 17:01:46.429308+00	\N	Active
4153	424	17	UG/211/014/190001	1000	38	1	1	1	5	0.43901	35.76789	2025-03-24 17:01:46.506479+00	\N	Active
4154	425	3	UG/415/003/215002	1000	123	1	1	1	3	0.365099	30.3859909	2025-03-24 17:01:46.508023+00	\N	Active
4155	425	2	UG/415/002/215002	1000	123	1	1	1	1	0.365099	30.3859909	2025-03-24 17:01:46.509604+00	\N	Active
4156	426	16	UG/112/013/221288	1000	12	1	1	1	11	0.3267383	31.7537404	2025-03-24 17:01:46.511656+00	\N	Active
4158	428	61	UG/108/042/235025	1000	8	1	1	1	2	0.28564	32.80105	2025-03-24 17:01:46.514637+00	\N	Active
4159	429	3	UG/112/03/235039	1000	12	1	1	1	4	0.7749	32.329514	2025-03-24 17:01:46.516158+00	\N	Active
4161	431	1	UG/113/001/235050	1000	13	1	1	1	10	0.6667	32.345774	2025-03-24 17:01:46.51925+00	\N	Active
4162	431	3	UG/113/03/235050	1000	13	1	1	1	1	0.6567	32.34574	2025-03-24 17:01:46.520702+00	\N	Active
4163	431	2	UG/113/02/235050	1000	13	1	1	1	9	0.6567	32.34574	2025-03-24 17:01:46.522218+00	\N	Active
4167	433	2	UG/414/02/240005	1000	122	1	1	1	12	-0.789	29.761	2025-03-24 17:01:46.529796+00	\N	Active
4168	434	3	UG/419/03/250007	1000	127	1	1	1	5	0.38559	32.58916	2025-03-24 17:01:46.531117+00	\N	Active
4171	437	2	UG/124/02/270006	1000	24	1	1	1	14	0.25826	31.56365	2025-03-24 17:01:46.535674+00	\N	Active
4181	443	12	UG/205/011/2442323	1000	32	1	1	1	2	0.713804	33.143144	2025-03-24 17:01:46.552268+00	\N	Active
4182	444	3	UG/103/03/2442324	1000	3	1	1	1	6	3.409485	0.362773	2025-03-24 17:01:46.553783+00	\N	Active
4183	444	1	UG/102/01/2442324	1000	2	1	1	1	14	3.203994	0.352736	2025-03-24 17:01:46.5553+00	\N	Active
4187	446	3	UG/104/03/2452329	1000	4	1	1	1	9	0.75517	32.68372	2025-03-24 17:01:46.561975+00	\N	Active
4189	447	2	UG/107/02/2452330	1000	7	1	1	1	11	0.3954752	31.5796246	2025-03-24 17:01:46.564898+00	\N	Active
4192	449	1	UG/107/01/2452334	1000	7	1	1	1	10	0.395662	31.585788	2025-03-24 17:01:46.569542+00	\N	Active
4193	449	19	UG/107/016/2452334	1000	7	1	1	1	13	0.3954752	31.5796246	2025-03-24 17:01:46.571031+00	\N	Active
4199	455	17	UG/107/014/2452340	1000	7	1	1	1	7	0.3959194	31.580693	2025-03-24 17:01:46.581315+00	\N	Active
4200	456	3	UG/106/03/2472347	1000	6	1	1	1	9	0.03293	32.02176	2025-03-24 17:01:46.582626+00	\N	Active
4203	457	61	UG/108/042/2472348	1000	8	1	1	1	11	0.3245	32.45676	2025-03-24 17:01:46.587985+00	\N	Active
4204	457	10	UG/106/09/2472348	1000	6	1	1	1	13	0.26585	2.2899	2025-03-24 17:01:46.589433+00	\N	Active
4205	458	61	UG/122/042/2482358	1000	22	1	1	1	7	-0.113	31.854	2025-03-24 17:01:46.590972+00	\N	Active
4206	458	40	UG/122/026/2482358	1000	22	1	1	1	14	-0.113	31.854	2025-03-24 17:01:46.592425+00	\N	Active
4207	458	420	UG/122/0407/2482358	1000	22	1	1	1	13	-0.113	31.854	2025-03-24 17:01:46.594561+00	\N	Active
4208	458	456	UG/122/0442/2482358	1000	22	1	1	1	13	860	0.31521799	2025-03-24 17:01:46.596325+00	\N	Active
4185	446	2	UG/104/002/2452329	-90	4	1	1	1	4	0.76667	32.683333	2025-03-24 17:01:46.55829+00	\N	Active
4196	452	3	UG/107/03/2452337	300	7	1	1	1	1	0.395882	31.5834494	2025-03-24 17:01:46.57627+00	\N	Active
4170	436	36	UG/235/022/265002	1927	62	1	1	1	11	0.52047	33.498812	2025-03-24 17:01:46.534153+00	\N	Active
4194	450	3	UG/107/03/2452335	750	7	1	1	1	2	0.395433	31.5849814	2025-03-24 17:01:46.572498+00	\N	Active
4191	448	2	UG/107/02/2452331	2000	7	1	1	1	1	0.3945067	31.5804617	2025-03-24 17:01:46.56791+00	\N	Active
4176	439	458	UG/105/0444/285050	-2498	5	1	1	1	2	-0.504505	31.622848	2025-03-24 17:01:46.543403+00	\N	Active
4198	454	3	UG/107/03/2452339	700	7	1	1	1	9	0.3951591	31.5775174	2025-03-24 17:01:46.579911+00	\N	Active
4209	458	9	UG/124/08/2482358	577	24	1	1	1	14	-0.3857282	31.3201277	2025-03-24 17:01:46.598058+00	\N	Active
4177	440	37	UG/423/023/325001	10	131	1	1	1	10	-0.645874	29.96372	2025-03-24 17:01:46.545791+00	\N	Active
4166	432	8	UG/418/07/240001	-420	126	1	1	1	9	-0.82345	30.823457	2025-03-24 17:01:46.528148+00	\N	Active
4184	445	2	UG/119/02/2442328	815	19	1	1	1	13	0.18056	32.1156	2025-03-24 17:01:46.556833+00	\N	Active
4180	442	36	UG/204/022/355005	-2000	31	1	1	1	8	0.50123	33.21356	2025-03-24 17:01:46.550689+00	\N	Active
4174	438	8	UG/124/07/270025	750	24	1	1	1	6	0.5478	32.43	2025-03-24 17:01:46.540113+00	\N	Active
4186	446	1	UG/104/01/2452329	600	4	1	1	1	9	0.75517	32.68372	2025-03-24 17:01:46.559839+00	\N	Active
4173	438	16	UG/124/013/270025	-100	24	1	1	1	8	0.5478	32.43	2025-03-24 17:01:46.538639+00	\N	Active
4190	448	47	UG/107/032/2452331	600	7	1	1	1	3	0.395475	31.579625	2025-03-24 17:01:46.566324+00	\N	Active
4202	457	1	UG/106/01/2472348	892	6	1	1	1	3	0.26585	32.2899	2025-03-24 17:01:46.586456+00	\N	Active
4169	435	36	UG/235/022/265001	-390	62	1	1	1	5	0.8706329	34.249877	2025-03-24 17:01:46.532579+00	\N	Active
4179	441	36	UG/203/022/355002	2000	30	1	1	1	4	0.5566797	33.6086452	2025-03-24 17:01:46.548914+00	\N	Active
4157	427	17	UG/204/014/235002	19862	31	1	1	1	2	0.549828	33.232304	2025-03-24 17:01:46.51325+00	\N	Active
4175	438	47	UG/124/032/270025	450	24	1	1	1	6	0.5478	32.43	2025-03-24 17:01:46.541593+00	\N	Active
4197	453	3	UG/107/03/2452338	5000	7	1	1	1	10	0.3973652	31.5834494	2025-03-24 17:01:46.578164+00	\N	Active
4210	458	8	UG/124/07/2482358	671	24	1	1	1	7	-0.3857282	31.3201277	2025-03-24 17:01:46.599597+00	\N	Active
4195	451	3	UG/107/03/2452336	110	7	1	1	1	7	0.3956671	31.5869616	2025-03-24 17:01:46.574032+00	\N	Active
4188	447	8	UG/107/07/2452330	960	7	1	1	1	12	0.3914	31.5866	2025-03-24 17:01:46.563572+00	\N	Active
4178	440	8	UG/423/007/325001	18075	131	1	1	1	6	-0.687974	29.99372	2025-03-24 17:01:46.547192+00	\N	Active
4201	456	2	UG/106/02/2472347	-288	6	1	1	1	9	0.01965	32.99512	2025-03-24 17:01:46.583981+00	\N	Active
4165	432	9	UG/418/08/240001	-420	126	1	1	1	4	-0.892412	30.836321	2025-03-24 17:01:46.52611+00	\N	Active
4223	463	2	UG/108/002/2512853	1000	8	1	1	1	5	0.284	32.763	2025-03-24 17:01:46.620669+00	\N	Active
4224	464	2	UG/111/002/2512854	1000	11	1	1	1	4	0.034255	31.59724	2025-03-24 17:01:46.622149+00	\N	Active
4225	464	3	UG/111/003/2512854	1000	11	1	1	1	4	0.033	31.533	2025-03-24 17:01:46.62356+00	\N	Active
4227	466	3	UG/104/003/2512856	1000	4	1	1	1	8	32.5518	0.6674	2025-03-24 17:01:46.628003+00	\N	Active
4228	467	8	UG/126/007/2512857	1000	26	1	1	1	11	0.492505	31.899267	2025-03-24 17:01:46.629685+00	\N	Active
4229	468	73	UG/421/051/2512859	1000	129	1	1	1	1	1.8807	32.0553	2025-03-24 17:01:46.631249+00	\N	Active
4230	469	3	UG/212/003/2512860	1000	39	1	1	1	1	0.6968186	34.2681516	2025-03-24 17:01:46.632599+00	\N	Active
4231	470	3	UG/212/003/2512861	1000	39	1	1	1	6	0.6974509	34.256056	2025-03-24 17:01:46.633972+00	\N	Active
4232	471	3	UG/212/003/2512862	1000	39	1	1	1	9	0.6698222	34.2444559	2025-03-24 17:01:46.635455+00	\N	Active
4233	472	3	UG/212/003/2512864	1000	39	1	1	1	5	0.65642	34.25755	2025-03-24 17:01:46.637064+00	\N	Active
4234	473	3	UG/212/003/2512865	1000	39	1	1	1	4	0.76582	34.3455	2025-03-24 17:01:46.638632+00	\N	Active
4246	483	3	UG/109/03/24102388	1000	9	1	1	1	13	1.5622452	32.3556005	2025-03-24 17:01:46.657938+00	\N	Active
4247	484	1	UG/108/01/24102389	1000	8	1	1	1	4	0.6465628	32.9116412	2025-03-24 17:01:46.659744+00	\N	Active
4249	486	3	UG/212/03/24102391	1000	39	1	1	1	1	0.6888533	34.2706237	2025-03-24 17:01:46.663232+00	\N	Active
4254	489	2	UG/113/02/24102397	1000	13	1	1	1	1	0.49935	32.28263	2025-03-24 17:01:46.670267+00	\N	Active
4258	490	48	UG/106/033/24102398	1000	6	1	1	1	9	0.07561	31.96973	2025-03-24 17:01:46.677027+00	\N	Active
4259	490	8	UG/106/07/24102398	1000	6	1	1	1	6	0.07561	31.96973	2025-03-24 17:01:46.678988+00	\N	Active
4263	491	2	UG/106/02/24102399	1000	6	1	1	1	8	0.1750993	32.3185752	2025-03-24 17:01:46.684761+00	\N	Active
4264	492	2	UG/108/02/24102400	1000	8	1	1	1	13	0.1098071	32.7168752	2025-03-24 17:01:46.686112+00	\N	Active
4265	493	1	UG/108/01/24102401	1000	8	1	1	1	9	0.36082	32.84568	2025-03-24 17:01:46.687541+00	\N	Active
4266	493	3	UG/108/03/24102401	1000	8	1	1	1	11	0.3770424	32.576078	2025-03-24 17:01:46.689028+00	\N	Active
4217	460	2	UG/113/02/2492369	10	13	1	1	1	8	0.3086819	32.4205583	2025-03-24 17:01:46.611831+00	\N	Active
4213	458	53	UG/124/038/2482358	1980	24	1	1	1	12	-0.3857282	31.3201277	2025-03-24 17:01:46.604412+00	\N	Active
4248	485	3	UG/109/03/24102390	-190	9	1	1	1	12	1.5627449	32.3635474	2025-03-24 17:01:46.661672+00	\N	Active
4215	459	2	UG/106/02/2492362	310	6	1	1	1	3	0.2656245	32.2975326	2025-03-24 17:01:46.608097+00	\N	Active
4239	478	3	UG/406/003/24102379	570	114	1	1	1	11	0.23457	30.1756	2025-03-24 17:01:46.647189+00	\N	Active
4241	479	13	UG/106/012/24102380	-150	6	1	1	1	4	0.144710386	32.22513	2025-03-24 17:01:46.650365+00	\N	Active
4268	495	2	UG/108/02/24102403	510	8	1	1	1	4	0.2055691	32.7717446	2025-03-24 17:01:46.69212+00	\N	Active
4267	494	3	UG/112/03/24102402	600	12	1	1	1	4	0.6844616	32.8794768	2025-03-24 17:01:46.690545+00	\N	Active
4237	476	1	UG/117/01/24102375	1300	17	1	1	1	6	0.26644	32.989467	2025-03-24 17:01:46.643855+00	\N	Active
4221	462	5	UG/204/004/2492371	5000	31	1	1	1	13	0.3241	32.61234	2025-03-24 17:01:46.617672+00	\N	Active
4240	478	17	UG/406/014/24102379	-60	114	1	1	1	7	-0.033853	31.337429	2025-03-24 17:01:46.649015+00	\N	Active
4245	482	3	UG/108/03/24102385	580	8	1	1	1	11	0.6676967	32.8710646	2025-03-24 17:01:46.656437+00	\N	Active
4238	477	1	UG/104/01/24102378	-200	4	1	1	1	7	0.6264625	32.6909012	2025-03-24 17:01:46.645588+00	\N	Active
4243	480	16	UG/122/013/24102381	15367	22	1	1	1	1	-0.1339	31.8613	2025-03-24 17:01:46.653348+00	\N	Active
4212	458	10	UG/124/09/2482358	-775	24	1	1	1	8	-0.3857282	31.3201277	2025-03-24 17:01:46.602809+00	\N	Active
4236	475	1	UG/104/01/24102374	-295	4	1	1	1	3	0.654788	32.6133917	2025-03-24 17:01:46.641526+00	\N	Active
4260	490	3	UG/106/03/24102398	1750	6	1	1	1	10	-0.0529177	31.9490406	2025-03-24 17:01:46.680532+00	\N	Active
4211	458	16	UG/122/013/2482358	-770	22	1	1	1	11	-0.1397737	31.5977919	2025-03-24 17:01:46.601174+00	\N	Active
4261	490	1	UG/106/01/24102398	-158	6	1	1	1	1	-0.0529096	31.9492961	2025-03-24 17:01:46.682021+00	\N	Active
4226	465	1	UG/104/001/2512855	1418	4	1	1	1	2	0.7127278	32.4502396	2025-03-24 17:01:46.625873+00	\N	Active
4262	490	16	UG/105/013/24102398	-2650	5	1	1	1	13	-0.301205	32.034497	2025-03-24 17:01:46.683425+00	\N	Active
4219	461	5	UG/204/04/2492370	-143	31	1	1	1	4	0.5390087	33.107643	2025-03-24 17:01:46.615071+00	\N	Active
4235	474	3	UG/104/003/2512866	-1000	4	1	1	1	3	0.9397605	0.9397605	2025-03-24 17:01:46.640064+00	\N	Active
4218	461	478	UG/204/0463/2492370	373	31	1	1	1	11	0.48888	33.29269	2025-03-24 17:01:46.613603+00	\N	Active
4242	479	8	UG/415/07/24102380	-300	123	1	1	1	10	0.83495	30.3614	2025-03-24 17:01:46.651626+00	\N	Active
4222	462	72	UG/203/050/2492371	3000	30	1	1	1	6	0.7501318	33.5510934	2025-03-24 17:01:46.619183+00	\N	Active
4256	489	3	UG/113/03/24102397	200	13	1	1	1	6	0.4984942	32.2716067	2025-03-24 17:01:46.67336+00	\N	Active
4252	488	2	UG/113/02/24102393	2000	13	1	1	1	11	0.59654	32.787802	2025-03-24 17:01:46.667592+00	\N	Active
4253	489	47	UG/113/032/24102397	2000	13	1	1	1	13	0.50536	32.24384	2025-03-24 17:01:46.668921+00	\N	Active
4244	481	1	UG/104/01/24102384	-50	4	1	1	1	9	0.5923367	32.6833183	2025-03-24 17:01:46.65497+00	\N	Active
4257	490	13	UG/106/012/24102398	670	6	1	1	1	8	0.06832	32.11303	2025-03-24 17:01:46.674725+00	\N	Active
4251	488	3	UG/113/03/24102393	2000	13	1	1	1	10	0.5057473	32.2780282	2025-03-24 17:01:46.666251+00	\N	Active
4250	487	3	UG/115/03/24102392	0	15	1	1	1	10	0.4946321	31.9883174	2025-03-24 17:01:46.664833+00	\N	Active
4220	461	72	UG/224/050/2492370	-39	51	1	1	1	14	0.8221	33.5775	2025-03-24 17:01:46.616362+00	\N	Active
4269	496	478	UG/201/0463/24102404	1000	28	1	1	1	3	0.62346	33.62091	2025-03-24 17:01:46.694095+00	\N	Active
4270	496	3	UG/201/03/24102404	1000	28	1	1	1	6	0.5180629	33.6274413	2025-03-24 17:01:46.695843+00	\N	Active
4272	498	3	UG/106/03/24102406	1000	6	1	1	1	1	0.0161578	32.018294	2025-03-24 17:01:46.699553+00	\N	Active
4274	499	1	UG/117/01/24102407	1000	17	1	1	1	10	0.274732	32.959872	2025-03-24 17:01:46.702296+00	\N	Active
4275	500	2	UG/117/02/24102408	1000	17	1	1	1	10	0.283232	32.974139	2025-03-24 17:01:46.703557+00	\N	Active
4279	501	2	UG/117/02/24102409	1000	17	1	1	1	8	0.263191	32.974218	2025-03-24 17:01:46.710759+00	\N	Active
4287	503	1	UG/117/01/24102411	1000	17	1	1	1	2	0.273387	32.958598	2025-03-24 17:01:46.722656+00	\N	Active
4289	505	16	UG/106/013/24102413	1000	6	1	1	1	13	-0.090111	31.85678	2025-03-24 17:01:46.725764+00	\N	Active
4290	506	16	UG/122/013/24102415	1000	22	1	1	1	8	-0.145399	31.89169	2025-03-24 17:01:46.728581+00	\N	Active
4294	510	8	UG/214/07/24102420	1000	41	1	1	1	2	0.451671	33.470138	2025-03-24 17:01:46.734837+00	\N	Active
4295	511	8	UG/405/07/24102421	1000	113	1	1	1	10	0.8947	30.531682	2025-03-24 17:01:46.736118+00	\N	Active
4296	512	36	UG/221/022/24102422	1000	48	1	1	1	8	1.145957	33.8645	2025-03-24 17:01:46.737475+00	\N	Active
4297	512	160	UG/227/0141/24102422	1000	54	1	1	1	8	1.097957	33.7426	2025-03-24 17:01:46.738992+00	\N	Active
4301	514	32	UG/405/020/24102427	1000	113	1	1	1	1	0.798931	30.374185	2025-03-24 17:01:46.745853+00	\N	Active
4305	517	1	UG/108/01/24102430	1000	8	1	1	1	2	0.7705121	32.8164111	2025-03-24 17:01:46.752732+00	\N	Active
4307	519	2	UG/108/02/24102437	1000	8	1	1	1	13	0.194609	32.808859	2025-03-24 17:01:46.755256+00	\N	Active
4309	521	2	UG/108/02/24102439	1000	8	1	1	1	6	0.356482	32.757254	2025-03-24 17:01:46.758428+00	\N	Active
4310	522	17	UG/112/014/24102440	1000	12	1	1	1	11	1.180633	32.923549	2025-03-24 17:01:46.760739+00	\N	Active
4313	524	157	UG/104/0138/24102443	1000	4	1	1	1	14	0.614007	32.612638	2025-03-24 17:01:46.76568+00	\N	Active
4315	524	61	UG/106/042/24102443	1000	6	1	1	1	3	0.2283313	32.3198552	2025-03-24 17:01:46.769131+00	\N	Active
4318	525	3	UG/127/03/24102446	1000	27	1	1	1	13	-0.4113156	31.6256108	2025-03-24 17:01:46.77333+00	\N	Active
4319	525	2	UG/105/02/24102446	1000	5	1	1	1	3	0.4108695	31.624883	2025-03-24 17:01:46.774827+00	\N	Active
4323	526	36	UG/124/022/24102449	18940	24	1	1	1	13	0.4674241	31.311294	2025-03-24 17:01:46.782147+00	\N	Active
4276	500	1	UG/117/01/24102408	700	17	1	1	1	8	0.275732	32.947039	2025-03-24 17:01:46.705314+00	\N	Active
4300	513	16	UG/122/013/24102423	-500	22	1	1	1	1	-0.154901	31.846703	2025-03-24 17:01:46.743953+00	\N	Active
4317	524	420	UG/307/0407/24102443	820	73	1	1	1	9	2.5952121	32.816304	2025-03-24 17:01:46.771826+00	\N	Active
4306	518	2	UG/108/02/24102431	1700	8	1	1	1	1	0.122688	32.723104	2025-03-24 17:01:46.753989+00	\N	Active
4298	513	48	UG/122/033/24102423	720	22	1	1	1	9	0.1687	31.7882	2025-03-24 17:01:46.740435+00	\N	Active
4312	523	8	UG/105/07/24102442	-600	5	1	1	1	8	-0.342346	31.748136	2025-03-24 17:01:46.764057+00	\N	Active
4293	509	16	UG/105/013/24102419	-200	5	1	1	1	7	0.35021	31.7659	2025-03-24 17:01:46.733407+00	\N	Active
4304	516	1	UG/108/01/24102429	485	8	1	1	1	4	0.7614904	32.8081248	2025-03-24 17:01:46.751372+00	\N	Active
4324	526	10	UG/124/09/24102449	-760	24	1	1	1	9	-0.497125	31.47583	2025-03-24 17:01:46.784074+00	\N	Active
4299	513	39	UG/122/025/24102423	750	22	1	1	1	3	0.1684	31.7872	2025-03-24 17:01:46.742127+00	\N	Active
4320	526	48	UG/124/033/24102449	-30	24	1	1	1	10	-0.44494	31.35223	2025-03-24 17:01:46.776692+00	\N	Active
4278	501	73	UG/117/051/24102409	-50	17	1	1	1	10	0.298761	32.94988	2025-03-24 17:01:46.708362+00	\N	Active
4325	526	9	UG/106/08/24102449	73	6	1	1	1	12	0.0720977	32.202301	2025-03-24 17:01:46.785764+00	\N	Active
4280	502	9	UG/104/008/24102410	670	4	1	1	1	13	0.1562	32.85621	2025-03-24 17:01:46.712579+00	\N	Active
4284	502	16	UG/106/013/24102410	-300	6	1	1	1	12	0.2274	32.3249	2025-03-24 17:01:46.71839+00	\N	Active
4286	503	3	UG/117/03/24102411	600	17	1	1	1	14	0.290287	32.975698	2025-03-24 17:01:46.721152+00	\N	Active
4314	524	456	UG/117/0442/24102443	900	17	1	1	1	4	0.220412	33.0170059	2025-03-24 17:01:46.767635+00	\N	Active
4321	526	8	UG/124/07/24102449	-400	24	1	1	1	5	0.4674241	31.311294	2025-03-24 17:01:46.778545+00	\N	Active
4303	515	458	UG/106/0444/24102428	-200	6	1	1	1	8	-0.0573881	32.0058318	2025-03-24 17:01:46.749716+00	\N	Active
4326	526	47	UG/106/032/24102449	-115	6	1	1	1	14	0.091323	32.12471	2025-03-24 17:01:46.787273+00	\N	Active
4277	501	3	UG/117/03/24102409	-10	17	1	1	1	10	0.250191	32.999118	2025-03-24 17:01:46.706858+00	\N	Active
4316	524	36	UG/204/022/24102443	-130	31	1	1	1	2	0.553084	33.2896	2025-03-24 17:01:46.770519+00	\N	Active
4285	502	10	UG/106/09/24102410	-500	6	1	1	1	4	0.2274	32.3249	2025-03-24 17:01:46.719778+00	\N	Active
4283	502	40	UG/106/026/24102410	-480	6	1	1	1	6	0.2274000049	32.32490158	2025-03-24 17:01:46.717078+00	\N	Active
4273	498	1	UG/106/01/24102406	2000	6	1	1	1	6	-0.0110277	32.0633419	2025-03-24 17:01:46.700944+00	\N	Active
4308	520	2	UG/108/02/24102438	-10	8	1	1	1	10	0.284299	32.760996	2025-03-24 17:01:46.756932+00	\N	Active
4292	508	16	UG/122/013/24102417	-600	22	1	1	1	14	-0.2635	31.8697	2025-03-24 17:01:46.731786+00	\N	Active
4282	502	48	UG/106/033/24102410	670	6	1	1	1	10	0.2274	32.3249	2025-03-24 17:01:46.71553+00	\N	Active
4302	514	8	UG/405/07/24102427	-7400	113	1	1	1	14	0.798931	30.374185	2025-03-24 17:01:46.747892+00	\N	Active
4271	497	1	UG/104/01/24102405	-50	4	1	1	1	4	0.6408866	32.713631	2025-03-24 17:01:46.697696+00	\N	Active
4328	527	161	UG/204/0142/24102450	1000	31	1	1	1	11	0.48819	33.27724	2025-03-24 17:01:46.790091+00	\N	Active
4329	528	10	UG/125/09/24102451	1000	25	1	1	1	2	-0.812961	31.650238	2025-03-24 17:01:46.79167+00	\N	Active
4330	528	48	UG/125/033/24102451	1000	25	1	1	1	14	-0.6358988	31.5455	2025-03-24 17:01:46.793687+00	\N	Active
4343	532	45	UG/404/030/24102456	1000	112	1	1	1	12	1.2606	30.0393	2025-03-24 17:01:46.817523+00	\N	Active
4346	532	198	UG/113/0179/24102456	1000	13	1	1	1	12	1.170696616	33.70985794	2025-03-24 17:01:46.821967+00	\N	Active
4348	533	45	UG/338/030/24102457	1000	104	1	1	1	9	2.993441	31.093025	2025-03-24 17:01:46.824885+00	\N	Active
4349	534	42	UG/113/027/24102458	1000	13	1	1	1	10	0.3474404	32.417221	2025-03-24 17:01:46.82668+00	\N	Active
4350	534	61	UG/113/042/24102458	1000	13	1	1	1	3	0.35842	32.4234	2025-03-24 17:01:46.828899+00	\N	Active
4351	534	457	UG/113/0443/24102458	1000	13	1	1	1	1	0.35568	32.413101	2025-03-24 17:01:46.830767+00	\N	Active
4352	534	49	UG/113/034/24102458	1000	13	1	1	1	12	0.35156	32.4179077	2025-03-24 17:01:46.832286+00	\N	Active
4355	535	36	UG/235/022/24102459	1000	62	1	1	1	12	0.62758144	33.630867	2025-03-24 17:01:46.837652+00	\N	Active
4360	536	8	UG/106/07/24102460	1000	6	1	1	1	2	0.1345823	32.29705	2025-03-24 17:01:46.846004+00	\N	Active
4365	538	3	UG/115/03/24102462	1000	15	1	1	1	7	0.4601763	32.0573428	2025-03-24 17:01:46.854617+00	\N	Active
4367	540	16	UG/112/013/24102464	1000	12	1	1	1	11	0.716839	32.893066	2025-03-24 17:01:46.857437+00	\N	Active
4368	541	16	UG/121/013/24102466	1000	21	1	1	1	8	0.3548655	32.22258139	2025-03-24 17:01:46.859391+00	\N	Active
4370	543	16	UG/105/013/24102468	1000	5	1	1	1	5	0.2436558	32.8567	2025-03-24 17:01:46.863651+00	\N	Active
4371	543	8	UG/105/07/24102468	1000	5	1	1	1	5	0.2273558	32.8689236	2025-03-24 17:01:46.865275+00	\N	Active
4372	544	16	UG/108/013/24102471	1000	8	1	1	1	6	0.227528	32.32453636	2025-03-24 17:01:46.866889+00	\N	Active
4375	545	54	UG/113/039/24102472	1000	13	1	1	1	8	0.3267383	31.3525404	2025-03-24 17:01:46.871515+00	\N	Active
4377	546	9	UG/105/008/24102473	1000	5	1	1	1	6	-0.491	31.687	2025-03-24 17:01:46.874319+00	\N	Active
4379	546	458	UG/106/0444/24102473	1000	6	1	1	1	14	0.07541	31.96977	2025-03-24 17:01:46.87851+00	\N	Active
4382	547	48	UG/125/033/24102474	1000	25	1	1	1	10	0.3267383	31.7537404	2025-03-24 17:01:46.883554+00	\N	Active
4384	549	3	UG/115/03/24102476	1000	15	1	1	1	6	0.486215	31.9862117	2025-03-24 17:01:46.88682+00	\N	Active
4336	530	2	UG/119/02/24102454	-400	19	1	1	1	1	0.1252	32.0987	2025-03-24 17:01:46.80457+00	\N	Active
4363	537	61	UG/121/042/24102461	69931	21	1	1	1	13	0.1513	31.8441	2025-03-24 17:01:46.851426+00	\N	Active
4380	546	8	UG/106/07/24102473	1001	6	1	1	1	6	0.07541	31.96977	2025-03-24 17:01:46.880412+00	\N	Active
4374	545	47	UG/113/032/24102472	18610	13	1	1	1	13	0.3234583	32.70870139	2025-03-24 17:01:46.869935+00	\N	Active
4373	545	21	UG/113/018/24102472	900	13	1	1	1	10	0.34675	31.35675	2025-03-24 17:01:46.868459+00	\N	Active
4337	530	1	UG/119/01/24102454	600	19	1	1	1	10	0.1052	32.0651	2025-03-24 17:01:46.805941+00	\N	Active
4339	531	2	UG/106/02/24102455	-200	6	1	1	1	1	0.047378	32.1315765	2025-03-24 17:01:46.809673+00	\N	Active
4369	542	13	UG/119/012/24102467	17401	19	1	1	1	11	0.119	32.0107	2025-03-24 17:01:46.861816+00	\N	Active
4378	546	10	UG/105/009/24102473	40000	5	1	1	1	4	-0.491	31.687	2025-03-24 17:01:46.875891+00	\N	Active
4366	539	115	UG/117/094/24102463	300	17	1	1	1	1	0.3267383	31.7537404	2025-03-24 17:01:46.856041+00	\N	Active
4333	529	48	UG/105/033/24102453	-140	5	1	1	1	11	-0.52321	31.7982101	2025-03-24 17:01:46.800061+00	\N	Active
4340	531	47	UG/106/032/24102455	400	6	1	1	1	13	0.0398254	32.050209	2025-03-24 17:01:46.811848+00	\N	Active
4358	536	115	UG/106/094/24102460	1450	6	1	1	1	7	0.1071166	32.30804	2025-03-24 17:01:46.842003+00	\N	Active
4345	532	48	UG/404/033/24102456	-200	112	1	1	1	6	1.2606	30.0393	2025-03-24 17:01:46.820637+00	\N	Active
4361	537	40	UG/121/026/24102461	70000	21	1	1	1	4	0.1657	31.8756	2025-03-24 17:01:46.848101+00	\N	Active
4331	528	9	UG/125/08/24102451	940	25	1	1	1	13	-0.8788717	31.61315917	2025-03-24 17:01:46.795773+00	\N	Active
4341	532	47	UG/113/032/24102456	-210	13	1	1	1	9	1.170696616	33.70985794	2025-03-24 17:01:46.814314+00	\N	Active
4344	532	262	UG/404/0246/24102456	590	112	1	1	1	9	1.2606	30.0393	2025-03-24 17:01:46.819212+00	\N	Active
4338	531	1	UG/106/01/24102455	-150	6	1	1	1	13	0.22441	32.27245	2025-03-24 17:01:46.807681+00	\N	Active
4357	536	9	UG/106/08/24102460	690	6	1	1	1	13	0.071411	32.272338	2025-03-24 17:01:46.840356+00	\N	Active
4354	534	47	UG/104/032/24102458	114	4	1	1	1	3	0.5273363	32.6111984	2025-03-24 17:01:46.836294+00	\N	Active
4362	537	21	UG/121/018/24102461	70000	21	1	1	1	2	0.1513	31.8441	2025-03-24 17:01:46.849849+00	\N	Active
4335	529	21	UG/105/018/24102453	450	5	1	1	1	6	-0.5237315	31.794776	2025-03-24 17:01:46.803239+00	\N	Active
4342	532	457	UG/404/0443/24102456	940	112	1	1	1	14	1.2606	30.0393	2025-03-24 17:01:46.816013+00	\N	Active
4347	532	3	UG/113/03/24102456	-600	13	1	1	1	11	0.43429912	32.3705291	2025-03-24 17:01:46.823389+00	\N	Active
4332	529	16	UG/105/013/24102453	-302	5	1	1	1	14	-0.3	32.033333	2025-03-24 17:01:46.79789+00	\N	Active
4334	529	10	UG/105/09/24102453	-402	5	1	1	1	14	-0.5973707	31.7573547	2025-03-24 17:01:46.801597+00	\N	Active
4353	534	21	UG/113/018/24102458	602	13	1	1	1	10	0.35568	32.43026	2025-03-24 17:01:46.833889+00	\N	Active
4359	536	48	UG/106/033/24102460	2000	6	1	1	1	7	0.13732	32.30529	2025-03-24 17:01:46.84399+00	\N	Active
4381	546	16	UG/105/013/24102473	-10	5	1	1	1	7	0.3567229	32.47927	2025-03-24 17:01:46.882022+00	\N	Active
4383	548	3	UG/115/03/24102475	-200	15	1	1	1	7	0.4863586	31.9860321	2025-03-24 17:01:46.885182+00	\N	Active
4356	536	10	UG/106/09/24102460	196980	6	1	1	1	5	0.8693	32.29851	2025-03-24 17:01:46.83903+00	\N	Active
4327	526	16	UG/106/013/24102449	-200	6	1	1	1	9	0.009613	31.922149	2025-03-24 17:01:46.788605+00	\N	Active
4385	550	3	UG/115/03/24102477	1000	15	1	1	1	13	0.4722033	32.06614	2025-03-24 17:01:46.888453+00	\N	Active
4386	551	3	UG/115/03/24102478	1000	15	1	1	1	13	0.4701465	32.0173538	2025-03-24 17:01:46.889854+00	\N	Active
4387	552	52	UG/212/037/24102479	1000	39	1	1	1	2	0.4059	34.1448	2025-03-24 17:01:46.891193+00	\N	Active
4392	556	3	UG/115/03/24102483	1000	15	1	1	1	2	0.495395	31.9932767	2025-03-24 17:01:46.900925+00	\N	Active
4393	557	3	UG/104/03/24102484	1000	4	1	1	1	10	0.6271763	32.5972442	2025-03-24 17:01:46.902548+00	\N	Active
4394	558	3	UG/104/03/24102485	1000	4	1	1	1	4	0.5795755	32.7028526	2025-03-24 17:01:46.904053+00	\N	Active
4395	559	2	UG/115/02/24102486	1000	15	1	1	1	4	0.4062559	32.0007369	2025-03-24 17:01:46.905618+00	\N	Active
4397	561	3	UG/115/03/24102488	1000	15	1	1	1	6	0.4820167	31.98928	2025-03-24 17:01:46.908566+00	\N	Active
4398	562	3	UG/104/03/24102489	1000	4	1	1	1	4	0.6295472	32.7316709	2025-03-24 17:01:46.911678+00	\N	Active
4399	563	3	UG/103/03/24102491	1000	3	1	1	1	10	0.7695432	31.9948368	2025-03-24 17:01:46.913502+00	\N	Active
4400	564	3	UG/103/03/24102492	1000	3	1	1	1	9	0.9097339	31.796546	2025-03-24 17:01:46.915101+00	\N	Active
4401	565	3	UG/103/03/24102493	1000	3	1	1	1	14	0.9223154	31.7973357	2025-03-24 17:01:46.916664+00	\N	Active
4402	566	3	UG/104/03/24102494	1000	4	1	1	1	13	0.6301215	32.6144172	2025-03-24 17:01:46.918208+00	\N	Active
4403	567	3	UG/115/03/24102495	1000	15	1	1	1	9	0.48947	31.9922828	2025-03-24 17:01:46.919731+00	\N	Active
4404	568	10	UG/104/09/24102496	1000	4	1	1	1	10	0.67838	32.60879	2025-03-24 17:01:46.921234+00	\N	Active
4405	568	3	UG/104/03/24102496	1000	4	1	1	1	6	0.71225	32.5738433	2025-03-24 17:01:46.922746+00	\N	Active
4406	569	3	UG/115/03/24102497	1000	15	1	1	1	13	0.4904731	31.9906635	2025-03-24 17:01:46.92413+00	\N	Active
4407	570	3	UG/104/03/24102498	1000	4	1	1	1	7	0.6868709	32.6728297	2025-03-24 17:01:46.92552+00	\N	Active
4408	571	36	UG/224/022/24102499	1000	51	1	1	1	8	0.8354422	33.66107	2025-03-24 17:01:46.928356+00	\N	Active
4410	573	3	UG/115/03/24102501	1000	15	1	1	1	1	0.4517289	31.9751702	2025-03-24 17:01:46.931663+00	\N	Active
4412	575	16	UG/103/013/24102503	1000	3	1	1	1	11	0.917319	31.79374	2025-03-24 17:01:46.934761+00	\N	Active
4416	578	3	UG/119/03/24102506	1000	19	1	1	1	14	0.157928	32.125396	2025-03-24 17:01:46.941048+00	\N	Active
4420	581	2	UG/108/02/24102509	1000	8	1	1	1	3	0.400997	32.754364	2025-03-24 17:01:46.94914+00	\N	Active
4421	582	2	UG/108/02/24102510	1000	8	1	1	1	7	0.3961913	32.78114	2025-03-24 17:01:46.950702+00	\N	Active
4423	584	458	UG/119/0444/24102513	1000	19	1	1	1	10	0.0333	31.75	2025-03-24 17:01:46.953957+00	\N	Active
4424	584	261	UG/119/0245/24102513	1000	19	1	1	1	8	0.0333	31.75	2025-03-24 17:01:46.955591+00	\N	Active
4426	586	458	UG/106/0444/24102520	1000	6	1	1	1	8	0.12702	32.18101	2025-03-24 17:01:46.958761+00	\N	Active
4429	587	295	UG/107/0279/24102521	1000	7	1	1	1	1	0.553901	31.388468	2025-03-24 17:01:46.964605+00	\N	Active
4435	588	478	UG/108/0463/24112522	1000	8	1	1	1	6	0.439448	32.832641	2025-03-24 17:01:46.974012+00	\N	Active
4441	592	3	UG/108/03/24112528	1000	8	1	1	1	6	0.37078	32.9713	2025-03-24 17:01:46.984354+00	\N	Active
4442	593	160	UG/224/0141/24112529	1000	51	1	1	1	5	0.84866	33.6648	2025-03-24 17:01:46.986009+00	\N	Active
4411	574	16	UG/105/013/24102502	19335	5	1	1	1	8	-0.4528379	31.704483	2025-03-24 17:01:46.933144+00	\N	Active
4440	591	10	UG/111/09/24112526	-1564	11	1	1	1	10	0.4036925	30.2823758	2025-03-24 17:01:46.982686+00	\N	Active
4433	587	2	UG/107/02/24102521	1800	7	1	1	1	3	0.619933	31.274045	2025-03-24 17:01:46.970806+00	\N	Active
4396	560	3	UG/115/03/24102487	-200	15	1	1	1	3	0.47877	31.9902917	2025-03-24 17:01:46.90705+00	\N	Active
4437	590	39	UG/224/025/24112525	18900	51	1	1	1	8	1.0445875	33.1351947	2025-03-24 17:01:46.977856+00	\N	Active
4422	583	458	UG/106/0444/24102511	70000	6	1	1	1	12	-0.0862	32.0098	2025-03-24 17:01:46.952314+00	\N	Active
4436	589	458	UG/106/0444/24112524	2850	6	1	1	1	6	0.35638	32.678523	2025-03-24 17:01:46.975589+00	\N	Active
4428	587	12	UG/107/011/24102521	2000	7	1	1	1	7	0.633	31.267	2025-03-24 17:01:46.962569+00	\N	Active
4439	591	9	UG/111/08/24112526	880	11	1	1	1	12	0.4036925	30.2823758	2025-03-24 17:01:46.981157+00	\N	Active
4419	580	2	UG/113/02/24102508	624	13	1	1	1	6	0.533172	32.251739	2025-03-24 17:01:46.947152+00	\N	Active
4390	554	16	UG/104/013/24102481	20690	4	1	1	1	12	0.7611	32.7002	2025-03-24 17:01:46.897604+00	\N	Active
4388	552	3	UG/212/03/24102479	2000	39	1	1	1	1	0.6831871	34.2467537	2025-03-24 17:01:46.892933+00	\N	Active
4409	572	10	UG/418/09/24102500	676	126	1	1	1	6	-0.80334	30.815277	2025-03-24 17:01:46.930062+00	\N	Active
4413	576	16	UG/113/013/24102504	197030	13	1	1	1	9	0.164451	32.50442	2025-03-24 17:01:46.936346+00	\N	Active
4418	580	1	UG/113/01/24102508	875	13	1	1	1	8	0.5287095	32.259635	2025-03-24 17:01:46.945258+00	\N	Active
4430	587	46	UG/107/031/24102521	600	7	1	1	1	11	0.5333	0.5333	2025-03-24 17:01:46.966215+00	\N	Active
4425	585	2	UG/113/02/24102519	544	13	1	1	1	5	0.210456	32.53429	2025-03-24 17:01:46.9571+00	\N	Active
4431	587	74	UG/107/052/24102521	-122.22000000000003	7	1	1	1	9	0.5332999825	0.5332999825	2025-03-24 17:01:46.967732+00	\N	Active
4391	555	16	UG/106/013/24102482	22560	6	1	1	1	10	0.0197	32.0095	2025-03-24 17:01:46.899434+00	\N	Active
4415	578	1	UG/106/01/24102506	1100	6	1	1	1	5	0.211829	32.30049	2025-03-24 17:01:46.939549+00	\N	Active
4432	587	3	UG/107/03/24102521	2000	7	1	1	1	10	0.619933	31.274045	2025-03-24 17:01:46.969246+00	\N	Active
4414	577	1	UG/106/01/24102505	-221	6	1	1	1	13	0.17887086	32.2771453	2025-03-24 17:01:46.937904+00	\N	Active
4434	588	37	UG/108/023/24112522	-65	8	1	1	1	9	0.565786	32.890319	2025-03-24 17:01:46.972383+00	\N	Active
4427	586	13	UG/106/012/24102520	-108	6	1	1	1	1	0.12565	32.1858	2025-03-24 17:01:46.960713+00	\N	Active
4417	579	1	UG/106/01/24102507	-10	6	1	1	1	4	0.161361	32.12471	2025-03-24 17:01:46.942526+00	\N	Active
4445	594	11	UG/106/010/24112530	1000	6	1	1	1	10	0.14302	32.221	2025-03-24 17:01:46.990711+00	\N	Active
4446	594	456	UG/106/0442/24112530	1000	6	1	1	1	5	0.14302	32.221	2025-03-24 17:01:46.992326+00	\N	Active
4447	594	47	UG/106/032/24112530	1000	6	1	1	1	2	0.14302	32.221	2025-03-24 17:01:46.994617+00	\N	Active
4451	595	3	UG/117/03/24112531	1000	17	1	1	1	1	0.3385222	33.1232783	2025-03-24 17:01:47.001507+00	\N	Active
4452	595	2	UG/117/02/24112531	1000	17	1	1	1	10	0.227622	33.02799	2025-03-24 17:01:47.003106+00	\N	Active
4453	596	13	UG/106/012/24112532	1000	6	1	1	1	10	0.1943203	32.239379	2025-03-24 17:01:47.004674+00	\N	Active
4457	598	48	UG/105/033/24112536	1000	5	1	1	1	7	-0.42743	31.69486	2025-03-24 17:01:47.011366+00	\N	Active
4462	601	45	UG/410/030/24112539	1000	118	1	1	1	3	-0.65847	30.58319	2025-03-24 17:01:47.019647+00	\N	Active
4468	604	9	UG/122/08/24112544	1000	22	1	1	1	1	0.2349	31.784621	2025-03-24 17:01:47.029825+00	\N	Active
4469	605	480	UG/412/0464/24112549	1000	120	1	1	1	6	-0.8404	29.9542	2025-03-24 17:01:47.032281+00	\N	Active
4470	605	481	UG/412/0465/24112549	1000	120	1	1	1	6	-0.81296	29.92126	2025-03-24 17:01:47.033996+00	\N	Active
4479	609	2	UG/115/002/24112553	1000	15	1	1	1	4	0.4219398	32.13157653	2025-03-24 17:01:47.049594+00	\N	Active
4481	609	460	UG/119/0446/24112553	1000	19	1	1	1	14	0.2456	32.1895	2025-03-24 17:01:47.052825+00	\N	Active
4482	609	1	UG/115/001/24112553	1000	15	1	1	1	7	0.421596	32.136383	2025-03-24 17:01:47.054452+00	\N	Active
4487	610	45	UG/124/030/24112555	1000	24	1	1	1	1	-0.45592	31.38519	2025-03-24 17:01:47.062991+00	\N	Active
4494	613	458	UG/108/0444/24112558	1000	8	1	1	1	4	0.6522991	32.842254	2025-03-24 17:01:47.073816+00	\N	Active
4496	614	456	UG/122/0442/24112559	1000	22	1	1	1	4	-0.05321	31.87408	2025-03-24 17:01:47.077659+00	\N	Active
4472	605	303	UG/412/0287/24112549	965	120	1	1	1	9	0.63654	32.42365	2025-03-24 17:01:47.037261+00	\N	Active
4464	602	16	UG/119/013/24112540	-600	19	1	1	1	4	0.066261	32.021026	2025-03-24 17:01:47.022692+00	\N	Active
4443	594	10	UG/106/009/24112530	940	6	1	1	1	14	0.14302	32.221	2025-03-24 17:01:46.987545+00	\N	Active
4461	601	10	UG/410/09/24112539	-8	118	1	1	1	10	-0.6584	30.5776	2025-03-24 17:01:47.018153+00	\N	Active
4478	608	37	UG/320/023/24112552	710	86	1	1	1	2	3.2318012	30.9594395	2025-03-24 17:01:47.047497+00	\N	Active
4483	609	71	UG/119/049/24112553	930	19	1	1	1	11	0.2360445	32.1618949	2025-03-24 17:01:47.056095+00	\N	Active
4500	614	10	UG/122/09/24112559	-1116	22	1	1	1	8	-0.05321	31.87408	2025-03-24 17:01:47.083891+00	\N	Active
4498	614	48	UG/122/033/24112559	670	22	1	1	1	13	-0.05321	31.87408	2025-03-24 17:01:47.080749+00	\N	Active
4465	603	6	UG/106/005/24112543	19420	6	1	1	1	11	0.1725479	31.9897002	2025-03-24 17:01:47.024207+00	\N	Active
4497	614	53	UG/122/038/24112559	526	22	1	1	1	14	-0.16651	31.8346	2025-03-24 17:01:47.079201+00	\N	Active
4456	597	21	UG/113/018/24112533	-180	13	1	1	1	11	0.4967818	32.24693	2025-03-24 17:01:47.009405+00	\N	Active
4460	601	9	UG/410/08/24112539	60	118	1	1	1	11	0.6070596	30.6523522	2025-03-24 17:01:47.016568+00	\N	Active
4480	609	3	UG/115/003/24112553	-1045	15	1	1	1	14	0.421939	32.132606	2025-03-24 17:01:47.051222+00	\N	Active
4473	605	38	UG/412/024/24112549	980	120	1	1	1	5	0.69871	32.3435	2025-03-24 17:01:47.03879+00	\N	Active
4449	594	48	UG/121/033/24112530	-3620	21	1	1	1	7	0.1758	31.9133	2025-03-24 17:01:46.998382+00	\N	Active
4489	611	10	UG/124/09/24112556	-14070	24	1	1	1	14	-0.447345	31.541748	2025-03-24 17:01:47.066065+00	\N	Active
4471	605	420	UG/412/0407/24112549	955	120	1	1	1	11	0.66632	32.5689	2025-03-24 17:01:47.035615+00	\N	Active
4448	594	16	UG/106/013/24112530	-570	6	1	1	1	13	0.14302	32.221	2025-03-24 17:01:46.996281+00	\N	Active
4495	614	21	UG/122/018/24112559	324	22	1	1	1	10	0.1634	31.7972	2025-03-24 17:01:47.075456+00	\N	Active
4490	612	40	UG/124/026/24112557	880	24	1	1	1	13	-0.440135	31.547584	2025-03-24 17:01:47.067653+00	\N	Active
4463	601	8	UG/410/07/24112539	-3360	118	1	1	1	14	-0.69383	30.5835	2025-03-24 17:01:47.02109+00	\N	Active
4475	606	47	UG/113/032/24112550	15776	13	1	1	1	11	0.5343	32.2587	2025-03-24 17:01:47.04193+00	\N	Active
4459	600	8	UG/410/07/24112538	-3400	118	1	1	1	13	-0.61899	30.58284	2025-03-24 17:01:47.014874+00	\N	Active
4484	609	13	UG/119/012/24112553	-30	19	1	1	1	12	0.2360445	32.1618949	2025-03-24 17:01:47.057608+00	\N	Active
4444	594	13	UG/106/012/24112530	-21780	6	1	1	1	12	0.14302	32.221	2025-03-24 17:01:46.989199+00	\N	Active
4493	612	16	UG/124/013/24112557	-540	24	1	1	1	13	-0.44322	31.54552	2025-03-24 17:01:47.072131+00	\N	Active
4485	610	13	UG/124/012/24112555	900	24	1	1	1	10	-0.49437	31.40991	2025-03-24 17:01:47.059272+00	\N	Active
4458	599	8	UG/415/07/24112537	-600	123	1	1	1	8	0.52468	30.3105	2025-03-24 17:01:47.01302+00	\N	Active
4486	610	54	UG/124/039/24112555	924	24	1	1	1	1	-0.45867	31.40991	2025-03-24 17:01:47.061352+00	\N	Active
4492	612	53	UG/124/038/24112557	775	24	1	1	1	5	-0.442881	31.54827	2025-03-24 17:01:47.070619+00	\N	Active
4477	607	13	UG/119/012/24112551	345	19	1	1	1	9	0.19369	32.36983	2025-03-24 17:01:47.045807+00	\N	Active
4476	607	71	UG/119/049/24112551	669	19	1	1	1	13	0.197368	32.65489	2025-03-24 17:01:47.044141+00	\N	Active
4474	605	21	UG/412/018/24112549	720	120	1	1	1	12	0.68651	32.67442	2025-03-24 17:01:47.040397+00	\N	Active
4488	611	9	UG/124/08/24112556	440	24	1	1	1	9	-0.447345	31.542778	2025-03-24 17:01:47.06446+00	\N	Active
4454	597	39	UG/113/025/24112533	-130	13	1	1	1	12	0.3459	32.6603	2025-03-24 17:01:47.006212+00	\N	Active
4455	597	47	UG/113/032/24112533	-360	13	1	1	1	2	0.53385	32.2644	2025-03-24 17:01:47.007749+00	\N	Active
4491	612	8	UG/124/07/24112557	360	24	1	1	1	8	-0.4473	31.54483	2025-03-24 17:01:47.069123+00	\N	Active
4467	604	8	UG/122/07/24112544	584	22	1	1	1	8	0.25	31.86667	2025-03-24 17:01:47.028291+00	\N	Active
4501	614	420	UG/122/0407/24112559	1000	22	1	1	1	4	-0.16651	31.8346	2025-03-24 17:01:47.085655+00	\N	Active
4502	615	8	UG/102/07/24112560	1000	2	1	1	1	4	0.3456	23.667	2025-03-24 17:01:47.087267+00	\N	Active
4503	615	9	UG/221/08/24112560	1000	48	1	1	1	2	0.321	43	2025-03-24 17:01:47.088827+00	\N	Active
4513	620	37	UG/106/023/24112567	1000	6	1	1	1	11	0.20623	32.31383	2025-03-24 17:01:47.106107+00	\N	Active
4533	624	36	UG/205/022/24112573	1000	32	1	1	1	12	0.9825000167	33.76119995	2025-03-24 17:01:47.138866+00	\N	Active
4534	625	5	UG/109/04/24112575	1000	9	1	1	1	11	1.37848	32.41222	2025-03-24 17:01:47.140445+00	\N	Active
4535	626	17	UG/204/014/24112576	1000	31	1	1	1	12	0.593594	33.29406	2025-03-24 17:01:47.142061+00	\N	Active
4537	626	21	UG/204/018/24112576	1000	31	1	1	1	7	0.593594	33.29406	2025-03-24 17:01:47.145741+00	\N	Active
4538	626	31	UG/204/019/24112576	1000	31	1	1	1	8	0.50089	33.15131	2025-03-24 17:01:47.147349+00	\N	Active
4540	628	45	UG/420/030/24112579	1000	128	1	1	1	9	-0.35	30.3	2025-03-24 17:01:47.151011+00	\N	Active
4541	628	8	UG/420/07/24112579	1000	128	1	1	1	1	-3500	30.3	2025-03-24 17:01:47.152643+00	\N	Active
4542	628	53	UG/420/038/24112579	1000	128	1	1	1	14	-0.35	30.3	2025-03-24 17:01:47.154223+00	\N	Active
4543	628	10	UG/420/09/24112579	1000	128	1	1	1	5	-0.390011	30.33325	2025-03-24 17:01:47.155826+00	\N	Active
4544	628	9	UG/420/08/24112579	1000	128	1	1	1	4	0.35	30.3466	2025-03-24 17:01:47.157362+00	\N	Active
4546	630	2	UG/122/02/24112581	1000	22	1	1	1	5	-0.26367	31.67633	2025-03-24 17:01:47.161316+00	\N	Active
4553	633	18	UG/104/015/24112584	1000	4	1	1	1	6	0.64405	32.71041	2025-03-24 17:01:47.172321+00	\N	Active
4554	634	40	UG/104/026/24112585	1000	4	1	1	1	8	0.84278	32.51216	2025-03-24 17:01:47.173884+00	\N	Active
4555	634	458	UG/106/0444/24112585	1000	6	1	1	1	5	0.3801	32.0424	2025-03-24 17:01:47.175686+00	\N	Active
4556	634	11	UG/108/010/24112585	1000	8	1	1	1	8	0.40065	32.7854	2025-03-24 17:01:47.178013+00	\N	Active
4557	634	205	UG/108/0187/24112585	1000	8	1	1	1	14	0.40065	32.7854	2025-03-24 17:01:47.179882+00	\N	Active
4558	634	474	UG/108/0460/24112585	1000	8	1	1	1	8	0.40065	32.7854	2025-03-24 17:01:47.181459+00	\N	Active
4516	621	9	UG/122/008/24112568	20000	22	1	1	1	7	-0.062484	31.8181	2025-03-24 17:01:47.111484+00	\N	Active
4517	621	16	UG/122/013/24112568	2000	22	1	1	1	9	-0.06179	31.82395	2025-03-24 17:01:47.113107+00	\N	Active
4518	621	10	UG/122/009/24112568	18800	22	1	1	1	10	-0.06008	31.82121	2025-03-24 17:01:47.114488+00	\N	Active
4519	621	2	UG/122/02/24112568	-500	22	1	1	1	2	-0.0497871	31.7449797	2025-03-24 17:01:47.116042+00	\N	Active
4510	619	48	UG/122/033/24112566	19850	22	1	1	1	3	-0.180263	31.839711	2025-03-24 17:01:47.101497+00	\N	Active
4532	624	54	UG/205/039/24112573	-250	32	1	1	1	14	0.9825	33.7612	2025-03-24 17:01:47.137291+00	\N	Active
4547	631	38	UG/104/024/24112582	19985	4	1	1	1	12	0.8492	32.4731	2025-03-24 17:01:47.163086+00	\N	Active
4504	616	36	UG/113/022/24112561	180.5	13	1	1	1	5	0.4974684	32.2483	2025-03-24 17:01:47.090313+00	\N	Active
4514	620	1	UG/106/01/24112567	490	6	1	1	1	10	0.301905	32.55842	2025-03-24 17:01:47.107695+00	\N	Active
4505	617	8	UG/122/07/24112562	-1002	22	1	1	1	2	-0.107116	31.72027	2025-03-24 17:01:47.091866+00	\N	Active
4523	622	13	UG/119/012/24112569	1350	19	1	1	1	6	0.2624	32.2243	2025-03-24 17:01:47.12234+00	\N	Active
4531	623	11	UG/106/010/24112572	400	6	1	1	1	6	0.2274	32.3249	2025-03-24 17:01:47.135617+00	\N	Active
4545	629	1	UG/113/01/24112580	910	13	1	1	1	2	0.52047	32.393531	2025-03-24 17:01:47.159114+00	\N	Active
4552	633	482	UG/104/467/24112584	885	4	1	1	1	9	0.68765	32.60467	2025-03-24 17:01:47.170836+00	\N	Active
4521	622	458	UG/119/0444/24112569	-1240	19	1	1	1	11	0.3833	32.2167	2025-03-24 17:01:47.119299+00	\N	Active
4526	623	53	UG/106/038/24112572	-20	6	1	1	1	3	0.2274	32.3249	2025-03-24 17:01:47.127178+00	\N	Active
4530	623	8	UG/122/07/24112572	-4000	22	1	1	1	14	0.192788	31.84528	2025-03-24 17:01:47.13405+00	\N	Active
4536	626	49	UG/204/034/24112576	-20000	31	1	1	1	1	0.59943	33.29406	2025-03-24 17:01:47.14394+00	\N	Active
4507	619	10	UG/122/09/24112566	17959	22	1	1	1	14	-0.180263	31.839711	2025-03-24 17:01:47.095823+00	\N	Active
4512	620	2	UG/106/002/24112567	-38	6	1	1	1	9	0.272	32.211	2025-03-24 17:01:47.104536+00	\N	Active
4508	619	8	UG/122/07/24112566	20000	22	1	1	1	10	-0.180263	31.839711	2025-03-24 17:01:47.097309+00	\N	Active
4551	632	71	UG/119/049/24112583	19970	19	1	1	1	11	0.076904	31.93725	2025-03-24 17:01:47.169178+00	\N	Active
4511	619	50	UG/122/035/24112566	20000	22	1	1	1	4	-0.4744666	31.38999	2025-03-24 17:01:47.103013+00	\N	Active
4506	618	13	UG/106/012/24112563	392.5	6	1	1	1	14	0.1428221	32.2277	2025-03-24 17:01:47.094132+00	\N	Active
4515	620	8	UG/106/07/24112567	-50	6	1	1	1	6	0.20623	32.31383	2025-03-24 17:01:47.109284+00	\N	Active
4522	622	71	UG/119/049/24112569	898	19	1	1	1	2	0.2624	32.2243	2025-03-24 17:01:47.120819+00	\N	Active
4549	632	384	UG/119/0371/24112583	20000	19	1	1	1	6	0.14657	32.22514	2025-03-24 17:01:47.165972+00	\N	Active
4527	623	9	UG/106/08/24112572	105	6	1	1	1	4	0.2274	32.3249	2025-03-24 17:01:47.129132+00	\N	Active
4550	632	13	UG/119/012/24112583	18055	19	1	1	1	8	0.1205	32.178955	2025-03-24 17:01:47.167569+00	\N	Active
4509	619	9	UG/122/08/24112566	19889	22	1	1	1	4	-0.180263	31.839711	2025-03-24 17:01:47.099799+00	\N	Active
4539	627	8	UG/113/07/24112577	19880	13	1	1	1	10	0.6	30.3	2025-03-24 17:01:47.149074+00	\N	Active
4520	622	48	UG/119/033/24112569	760	19	1	1	1	2	0.3833	32.2167	2025-03-24 17:01:47.11761+00	\N	Active
4525	623	39	UG/106/025/24112572	160	6	1	1	1	9	0.2274	32.3249	2025-03-24 17:01:47.125392+00	\N	Active
4528	623	21	UG/106/018/24112572	305	6	1	1	1	11	0.2274	32.3249	2025-03-24 17:01:47.130907+00	\N	Active
4559	634	9	UG/108/08/24112585	1000	8	1	1	1	14	0.40065	32.7854	2025-03-24 17:01:47.182795+00	\N	Active
4560	635	9	UG/106/08/24112586	1000	6	1	1	1	14	0.10407	32.21792	2025-03-24 17:01:47.184169+00	\N	Active
4561	635	53	UG/106/038/24112586	1000	6	1	1	1	9	0.10407	32.21792	2025-03-24 17:01:47.185793+00	\N	Active
4563	635	50	UG/106/035/24112586	1000	6	1	1	1	5	0.10407	32.21792	2025-03-24 17:01:47.188778+00	\N	Active
4565	635	47	UG/106/032/24112586	1000	6	1	1	1	7	0.10407	32.21792	2025-03-24 17:01:47.191871+00	\N	Active
4569	637	40	UG/112/026/24112588	1000	12	1	1	1	11	0.581701	33.029418	2025-03-24 17:01:47.199764+00	\N	Active
4570	638	8	UG/404/07/24112589	1000	112	1	1	1	5	0.581701	33.029418	2025-03-24 17:01:47.201139+00	\N	Active
4571	639	47	UG/418/032/24112590	1000	126	1	1	1	3	0.480032	30.360528	2025-03-24 17:01:47.203029+00	\N	Active
4572	639	10	UG/418/09/24112590	1000	126	1	1	1	13	0.480032	30.360528	2025-03-24 17:01:47.204634+00	\N	Active
4578	643	2	UG/127/02/24112594	1000	27	1	1	1	1	0.354336	31.78213	2025-03-24 17:01:47.21519+00	\N	Active
4586	648	21	UG/224/018/24112599	1000	51	1	1	1	3	0.32578	31.357855	2025-03-24 17:01:47.229005+00	\N	Active
4589	650	271	UG/118/0255/24112601	1000	18	1	1	1	1	0.162563	31.693775	2025-03-24 17:01:47.233936+00	\N	Active
4591	651	45	UG/117/030/24112602	1000	17	1	1	1	6	0.3028	32.9924	2025-03-24 17:01:47.237229+00	\N	Active
4596	654	13	UG/119/012/24112605	1000	19	1	1	1	3	0.21895	32.05841	2025-03-24 17:01:47.246487+00	\N	Active
4597	654	16	UG/119/013/24112605	1000	19	1	1	1	6	0.21895	32.05841	2025-03-24 17:01:47.248603+00	\N	Active
4598	655	2	UG/116/02/24112607	1000	16	1	1	1	3	0.6874	32.3656	2025-03-24 17:01:47.250095+00	\N	Active
4600	657	3	UG/406/03/24112609	1000	114	1	1	1	14	0.16755	30.0734	2025-03-24 17:01:47.2528+00	\N	Active
4601	658	16	UG/119/013/24112610	1000	19	1	1	1	3	0.17273	32.10337	2025-03-24 17:01:47.254386+00	\N	Active
4602	658	39	UG/431/025/24112610	1000	139	1	1	1	3	0.4833	30.204	2025-03-24 17:01:47.256094+00	\N	Active
4603	659	45	UG/124/030/24112611	1000	24	1	1	1	13	0.2359	31.2459	2025-03-24 17:01:47.257775+00	\N	Active
4608	660	21	UG/431/018/24112619	1000	139	1	1	1	5	0.4833	30.204	2025-03-24 17:01:47.26693+00	\N	Active
4611	662	9	UG/106/08/24112622	1000	6	1	1	1	10	0.030212	32.06085	2025-03-24 17:01:47.271176+00	\N	Active
4587	648	39	UG/211/025/24112599	3710	38	1	1	1	10	1.76667	33.6667	2025-03-24 17:01:47.23079+00	\N	Active
4604	659	9	UG/124/08/24112611	17	24	1	1	1	7	0.2359	31.2459	2025-03-24 17:01:47.259798+00	\N	Active
4588	649	8	UG/122/07/24112600	10500	22	1	1	1	11	31.846783	194306	2025-03-24 17:01:47.232517+00	\N	Active
3829	265	1	UG/113/01/101	995	13	1	1	1	5	0.5541	32.2507	2025-03-24 17:01:45.932343+00	\N	Active
4567	635	8	UG/106/07/24112586	-198	6	1	1	1	6	0.1658	32.32764	2025-03-24 17:01:47.195868+00	\N	Active
4594	652	10	UG/105/09/24112603	-180	5	1	1	1	1	0.18895	31.84679	2025-03-24 17:01:47.242572+00	\N	Active
4592	652	16	UG/105/013/24112603	-508	5	1	1	1	9	0.18895	31.84679	2025-03-24 17:01:47.239131+00	\N	Active
4616	663	71	UG/106/049/24112624	568	6	1	1	1	1	0.11234	32.66234	2025-03-24 17:01:47.280017+00	\N	Active
4615	663	13	UG/106/012/24112624	-40	6	1	1	1	14	0.13214	32.6867	2025-03-24 17:01:47.278237+00	\N	Active
4599	656	2	UG/107/02/24112608	-30	7	1	1	1	12	0.55538	31.38856	2025-03-24 17:01:47.251483+00	\N	Active
4583	645	39	UG/224/025/24112596	-60	51	1	1	1	3	0.351	33.0523	2025-03-24 17:01:47.222678+00	\N	Active
4585	647	2	UG/113/02/24112598	-168	13	1	1	1	7	0.4040530026	32.35174179	2025-03-24 17:01:47.225997+00	\N	Active
4607	659	10	UG/124/09/24112611	-1878	24	1	1	1	6	0.2359	31.2459	2025-03-24 17:01:47.265293+00	\N	Active
4609	660	47	UG/431/032/24112619	930	139	1	1	1	14	0.4833	30.204	2025-03-24 17:01:47.268364+00	\N	Active
4574	640	9	UG/431/08/24112591	4512	139	1	1	1	5	0.339221	30.291387	2025-03-24 17:01:47.207816+00	\N	Active
4577	642	3	UG/104/03/24112593	19960	4	1	1	1	3	0.6752	32.713	2025-03-24 17:01:47.213563+00	\N	Active
4584	646	47	UG/227/032/24112597	-520	54	1	1	1	5	1.06561	33.8365	2025-03-24 17:01:47.22429+00	\N	Active
4579	644	115	UG/105/094/24112595	2810	5	1	1	1	4	0.3652999997	31.84737968	2025-03-24 17:01:47.216567+00	\N	Active
4576	641	2	UG/106/02/24112592	880	6	1	1	1	14	0.26845	32.32556	2025-03-24 17:01:47.211972+00	\N	Active
4568	636	16	UG/106/013/24112587	19000	6	1	1	1	6	0.2274	32.3275	2025-03-24 17:01:47.198388+00	\N	Active
4613	662	48	UG/106/033/24112622	850	6	1	1	1	2	-0.024719	32.1597	2025-03-24 17:01:47.274297+00	\N	Active
4612	662	8	UG/106/07/24112622	750	6	1	1	1	9	-0.01098	32.093811	2025-03-24 17:01:47.272728+00	\N	Active
4614	662	10	UG/106/09/24112622	350	6	1	1	1	12	0.07561	31.96973	2025-03-24 17:01:47.275985+00	\N	Active
4581	644	16	UG/105/013/24112595	2570	5	1	1	1	2	0.3653	31.84738	2025-03-24 17:01:47.219419+00	\N	Active
4590	651	48	UG/117/033/24112602	-90	17	1	1	1	14	0.3028	32.9924	2025-03-24 17:01:47.235433+00	\N	Active
4562	635	115	UG/106/094/24112586	212	6	1	1	1	12	0.10407	32.21792	2025-03-24 17:01:47.187349+00	\N	Active
4605	659	8	UG/124/07/24112611	-20	24	1	1	1	2	0.2359	31.2459	2025-03-24 17:01:47.261979+00	\N	Active
4566	635	48	UG/106/033/24112586	-500	6	1	1	1	4	0.10407	32.21792	2025-03-24 17:01:47.193955+00	\N	Active
4606	659	16	UG/119/013/24112611	-280	19	1	1	1	11	0.17273	32.10337	2025-03-24 17:01:47.26366+00	\N	Active
4580	644	8	UG/105/07/24112595	2620	5	1	1	1	6	0.3653	31.84738	2025-03-24 17:01:47.217971+00	\N	Active
4575	640	10	UG/431/09/24112591	19219	139	1	1	1	8	0.339221	30.291387	2025-03-24 17:01:47.209797+00	\N	Active
4610	661	21	UG/102/018/24112620	20000	2	1	1	1	7	0.30246	32.57393	2025-03-24 17:01:47.269775+00	\N	Active
4626	669	296	UG/403/0280/24112631	1000	111	1	1	1	1	1.476	31.318	2025-03-24 17:01:47.314231+00	\N	Active
4627	669	52	UG/403/037/24112631	1000	111	1	1	1	11	1.475999951	31.31800079	2025-03-24 17:01:47.315825+00	\N	Active
4628	669	483	UG/403/0468/24112631	1000	111	1	1	1	14	1.4372	31.372	2025-03-24 17:01:47.317511+00	\N	Active
4631	670	290	UG/403/0274/24112633	1000	111	1	1	1	5	1.56183	31.48621	2025-03-24 17:01:47.322159+00	\N	Active
4638	672	272	UG/102/0256/24112635	1000	2	1	1	1	6	0.31393	32.67155	2025-03-24 17:01:47.335012+00	\N	Active
4655	681	5	UG/214/04/24112646	1000	41	1	1	1	7	0.456289	33.480389	2025-03-24 17:01:47.364067+00	\N	Active
4661	683	45	UG/103/030/24112648	1000	3	1	1	1	5	0.4122	32.022	2025-03-24 17:01:47.373027+00	\N	Active
4662	683	10	UG/418/09/24112648	1000	126	1	1	1	3	-0.654223	31.056442	2025-03-24 17:01:47.374628+00	\N	Active
4663	683	48	UG/110/033/24112648	1000	10	1	1	1	3	-0.654223	31.387038	2025-03-24 17:01:47.376413+00	\N	Active
4664	683	10	UG/110/09/24112648	1000	10	1	1	1	5	-0.654223	31.387038	2025-03-24 17:01:47.378565+00	\N	Active
4665	683	9	UG/110/08/24112648	1000	10	1	1	1	12	-0.654223	31.387038	2025-03-24 17:01:47.380365+00	\N	Active
4668	684	9	UG/112/08/24112649	1000	12	1	1	1	13	0.7025	32.88861	2025-03-24 17:01:47.385069+00	\N	Active
4669	684	40	UG/112/026/24112649	1000	12	1	1	1	3	0.7025	32.88861	2025-03-24 17:01:47.386769+00	\N	Active
4670	685	7	UG/117/06/24112650	1000	17	1	1	1	7	0.3012	0.3012	2025-03-24 17:01:47.388212+00	\N	Active
4671	685	455	UG/117/0441/24112650	1000	17	1	1	1	9	0.3012	33.05184	2025-03-24 17:01:47.389635+00	\N	Active
4672	686	2	UG/104/02/24112651	1000	4	1	1	1	14	0.61	32.475	2025-03-24 17:01:47.390916+00	\N	Active
4673	686	3	UG/104/03/24112651	1000	4	1	1	1	14	0.61	32.475	2025-03-24 17:01:47.39267+00	\N	Active
4674	687	1	UG/104/01/24112652	1000	4	1	1	1	11	0.6231	32.4561	2025-03-24 17:01:47.395171+00	\N	Active
4659	682	37	UG/224/023/24112647	20000	51	1	1	1	13	0.661094	33.518988	2025-03-24 17:01:47.370308+00	\N	Active
4646	676	48	UG/110/033/24112639	900	10	1	1	1	13	0.710784	31.40605	2025-03-24 17:01:47.348763+00	\N	Active
4648	676	10	UG/110/09/24112639	-1840	10	1	1	1	11	0.710784	31.40605	2025-03-24 17:01:47.351949+00	\N	Active
4649	677	16	UG/126/013/24112640	-800	26	1	1	1	3	0.43452	33.77815	2025-03-24 17:01:47.353459+00	\N	Active
4644	675	8	UG/106/07/24112638	1400	6	1	1	1	8	0.12081	32.18178	2025-03-24 17:01:47.344907+00	\N	Active
4619	666	54	UG/212/039/24112628	12604.6796875	39	1	1	1	11	0.74647	34.18935	2025-03-24 17:01:47.284604+00	\N	Active
4647	676	9	UG/110/08/24112639	406	10	1	1	1	6	0.710784	31.40605	2025-03-24 17:01:47.350458+00	\N	Active
4637	672	69	UG/102/047/24112635	988	2	1	1	1	5	0.31362	32.67155	2025-03-24 17:01:47.333392+00	\N	Active
4622	668	303	UG/104/0287/24112630	20000	4	1	1	1	3	0.614019	32.031705	2025-03-24 17:01:47.289117+00	\N	Active
4633	671	456	UG/403/0442/24112634	20000	111	1	1	1	13	1.50951	31.22816	2025-03-24 17:01:47.326105+00	\N	Active
4623	668	75	UG/104/053/24112630	19996	4	1	1	1	1	0.64352	32.52479	2025-03-24 17:01:47.306955+00	\N	Active
4621	667	13	UG/108/012/24112629	44232	8	1	1	1	4	0.18267	32.70087	2025-03-24 17:01:47.287332+00	\N	Active
4639	673	262	UG/404/0246/24112636	19280	112	1	1	1	9	-1.73638	30.12614	2025-03-24 17:01:47.336569+00	\N	Active
4635	672	21	UG/102/018/24112635	19205	2	1	1	1	1	0.31361	32.67155	2025-03-24 17:01:47.330251+00	\N	Active
4634	671	1	UG/403/01/24112634	20000	111	1	1	1	4	1.50951	31.22061	2025-03-24 17:01:47.328426+00	\N	Active
4657	682	73	UG/224/051/24112647	20000	51	1	1	1	8	0.96064	33.63662	2025-03-24 17:01:47.367256+00	\N	Active
4624	668	351	UG/104/0337/24112630	19319	4	1	1	1	14	0.6435199976	32.52479172	2025-03-24 17:01:47.310487+00	\N	Active
4645	675	48	UG/106/033/24112638	1150	6	1	1	1	10	0.12081	32.18178	2025-03-24 17:01:47.346754+00	\N	Active
4636	672	74	UG/102/052/24112635	720	2	1	1	1	14	0.3136099875	32.67155075	2025-03-24 17:01:47.33179+00	\N	Active
4666	684	13	UG/112/012/24112649	-330	12	1	1	1	5	0.7025	32.88861	2025-03-24 17:01:47.381884+00	\N	Active
4667	684	16	UG/112/013/24112649	300	12	1	1	1	5	0.7025	32.88861	2025-03-24 17:01:47.383489+00	\N	Active
4642	675	115	UG/106/094/24112638	2000	6	1	1	1	12	0.12081	32.18178	2025-03-24 17:01:47.340997+00	\N	Active
4620	666	43	UG/212/028/24112628	44695	39	1	1	1	9	0.7504400015	34.18753052	2025-03-24 17:01:47.286001+00	\N	Active
4656	682	47	UG/224/032/24112647	19420	51	1	1	1	3	0.661094	33.518988	2025-03-24 17:01:47.365663+00	\N	Active
4651	679	8	UG/121/07/24112643	-1000	21	1	1	1	1	0.22417	32.0508	2025-03-24 17:01:47.356382+00	\N	Active
4625	669	68	UG/403/046/24112631	700	111	1	1	1	5	1.476	31.318	2025-03-24 17:01:47.312514+00	\N	Active
4640	673	261	UG/404/0245/24112636	18330	112	1	1	1	5	-1.73638	30.12614	2025-03-24 17:01:47.338049+00	\N	Active
4650	678	21	UG/115/018/24112641	-200	15	1	1	1	3	0.4174999893	32.02278137	2025-03-24 17:01:47.35499+00	\N	Active
4632	671	54	UG/403/039/24112634	20000	111	1	1	1	3	1.505280018	31.22059059	2025-03-24 17:01:47.323535+00	\N	Active
4630	670	286	UG/403/0270/24112633	816	111	1	1	1	10	1.56132	31.48861	2025-03-24 17:01:47.320614+00	\N	Active
4658	682	39	UG/224/025/24112647	20000	51	1	1	1	10	0.661094	33.518988	2025-03-24 17:01:47.368754+00	\N	Active
4660	682	290	UG/224/0274/24112647	20000	51	1	1	1	1	0.661094	33.518988	2025-03-24 17:01:47.371755+00	\N	Active
4629	669	19	UG/403/016/24112631	19444	111	1	1	1	13	1.433300018	31.33300018	2025-03-24 17:01:47.319163+00	\N	Active
4643	675	16	UG/106/013/24112638	-400	6	1	1	1	11	0.12081	32.18178	2025-03-24 17:01:47.342676+00	\N	Active
4617	664	40	UG/104/026/24112625	319	4	1	1	1	6	0.833	32.3292	2025-03-24 17:01:47.281526+00	\N	Active
4675	688	2	UG/104/02/24112653	1000	4	1	1	1	11	0.5834	32.416	2025-03-24 17:01:47.396879+00	\N	Active
4676	689	3	UG/113/03/24112654	1000	13	1	1	1	14	0.5721	32.4123	2025-03-24 17:01:47.399095+00	\N	Active
4677	689	2	UG/104/02/24112654	1000	4	1	1	1	11	0.5721	32.4123	2025-03-24 17:01:47.400762+00	\N	Active
4678	690	2	UG/113/02/24112655	1000	13	1	1	1	14	0.5467	32.2387	2025-03-24 17:01:47.402469+00	\N	Active
4679	690	3	UG/113/03/24112655	1000	13	1	1	1	12	0.5467	32.2387	2025-03-24 17:01:47.404152+00	\N	Active
4680	691	3	UG/113/03/24112656	1000	13	1	1	1	7	0.5562	32.2478	2025-03-24 17:01:47.406134+00	\N	Active
4681	692	2	UG/113/02/24112657	1000	13	1	1	1	1	0.678	32.3456	2025-03-24 17:01:47.407972+00	\N	Active
4682	693	2	UG/113/02/24112658	1000	13	1	1	1	1	0.67453	32.35672	2025-03-24 17:01:47.410391+00	\N	Active
4683	694	13	UG/106/012/24112659	1000	6	1	1	1	8	0.018116	32.2564	2025-03-24 17:01:47.412432+00	\N	Active
4684	694	39	UG/106/025/24112659	1000	6	1	1	1	14	0.018116	32.2564	2025-03-24 17:01:47.414208+00	\N	Active
4685	694	8	UG/106/07/24112659	1000	6	1	1	1	13	0.018116	32.2564	2025-03-24 17:01:47.415853+00	\N	Active
4686	694	16	UG/106/013/24112659	1000	6	1	1	1	11	0.018116	32.2564	2025-03-24 17:01:47.417458+00	\N	Active
4687	695	9	UG/413/08/24112660	1000	121	1	1	1	5	0.2905	30.5764	2025-03-24 17:01:47.419697+00	\N	Active
4688	695	8	UG/413/07/24112660	1000	121	1	1	1	13	0.2905	30.5764	2025-03-24 17:01:47.42149+00	\N	Active
4689	695	10	UG/413/09/24112660	1000	121	1	1	1	11	0.2905	30.5764	2025-03-24 17:01:47.422958+00	\N	Active
4690	696	3	UG/403/03/24112661	1000	111	1	1	1	9	1.4426333	31.0486267	2025-03-24 17:01:47.424426+00	\N	Active
4691	696	2	UG/403/02/24112661	1000	111	1	1	1	5	1.4426333	31.0486267	2025-03-24 17:01:47.426205+00	\N	Active
4692	697	8	UG/104/07/24112662	1000	4	1	1	1	13	0.8486868	32.58462196	2025-03-24 17:01:47.428908+00	\N	Active
4693	697	45	UG/104/030/24112662	1000	4	1	1	1	13	0.8486868	32.58462196	2025-03-24 17:01:47.43069+00	\N	Active
4694	697	10	UG/104/09/24112662	1000	4	1	1	1	11	0.8486868	32.58462196	2025-03-24 17:01:47.432385+00	\N	Active
4695	698	8	UG/106/07/24112663	1000	6	1	1	1	7	0.3948	32.2768	2025-03-24 17:01:47.433967+00	\N	Active
4696	698	10	UG/106/09/24112663	1000	6	1	1	1	12	0.3948	32.2768	2025-03-24 17:01:47.435633+00	\N	Active
4697	698	47	UG/106/032/24112663	1000	6	1	1	1	7	0.3948	32.2768	2025-03-24 17:01:47.437315+00	\N	Active
4699	700	45	UG/122/030/24112666	1000	22	1	1	1	10	0.24806	31.8664	2025-03-24 17:01:47.440272+00	\N	Active
4700	700	16	UG/122/013/24112666	1000	22	1	1	1	14	0.24806	31.8664	2025-03-24 17:01:47.44169+00	\N	Active
4701	701	48	UG/122/033/24112667	1000	22	1	1	1	9	0.5096	32.3105	2025-03-24 17:01:47.443359+00	\N	Active
4702	701	10	UG/122/09/24112667	1000	22	1	1	1	5	0.5096	32.3105	2025-03-24 17:01:47.445737+00	\N	Active
4703	702	11	UG/115/010/24112668	1000	15	1	1	1	4	0.43114	32.106768	2025-03-24 17:01:47.44805+00	\N	Active
4704	702	40	UG/115/026/24112668	1000	15	1	1	1	14	0.43114	32.106768	2025-03-24 17:01:47.450197+00	\N	Active
4705	702	9	UG/115/08/24112668	1000	15	1	1	1	11	0.43114	32.106768	2025-03-24 17:01:47.451884+00	\N	Active
4706	702	457	UG/115/0443/24112668	1000	15	1	1	1	3	0.43114	32.106768	2025-03-24 17:01:47.453725+00	\N	Active
4707	702	16	UG/115/013/24112668	1000	15	1	1	1	10	0.43114	32.106768	2025-03-24 17:01:47.455675+00	\N	Active
4708	702	10	UG/115/09/24112668	1000	15	1	1	1	3	0.43114	32.106768	2025-03-24 17:01:47.457327+00	\N	Active
4709	702	45	UG/115/030/24112668	1000	15	1	1	1	7	0.43114	32.106768	2025-03-24 17:01:47.458985+00	\N	Active
4714	704	45	UG/115/030/24112671	1000	15	1	1	1	8	0.43114	32.106768	2025-03-24 17:01:47.469205+00	\N	Active
4715	704	40	UG/115/026/24112671	1000	15	1	1	1	5	0.43114	32.106768	2025-03-24 17:01:47.470835+00	\N	Active
4716	704	456	UG/115/0442/24112671	1000	15	1	1	1	2	0.43114	32.106768	2025-03-24 17:01:47.472569+00	\N	Active
4717	704	16	UG/115/013/24112671	1000	15	1	1	1	9	0.43114	32.106768	2025-03-24 17:01:47.474222+00	\N	Active
4718	704	11	UG/115/010/24112671	1000	15	1	1	1	1	0.43114	32.106768	2025-03-24 17:01:47.475789+00	\N	Active
4719	704	9	UG/115/08/24112671	1000	15	1	1	1	1	0.43114	32.106768	2025-03-24 17:01:47.478088+00	\N	Active
4720	704	10	UG/115/09/24112671	1000	15	1	1	1	7	0.43114	32.106768	2025-03-24 17:01:47.480115+00	\N	Active
4721	705	17	UG/406/014/24112675	1000	114	1	1	1	9	0.1424	30.0701	2025-03-24 17:01:47.481778+00	\N	Active
4722	705	21	UG/406/018/24112675	1000	114	1	1	1	10	0.1424	30.0701	2025-03-24 17:01:47.483462+00	\N	Active
4723	706	71	UG/215/049/24112676	1000	42	1	1	1	10	1.23134	32.24775	2025-03-24 17:01:47.485095+00	\N	Active
4724	707	73	UG/224/051/24112677	1000	51	1	1	1	9	0.96064	33.63662	2025-03-24 17:01:47.486732+00	\N	Active
4725	707	39	UG/224/025/24112677	1000	51	1	1	1	11	0.8311	33.68611	2025-03-24 17:01:47.488326+00	\N	Active
4726	708	53	UG/119/038/24112678	1000	19	1	1	1	7	-0.1833	32.1333	2025-03-24 17:01:47.489995+00	\N	Active
4727	708	21	UG/112/018/24112678	1000	12	1	1	1	10	0.7331	32.8889	2025-03-24 17:01:47.491601+00	\N	Active
4728	708	40	UG/112/026/24112678	1000	12	1	1	1	11	0.7025	32.8882	2025-03-24 17:01:47.493146+00	\N	Active
4729	709	13	UG/121/012/24112679	1000	21	1	1	1	2	0.20017	31.75023	2025-03-24 17:01:47.495295+00	\N	Active
4730	709	48	UG/121/033/24112679	1000	21	1	1	1	1	0.20017	31.75023	2025-03-24 17:01:47.497397+00	\N	Active
4731	709	47	UG/121/032/24112679	1000	21	1	1	1	9	0.20017	31.75023	2025-03-24 17:01:47.500428+00	\N	Active
4732	709	8	UG/121/07/24112679	1000	21	1	1	1	14	0.20017	31.75023	2025-03-24 17:01:47.502429+00	\N	Active
4710	703	21	UG/409/018/24112670	19728	117	1	1	1	2	1.6833	31.7333	2025-03-24 17:01:47.461958+00	\N	Active
4711	703	16	UG/409/013/24112670	20000	117	1	1	1	5	1.6833	31.7333	2025-03-24 17:01:47.46425+00	\N	Active
4698	699	8	UG/411/07/24112665	-100	119	1	1	1	14	1.126027302	17.92017	2025-03-24 17:01:47.438839+00	\N	Active
4713	703	1	UG/409/01/24112670	19128	117	1	1	1	6	1.88403	31.81209	2025-03-24 17:01:47.467671+00	\N	Active
4736	712	484	UG/122/0469/24112686	1000	22	1	1	1	1	-0.10574	31.75392	2025-03-24 17:01:47.510746+00	\N	Active
4738	713	36	UG/205/022/24112687	1000	32	1	1	1	12	0.8568	33.2397	2025-03-24 17:01:47.514387+00	\N	Active
4742	716	453	UG/113/0439/24112690	1000	13	1	1	1	9	0.39945	32.54725	2025-03-24 17:01:47.522025+00	\N	Active
4743	716	176	UG/113/0157/24112690	1000	13	1	1	1	10	0.39953	32.54703	2025-03-24 17:01:47.523642+00	\N	Active
4744	716	420	UG/113/0407/24112690	1000	13	1	1	1	12	0.39988	32.54742	2025-03-24 17:01:47.525315+00	\N	Active
4749	718	48	UG/118/033/24112692	1000	18	1	1	1	5	-0.1902	31.6722	2025-03-24 17:01:47.535679+00	\N	Active
4750	718	53	UG/118/038/24112692	1000	18	1	1	1	3	-0.19535	31.67083	2025-03-24 17:01:47.537414+00	\N	Active
4751	718	8	UG/118/07/24112692	1000	18	1	1	1	4	-0.19741	31.67221	2025-03-24 17:01:47.539036+00	\N	Active
4752	718	45	UG/118/030/24112692	1000	18	1	1	1	10	-0.16994	31.6365	2025-03-24 17:01:47.540746+00	\N	Active
4753	719	3	UG/428/03/24112693	1000	136	1	1	1	7	0.93928	31.294555	2025-03-24 17:01:47.54255+00	\N	Active
4754	720	3	UG/107/03/24112694	1000	7	1	1	1	4	0.514633	31.3312	2025-03-24 17:01:47.54513+00	\N	Active
4760	722	17	UG/113/014/24112698	1000	13	1	1	1	10	0.23763	32.4783	2025-03-24 17:01:47.55597+00	\N	Active
4766	724	2	UG/411/02/24112706	1000	119	1	1	1	7	-0.7810345	30.1599246	2025-03-24 17:01:47.567949+00	\N	Active
4769	726	2	UG/411/02/24112708	1000	119	1	1	1	10	-0.8105632	30.066844	2025-03-24 17:01:47.5731+00	\N	Active
4770	727	418	UG/404/0405/24112709	1000	112	1	1	1	9	-1.318243	30.020141	2025-03-24 17:01:47.575004+00	\N	Active
4771	727	420	UG/404/0407/24112709	1000	112	1	1	1	3	-1.35359	30.04177	2025-03-24 17:01:47.577579+00	\N	Active
4784	731	21	UG/124/018/24112713	1000	24	1	1	1	3	-0.4442551	31.540718	2025-03-24 17:01:47.604518+00	\N	Active
4745	716	61	UG/113/042/24112690	3000	13	1	1	1	5	0.40031	32.54768	2025-03-24 17:01:47.528071+00	\N	Active
4733	710	8	UG/411/07/24112680	-80000	119	1	1	1	6	0.34567	32.78665	2025-03-24 17:01:47.504197+00	\N	Active
4739	714	21	UG/102/018/24112688	20000	2	1	1	1	14	0.283669	32.582616	2025-03-24 17:01:47.516165+00	\N	Active
4763	723	9	UG/431/08/24112701	1460	139	1	1	1	10	0.48331	30.20403	2025-03-24 17:01:47.562347+00	\N	Active
4787	733	418	UG/102/0405/24112715	350	2	1	1	1	14	0.27912	32.591285	2025-03-24 17:01:47.61031+00	\N	Active
4778	729	265	UG/429/0249/24112711	19492	137	1	1	1	9	-1.2167	34.3667	2025-03-24 17:01:47.591152+00	\N	Active
4779	729	46	UG/404/031/24112711	11606.6796875	112	1	1	1	3	-0.664184	30.702854	2025-03-24 17:01:47.593515+00	\N	Active
4735	711	10	UG/118/09/24112681	23833	18	1	1	1	14	0.116636	31.560843	2025-03-24 17:01:47.508211+00	\N	Active
4775	728	115	UG/418/094/24112710	20000	126	1	1	1	5	-0.83165	31.026	2025-03-24 17:01:47.58586+00	\N	Active
4740	715	48	UG/110/033/24112689	19920	10	1	1	1	1	-0.6518	31.3773	2025-03-24 17:01:47.517842+00	\N	Active
4765	723	48	UG/431/033/24112701	1141	139	1	1	1	5	0.48331	30.20403	2025-03-24 17:01:47.56581+00	\N	Active
4783	730	1	UG/119/01/24112712	4850	19	1	1	1	1	-0.18357	3208224	2025-03-24 17:01:47.601553+00	\N	Active
4786	732	44	UG/116/029/24112714	12325.6796875	16	1	1	1	2	0.614019	32.031705	2025-03-24 17:01:47.608179+00	\N	Active
4781	730	16	UG/119/013/24112712	1700	19	1	1	1	1	0.1835	32.0822	2025-03-24 17:01:47.597334+00	\N	Active
4758	721	45	UG/105/030/24112695	20000	5	1	1	1	11	-0.166157	31.851125	2025-03-24 17:01:47.552781+00	\N	Active
4734	710	458	UG/411/0444/24112680	-50	119	1	1	1	5	0.34567	32.78665	2025-03-24 17:01:47.506218+00	\N	Active
4788	733	161	UG/102/0142/24112715	855	2	1	1	1	4	0.27912	32.591285	2025-03-24 17:01:47.612548+00	\N	Active
4756	721	48	UG/105/033/24112695	19900	5	1	1	1	1	-0.166157	31.851125	2025-03-24 17:01:47.549007+00	\N	Active
4747	717	16	UG/118/013/24112691	2000	18	1	1	1	4	-0.16307	31.6385	2025-03-24 17:01:47.531641+00	\N	Active
4746	717	47	UG/118/032/24112691	2000	18	1	1	1	11	-0.16582	31.6365	2025-03-24 17:01:47.529878+00	\N	Active
4737	712	47	UG/122/032/24112686	950	22	1	1	1	13	-0.220069	31.75083	2025-03-24 17:01:47.512462+00	\N	Active
4755	721	8	UG/105/07/24112695	18946	5	1	1	1	7	-0.166157	31.851125	2025-03-24 17:01:47.546822+00	\N	Active
4773	728	11	UG/410/010/24112710	18266	118	1	1	1	2	-0.83165	31.026	2025-03-24 17:01:47.581841+00	\N	Active
4764	723	11	UG/431/010/24112701	3000	139	1	1	1	8	0.48331	30.20403	2025-03-24 17:01:47.564003+00	\N	Active
4768	725	16	UG/106/013/24112707	804	6	1	1	1	11	0.092649	31.958298	2025-03-24 17:01:47.571457+00	\N	Active
4780	730	47	UG/119/032/24112712	1970	19	1	1	1	5	0.18357	32.0822	2025-03-24 17:01:47.595764+00	\N	Active
4757	721	9	UG/105/08/24112695	20000	5	1	1	1	12	-0.166157	31.851125	2025-03-24 17:01:47.55079+00	\N	Active
4772	727	36	UG/404/022/24112709	1145	112	1	1	1	2	-1.353252	30.0386	2025-03-24 17:01:47.579492+00	\N	Active
4767	725	9	UG/106/08/24112707	974	6	1	1	1	5	0.097899	31.985698	2025-03-24 17:01:47.569742+00	\N	Active
4785	731	47	UG/124/032/24112713	959	24	1	1	1	9	-0.44425	31.542434	2025-03-24 17:01:47.606219+00	\N	Active
4777	729	483	UG/429/468/24112711	20000	137	1	1	1	8	-1.2167	34.3667	2025-03-24 17:01:47.589252+00	\N	Active
4790	733	456	UG/102/0442/24112715	550	2	1	1	1	6	0.27912	32.591285	2025-03-24 17:01:47.61614+00	\N	Active
4762	723	8	UG/431/07/24112701	1280	139	1	1	1	4	0.48331	30.20403	2025-03-24 17:01:47.559675+00	\N	Active
4748	717	456	UG/118/0442/24112691	400	18	1	1	1	11	-0.1593	31.6365	2025-03-24 17:01:47.533549+00	\N	Active
4776	728	10	UG/418/09/24112710	14509	126	1	1	1	13	-0.933175	30.81016	2025-03-24 17:01:47.587497+00	\N	Active
4741	715	9	UG/110/08/24112689	19500	10	1	1	1	8	-0.6518	31.3773	2025-03-24 17:01:47.520197+00	\N	Active
4789	733	421	UG/102/0408/24112715	700	2	1	1	1	4	0.27912	32.591285	2025-03-24 17:01:47.61436+00	\N	Active
4774	728	9	UG/418/08/24112710	19880	126	1	1	1	12	-0.0933175	30.81016	2025-03-24 17:01:47.583755+00	\N	Active
4798	736	16	UG/122/013/24112722	1000	22	1	1	1	14	0.3566	30.955	2025-03-24 17:01:47.63166+00	\N	Active
4799	737	3	UG/113/003/24112727	1000	13	1	1	1	4	0.6667	32.345774	2025-03-24 17:01:47.633929+00	\N	Active
4800	738	38	UG/102/024/24112731	1000	2	1	1	1	5	0.2359	31.2459	2025-03-24 17:01:47.635572+00	\N	Active
4801	738	21	UG/102/018/24112731	1000	2	1	1	1	4	0.2359	31.2459	2025-03-24 17:01:47.637248+00	\N	Active
4804	741	8	UG/426/007/24112736	1000	134	1	1	1	3	0.345101	30.242001	2025-03-24 17:01:47.642693+00	\N	Active
4805	742	17	UG/204/014/24112737	1000	31	1	1	1	5	0.581701	33.029418	2025-03-24 17:01:47.645169+00	\N	Active
4806	743	16	UG/417/013/24112738	1000	125	1	1	1	14	0.130527	30.235907	2025-03-24 17:01:47.647319+00	\N	Active
4807	743	21	UG/417/018/24112738	1000	125	1	1	1	3	0.130527	30.235907	2025-03-24 17:01:47.649463+00	\N	Active
4808	743	39	UG/426/025/24112738	1000	134	1	1	1	11	0.130527	30.235907	2025-03-24 17:01:47.651005+00	\N	Active
4809	744	3	UG/415/003/24112739	1000	123	1	1	1	11	-0.212922	30.410186	2025-03-24 17:01:47.652924+00	\N	Active
4811	746	3	UG/331/003/24112741	1000	97	1	1	1	3	2.536086	32.356962	2025-03-24 17:01:47.65677+00	\N	Active
4812	747	3	UG/108/003/24112742	1000	8	1	1	1	2	0.53404	32.84846	2025-03-24 17:01:47.65852+00	\N	Active
4813	748	458	UG/106/0444/24112743	1000	6	1	1	1	6	-0.002014	32.0154	2025-03-24 17:01:47.660805+00	\N	Active
4814	749	8	UG/418/007/24112746	1000	126	1	1	1	1	0.64762	32.63472	2025-03-24 17:01:47.662683+00	\N	Active
4820	750	10	UG/119/009/24112747	1000	19	1	1	1	9	0.23859	32.161259	2025-03-24 17:01:47.67379+00	\N	Active
4823	750	458	UG/119/0444/24112747	1000	19	1	1	1	13	0.23859	32.161259	2025-03-24 17:01:47.680367+00	\N	Active
4838	756	115	UG/410/094/24112753	1000	118	1	1	1	8	0.3051	31.6586	2025-03-24 17:01:47.709807+00	\N	Active
4839	756	9	UG/410/008/24112753	1000	118	1	1	1	10	0.3051	31.6586	2025-03-24 17:01:47.712451+00	\N	Active
4841	758	13	UG/119/012/24112755	1000	19	1	1	1	5	0.22418	32.12917	2025-03-24 17:01:47.716615+00	\N	Active
4845	761	71	UG/125/049/24112759	1000	25	1	1	1	13	0.106	31.5459	2025-03-24 17:01:47.723057+00	\N	Active
4846	762	10	UG/122/009/24112760	1000	22	1	1	1	2	0.059	31.9832	2025-03-24 17:01:47.724656+00	\N	Active
4847	763	40	UG/115/026/24112761	1000	15	1	1	1	4	0.356727	32.25647	2025-03-24 17:01:47.72682+00	\N	Active
4848	763	8	UG/115/007/24112761	1000	15	1	1	1	6	0.341527	32.28297	2025-03-24 17:01:47.728937+00	\N	Active
4836	755	54	UG/415/039/24112752	905	123	1	1	1	3	0.30646	31.75025	2025-03-24 17:01:47.705312+00	\N	Active
4819	750	262	UG/119/0246/24112747	690	19	1	1	1	2	0.23859	32.161259	2025-03-24 17:01:47.671882+00	\N	Active
4794	734	8	UG/105/07/24112716	2000	5	1	1	1	8	-0.166157	31.851125	2025-03-24 17:01:47.622919+00	\N	Active
4826	750	9	UG/119/008/24112747	-100	19	1	1	1	1	0.23859	32.161259	2025-03-24 17:01:47.685663+00	\N	Active
4824	750	46	UG/119/031/24112747	-130	19	1	1	1	10	0.23859	32.161259	2025-03-24 17:01:47.6828+00	\N	Active
4816	750	5	UG/119/004/24112747	951	19	1	1	1	12	0.23859	32.161259	2025-03-24 17:01:47.666647+00	\N	Active
4818	750	40	UG/119/026/24112747	-280	19	1	1	1	2	0.23859	32.161259	2025-03-24 17:01:47.669911+00	\N	Active
4834	753	16	UG/420/013/24112750	18137	128	1	1	1	14	-0.69867	30.202904	2025-03-24 17:01:47.701656+00	\N	Active
4821	750	8	UG/119/007/24112747	530	19	1	1	1	5	0.23859	32.161259	2025-03-24 17:01:47.675732+00	\N	Active
4792	734	16	UG/105/013/24112716	0	5	1	1	1	10	-0.167125	31.850482	2025-03-24 17:01:47.619643+00	\N	Active
4817	750	50	UG/119/035/24112747	970	19	1	1	1	12	0.23859	32.161259	2025-03-24 17:01:47.668169+00	\N	Active
4844	761	13	UG/125/012/24112759	823	25	1	1	1	3	0.106	31.5459	2025-03-24 17:01:47.72131+00	\N	Active
4829	751	8	UG/122/007/24112748	-3000	22	1	1	1	3	0.57857	31.852958	2025-03-24 17:01:47.691078+00	\N	Active
4833	753	291	UG/103/0275/24112750	19765	3	1	1	1	11	-0.69867	30.202904	2025-03-24 17:01:47.700131+00	\N	Active
4822	750	13	UG/119/012/24112747	220	19	1	1	1	9	0.23859	32.161259	2025-03-24 17:01:47.678213+00	\N	Active
4830	752	8	UG/415/007/24112749	2606	123	1	1	1	4	0.06471	32.04762	2025-03-24 17:01:47.692902+00	\N	Active
4843	760	53	UG/106/038/24112757	804	6	1	1	1	1	0.0833	32	2025-03-24 17:01:47.719646+00	\N	Active
4802	739	16	UG/105/013/24112734	1470	5	1	1	1	8	-0.5075	31.7116	2025-03-24 17:01:47.63887+00	\N	Active
4832	753	48	UG/405/033/24112750	19854	113	1	1	1	8	-0.69867	30.202904	2025-03-24 17:01:47.698179+00	\N	Active
4795	734	10	UG/105/09/24112716	160	5	1	1	1	2	-0.16798	31.85081	2025-03-24 17:01:47.624998+00	\N	Active
4840	757	10	UG/106/009/24112754	0	6	1	1	1	3	0.1338	32.1929	2025-03-24 17:01:47.714795+00	\N	Active
4837	755	47	UG/415/032/24112752	824	123	1	1	1	6	0.30646	31.75025	2025-03-24 17:01:47.707876+00	\N	Active
4827	750	16	UG/119/013/24112747	141	19	1	1	1	10	0.23859	32.161259	2025-03-24 17:01:47.687373+00	\N	Active
4842	759	40	UG/109/026/24112756	515	9	1	1	1	6	-0.69867	30.202904	2025-03-24 17:01:47.718108+00	\N	Active
4791	734	9	UG/105/08/24112716	2000	5	1	1	1	10	-0.16798	31.85081	2025-03-24 17:01:47.617962+00	\N	Active
4796	734	45	UG/105/030/24112716	2000	5	1	1	1	9	-0.16798	31.85081	2025-03-24 17:01:47.627851+00	\N	Active
4793	734	48	UG/105/033/24112716	2000	5	1	1	1	1	-0.1679781	31.850809	2025-03-24 17:01:47.621276+00	\N	Active
4797	735	36	UG/316/022/24112721	940	82	1	1	1	10	2.8333	31.9167	2025-03-24 17:01:47.629881+00	\N	Active
4831	753	10	UG/103/009/24112750	7733	3	1	1	1	4	-0.69867	30.202904	2025-03-24 17:01:47.69533+00	\N	Active
4815	750	6	UG/119/005/24112747	370	19	1	1	1	2	0.23859	32.161259	2025-03-24 17:01:47.66509+00	\N	Active
4825	750	54	UG/119/039/24112747	510	19	1	1	1	12	0.23859	32.161259	2025-03-24 17:01:47.684242+00	\N	Active
4849	764	40	UG/113/026/24112762	1000	13	1	1	1	3	0.2375	32.4389	2025-03-24 17:01:47.730746+00	\N	Active
4852	764	54	UG/124/039/24112762	1000	24	1	1	1	11	0.133946	32.525959	2025-03-24 17:01:47.735534+00	\N	Active
4853	764	47	UG/124/032/24112762	1000	24	1	1	1	12	0.133946	32.525959	2025-03-24 17:01:47.737184+00	\N	Active
4854	764	61	UG/124/042/24112762	1000	24	1	1	1	4	0.133946	32.525959	2025-03-24 17:01:47.738788+00	\N	Active
4855	764	53	UG/106/038/24112762	1000	6	1	1	1	4	0.0009881	32.0397065	2025-03-24 17:01:47.740414+00	\N	Active
4856	764	457	UG/124/0443/24112762	1000	24	1	1	1	14	0.133946	32.525959	2025-03-24 17:01:47.742202+00	\N	Active
4857	764	159	UG/124/0140/24112762	1000	24	1	1	1	7	0.133946	32.525959	2025-03-24 17:01:47.744704+00	\N	Active
4861	764	9	UG/124/008/24112762	1000	24	1	1	1	13	0.133946	32.525959	2025-03-24 17:01:47.752716+00	\N	Active
4863	764	39	UG/124/025/24112762	1000	24	1	1	1	3	0.133946	32.525959	2025-03-24 17:01:47.756198+00	\N	Active
4864	765	8	UG/108/007/24112763	1000	8	1	1	1	6	0.514194	32.831748	2025-03-24 17:01:47.757807+00	\N	Active
4868	767	8	UG/411/007/24112768	1000	119	1	1	1	14	0.52385	33.23203	2025-03-24 17:01:47.765494+00	\N	Active
4871	770	49	UG/431/034/24112778	1000	139	1	1	1	6	0.452095	30.204743	2025-03-24 17:01:47.770196+00	\N	Active
4873	770	459	UG/431/0445/24112778	1000	139	1	1	1	5	0.4517	30.4071	2025-03-24 17:01:47.773283+00	\N	Active
4874	770	3	UG/112/003/24112778	1000	12	1	1	1	13	0.925445	32.9963994	2025-03-24 17:01:47.774887+00	\N	Active
4875	771	71	UG/113/049/24112779	1000	13	1	1	1	6	0.435423	32.456716	2025-03-24 17:01:47.777884+00	\N	Active
4879	773	296	UG/403/0280/24112782	1000	111	1	1	1	11	1.43	31.069	2025-03-24 17:01:47.78463+00	\N	Active
4881	773	52	UG/403/037/24112782	1000	111	1	1	1	5	1.43	31.069	2025-03-24 17:01:47.787521+00	\N	Active
4884	776	11	UG/113/010/24112785	1000	13	1	1	1	8	0.23763	32.47836	2025-03-24 17:01:47.792065+00	\N	Active
4885	776	9	UG/113/008/24112785	1000	13	1	1	1	7	0.311126	32.573029	2025-03-24 17:01:47.794499+00	\N	Active
4886	776	115	UG/113/094/24112785	1000	13	1	1	1	10	0.311126	32.573029	2025-03-24 17:01:47.796443+00	\N	Active
4887	776	16	UG/113/013/24112785	1000	13	1	1	1	9	0.311126	32.573029	2025-03-24 17:01:47.798642+00	\N	Active
4888	776	10	UG/113/009/24112785	1000	13	1	1	1	13	0.311126	32.573029	2025-03-24 17:01:47.800697+00	\N	Active
4889	777	54	UG/113/039/24112786	1000	13	1	1	1	2	0.4679999948	32.22100067	2025-03-24 17:01:47.802386+00	\N	Active
4890	777	53	UG/113/038/24112786	1000	13	1	1	1	9	0.468018	32.221238	2025-03-24 17:01:47.803867+00	\N	Active
4891	777	36	UG/113/022/24112786	1000	13	1	1	1	3	0.468018	32.221238	2025-03-24 17:01:47.805511+00	\N	Active
4892	777	21	UG/113/018/24112786	1000	13	1	1	1	1	0.468018	32.221238	2025-03-24 17:01:47.80701+00	\N	Active
4893	777	48	UG/113/033/24112786	1000	13	1	1	1	9	0.468018	32.221238	2025-03-24 17:01:47.809002+00	\N	Active
4894	777	8	UG/113/007/24112786	1000	13	1	1	1	6	0.468018	32.221238	2025-03-24 17:01:47.811538+00	\N	Active
4895	777	449	UG/113/0435/24112786	1000	13	1	1	1	13	0.468018	32.221238	2025-03-24 17:01:47.813759+00	\N	Active
4900	779	10	UG/117/009/24112793	1000	17	1	1	1	11	0.431111	32.147778	2025-03-24 17:01:47.823257+00	\N	Active
4902	781	9	UG/418/008/24112795	1000	126	1	1	1	10	-0.87456	30.9019	2025-03-24 17:01:47.827593+00	\N	Active
4903	781	10	UG/418/009/24112795	1000	126	1	1	1	10	-0.893893	30.956316	2025-03-24 17:01:47.829789+00	\N	Active
4904	782	458	UG/118/0444/24112796	1000	18	1	1	1	1	-0.166018	31.582493	2025-03-24 17:01:47.831554+00	\N	Active
4905	782	8	UG/120/007/24112796	1000	20	1	1	1	8	0.23705	33.283751	2025-03-24 17:01:47.83315+00	\N	Active
4906	783	71	UG/113/049/24112797	1000	13	1	1	1	10	-0.43455	31.09565	2025-03-24 17:01:47.834761+00	\N	Active
4880	773	19	UG/403/016/24112782	850	111	1	1	1	11	1.43	31.069	2025-03-24 17:01:47.7861+00	\N	Active
4872	770	21	UG/431/018/24112778	930	139	1	1	1	3	0.451879	30.204835	2025-03-24 17:01:47.771563+00	\N	Active
4877	772	46	UG/403/031/24112780	0	111	1	1	1	12	1.4065	31.2648	2025-03-24 17:01:47.781215+00	\N	Active
4876	771	21	UG/113/018/24112779	2298	13	1	1	1	9	0.444023	32.461316	2025-03-24 17:01:47.779536+00	\N	Active
4897	778	5	UG/116/004/24112787	100	16	1	1	1	3	1.003125	32.326163	2025-03-24 17:01:47.818577+00	\N	Active
4896	778	7	UG/116/006/24112787	100	16	1	1	1	5	1.003125	32.321663	2025-03-24 17:01:47.81659+00	\N	Active
4898	778	50	UG/116/035/24112787	100	16	1	1	1	8	1.003125	32.321663	2025-03-24 17:01:47.8203+00	\N	Active
4869	768	39	UG/235/025/24112774	-10	62	1	1	1	5	0.61913	33.6229	2025-03-24 17:01:47.767207+00	\N	Active
4858	764	8	UG/124/007/24112762	585	24	1	1	1	9	0.133946	32.525959	2025-03-24 17:01:47.74655+00	\N	Active
4878	772	19	UG/403/016/24112780	500	111	1	1	1	3	1.5161	31.3583	2025-03-24 17:01:47.782862+00	\N	Active
4883	775	10	UG/110/009/24112784	1941	10	1	1	1	6	0.3749	31.02043	2025-03-24 17:01:47.790402+00	\N	Active
4859	764	48	UG/124/033/24112762	830	24	1	1	1	1	0.133946	32.525959	2025-03-24 17:01:47.748845+00	\N	Active
4882	774	8	UG/410/007/24112783	360	118	1	1	1	11	-0.60467	30.64851	2025-03-24 17:01:47.788936+00	\N	Active
4867	766	13	UG/121/012/24112764	4600	21	1	1	1	2	0.150016	32.017684	2025-03-24 17:01:47.763887+00	\N	Active
4901	780	5	UG/109/004/24112794	570	9	1	1	1	13	1.2677	32.445	2025-03-24 17:01:47.824768+00	\N	Active
4860	764	16	UG/124/013/24112762	780	24	1	1	1	14	0.133946	32.525959	2025-03-24 17:01:47.750783+00	\N	Active
4865	765	10	UG/108/009/24112763	-2360	8	1	1	1	12	0.514194	32.831748	2025-03-24 17:01:47.759719+00	\N	Active
4850	764	13	UG/113/012/24112762	970	13	1	1	1	10	0.2375	32.4389	2025-03-24 17:01:47.732383+00	\N	Active
4862	764	10	UG/124/009/24112762	1780	24	1	1	1	14	0.133946	32.525959	2025-03-24 17:01:47.754264+00	\N	Active
4870	769	10	UG/115/009/24112777	-60	15	1	1	1	9	0.43333	32.0333	2025-03-24 17:01:47.768707+00	\N	Active
4907	783	13	UG/113/012/24112797	1000	13	1	1	1	7	-0.46265	31.03825	2025-03-24 17:01:47.836353+00	\N	Active
4909	785	8	UG/422/007/24112800	1000	130	1	1	1	9	0.51868	31.06223	2025-03-24 17:01:47.839318+00	\N	Active
4912	788	5	UG/410/004/24112803	1000	118	1	1	1	12	-0.5149771	30.67897	2025-03-24 17:01:47.844974+00	\N	Active
4915	790	259	UG/106/0243/24112805	1000	6	1	1	1	6	0.03604	32.09999	2025-03-24 17:01:47.850806+00	\N	Active
4917	790	480	UG/106/464/24112805	1000	6	1	1	1	5	0.0236892	32.09278	2025-03-24 17:01:47.853995+00	\N	Active
4922	792	45	UG/115/030/24112807	1000	15	1	1	1	1	0.3683827	32.161102	2025-03-24 17:01:47.863498+00	\N	Active
4923	792	7	UG/115/006/24112807	1000	15	1	1	1	13	0.37215	32.160415	2025-03-24 17:01:47.865259+00	\N	Active
4924	793	13	UG/323/012/24112808	1000	89	1	1	1	1	2.2722	33.3393859	2025-03-24 17:01:47.866871+00	\N	Active
4927	794	50	UG/105/035/24112809	1000	5	1	1	1	8	-0.447688	31.79992	2025-03-24 17:01:47.872333+00	\N	Active
4935	801	458	UG/117/0444/24112818	1000	17	1	1	1	3	0.0025294	32.059025	2025-03-24 17:01:47.88736+00	\N	Active
4937	802	457	UG/104/0443/24112819	1000	4	1	1	1	10	0.046995	32.35866	2025-03-24 17:01:47.890394+00	\N	Active
4939	803	21	UG/102/018/24122820	1000	2	1	1	1	7	0.2931	32.1667	2025-03-24 17:01:47.8947+00	\N	Active
4940	803	61	UG/102/042/24122820	1000	2	1	1	1	10	0.2931	32.1667	2025-03-24 17:01:47.896571+00	\N	Active
4943	805	352	UG/421/0339/24122822	1000	129	1	1	1	4	57.098	13.492	2025-03-24 17:01:47.902105+00	\N	Active
4944	805	5	UG/421/004/24122822	1000	129	1	1	1	5	57.182	13.599	2025-03-24 17:01:47.903849+00	\N	Active
4945	805	8	UG/421/007/24122822	1000	129	1	1	1	9	57.165	13.579	2025-03-24 17:01:47.905521+00	\N	Active
4946	806	458	UG/421/0444/24122834	1000	129	1	1	1	14	57.28499985	9.791999817	2025-03-24 17:01:47.90698+00	\N	Active
4948	808	3	UG/126/003/24122836	1000	26	1	1	1	13	0.5333300233	32.28329849	2025-03-24 17:01:47.911363+00	\N	Active
4949	809	8	UG/423/007/24122837	1000	131	1	1	1	6	-0.533515	30.006065	2025-03-24 17:01:47.913179+00	\N	Active
4950	810	473	UG/406/0459/24122838	1000	114	1	1	1	3	0.0364	29.7601	2025-03-24 17:01:47.915059+00	\N	Active
4951	811	48	UG/113/033/24122839	1000	13	1	1	1	6	0.4075	32.585	2025-03-24 17:01:47.917576+00	\N	Active
4952	811	47	UG/113/032/24122839	1000	13	1	1	1	9	0.4075	32.585	2025-03-24 17:01:47.919219+00	\N	Active
4953	811	36	UG/113/022/24122839	1000	13	1	1	1	5	0.4075	32.585	2025-03-24 17:01:47.920827+00	\N	Active
4956	812	45	UG/115/030/24122840	1000	15	1	1	1	6	0.4833	31.9667	2025-03-24 17:01:47.925375+00	\N	Active
4964	816	47	UG/104/032/24122846	1000	4	1	1	1	14	0.68456	32.60536	2025-03-24 17:01:47.9409+00	\N	Active
4931	798	458	UG/119/0444/24112813	68590	19	1	1	1	12	0.035478	31.8546937	2025-03-24 17:01:47.879536+00	\N	Active
4960	814	5	UG/421/004/24122842	-1810	129	1	1	1	1	1.8115195	32.008538	2025-03-24 17:01:47.93398+00	\N	Active
4957	812	16	UG/115/013/24122840	850	15	1	1	1	3	0.4833	31.9667	2025-03-24 17:01:47.928081+00	\N	Active
4954	812	53	UG/115/038/24122840	970	15	1	1	1	6	0.4833	31.9667	2025-03-24 17:01:47.922405+00	\N	Active
4959	813	9	UG/405/008/24122841	960	113	1	1	1	11	0.48333	30.3167	2025-03-24 17:01:47.932358+00	\N	Active
4938	802	40	UG/104/026/24112819	-2000	4	1	1	1	13	0.046995	32.35866	2025-03-24 17:01:47.891931+00	\N	Active
4955	812	457	UG/115/0443/24122840	950	15	1	1	1	14	0.4833	31.9667	2025-03-24 17:01:47.923909+00	\N	Active
4911	787	72	UG/222/050/24112802	1600	49	1	1	1	1	1.016666	33.49998	2025-03-24 17:01:47.842436+00	\N	Active
4913	789	115	UG/410/094/24112804	-255	118	1	1	1	5	-0.51858193	30.566883	2025-03-24 17:01:47.846892+00	\N	Active
4921	791	53	UG/108/038/24112806	230	8	1	1	1	10	0.63247	32.81942	2025-03-24 17:01:47.861697+00	\N	Active
4919	791	455	UG/108/0441/24112806	940	8	1	1	1	3	0.6294696	32.816848	2025-03-24 17:01:47.857016+00	\N	Active
4961	814	37	UG/421/023/24122842	975	129	1	1	1	2	1.808924	32.00394	2025-03-24 17:01:47.935849+00	\N	Active
4926	794	443	UG/105/043/24112809	830	5	1	1	1	4	-0.402714	31.8352	2025-03-24 17:01:47.870874+00	\N	Active
4928	795	40	UG/112/026/24112810	-1280	12	1	1	1	10	0.57368	33.034515	2025-03-24 17:01:47.873787+00	\N	Active
4930	797	458	UG/119/0444/24112812	68500	19	1	1	1	14	0.0583121	31.8713697	2025-03-24 17:01:47.87711+00	\N	Active
4933	799	458	UG/119/0444/24112814	69459	19	1	1	1	14	0.0425536	31.8632942	2025-03-24 17:01:47.883092+00	\N	Active
4941	803	47	UG/102/032/24122820	701	2	1	1	1	11	0.2931	32.6167	2025-03-24 17:01:47.898621+00	\N	Active
4934	800	458	UG/106/0444/24112815	70000	6	1	1	1	7	-0.0081387	31.9444461	2025-03-24 17:01:47.885526+00	\N	Active
4908	784	8	UG/115/007/24112799	50	15	1	1	1	5	0.318591	32.14011	2025-03-24 17:01:47.83788+00	\N	Active
4910	786	3	UG/113/003/24112801	3800	13	1	1	1	10	0.55	32.23333	2025-03-24 17:01:47.84072+00	\N	Active
4942	804	2	UG/108/002/24122821	850	8	1	1	1	11	0.2938829	32.79006	2025-03-24 17:01:47.900377+00	\N	Active
4947	807	3	UG/113/003/24122835	-250	13	1	1	1	13	0.50223	32.39966	2025-03-24 17:01:47.908411+00	\N	Active
4914	789	9	UG/410/008/24112804	75	118	1	1	1	3	-0.520813	30.561904	2025-03-24 17:01:47.849054+00	\N	Active
4958	813	10	UG/405/009/24122841	-350	113	1	1	1	8	0.48333	30.3167	2025-03-24 17:01:47.930747+00	\N	Active
4929	796	2	UG/108/002/24112811	1720	8	1	1	1	9	0.48056	32.77056	2025-03-24 17:01:47.875298+00	\N	Active
4920	791	480	UG/108/464/24112806	975	8	1	1	1	2	0.631701	32.80654	2025-03-24 17:01:47.859076+00	\N	Active
4916	790	13	UG/106/012/24112805	935	6	1	1	1	4	0.0384521	32.102737	2025-03-24 17:01:47.8523+00	\N	Active
4925	794	47	UG/105/032/24112809	890	5	1	1	1	2	-0.29559	32.00798	2025-03-24 17:01:47.868442+00	\N	Active
4936	802	6	UG/104/005/24112819	760	4	1	1	1	7	0.046995	32.35866	2025-03-24 17:01:47.888896+00	\N	Active
4965	816	334	UG/104/0318/24122846	1000	4	1	1	1	6	0.6847409	32.6064	2025-03-24 17:01:47.942504+00	\N	Active
4966	817	9	UG/118/008/24122847	1000	18	1	1	1	6	678	4567	2025-03-24 17:01:47.945668+00	\N	Active
4967	818	40	UG/113/026/24122849	1000	13	1	1	1	11	0.016	32.0546	2025-03-24 17:01:47.948411+00	\N	Active
4968	819	3	UG/119/003/24122850	1000	19	1	1	1	2	0.17322	32.1044	2025-03-24 17:01:47.950342+00	\N	Active
4969	819	8	UG/115/007/24122850	1000	15	1	1	1	12	0.5728	31.9722	2025-03-24 17:01:47.952033+00	\N	Active
4970	820	54	UG/112/039/24122851	1000	12	1	1	1	13	0.7360637	32.98988	2025-03-24 17:01:47.953833+00	\N	Active
4971	820	21	UG/112/018/24122851	1000	12	1	1	1	3	0.73572	32.994003	2025-03-24 17:01:47.955484+00	\N	Active
4972	820	16	UG/112/013/24122851	1000	12	1	1	1	8	0.73572	32.99091	2025-03-24 17:01:47.957056+00	\N	Active
4973	821	3	UG/113/03/504B	1000	13	1	1	1	6	0.5530291	32.6605385	2025-03-24 17:01:47.958481+00	\N	Active
4974	265	3	UG/214/03/170011	1000	41	1	1	1	0	0.21955	33.57342	2025-03-26 15:04:35.232789+00	\N	Active
4975	267	2	UG/108/02/40030	1000	8	1	1	1	0	0.1165	32.72	2025-03-26 15:04:35.23672+00	\N	Active
4977	255	2	UG/119/02/25036	1000	19	1	1	1	0	0.1659	32.10577	2025-03-26 15:04:35.24054+00	\N	Active
4978	256	2	UG/119/02/25045	1000	19	1	1	1	0	0.214	32.162	2025-03-26 15:04:35.242399+00	\N	Active
4980	260	6	UG/110/05/285005	1000	10	1	1	1	0	0.6444	29.9527	2025-03-26 15:04:35.250461+00	\N	Active
4981	265	2	UG/214/02/170011	1000	41	1	1	1	0	0.21955	33.57342	2025-03-26 15:04:35.256953+00	\N	Active
4984	865	6	UG/106/05/35073	1000	6	1	1	1	0	0.5889	32.6788	2025-03-26 15:04:35.269685+00	\N	Active
4985	876	3	UG/205/03/235010	1000	32	1	1	1	0	0.90622	33.0422	2025-03-26 15:04:35.276235+00	\N	Active
4986	261	1	UG/418/01/24374	1000	126	1	1	1	0	0.750559	30.973172	2025-03-26 15:04:35.278274+00	\N	Active
3806	257	48	UG/113/033/25	351	13	1	1	1	10	0.059256	33.4567	2025-03-24 17:01:45.886781+00	\N	Active
4074	385	1	UG/106/01/65011	-715	6	1	1	1	13	0.26332	32.349929	2025-03-24 17:01:46.372449+00	\N	Active
5000	822	1	UG/101/01/2462342	1000	1	1	1	1	0	32.16632	-0.50991	2025-03-26 15:51:52.190396+00	\N	Active
5001	823	3	UG/104/03/2472345	1000	4	1	1	1	0	0.776149	32.712489	2025-03-26 15:51:52.196463+00	\N	Active
5002	824	2	UG/119/02/24102396	1000	19	1	1	1	0	0.17538	32.083585	2025-03-26 15:51:52.199368+00	\N	Active
5003	830	3	UG/126/03/65024	1000	26	1	1	1	0	0.46422	31.91815	2025-03-26 15:51:52.204841+00	\N	Active
5004	830	2	UG/126/02/65024	1000	26	1	1	1	0	0.46422	31.91815	2025-03-26 15:51:52.210466+00	\N	Active
5005	838	3	UG/205/03/235004	1000	32	1	1	1	0	0.90832	33.00791	2025-03-26 15:51:52.21523+00	\N	Active
5006	839	1	UG/104/01/5077	1000	4	1	1	1	0	0.69653	32.69166	2025-03-26 15:51:52.219953+00	\N	Active
5007	841	2	UG/412/02/185004	1000	120	1	1	1	0	0.8139	30.456	2025-03-26 15:51:52.222551+00	\N	Active
5008	842	3	UG/115/03/20051	1000	15	1	1	1	0	0.402163	32.0066	2025-03-26 15:51:52.225173+00	\N	Active
5009	843	2	UG/410/02/275001	1000	118	1	1	1	0	0.4604	30.6449	2025-03-26 15:51:52.227854+00	\N	Active
5010	849	3	UG/205/03/235021	1000	32	1	1	1	0	0.94853	33.19092	2025-03-26 15:51:52.23047+00	\N	Active
4810	745	8	UG/115/007/24112740	-215	15	1	1	1	1	0.57857	32.082929	2025-03-24 17:01:47.654652+00	\N	Active
5013	853	11	UG/106/010/235003	1000	6	1	1	1	0	0.3256	32.1234	2025-03-26 15:51:52.237509+00	\N	Active
5014	854	3	UG/115/03/20056	1000	15	1	1	1	0	0.4774	32.01739	2025-03-26 15:51:52.239855+00	\N	Active
5016	859	2	UG/126/02/2462341	1000	26	1	1	1	0	31.7966	0.4524	2025-03-26 15:51:52.245046+00	\N	Active
5017	860	3	UG/104/03/5003	1000	4	1	1	1	0	0.6515	32.723	2025-03-26 15:51:52.247302+00	\N	Active
5018	861	3	UG/205/03/235008	1000	32	1	1	1	0	0.81593	33.74169	2025-03-26 15:51:52.249595+00	\N	Active
5019	863	1	UG/104/01/5302	1000	4	1	1	1	0	0.1234	32.1234	2025-03-26 15:51:52.251777+00	\N	Active
5020	866	3	UG/226/03/120016	1000	53	1	1	1	0	1.21889	33.25283	2025-03-26 15:51:52.254201+00	\N	Active
4759	721	10	UG/105/09/24112695	14178	5	1	1	1	2	-0.166157	31.851125	2025-03-24 17:01:47.554442+00	\N	Active
4983	269	2	UG/119/02/25010	1	19	1	1	1	0	0.2084	32.1381	2025-03-26 15:04:35.264733+00	\N	Active
4255	489	1	UG/113/01/24102397	930	13	1	1	1	1	0.4981727	32.2720677	2025-03-24 17:01:46.671858+00	\N	Active
4582	644	10	UG/105/09/24112595	2680	5	1	1	1	8	0.3653	31.84738	2025-03-24 17:01:47.221087+00	\N	Active
4450	594	8	UG/106/07/24112530	-9050	6	1	1	1	8	0.14591	32.2211	2025-03-24 17:01:46.999996+00	\N	Active
5131	461	8	UG/204/7/2492370	2000	31	398	2007	12466	5	0.549	33.0207	2025-03-27 09:47:45.713069+00	\N	Active
4982	268	1	UG/104/01/5070	10	4	1	1	1	0	0.6477	32.7242	2025-03-26 15:04:35.261255+00	\N	Active
3836	269	47	UG/113/032/132	18915	13	1	1	1	7	0.41904	32.3915	2025-03-24 17:01:45.948487+00	\N	Active
5015	857	16	UG/122/013/2512867	1500	22	1	1	1	0	-0.17475	31.8346	2025-03-26 15:51:52.242613+00	\N	Active
3804	257	8	UG/113/07/25	2900	13	1	1	1	4	0.34326	32.58453	2025-03-24 17:01:45.88292+00	\N	Active
4438	590	39	UG/421/025/24112525	18900	129	1	1	1	5	1.8128	32.0127	2025-03-24 17:01:46.979483+00	\N	Active
4976	848	6	UG/105/05/45035	264	5	1	1	1	0	0.22665	32.5055	2025-03-26 15:04:35.238729+00	\N	Active
4595	653	8	UG/105/07/24112604	-43	5	1	1	1	7	0.46147	31.65467	2025-03-24 17:01:47.244832+00	\N	Active
4548	631	47	UG/104/032/24112582	19485	4	1	1	1	9	0.834931	32.6239	2025-03-24 17:01:47.164496+00	\N	Active
4712	703	39	UG/409/025/24112670	19658	117	1	1	1	9	1.6833	31.7333	2025-03-24 17:01:47.465992+00	\N	Active
3996	345	47	UG/108/032/40006	-620	8	1	1	1	2	0.694446	32.767914	2025-03-24 17:01:46.231249+00	\N	Active
5012	851	6	UG/110/05/285004	19987	10	1	1	1	0	0.566	32.786	2025-03-26 15:51:52.235245+00	\N	Active
5021	867	3	UG/226/03/120037	1000	53	1	1	1	0	1.39274	32.916576	2025-03-26 15:51:52.256308+00	\N	Active
5022	868	3	UG/226/03/120015	1000	53	1	1	1	0	1.18741	33.24524	2025-03-26 15:51:52.258731+00	\N	Active
5023	870	2	UG/226/02/120076	1000	53	1	1	1	0	1.309	33.029	2025-03-26 15:51:52.260969+00	\N	Active
5024	871	3	UG/205/03/235009	1000	32	1	1	1	0	0.90713	33.0063	2025-03-26 15:51:52.263144+00	\N	Active
5026	874	2	UG/411/02/175074	1000	119	1	1	1	0	0.793	30.203	2025-03-26 15:51:52.267265+00	\N	Active
5027	875	3	UG/205/03/235020	1000	32	1	1	1	0	0.85464	33.66716	2025-03-26 15:51:52.269915+00	\N	Active
5028	894	3	UG/103/03/2442325	1000	3	1	1	1	0	2	3	2025-03-26 15:51:52.272437+00	\N	Active
5029	894	5	UG/106/04/2442325	1000	6	1	1	1	0	4	32.5678	2025-03-26 15:51:52.275099+00	\N	Active
5030	895	467	UG/105/0453/2442326	1000	5	1	1	1	0	0.432	32.213	2025-03-26 15:51:52.277865+00	\N	Active
5031	895	347	UG/204/0332/2442326	1000	31	1	1	1	0	0.321	32.132	2025-03-26 15:51:52.280589+00	\N	Active
5032	896	2	UG/102/02/2442327	1000	2	1	1	1	0	3.24557	0.6433	2025-03-26 15:51:52.283189+00	\N	Active
5033	897	2	UG/125/02/2462343	1000	25	1	1	1	0	31.5173	0.5163	2025-03-26 15:51:52.285831+00	\N	Active
5035	900	3	UG/105/03/24102426	1000	5	1	1	1	0	-0.343748	31.724354	2025-03-26 15:51:52.290632+00	\N	Active
5037	640	61	UG/431/042/24112591	1000	139	1	1	1	0	0.469008	33.474041	2025-03-26 15:51:52.295098+00	\N	Active
5038	901	2	UG/108/02/2472344	1000	8	1	1	1	0	0.432516	13.819943	2025-03-26 15:51:52.297576+00	\N	Active
5040	907	3	UG/104/03/3040	1000	4	1	1	1	0	0.35027	33.1456	2025-03-26 15:51:52.301574+00	\N	Active
5041	910	10	UG/330/009/2522877	1000	96	1	1	1	0	2.516346	30.936296	2025-03-26 15:51:52.304001+00	\N	Active
5043	913	3	UG/112/03/2482357	1000	12	1	1	1	0	0.95553	32.94517	2025-03-26 15:51:52.308487+00	\N	Active
5045	713	421	UG/102/0408/24112687	1000	2	1	1	1	0	0.960591	33.926956	2025-03-26 15:51:52.313334+00	\N	Active
5046	910	40	UG/330/026/2522877	1000	96	1	1	1	0	2.420399	30.807093	2025-03-26 15:51:52.315914+00	\N	Active
5047	917	3	UG/226/03/120025	1000	53	1	1	1	0	1.1872	33.24645	2025-03-26 15:51:52.318411+00	\N	Active
5048	948	2	UG/115/02/20048	1000	15	1	1	1	0	0.5638	31.9379	2025-03-26 15:51:52.320648+00	\N	Active
5049	922	1	UG/104/01/1007	1000	4	1	1	1	0	0.6691	32.5508	2025-03-26 15:51:52.32285+00	\N	Active
5050	713	456	UG/102/0442/24112687	1000	2	1	1	1	0	0.960591	33.926956	2025-03-26 15:51:52.325242+00	\N	Active
5052	930	45	UG/330/030/2522886	1000	96	1	1	1	0	2.416104	30.977497	2025-03-26 15:51:52.329946+00	\N	Active
5053	931	7	UG/107/006/2522878	1000	7	1	1	1	0	0.514578	31.353121	2025-03-26 15:51:52.332051+00	\N	Active
5054	932	45	UG/208/030/2522882	1000	35	1	1	1	0	1.498762	33.656137	2025-03-26 15:51:52.334384+00	\N	Active
5055	932	54	UG/208/039/2522882	1000	35	1	1	1	0	1.363565	33.845637	2025-03-26 15:51:52.336865+00	\N	Active
5056	933	1	UG/112/01/24112527	1000	12	1	1	1	0	0.38314	32.783203	2025-03-26 15:51:52.339679+00	\N	Active
5057	934	3	UG/209/03/24112523	1000	36	1	1	1	0	1.077282	34.121683	2025-03-26 15:51:52.341719+00	\N	Active
5058	939	8	UG/105/07/24112606	1000	5	1	1	1	0	0.54133	31.62234	2025-03-26 15:51:52.343951+00	\N	Active
5060	941	7	UG/115/006/2522879	1000	15	1	1	1	0	0.37524	32.17037	2025-03-26 15:51:52.349318+00	\N	Active
5061	942	347	UG/102/0332/24112623	1000	2	1	1	1	0	0.342333	32.625533	2025-03-26 15:51:52.35112+00	\N	Active
5062	942	353	UG/102/0340/24112623	1000	2	1	1	1	0	0.342333	32.625533	2025-03-26 15:51:52.352836+00	\N	Active
5063	942	364	UG/102/0351/24112623	1000	2	1	1	1	0	0.342333	32.625533	2025-03-26 15:51:52.354768+00	\N	Active
5064	942	345	UG/102/0330/24112623	1000	2	1	1	1	0	0.342333	32.625533	2025-03-26 15:51:52.356815+00	\N	Active
5065	942	367	UG/102/0354/24112623	1000	2	1	1	1	0	0.342333	32.625534	2025-03-26 15:51:52.358565+00	\N	Active
5066	942	226	UG/102/0210/24112623	1000	2	1	1	1	0	0.342333	32.625533	2025-03-26 15:51:52.360301+00	\N	Active
5067	942	352	UG/102/0339/24112623	1000	2	1	1	1	0	0.342333	32.625533	2025-03-26 15:51:52.362495+00	\N	Active
5068	943	13	UG/124/012/2512871	1000	24	1	1	1	0	0.77832	33.2739	2025-03-26 15:51:52.364815+00	\N	Active
5069	945	291	UG/225/0275/24112627	1000	52	1	1	1	0	1.178479	34.388445	2025-03-26 15:51:52.367922+00	\N	Active
5070	953	5	UG/214/04/24112645	1000	41	1	1	1	0	0.456289	33.480389	2025-03-26 15:51:52.370398+00	\N	Active
5073	941	37	UG/115/023/2522879	1000	15	1	1	1	0	0.37524	32.171	2025-03-26 15:51:52.376637+00	\N	Active
5074	959	11	UG/115/010/24112664	1000	15	1	1	1	0	0.43114	32.106768	2025-03-26 15:51:52.378723+00	\N	Active
5076	806	6	UG/421/005/24122834	1000	129	1	1	1	0	1.900972	32.17414	2025-03-26 15:51:52.383121+00	\N	Active
5077	941	5	UG/115/004/2522879	1000	15	1	1	1	0	0.37524	32.17311	2025-03-26 15:51:52.386864+00	\N	Active
5078	960	2	UG/425/002/2522880	1000	133	1	1	1	0	-0.21045	30.14888	2025-03-26 15:51:52.389635+00	\N	Active
4049	373	8	UG/121/07/45091	62177	21	1	1	1	14	0.156554	31.6955	2025-03-24 17:01:46.332852+00	\N	Active
5044	915	36	UG/103/022/2512869	280	3	1	1	1	0	0.6892	32.007	2025-03-26 15:51:52.310963+00	\N	Active
5072	957	48	UG/105/033/2512876	-5200	5	1	1	1	0	-0.33971	31.6953	2025-03-26 15:51:52.374526+00	\N	Active
5051	713	39	UG/102/025/24112687	1000	2	1	1	1	0	0.960591	33.926956	2025-03-26 15:51:52.327666+00	\N	Active
5036	815	6	UG/105/005/24122845	-24	5	1	1	1	0	-0.336454	31.754259	2025-03-26 15:51:52.292919+00	\N	Active
5059	940	3	UG/205/003/2522883	1000	32	1	1	1	0	0.9505	32.98958	2025-03-26 15:51:52.347485+00	\N	Active
5071	956	37	UG/115/023/24112642	840	15	1	1	1	0	0.51157	32.28545	2025-03-26 15:51:52.3726+00	\N	Active
5034	899	16	UG/108/013/2512868	4000	8	1	1	1	0	0.433612	33.142662	2025-03-26 15:51:52.288256+00	\N	Active
5075	586	6	UG/106/005/24102520	622	6	1	1	1	0	0.1379	32.2876	2025-03-26 15:51:52.380622+00	\N	Active
5042	911	8	UG/105/07/24102465	67500	5	1	1	1	0	-0.1673	31.6459	2025-03-26 15:51:52.306288+00	\N	Active
5079	961	3	UG/108/003/2522881	1000	8	1	1	1	0	0.595997	32.9342	2025-03-26 15:51:52.391782+00	\N	Active
5080	941	8	UG/330/007/2522879	1000	96	1	1	1	0	2.453571	30.816434	2025-03-26 15:51:52.393956+00	\N	Active
5081	963	1	UG/106/001/2522887	1000	6	1	1	1	0	0.147113	32.22221	2025-03-26 15:51:52.396013+00	\N	Active
5082	713	21	UG/102/018/24112687	1000	2	1	1	1	0	0.960591	33.926956	2025-03-26 15:51:52.398051+00	\N	Active
5084	964	13	UG/123/012/24112674	1000	23	1	1	1	0	1.12122	31.47411	2025-03-26 15:51:52.401758+00	\N	Active
5086	968	8	UG/106/007/24112728	1000	6	1	1	1	0	0.248119	32.396022	2025-03-26 15:51:52.405118+00	\N	Active
5088	713	47	UG/102/032/24112687	1000	2	1	1	1	0	0.960591	33.926956	2025-03-26 15:51:52.408594+00	\N	Active
5090	971	2	UG/412/002/2522888	1000	120	1	1	1	0	-0.83905	30.01361	2025-03-26 15:51:52.412312+00	\N	Active
5092	494	2	UG/108/002/24102402	1000	8	1	1	1	0	0.347783	32.8168	2025-03-26 15:51:52.415634+00	\N	Active
5096	974	13	UG/119/012/24112744	1000	19	1	1	1	0	0.342786	32.205466	2025-03-26 15:51:52.423279+00	\N	Active
5097	975	8	UG/405/007/2512873	1000	113	1	1	1	0	0.61041	30.315055	2025-03-26 15:51:52.425455+00	\N	Active
5099	977	8	UG/209/007/24112772	1000	36	1	1	1	0	0.56481	34.11253	2025-03-26 15:51:52.429726+00	\N	Active
5100	978	8	UG/203/007/24112773	1000	30	1	1	1	0	0.52385	33.23203	2025-03-26 15:51:52.431759+00	\N	Active
5101	980	19	UG/403/016/24112781	1000	111	1	1	1	0	1.43	31.069	2025-03-26 15:51:52.433851+00	\N	Active
5102	980	52	UG/403/037/24112781	1000	111	1	1	1	0	1.43	31.069	2025-03-26 15:51:52.435594+00	\N	Active
5103	980	296	UG/403/0280/24112781	1000	111	1	1	1	0	1.43	31.069	2025-03-26 15:51:52.437725+00	\N	Active
5106	981	415	UG/118/0402/2512870	1000	18	1	1	1	0	-0.205306	31.60388	2025-03-26 15:51:52.443167+00	\N	Active
5108	975	48	UG/405/033/2512873	1000	113	1	1	1	0	0.610416	30.31677	2025-03-26 15:51:52.446832+00	\N	Active
5109	910	9	UG/330/008/2522877	1000	96	1	1	1	0	2.557205	30.963205	2025-03-26 15:51:52.448587+00	\N	Active
5110	910	16	UG/330/013/2522877	1000	96	1	1	1	0	2.470935	30.909427	2025-03-26 15:51:52.4503+00	\N	Active
5111	988	443	UG/105/043/24122843	1000	5	1	1	1	0	-0.341947	31.69281	2025-03-26 15:51:52.452123+00	\N	Active
5112	988	50	UG/105/035/24122843	1000	5	1	1	1	0	-0.348127	31.68731	2025-03-26 15:51:52.453899+00	\N	Active
5113	988	47	UG/105/032/24122843	1000	5	1	1	1	0	-0.350187	31.68251	2025-03-26 15:51:52.455668+00	\N	Active
5114	975	45	UG/405/030/2512873	1000	113	1	1	1	0	0.610416	30.31883	2025-03-26 15:51:52.457673+00	\N	Active
5117	992	3	UG/405/003/2512858	1000	113	1	1	1	0	0.74701	30.31408	2025-03-26 15:51:52.463291+00	\N	Active
5118	992	8	UG/121/007/2512858	1000	21	1	1	1	0	0.220034	31.706081	2025-03-26 15:51:52.465132+00	\N	Active
5122	705	16	UG/406/013/24112675	1000	114	1	1	1	0	0.1424	30.0701	2025-03-26 15:51:52.472585+00	\N	Active
5123	705	10	UG/406/009/24112675	1000	114	1	1	1	0	0.1424	30.0701	2025-03-26 15:51:52.474459+00	\N	Active
5126	993	56	UG/410/041/2522885	1000	118	1	1	1	0	0.334444	32.56788	2025-03-26 15:51:52.479826+00	\N	Active
5127	994	9	UG/411/008/2512875	1000	119	1	1	1	0	-0.8657	30.1783	2025-03-26 15:51:52.481776+00	\N	Active
5128	705	8	UG/406/007/24112675	1000	114	1	1	1	0	0.01424	30.0107	2025-03-26 15:51:52.483512+00	\N	Active
5130	994	10	UG/411/009/2512875	1000	119	1	1	1	0	-0.95226	30.16334	2025-03-26 15:51:52.487596+00	\N	Active
5133	362	115	UG/122/94/45033	7	22	4392	10730	71179	2	0.1145	31.5037	2025-03-27 12:21:37.136348+00	\N	Active
5115	989	10	UG/418/009/24122852	-170	126	1	1	1	0	0.913611	30.849588	2025-03-26 15:51:52.459491+00	\N	Active
5095	973	16	UG/122/013/2522884	-350	22	1	1	1	0	-0.149001	31.86172	2025-03-26 15:51:52.421356+00	\N	Active
5087	801	6	UG/117/005/24112818	700	17	1	1	1	0	-0.513603	33.042755	2025-03-26 15:51:52.406834+00	\N	Active
5098	915	40	UG/104/026/2512869	954	4	1	1	1	0	1.562354	32.354625	2025-03-26 15:51:52.427462+00	\N	Active
5085	748	6	UG/106/005/24112743	-15	6	1	1	1	0	1.9009	32.2998	2025-03-26 15:51:52.403425+00	\N	Active
5093	972	40	UG/104/026/2512872	-850	4	1	1	1	0	0.81754	32.504083	2025-03-26 15:51:52.417543+00	\N	Active
5091	707	47	UG/224/032/24112677	970	51	1	1	1	0	0.9294	33.50072	2025-03-26 15:51:52.414014+00	\N	Active
3917	311	13	UG/119/012/25069	-130	19	1	1	1	13	0.159192	32.19525	2025-03-24 17:01:46.104109+00	\N	Active
5104	981	38	UG/118/024/2512870	2298	18	1	1	1	0	-0.205993	31.601142	2025-03-26 15:51:52.439621+00	\N	Active
4641	674	1	UG/104/01/24112637	2540	4	1	1	1	1	0.847312	32.498871	2025-03-24 17:01:47.339358+00	\N	Active
4899	778	40	UG/116/026/24112787	100	16	1	1	1	14	1.003125	32.321663	2025-03-24 17:01:47.821799+00	\N	Active
5105	981	6	UG/118/005/2512870	947	18	1	1	1	0	-0.204619	31.599426	2025-03-26 15:51:52.441486+00	\N	Active
5132	930	316	UG/330/300/2522886	120	96	1459	7376	48557	5	2.472	30.843	2025-03-27 09:51:31.691549+00	\N	Active
5094	721	16	UG/105/013/24112695	10877	5	1	1	1	0	-0.167125	31.850482	2025-03-26 15:51:52.419374+00	\N	Active
5116	990	6	UG/125/005/2512874	930	25	1	1	1	0	-0.4799	31.6086	2025-03-26 15:51:52.461489+00	\N	Active
5121	652	9	UG/105/008/24112603	462	5	1	1	1	0	-0.18895	31.84679	2025-03-26 15:51:52.470652+00	\N	Active
5089	613	6	UG/108/005/24112558	949	8	1	1	1	0	0.652299	32.842255	2025-03-26 15:51:52.410289+00	\N	Active
5119	515	6	UG/106/005/24102428	-410	6	1	1	1	0	-0.067388	32.105832	2025-03-26 15:51:52.466964+00	\N	Active
4291	507	48	UG/105/033/24102416	-160	5	1	1	1	3	-0.38359	31.77157	2025-03-24 17:01:46.730337+00	\N	Active
5083	584	6	UG/119/005/24102513	-124	19	1	1	1	0	0.0333	31.75	2025-03-26 15:51:52.400076+00	\N	Active
5129	932	16	UG/208/013/2522882	700	35	1	1	1	0	1.366762	33.836137	2025-03-26 15:51:52.485525+00	\N	Active
3937	319	6	UG/106/05/35041	-650	6	1	1	1	8	0.021	32.0233	2025-03-24 17:01:46.135436+00	\N	Active
4389	553	8	UG/405/07/24102480	68765	113	1	1	1	1	0.5959	30.3894	2025-03-24 17:01:46.895516+00	\N	Active
5146	268	54	UG/113/39/113	790	13	188	971	6128	1	0.52008	32.60093	2025-03-29 08:03:08.83908+00	\N	Active
5136	995	1	UG/102/1/253995	\N	2	9	38	233	4	0.005	43.55	2025-03-28 17:44:15.325961+00	\N	Active
5139	996	48	UG/122/33/253996	1500	22	4392	10730	71179	2	0.1693	31.8792	2025-03-29 06:10:15.859486+00	\N	Active
5166	1000	478	UG/224/463/2541000	2000	51	814	4220	26108	1	0.2959	33.029	2025-04-04 06:06:34.056308+00	\N	Active
5137	996	16	UG/122/13/253996	600	22	4392	10730	71179	3	0.1684	31.7846	2025-03-29 06:01:47.607853+00	\N	Active
5134	675	53	UG/106/38/24112638	1640	6	55	330	2247	2	0.25678	32.68	2025-03-28 11:46:55.578524+00	\N	Active
5176	393	316	UG/105/300/100001	1800	5	46	283	1926	4	-0.487665	31.56274	2025-04-06 12:00:43.979683+00	\N	Active
3953	327	13	UG/106/012/35083	-117	6	1	1	1	3	0.190887	32.3039245	2025-03-24 17:01:46.16179+00	\N	Active
5156	721	316	UG/105/300/24112695	19822	5	46	283	1931	1	0.3344	32.67809	2025-03-30 14:47:19.469114+00	\N	Active
4866	766	16	UG/121/013/24112764	165	21	1	1	1	6	0.150016	32.017684	2025-03-24 17:01:47.762061+00	\N	Active
4499	614	16	UG/122/013/24112559	-470	22	1	1	1	7	-0.0662612	31.87648	2025-03-24 17:01:47.08238+00	\N	Active
4086	390	10	UG/418/009/80055	-1960	126	1	1	1	3	-0.9123430849	30.84935	2025-03-24 17:01:46.391861+00	\N	Active
5145	268	61	UG/113/42/113	890	13	188	973	6133	1	0.500798	32.70087	2025-03-29 08:00:56.830622+00	\N	Active
5167	1000	8	UG/224/7/2541000	2000	51	814	4220	26108	1	0.2959	33.029	2025-04-04 06:10:54.695944+00	\N	Active
5165	1000	5	UG/224/4/2541000	2000	51	814	4220	26108	2	0.29589998722076416	33.02899932861328	2025-04-04 06:05:21.054531+00	\N	Active
5152	714	21	UG/113/18/24112688	\N	13	164	847	5434	1	0.39825	32.47421	2025-03-29 08:49:54.955546+00	\N	Active
5143	268	459	UG/113/445/113	545	13	188	970	6123	1	0.534	32.6879	2025-03-29 07:55:07.886208+00	\N	Active
5163	331	457	UG/106/443/35200	1044	6	53	313	2164	3	0.30004	31.3574	2025-04-02 11:37:45.741865+00	\N	Active
5147	268	53	UG/113/38/113	964	13	188	970	6123	5	0.5836	32.50098	2025-03-29 08:07:21.274532+00	\N	Active
4618	665	291	UG/429/0275/24112626	15300	137	1	1	1	11	-1.124249	29.8289128	2025-03-24 17:01:47.283157+00	\N	Active
4828	750	455	UG/119/0441/24112747	921	19	1	1	1	7	0.23859	32.161259	2025-03-24 17:01:47.689556+00	\N	Active
5159	999	50	UG/113/35/253999	2000	13	174	910	9302	1.2999999523162842	0.3987	32.2243	2025-03-31 18:10:20.000243+00	\N	Active
5144	268	15	UG/113/12/113	752	13	164	845	5426	1	0.5355	32.6001	2025-03-29 07:57:01.722021+00	\N	Active
5150	268	22	UG/113/18/113	790	13	172	892	5607	3	0.5366	32.8356	2025-03-29 08:11:13.348798+00	\N	Active
5175	1006	9	UG/110/8/2541006	1000	10	114	628	4070	3	-0.6311071	31.347055	2025-04-05 16:04:21.27563+00	\N	Active
4172	438	10	UG/124/09/270025	630	24	1	1	1	1	0.5478	32.43	2025-03-24 17:01:46.537135+00	\N	Active
4782	730	2	UG/119/02/24112712	4020	19	1	1	1	7	0.183	32.082	2025-03-24 17:01:47.599349+00	\N	Active
5153	545	316	UG/113/300/24102472	580	13	164	847	5434	4	0.3967	31.4007	2025-03-29 15:44:13.171002+00	\N	Active
5155	738	48	UG/113/33/24112731	1920	13	163	839	5391	2	0.2359	31.2459	2025-03-30 13:48:21.937427+00	\N	Active
5160	999	443	UG/113/43/253999	1920	13	174	910	9302	5	0.2624	32.2243	2025-03-31 18:13:45.427063+00	\N	Active
5170	1001	40	UG/104/26/2541001	12200	4	35	210	1454	5	0.778923	32.681885	2025-04-05 13:09:22.186928+00	\N	Active
5161	999	346	UG/113/331/253999	900	13	174	910	9302	2	0.3987	32.4713	2025-03-31 18:15:43.934725+00	\N	Active
5168	1000	36	UG/224/22/2541000	2000	51	814	4220	26108	3	0.2959	33.029	2025-04-04 06:14:13.652305+00	\N	Active
4288	504	10	UG/117/09/24102412	-1820	17	1	1	1	7	0.1153	32.8888	2025-03-24 17:01:46.724173+00	\N	Active
5164	1000	6	UG/224/5/2541000	2000	51	814	4220	26111	2	0.2959	33.026	2025-04-04 05:55:17.63184+00	\N	Active
5135	675	6	UG/106/5/24112638	1670	6	53	313	2165	2	0.2456	32.4578	2025-03-28 11:48:46.349917+00	\N	Active
5169	1000	53	UG/224/38/2541000	2000	51	814	4220	26108	1	0.2959	33.029	2025-04-04 06:15:20.562428+00	\N	Active
5158	998	40	UG/112/26/253998	100	12	156	801	5183	3	0.6762456	32.9172502	2025-03-30 19:19:05.379739+00	\N	Active
5140	997	8	UG/122/7/253997	-60	22	278	1398	8882	7	0.1987	31.5034	2025-03-29 06:36:00.17092+00	\N	Active
4593	652	53	UG/105/038/24112603	-360	5	1	1	1	2	0.18895	31.84679	2025-03-24 17:01:47.240875+00	\N	Active
4127	409	32	UG/405/020/135001	3891	113	1	1	1	7	-1.241955996	29.98561668	2025-03-24 17:01:46.464795+00	\N	Active
5151	360	316	UG/122/300/45018	128	22	4392	10730	71179	3	0.180006	31.79978	2025-03-29 08:21:30.979728+00	\N	Active
5171	1002	40	UG/112/26/2541002	4920	12	156	807	5216	5.099999904632568	0.677489	32.97304	2025-04-05 13:24:20.943821+00	\N	Active
5172	1003	6	UG/117/5/2541003	20000	17	238	1217	7746	2	0.4211598	32.9998276	2025-04-05 13:48:49.147094+00	\N	Active
5154	280	3	UG/104/3/5016	19100	4	29	187	1318	2	0.6877	32.5655	2025-03-29 15:47:24.507552+00	\N	Active
5174	1005	9	UG/103/8/2541005	10118	3	17	137	1050	1	0.783469	31.83333	2025-04-05 14:55:22.322175+00	\N	Active
5142	268	36	UG/113/22/113	712	13	188	972	6130	1	0.525	32.615	2025-03-29 07:53:35.746797+00	\N	Active
5157	393	13	UG/105/12/100001	1070	5	46	284	1935	10	0.3667	33.338	2025-03-30 18:56:50.0329+00	\N	Active
4918	791	8	UG/108/007/24112806	-870	8	1	1	1	7	0.630585	32.841138	2025-03-24 17:01:47.855498+00	\N	Active
5141	997	9	UG/122/8/253997	-434	22	281	1412	8988	4	0.1987	31.7987	2025-03-29 06:42:03.106777+00	\N	Active
5177	393	6	UG/105/5/100001	1988	5	46	284	1936	2	-0.59375	31.00856	2025-04-06 15:36:50.764348+00	\N	Active
5148	268	40	UG/113/26/113	415	13	164	848	5441	4	0.5767	32.69122	2025-03-29 08:08:44.405417+00	\N	Active
5162	754	316	UG/126/300/24112751	119	26	334	1680	10502	4	0.3466	32.8755	2025-04-02 11:32:29.797638+00	\N	Active
5138	996	316	UG/122/300/253996	500	22	4392	10730	71179	5	0.1783	31.812	2025-03-29 06:09:01.174416+00	\N	Active
5173	1004	4	UG/205/3/2541004	678	32	410	2053	12864	0.5	0.90696	33.1577	2025-04-05 14:50:44.079515+00	\N	Active
5178	584	17	UG/119/14/24102513	1950	19	252	1277	8160	1	0.04674	31.592	2025-04-06 17:50:21.605686+00	\N	Active
5188	1006	10	UG/110/9/2541006	994	10	114	628	4074	1	-0.60879	31.3989	2025-04-07 10:00:18.815855+00	\N	Active
5198	1014	13	UG/403/12/2541014	1765	111	1608	8160	54456	4	1.5943986	31.4159144	2025-04-08 13:45:07.415432+00	\N	Active
5179	1006	13	UG/110/12/2541006	1000	10	114	628	4074	1	-0.6411071	31.357055	2025-04-07 09:46:13.64253+00	\N	Active
5190	1007	71	UG/110/49/2541007	1963	10	114	628	4074	2	-0.62290274	31.34456	2025-04-08 09:45:51.64776+00	\N	Active
5187	1006	47	UG/110/32/2541006	1000	10	114	628	4074	1	-0.698	31.3099	2025-04-07 09:59:05.108335+00	\N	Active
5186	1006	53	UG/110/38/2541006	1000	10	114	628	4074	1	-0.60094	31.45098	2025-04-07 09:57:56.675261+00	\N	Active
5189	1006	455	UG/110/441/2541006	935	10	114	628	4074	1	-0.67038	31.35609	2025-04-07 10:01:40.215978+00	\N	Active
5224	255	21	UG/108/18/17	1870	8	89	511	3365	1	0.5091	32.7251	2025-04-13 11:33:01.052292+00	\N	Active
5183	1006	456	UG/110/442/2541006	1000	10	114	628	4074	1	-0.679937	31.3754	2025-04-07 09:53:20.544561+00	\N	Active
5182	1006	457	UG/110/443/2541006	1000	10	114	628	4074	1	-0.66087	31.30987	2025-04-07 09:51:44.412039+00	\N	Active
3989	341	115	UG/106/094/35262	18710	6	1	1	1	12	0.8393	32.1228	2025-03-24 17:01:46.219324+00	\N	Active
5191	1008	316	UG/104/300/2541008	1980	4	39	234	1583	6.300000190734863	0.8151567	32.5865009	2025-04-08 10:16:28.059591+00	\N	Active
5185	1006	16	UG/110/13/2541006	990	10	114	628	4074	1	-0.63098	31.3009	2025-04-07 09:56:42.978842+00	\N	Active
5193	1010	11	UG/410/10/2541010	2000	118	1748	8729	57828	6	-0.3547752	30.5826808	2025-04-08 11:21:28.518542+00	\N	Active
5196	1013	455	UG/410/441/2541013	1000	118	1749	8735	57868	2	-0.3469709	30.6124111	2025-04-08 13:14:33.476925+00	\N	Active
5203	366	456	UG/122/442/45063	2000	22	4392	10730	71179	3	-0.5083	31.64449	2025-04-09 12:19:12.746985+00	\N	Active
5184	1006	8	UG/110/7/2541006	850	10	114	628	4074	1	-0.69874	31.6009	2025-04-07 09:54:45.133972+00	\N	Active
5199	1015	456	UG/110/442/2541015	2000	10	114	628	4074	2	-0.630391	31.3408063	2025-04-08 14:15:02.163339+00	\N	Active
5205	1018	9	UG/110/8/2541018	\N	10	114	628	4074	0.20000000298023224	-0.625616	31.334908	2025-04-09 12:38:06.900603+00	\N	Active
5215	946	261	UG/108/245/24112632	20000	8	91	525	3455	1	0.3721	32.62398	2025-04-11 09:36:13.237912+00	\N	Active
5180	1006	71	UG/110/49/2541006	953	10	114	628	4074	1	-0.660006	31.367778	2025-04-07 09:48:19.003269+00	\N	Active
5201	1017	10	UG/110/9/2541017	\N	10	114	628	4074	2.5	-0.6303188	31.34550299	2025-04-08 15:10:33.166099+00	\N	Active
5204	366	48	UG/101/33/45063	2000	1	1	1	1	1	-0.509234	31.709239748	2025-04-09 12:20:32.107608+00	\N	Active
5207	1019	5	UG/105/4/2541019	2000	5	46	283	1926	1	0.3098	31.2094	2025-04-09 12:56:07.317305+00	\N	Active
5208	1019	53	UG/105/38/2541019	2000	5	46	284	1936	2	0.30086	31.10098	2025-04-09 12:57:15.052803+00	\N	Active
5210	1020	37	UG/406/23/2541020	2000	114	1672	8447	56252	1	0.4978	31.43494	2025-04-09 13:18:55.114622+00	\N	Active
5200	1016	53	UG/122/38/2541016	1980	22	281	1415	9010	4.5	-0.054793	31.78177	2025-04-08 15:02:45.187368+00	\N	Active
5209	1020	5	UG/406/4/2541020	1720	114	1677	8471	56355	1	0.4005	31.4008	2025-04-09 13:15:59.183604+00	\N	Active
5197	458	316	UG/124/300/2482358	1648	24	306	1553	9656	1	-0.387857	31.3866657	2025-04-08 13:21:21.744592+00	\N	Active
5212	946	263	UG/108/247/24112632	19949	8	91	525	3455	1	0.3721	32.62398	2025-04-11 09:31:27.6208+00	\N	Active
5213	946	276	UG/108/260/24112632	20000	8	91	525	3455	1	0.3721	32.62398	2025-04-11 09:33:35.298328+00	\N	Active
5214	946	32	UG/108/20/24112632	20000	8	91	525	3455	1	0.3721	32.62398	2025-04-11 09:35:12.985511+00	\N	Active
5216	946	281	UG/108/265/24112632	19999	8	91	525	3455	1	0.3721	32.62398	2025-04-11 09:37:22.868401+00	\N	Active
5211	946	271	UG/108/255/24112632	47480	8	91	525	3455	2	0.3969	32.711929	2025-04-11 08:00:41.258987+00	\N	Active
5220	301	485	UG/112/0470/15003	20000	12	158	814	5250	1	0.3804	32.577	2025-04-12 09:49:16.018313+00	\N	Active
5219	946	488	UG/108/0111/24112632	19998	8	91	525	3455	1	0.3969	32.711929	2025-04-12 09:46:22.036381+00	\N	Active
5217	668	494	UG/104/0472/24112630	19529.17	4	41	256	1756	1	0.64352	32.52479	2025-04-11 10:04:45.514725+00	\N	Active
5231	1022	10	UG/122/9/2541022	20000	22	4392	10730	71179	5	-0.2310526	31.836217	2025-04-15 13:04:20.377181+00	\N	Active
5181	1006	316	UG/110/300/2541006	994	10	114	628	4074	1	-0.67987	31.3796	2025-04-07 09:49:49.023407+00	\N	Active
5221	411	487	UG/104/0337/135090	20000	4	28	180	1255	2	0.6875	32.6085	2025-04-12 09:52:46.656156+00	\N	Active
5192	1009	8	UG/410/7/2541009	1858	118	1748	8729	57828	2	-0.337761	30.584881	2025-04-08 10:54:11.868926+00	\N	Active
5225	255	22	UG/113/18/17	1755	13	164	847	5434	1	0.406667	32.486554	2025-04-13 11:34:41.668141+00	\N	Active
5230	1021	496	UG/108/0474/2541021	420	8	80	458	3076	3	0.3601441	32.8155595	2025-04-14 12:29:36.957245+00	\N	Active
5229	269	3	UG/113/3/132	\N	13	170	882	5554	3	0.4657	32.5211	2025-04-13 19:19:40.200371+00	\N	Active
5202	366	316	UG/122/300/45063	1068	22	277	1393	8846	2	-0.54532	31.600049	2025-04-09 12:18:16.984317+00	\N	Active
5228	526	160	UG/105/141/24102449	2000	5	47	287	1973	2	-0.40008	32.207669	2025-04-13 12:04:16.200793+00	\N	Active
5227	436	160	UG/204/141/265002	1900	31	398	2005	12440	3	0.32047	32.498812	2025-04-13 12:00:51.694519+00	\N	Active
5206	1019	6	UG/105/5/2541019	1826	5	46	284	1935	2	0.37666	31.06667	2025-04-09 12:50:45.870363+00	\N	Active
5222	590	36	UG/211/22/24112525	16985	38	517	2669	16084	1	0.344	32.577	2025-04-12 12:02:44.038064+00	\N	Active
5194	1011	47	UG/110/32/2541011	1958	10	114	628	4074	2	-0.6329	31.3481	2025-04-08 11:40:14.199577+00	\N	Active
5226	526	316	UG/124/300/24102449	1805	24	305	1549	9619	2	0.46742	31.31129	2025-04-13 11:41:11.122335+00	\N	Active
5195	1012	6	UG/107/5/2541012	1820	7	66	383	2571	3.700000047683716	0.3579529	31.5742444	2025-04-08 12:48:17.580834+00	\N	Active
5223	723	316	UG/431/300/24112701	1436	139	2143	10468	69189	1	0.18357	32.08224	2025-04-12 16:41:55.780112+00	\N	Active
5232	1022	11	UG/122/10/2541022	20000	22	4392	10730	71179	5	-0.2310526	31.836217	2025-04-15 13:08:59.796284+00	\N	Active
5218	666	486	UG/404/036/24112628	19921	112	1627	8250	55182	5	-1.73638	30.12614	2025-04-11 10:12:18.313888+00	\N	Active
5255	1024	46	UG/106/31/2541024	20000	6	53	315	2173	4	0.2232518	32.278512	2025-04-24 15:34:42.480011+00	\N	Active
5241	276	40	UG/108/26/2021	17000	8	89	511	3370	3	0.675	32.5754	2025-04-17 12:04:34.082447+00	\N	Active
5244	293	3	UG/122/3/5085	19700	22	4392	10730	71179	2	0.181239	31.850878	2025-04-22 11:59:52.212191+00	\N	Active
5256	389	10	UG/104/9/80010	5000	4	39	235	1587	6	0.827112	32.627745	2025-04-26 15:24:11.057468+00	\N	Active
5257	389	54	UG/104/39/80010	1000	4	37	222	1518	1	0.827112	32.627745	2025-04-26 15:29:19.387538+00	\N	Active
5237	627	48	UG/415/33/24112577	20000	123	1854	9193	60955	3	0.9472	33.1197	2025-04-17 08:15:26.659315+00	\N	Active
5238	627	316	UG/415/300/24112577	20000	123	1854	9193	60955	7	0.9472	33.1197	2025-04-17 08:17:13.468862+00	\N	Active
5239	627	9	UG/415/8/24112577	20000	123	1854	9193	60955	2	1.8128	32.0127	2025-04-17 08:18:46.34644+00	\N	Active
5240	631	39	UG/104/25/24112582	20000	4	28	179	1246	4	0.3939	33.0122	2025-04-17 08:21:35.929482+00	\N	Active
5258	589	17	UG/106/14/24112524	1000	6	55	331	2250	1	0.5	32.16667	2025-04-26 15:46:58.541028+00	\N	Active
5236	627	16	UG/415/13/24112577	19800	123	1854	9193	60955	12	0.1833	31.85	2025-04-17 08:13:59.326864+00	\N	Active
5235	627	10	UG/415/9/24112577	653	123	1854	9193	60955	20	0.2	32.09	2025-04-17 08:11:58.573788+00	\N	Active
5265	703	1	UG/409/1/24112670	19128	117	1742	8708	57630	3	1.88403	31.81209	2025-04-27 18:19:04.307096+00	\N	Active
5264	703	39	UG/409/25/24112670	19658	117	1742	8708	57630	2	1.88403	31.81209	2025-04-27 18:17:30.818921+00	\N	Active
5234	1023	40	UG/116/26/2541023	19600	16	225	1145	7278	15	0.72998	32.9138	2025-04-16 09:49:00.188963+00	\N	Active
5242	458	13	UG/124/12/2482358	5000	24	305	1548	9612	1	0.387857	31.38666	2025-04-18 14:10:14.965273+00	\N	Active
5243	458	47	UG/124/32/2482358	5000	24	305	1548	9612	2	-0.387857	31.38666	2025-04-18 14:22:28.145561+00	\N	Active
5271	589	21	UG/106/18/24112524	3000	6	55	331	2250	5	0.5	32.16667	2025-04-28 15:30:21.867589+00	\N	Active
5233	675	456	UG/106/442/24112638	1290	6	54	323	2215	1	0.12081	32.18178	2025-04-16 09:26:03.041057+00	\N	Active
5246	671	1	UG/403/1/24112634	\N	111	1607	8155	54408	1.5	1.50951	31.22061	2025-04-23 08:11:30.306932+00	\N	Active
5259	589	39	UG/106/25/24112524	2820	6	55	331	2250	5	0.5	32.16667	2025-04-26 15:49:11.301959+00	\N	Active
5253	668	485	UG/104/0470/24112630	19995	4	41	256	1757	1	0.64352	32.52479	2025-04-23 08:50:41.647586+00	\N	Active
5260	589	449	UG/106/435/24112524	3000	6	55	331	2250	5	0.5	32.16667	2025-04-27 11:35:44.763692+00	\N	Active
5254	673	275	UG/404/259/24112636	19000	112	1627	8252	55190	5	-1.736	30.1261	2025-04-23 12:06:05.962737+00	\N	Active
5245	666	47	UG/212/32/24112628	19890	39	535	2752	16645	3	0.75044	34.18753	2025-04-23 08:04:09.689556+00	\N	Active
5261	703	8	UG/409/7/24112670	20000	117	1742	8708	57630	4	1.88403	31.81209	2025-04-27 18:10:39.941939+00	\N	Active
5262	703	13	UG/409/12/24112670	20000	117	1742	8708	57630	2	1.88403	31.81209	2025-04-27 18:12:58.242648+00	\N	Active
5266	703	37	UG/409/23/24112670	20000	117	1742	8708	57630	3	1.88403	31.81209	2025-04-27 18:23:15.272226+00	\N	Active
5269	703	47	UG/409/32/24112670	20000	117	1742	8708	57630	3	1.88403	31.81209	2025-04-27 18:30:08.805235+00	\N	Active
5270	703	48	UG/409/33/24112670	20000	117	1742	8708	57630	1	1.88403	31.81209	2025-04-27 18:36:26.174485+00	\N	Active
5263	703	71	UG/409/49/24112670	20000	117	1742	8708	57630	1	1.88403	31.81209	2025-04-27 18:14:24.395728+00	\N	Active
5267	703	115	UG/409/94/24112670	20000	117	1742	8708	57630	2	1.88403	31.81209	2025-04-27 18:24:44.655308+00	\N	Active
5268	703	316	UG/409/300/24112670	20000	117	1742	8708	57630	2	1.88403	31.81209	2025-04-27 18:27:05.189855+00	\N	Active
\.


--
-- Data for Name: farmer_produce; Type: TABLE DATA; Schema: public; Owner: -
--

COPY public.farmer_produce (id, farmer_id, crop_id, plantingdate, acreage, created_at) FROM stdin;
\.


--
-- Data for Name: farmers; Type: TABLE DATA; Schema: public; Owner: -
--

COPY public.farmers (id, fmcode, fmid, fmidtype, fmname, fmphoto, fmphone, fmemail, status, isverified, created_at) FROM stdin;
822	2462342	CM86030102YD6C	NIN	BWEETE JOSEPH	\N	+256786934046	\N	Active	f	2025-03-26 14:50:14.929321+00
823	2472345	CF52071103N36A	NIN	Apio Hellen	\N	+256772612583	\N	Active	f	2025-03-26 14:50:14.932+00
255	17	CFJUXH90KRA	NIN	ALI KIYINGI	\N	708187118	\N	Active	f	2025-03-24 12:32:12.110754+00
290	5041	CFL0NHORLSL	NIN	Mubaraka Sserugo (Julius)	\N	780404936	\N	Active	f	2025-03-24 12:32:12.149386+00
293	5085	CFGHBMQEQAJ	NIN	Byaruhanga Allan	\N	755225730	\N	Active	f	2025-03-24 12:32:12.153883+00
312	30001	CMWV9HTXRM1	NIN	Godfrey Lutwama	\N	785790355	\N	Active	f	2025-03-24 12:32:12.172576+00
313	30013	CMHDJJXGQ83	NIN	Wesige	\N	752211261	\N	Active	f	2025-03-24 12:32:12.173614+00
319	35041	CFQIDBNY1N1	NIN	KASUMBA DENIS	\N	703723335	\N	Active	f	2025-03-24 12:32:12.180912+00
253	2	CF80006107DZGT	NIN	MUYANJA JOHN	\N	771934226	\N	Active	f	2025-03-24 12:32:12.108996+00
254	4	CF860231004Z1L	NIN	Evlyn Kirabo	\N	752846267	\N	Active	f	2025-03-24 12:32:12.110068+00
256	20	CM9805210E79EE	NIN	CHARLES BALABILAWO	\N	759105065	\N	Active	f	2025-03-24 12:32:12.111657+00
257	25	CM4500323C4S	NIN	KAMOGA ABDUL	\N	742188302	\N	Active	f	2025-03-24 12:32:12.112539+00
258	39	CM85052104RXUF	NIN	CLEMENT MPIIMA	\N	772362117	\N	Active	f	2025-03-24 12:32:12.11318+00
259	58	CM77046101P87F	NIN	NSABIMANA JULIUS	\N	781529227	\N	Active	f	2025-03-24 12:32:12.114586+00
260	60	CM70100101ERNA	NIN	KABALI PAUL	\N	772625107	\N	Active	f	2025-03-24 12:32:12.117562+00
261	76	LP0002020654	NIN	DENIS MUGALULA	\N	788166861	\N	Active	f	2025-03-24 12:32:12.11899+00
262	82	CM80052106YQUA	NIN	MUGAGGA HENRY	\N	753508920	\N	Active	f	2025-03-24 12:32:12.119955+00
263	87	CM78030104L0MF	NIN	SSEMUJU SIMON	\N	777352581	\N	Active	f	2025-03-24 12:32:12.121617+00
264	100	CM6105210GQHVL	NIN	LUBEGA CHARLES	\N	706501065	\N	Active	f	2025-03-24 12:32:12.12345+00
265	101	CM8205210713KL	NIN	DANIEL KAMOGA	\N	709482197	\N	Active	f	2025-03-24 12:32:12.12518+00
267	106	LP0002020259	NIN	PIUS BAKIIKA	\N	752311097	\N	Active	f	2025-03-24 12:32:12.127399+00
268	113	LP0002020958	NIN	MAWUL A VICENT	\N	752825780	\N	Active	f	2025-03-24 12:32:12.128004+00
269	132	LP0002020935	NIN	KYEYUNE MICHEAL	\N	752078100	\N	Active	f	2025-03-24 12:32:12.128726+00
270	183	LP0002021094	NIN	MUSISI STEVEN	\N	759669434	\N	Active	f	2025-03-24 12:32:12.129411+00
271	184	CM9410510171XK	NIN	MICHEAL KYEYUNE	\N	752078100	\N	Active	f	2025-03-24 12:32:12.130104+00
272	201	LP0002021191	NIN	Charles Kibuuka	\N	772631290	\N	Active	f	2025-03-24 12:32:12.131708+00
273	213	LP0002021412	NIN	Gloria Nakayiwa	\N	777352581	\N	Active	f	2025-03-24 12:32:12.13395+00
274	214	LP0002021029	NIN	Jalia Nakirya	\N	756092497	\N	Active	f	2025-03-24 12:32:12.134813+00
275	215	LP0002021538	NIN	Jamiru Nkubi	\N	779667625	\N	Active	f	2025-03-24 12:32:12.135582+00
276	2021	LP0002020102	NIN	NAKIJJOBA CHRISTINE	\N	702942022	\N	Active	f	2025-03-24 12:32:12.136414+00
277	3018	CM6561033101CH	NIN	MIREMBE CYRUS	\N	75181430	\N	Active	f	2025-03-24 12:32:12.137324+00
278	5002	CM690991039HOL	NIN	Sekkito. Isma.	\N	782337639	\N	Active	f	2025-03-24 12:32:12.138444+00
279	5007	LP0002020515	NIN	NABULYA MONIC	\N	775766659	\N	Active	f	2025-03-24 12:32:12.13966+00
280	5016	CM8037101ZC8E	NIN	KAMUGISHA JOHNBOSCO	\N	772249829	\N	Active	f	2025-03-24 12:32:12.140614+00
281	5019	CM910211030MYL	NIN	LASSU PATRICK	\N	392159485	\N	Active	f	2025-03-24 12:32:12.141736+00
282	5021	CM8578100UDUD	NIN	MUBOGI KASSIM	\N	778870099	\N	Active	f	2025-03-24 12:32:12.14247+00
283	5022	LP0002020667	NIN	Nkodyo James	\N	789435536	\N	Active	f	2025-03-24 12:32:12.143216+00
284	5024	LP0002020534	NIN	Sali Simon	\N	777993598	\N	Active	f	2025-03-24 12:32:12.143898+00
285	5025	CM87023108VV3F	NIN	SEMIVULE GERALD	\N	773931239	\N	Active	f	2025-03-24 12:32:12.145328+00
287	5037	CM5645656YFEDH	NIN	WAMPONA MOSES	\N	776855580	\N	Active	f	2025-03-24 12:32:12.146653+00
288	5038	LP0002020068	NIN	KASAGGA VICENT	\N	701315582	\N	Active	f	2025-03-24 12:32:12.147488+00
289	5040	LP0002020475	NIN	KAIJA EDDY	\N	773213582	\N	Active	f	2025-03-24 12:32:12.148163+00
291	5047	CM9505210CTVTC	NIN	Denis Mugalura	\N	787339909	\N	Active	f	2025-03-24 12:32:12.150877+00
292	5057	LP0002020647	NIN	KISITU DAVID	\N	787242748	\N	Active	f	2025-03-24 12:32:12.152823+00
294	5093	LP0002020252	NIN	EDDY KAIJA	\N	752213582	\N	Active	f	2025-03-24 12:32:12.154706+00
295	5253	LP0002021676	NIN	NKANGI SMITH	\N	782888162	\N	Active	f	2025-03-24 12:32:12.155724+00
296	5275	LP0002020488	NIN	MARY CLAIRE WOBUDEYA	\N	773753322	\N	Active	f	2025-03-24 12:32:12.157351+00
297	10003	CM93032104YO8H	NIN	SSEZATE HASSAN	\N	700800581	\N	Active	f	2025-03-24 12:32:12.158366+00
298	10016	LP0002020978	NIN	ANDREW KITAKA	\N	753782798	\N	Active	f	2025-03-24 12:32:12.159059+00
299	10019	LP0002020363	NIN	Mpiima Clement Sserubo	\N	756362117	\N	Active	f	2025-03-24 12:32:12.159709+00
300	10020	CM4657678QWE0L	NIN	MUKASA ROBERT	\N	782328836	\N	Active	f	2025-03-24 12:32:12.160405+00
301	15003	LP0002020232	NIN	RYAN SERWANJA	\N	751388857	\N	Active	f	2025-03-24 12:32:12.16104+00
302	20001	LP0002021214	NIN	SSEMWOGERERE JOSEPH	\N	773107413	\N	Active	f	2025-03-24 12:32:12.161672+00
303	20027	LP0002020406	NIN	Herbert Bwanika	\N	759300158	\N	Active	f	2025-03-24 12:32:12.162364+00
304	20034	LP0002020084	NIN	LUYIMA EDWARD	\N	701979792	\N	Active	f	2025-03-24 12:32:12.163017+00
306	25011	LP0002020310	NIN	MUYIMBWA JULIUS	\N	754151253	\N	Active	f	2025-03-24 12:32:12.166649+00
307	25025	LP0002020533	NIN	SENTEMBE WILLINGTON	\N	777823125	\N	Active	f	2025-03-24 12:32:12.167677+00
308	25026	CM660361035V8L	NIN	NAMUGUZI DEO	\N	753857795	\N	Active	f	2025-03-24 12:32:12.16869+00
309	25030	LP0002020151	NIN	LWANGA PASCAL	\N	705028822	\N	Active	f	2025-03-24 12:32:12.169598+00
310	25042	CM8703210A9QCF	NIN	WASUKILA MUHAMMAD	\N	751083597	\N	Active	f	2025-03-24 12:32:12.170585+00
311	25069	CF79099100EJ6J	NIN	NABUKALU TEDDY	\N	777651489	\N	Active	f	2025-03-24 12:32:12.171579+00
314	30043	LP0002020085	NIN	NAMUGUZI RECHARD	\N	701996609	\N	Active	f	2025-03-24 12:32:12.176346+00
316	35001	LP0002020569	NIN	SSENTONGO RICHARD	\N	781659507	\N	Active	f	2025-03-24 12:32:12.178559+00
317	35003	CM3567890IJKLU	NIN	Sam Mpanga	\N	776108449	\N	Active	f	2025-03-24 12:32:12.179345+00
318	35004	LP0002020083	NIN	MUTALE ACHILEO	\N	701979791	\N	Active	f	2025-03-24 12:32:12.180215+00
320	35049	LP0002020275	NIN	KIGGUNDU KONOWEKA	\N	752795310	\N	Active	f	2025-03-24 12:32:12.181997+00
321	35060	CM860321094YAL	NIN	MOSES SEMAMBO	\N	701135886	\N	Active	f	2025-03-24 12:32:12.182949+00
323	35068	LP0002021278	NIN	KAKONGE STEVEN	\N	774224502	\N	Active	f	2025-03-24 12:32:12.18544+00
322	35061	CM97030102C9YC	NIN	SSENKAABA REMMY	\N	708202717	\N	Active	f	2025-03-24 12:32:12.184499+00
324	35072	CM9405210G466C	NIN	MUGABE EDWIN	\N	772745146	\N	Active	f	2025-03-24 12:32:12.186297+00
325	35074	CM93030106CHTA	NIN	SEKIGENYI JOSEPH ALEX	\N	786479626	\N	Active	f	2025-03-24 12:32:12.187244+00
824	24102396	CM60099100GYUE	NIN	Lutwama Gofrey	\N	+256707685079	\N	Active	f	2025-03-26 14:50:14.933537+00
330	35107	CFHVSEDT0ON	NIN	MUYIMBWA JULIAS	\N	754151253	\N	Active	f	2025-03-24 12:32:12.201413+00
355	40242	CFZY6KK19MG	NIN	MAGIDU KALINGE	\N	756896477	\N	Active	f	2025-03-24 12:32:12.223535+00
327	35083	CF6003410AKNKD	NIN	BARYAYEBWA JOVENTA	\N	705319307	\N	Active	f	2025-03-24 12:32:12.198107+00
328	35101	LP0002020182	NIN	WILLIAM MUSISI	\N	706673564	\N	Active	f	2025-03-24 12:32:12.199435+00
329	35104	LP0002020525	NIN	TADIUS KIGUNDU	\N	777093289	\N	Active	f	2025-03-24 12:32:12.200526+00
332	35201	CM77049101DHAL	NIN	ABUDU-LATIF KAKAIRE	\N	706846929	\N	Active	f	2025-03-24 12:32:12.203702+00
333	35212	CM95030102UC9L	NIN	SEBALU NICHOLASI	\N	702575071	\N	Active	f	2025-03-24 12:32:12.204816+00
334	35216	LP0002020358	NIN	DENIS NSUBUGA	\N	756913528	\N	Active	f	2025-03-24 12:32:12.205809+00
335	35218	LP0002020152	NIN	ASASIRA MARTIN	\N	705107839	\N	Active	f	2025-03-24 12:32:12.206753+00
336	35221	LP0002021001	NIN	NTALE PASCAL	\N	754659768	\N	Active	f	2025-03-24 12:32:12.207513+00
337	35224	LP0002020962	NIN	KIMBOWA MADI	\N	753017593	\N	Active	f	2025-03-24 12:32:12.208356+00
338	35225	LP0002020418	NIN	KEMIGISHA JOANITA	\N	759983479	\N	Active	f	2025-03-24 12:32:12.209174+00
340	35259	LP0002020376	NIN	NOAH MUTIMBA	\N	757436308	\N	Active	f	2025-03-24 12:32:12.211433+00
339	35249	LP0002021858	NIN	Zimwanguyiza Zimwanguyiza	\N	787019909	\N	Active	f	2025-03-24 12:32:12.209965+00
341	35262	LP0002020964	NIN	SENTAMU NZABA	\N	753192789	\N	Active	f	2025-03-24 12:32:12.212287+00
342	35299	LP0002021087	NIN	John Kifampa	\N	759320090	\N	Active	f	2025-03-24 12:32:12.212981+00
343	35309	LP0002020944	NIN	Julius Kimera	\N	752323905	\N	Active	f	2025-03-24 12:32:12.213667+00
344	35336	LP0002021144	NIN	Sarah Nantege	\N	771456382	\N	Active	f	2025-03-24 12:32:12.214325+00
345	40006	CM960321099Z4G	NIN	SSENGENDO VINCENT	\N	701045112	\N	Active	f	2025-03-24 12:32:12.215163+00
346	40011	CM8903210PKKH	NIN	ROBERT SSEBULIBA	\N	700436781	\N	Active	f	2025-03-24 12:32:12.216013+00
348	40014	CM74047101RZ3L	NIN	MUSISI EMMANUEL	\N	702872982	\N	Active	f	2025-03-24 12:32:12.217914+00
349	40022	LP0002020427	NIN	MAJIDU WAKWAYA	\N	771618556	\N	Active	f	2025-03-24 12:32:12.218833+00
350	40029	CM8605210GUANG	NIN	NTIRUSHWA RICHARD	\N	756250034	\N	Active	f	2025-03-24 12:32:12.219572+00
351	40033	LP0002021118	NIN	Abdallah Hakim Katamba	\N	765439037	\N	Active	f	2025-03-24 12:32:12.220395+00
353	40040	CM910321090RQK	NIN	LAWRENCE MUTUMBA	\N	752374309	\N	Active	f	2025-03-24 12:32:12.222123+00
352	40039	LP0002020417	NIN	JOEL BUKENYA	\N	759883074	\N	Active	f	2025-03-24 12:32:12.221291+00
354	40058	LP0002020613	NIN	MIKE SEGAWA SSALI	\N	783446257	\N	Active	f	2025-03-24 12:32:12.222829+00
356	40260	LP0002020767	NIN	Kasibante Ssentamu	\N	703989029	\N	Active	f	2025-03-24 12:32:12.224308+00
357	40279	LP0002020745	NIN	Suzan Sendi Mukasa	\N	702996511	\N	Active	f	2025-03-24 12:32:12.224994+00
358	40282	LP0002020815	NIN	Yazid Bulagala	\N	706207097	\N	Active	f	2025-03-24 12:32:12.225734+00
359	45009	LP0002020105	NIN	SSELUGO JULIUS	\N	703972936	\N	Active	f	2025-03-24 12:32:12.226419+00
360	45018	LP0002020079	NIN	Andrew Kavuma	\N	701693953	\N	Active	f	2025-03-24 12:32:12.227086+00
361	45023	LP0002020634	NIN	CHARLES KAGWA	\N	785747991	\N	Active	f	2025-03-24 12:32:12.227837+00
362	45033	LP0002020545	NIN	SSALI IDDI	\N	779517252	\N	Active	f	2025-03-24 12:32:12.228478+00
363	45041	CF77031104Q9CJ	NIN	NAKIWALA TEOPISTA	\N	701685439	\N	Active	f	2025-03-24 12:32:12.229193+00
364	45043	LP0002021414	NIN	DENIS NDUGA	\N	777384660	\N	Active	f	2025-03-24 12:32:12.229989+00
365	45054	LP0002020157	NIN	ANUWAR KIMERA	\N	705420464	\N	Active	f	2025-03-24 12:32:12.230745+00
366	45063	LP0002021675	NIN	KAGWA CHARLES	\N	782859050	\N	Active	f	2025-03-24 12:32:12.231434+00
367	45066	LP0002020685	NIN	Nyanzi Kennedy	\N	700694943	\N	Active	f	2025-03-24 12:32:12.232301+00
368	45067	LP0002020738	NIN	SSEBATA FRED	\N	702795965	\N	Active	f	2025-03-24 12:32:12.233202+00
369	45070	LP0002020981	NIN	Bob Tinyenfuza	\N	753873371	\N	Active	f	2025-03-24 12:32:12.235729+00
370	45080	LP0002020426	NIN	ABDALLAHALATIF KAKAIRE	\N	771570409	\N	Active	f	2025-03-24 12:32:12.237344+00
371	45088	LP0002020264	NIN	MBABAZI HASSAN	\N	752391181	\N	Active	f	2025-03-24 12:32:12.238602+00
373	45091	LP0002020279	NIN	ALI SEMPALA	\N	752885884	\N	Active	f	2025-03-24 12:32:12.24051+00
372	45089	LP0002020776	NIN	Ngabirano Ngabirano	\N	704375757	\N	Active	f	2025-03-24 12:32:12.239682+00
374	45094	LP0002020407	NIN	BWANIKA HERBERT	\N	759300168	\N	Active	f	2025-03-24 12:32:12.241291+00
375	45096	CM86N6103C8AZB	NIN	MUSANJE IBRAHIM	\N	753421911	\N	Active	f	2025-03-24 12:32:12.242091+00
376	45099	LP0002020617	NIN	MIKE MUTYABA	\N	783667679	\N	Active	f	2025-03-24 12:32:12.242835+00
377	45100	LP0002020529	NIN	PETER LUYIMA	\N	777404213	\N	Active	f	2025-03-24 12:32:12.243663+00
378	45101	LP0002020361	NIN	YASIN KIGGUNDU	\N	756273758	\N	Active	f	2025-03-24 12:32:12.244406+00
379	50035	CM92036103DOLK	NIN	WAREED KHALIPHAN	\N	705906193	\N	Active	f	2025-03-24 12:32:12.245088+00
380	55003	CM76009104R0YD	NIN	AGUSSE KALIMBA	\N	757408545	\N	Active	f	2025-03-24 12:32:12.245797+00
381	55006	CM74068106DTIJ	NIN	KATEREGA CHARLES	\N	752029233	\N	Active	f	2025-03-24 12:32:12.246559+00
382	55010	LP0002020159	NIN	UMAR KIBIRIGE	\N	705604326	\N	Active	f	2025-03-24 12:32:12.247228+00
383	55023	LP0002020270	NIN	EDWARD MBAZIIRA	\N	752593588	\N	Active	f	2025-03-24 12:32:12.247894+00
384	65010	LP0002020329	NIN	JONATHAN NDADIZE	\N	754681444	\N	Active	f	2025-03-24 12:32:12.248564+00
385	65011	CM86030105AE8C	NIN	KIGGUNDU THADIAS	\N	752795310	\N	Active	f	2025-03-24 12:32:12.249342+00
386	65020	LP0002020163	NIN	PETER KABUYE	\N	705901879	\N	Active	f	2025-03-24 12:32:12.250197+00
387	75013	LP0002020303	NIN	KIYIMBA FRED	\N	753782798	\N	Active	f	2025-03-24 12:32:12.250841+00
388	75016	LP0002021012	NIN	JOSHUA BAMUSONGA	\N	755068662	\N	Active	f	2025-03-24 12:32:12.251568+00
389	80010	CM780231070AFE	NIN	CHARLES WAKHATA	\N	704731048	\N	Active	f	2025-03-24 12:32:12.252344+00
391	80075	LP0002020810	NIN	Kalansa joshua	\N	705963302	\N	Active	f	2025-03-24 12:32:12.254065+00
392	85004	CM811091002KJL	NIN	MUBANGIZI JOHN	\N	783079150	\N	Active	f	2025-03-24 12:32:12.254917+00
393	100001	LP0002021874	NIN	Joseph Bwete	\N	787490991	\N	Active	f	2025-03-24 12:32:12.25571+00
394	100003	LP0002020365	NIN	JULIUS TUMWEBAZE	\N	756543456	\N	Active	f	2025-03-24 12:32:12.256404+00
395	100007	LP0002020247	NIN	BAKER MABIRIZI	\N	752186032	\N	Active	f	2025-03-24 12:32:12.257112+00
396	100037	LP0002020235	NIN	MATIA MUGEJA	\N	751637954	\N	Active	f	2025-03-24 12:32:12.257835+00
397	110001	CM95054100TNEK	NIN	SHAGA GREENS	\N	752340712	\N	Active	f	2025-03-24 12:32:12.258569+00
398	110004	LP0002020621	NIN	MATSIKO LEVI	\N	783826463	\N	Active	f	2025-03-24 12:32:12.259277+00
430	235044	CM80037101ZHN	NIN	MARY CLAIRE	\N	753753322	\N	Active	f	2025-03-24 12:32:12.305264+00
431	235050	LP0002021159	NIN	ZAC Farms	\N	771919334	\N	Active	f	2025-03-24 12:32:12.30608+00
433	240005	CM850551100NJ8A	NIN	GERALD TWONGIRE	\N	756901870	\N	Active	f	2025-03-24 12:32:12.308355+00
435	265001	LP0002020527	NIN	Kakaira Menya Muhammad	\N	777195787	\N	Active	f	2025-03-24 12:32:12.309853+00
434	250007	CM752554TD248M	NIN	TUKAHABWA DENIS	\N	708020526	\N	Active	f	2025-03-24 12:32:12.309135+00
436	265002	LP0002020546	NIN	MUZAALE MUHAMMED	\N	779654414	\N	Active	f	2025-03-24 12:32:12.31059+00
437	270006	CM73105106LUZF	NIN	LUSWATA DOMINIC	\N	777165294	\N	Active	f	2025-03-24 12:32:12.312663+00
438	270025	CM790491018UYL	NIN	MANYA HANNIGTON	\N	756448552	\N	Active	f	2025-03-24 12:32:12.313376+00
439	285050	CM91024105dj1l	NIN	KASITA SWAIBU	\N	757818487	\N	Active	f	2025-03-24 12:32:12.314385+00
440	325001	CM67106100TG0H	NIN	MUHWEEZI PATRICK	\N	773142224	\N	Active	f	2025-03-24 12:32:12.315481+00
409	135001	CMSGZEYNZSR	NIN	GERALD OBWANA	\N	772524424	\N	Active	f	2025-03-24 12:32:12.284223+00
441	355002	LP0002020228	NIN	MUHAMMAD MUZAALE	\N	751180310	\N	Active	f	2025-03-24 12:32:12.316343+00
442	355005	CM87007107J8FK	NIN	HAMIS KASISA	\N	756773322	\N	Active	f	2025-03-24 12:32:12.317061+00
413	145008	CMW1S6YCFVZ	NIN	Nakijoba Christin	\N	773745578	\N	Active	f	2025-03-24 12:32:12.288243+00
443	2442323	CF9404214HU4F	NIN	ZUNUNA TIBENDA	\N	+256750683139	\N	Active	f	2025-03-24 12:32:12.317884+00
444	2442324	CM253774994729M	NIN	BRIAN KISAZI	\N	+256778050105	\N	Active	f	2025-03-24 12:32:12.318594+00
445	2442328	CM703726390HJ	NIN	Ssekubulwa Wahabu	\N	+256703726390	\N	Active	f	2025-03-24 12:32:12.319325+00
825	170011	CM 95049102F9PJ	NIN	KINDAMBIRE EMMAH	\N	709563950	\N	Active	f	2025-03-26 14:50:14.934787+00
420	175114	CMN8HA1XZUV	NIN	Rosemary Arinaitwe	\N	785576585	\N	Active	f	2025-03-24 12:32:12.296938+00
423	185038	CM0G3EOM5T4	NIN	John Kamugisha	\N	789466791	\N	Active	f	2025-03-24 12:32:12.29963+00
425	215002	CFJPUXBSGGS	NIN	MOSES TUMUREBIRE	\N	772880305	\N	Active	f	2025-03-24 12:32:12.301293+00
432	240001	CM591LSDS7L	NIN	Christopher Gonza	\N	705243775	\N	Active	f	2025-03-24 12:32:12.307667+00
446	2452329	CMD2JKNVWSB	NIN	LUBEGA CHARLES	\N	+256772613002	\N	Active	f	2025-03-24 12:32:12.320035+00
447	2452330	CM98YJD7DI5	NIN	AGRICADO FARM A	\N	+256774447379	\N	Active	f	2025-03-24 12:32:12.320787+00
448	2452331	CMUY1EB0N1Z	NIN	AGRICADO FARM B	\N	+256774447379	\N	Active	f	2025-03-24 12:32:12.32148+00
449	2452334	CFKZXLJZ2BW	NIN	AGRICADO FARM C	\N	+256774447379	\N	Active	f	2025-03-24 12:32:12.322255+00
450	2452335	CMQDMQY0UKR	NIN	AGRICADO FARM D	\N	+256752652094	\N	Active	f	2025-03-24 12:32:12.323045+00
451	2452336	CMNG950F5T0	NIN	AGRICADO FARM E	\N	+256774447379	\N	Active	f	2025-03-24 12:32:12.323912+00
452	2452337	CFO5O0LI4IY	NIN	AGRICADO FARM F	\N	+256774447379	\N	Active	f	2025-03-24 12:32:12.324668+00
453	2452338	CFU2PTFORKS	NIN	AGRICADO FARM G	\N	+256774447379	\N	Active	f	2025-03-24 12:32:12.325388+00
454	2452339	CMG7N3BGTSO	NIN	AGRICADO FARM H	\N	+256774447379	\N	Active	f	2025-03-24 12:32:12.326101+00
455	2452340	CFQVFMYO1IY	NIN	AGRICADO FARM I	\N	+256752652094	\N	Active	f	2025-03-24 12:32:12.326823+00
456	2472347	CMU4TAQXKRE	NIN	Maganda Faruk	\N	+256775251751	\N	Active	f	2025-03-24 12:32:12.327565+00
457	2472348	CF7OXZ8QI9W	NIN	Lukwago Henry	\N	+256742007864	\N	Active	f	2025-03-24 12:32:12.328288+00
458	2482358	CM6LCUERWGZ	NIN	RONALD KIRYOWA	\N	+256759313332	\N	Active	f	2025-03-24 12:32:12.328966+00
459	2492362	CM4HI59PKYV	NIN	KAKANDE CHARLES	\N	+256752717279	\N	Active	f	2025-03-24 12:32:12.329763+00
460	2492369	CFZZHHWHXQ8	NIN	KIGOZI GRACE NALWOGA	\N	+256701032144	\N	Active	f	2025-03-24 12:32:12.330495+00
461	2492370	CFJQLHTGZRR	NIN	MULYAZAWO JAFALI	\N	+256753362933	\N	Active	f	2025-03-24 12:32:12.331246+00
462	2492371	CF3EWBM6O4T	NIN	Musobya Edward	\N	+256783154684	\N	Active	f	2025-03-24 12:32:12.332289+00
463	2512853	CFRZYQ4JJXU	NIN	WAFULA LAWRENCE	\N	+256708262661	\N	Active	f	2025-03-24 12:32:12.333228+00
464	2512854	CMJLYM2XP3P	NIN	KUTEESA EDITH	\N	+256775158949	\N	Active	f	2025-03-24 12:32:12.333917+00
465	2512855	CFJ096GWIEL	NIN	ARRON MITI	\N	+256754668928	\N	Active	f	2025-03-24 12:32:12.334711+00
466	2512856	CM99JHEV15R	NIN	Joshua Kayongo	\N	+256787829635	\N	Active	f	2025-03-24 12:32:12.335415+00
467	2512857	CFHNXT652FY	NIN	Barasa Isaac	\N	+256776661426	\N	Active	f	2025-03-24 12:32:12.336043+00
468	2512859	CFCNJJ6P6OR	NIN	David Mugenyi	\N	+256788967803	\N	Active	f	2025-03-24 12:32:12.336726+00
469	2512860	CF1UIRAV3S2	NIN	PAPA PATRICK	\N	+256777442403	\N	Active	f	2025-03-24 12:32:12.3376+00
400	110006	LP0002020344	NIN	Mubiru Charles	\N	755373452	\N	Active	f	2025-03-24 12:32:12.273897+00
401	110007	CM81082105RWG	NIN	MATIA SSOZI	\N	756956176	\N	Active	f	2025-03-24 12:32:12.277453+00
402	110015	CM7007102CL6L	NIN	KYEYAGO JAMES	\N	755603244	\N	Active	f	2025-03-24 12:32:12.278469+00
403	110021	LP0002020074	NIN	MAUREEN NABUKALU	\N	701540459	\N	Active	f	2025-03-24 12:32:12.279353+00
404	110026	CM8501010AACFF	NIN	BAMUTURAKI MOSES	\N	704840218	\N	Active	f	2025-03-24 12:32:12.280151+00
405	110027	LP0002021020	NIN	MUSOKE DAVID	\N	755357638	\N	Active	f	2025-03-24 12:32:12.281096+00
406	110065	CM20037101ZK8E	NIN	MUHANGUZI INNOCENT	\N	705260068	\N	Active	f	2025-03-24 12:32:12.281878+00
407	130002	LP0002020239	NIN	ROOHAZ MUNIR	\N	751702989	\N	Active	f	2025-03-24 12:32:12.28276+00
408	130010	LP0002020179	NIN	WOBUDEYA CLAIRE	\N	706645183	\N	Active	f	2025-03-24 12:32:12.283488+00
410	135051	LP0002021957	NIN	NUWAGIRA NICHOLAS	\N	789932395	\N	Active	f	2025-03-24 12:32:12.284928+00
411	135090	LP0002021096	NIN	DEO NGOBI	\N	759740740	\N	Active	f	2025-03-24 12:32:12.285747+00
412	145004	LP0002020355	NIN	Jane Nalubwama	\N	755793393	\N	Active	f	2025-03-24 12:32:12.286482+00
415	155001	CM71018104QWVL	NIN	MUGISHA FRED	\N	782230077	\N	Active	f	2025-03-24 12:32:12.290232+00
416	170007	CM93008106D56J	NIN	MUSOBYA EDWARD	\N	755578098	\N	Active	f	2025-03-24 12:32:12.291771+00
417	170022	LP0002020691	NIN	LUKAKAMWA ISAAC	\N	700961430	\N	Active	f	2025-03-24 12:32:12.293323+00
418	175031	LP0002021273	NIN	Rugumyangabo Eve	\N	774074030	\N	Active	f	2025-03-24 12:32:12.295023+00
419	175106	LP0002021289	NIN	Kenneth Tumwebaze	\N	774422552	\N	Active	f	2025-03-24 12:32:12.296122+00
421	180001	CM790211013GDG	NIN	OSIRE PASCAL	\N	755110055	\N	Active	f	2025-03-24 12:32:12.297717+00
422	185011	LP0002021897	NIN	Tumuronde Adonia	\N	788451201	\N	Active	f	2025-03-24 12:32:12.298628+00
424	190001	CM82035106WKVK	NIN	JOSEPH OKOBOI	\N	705929054	\N	Active	f	2025-03-24 12:32:12.300577+00
426	221288	LP0002021507	NIN	NAM CISSY	\N	779242595	\N	Active	f	2025-03-24 12:32:12.302009+00
428	235025	CM67034104EJOK	NIN	SADIKI NELSON BYARUHANGA	\N	392907048	\N	Active	f	2025-03-24 12:32:12.303627+00
429	235039	CM610103V1MK	NIN	LUTALO KAMYA JAMIR	\N	753197141	\N	Active	f	2025-03-24 12:32:12.304454+00
470	2512861	CMIP59DWK8L	NIN	EPAA RICHARD	\N	+256752019973	\N	Active	f	2025-03-24 12:32:12.338707+00
471	2512862	CFVICNKDPZU	NIN	OKIROR ALEX	\N	+256773978791	\N	Active	f	2025-03-24 12:32:12.340455+00
472	2512864	CMVJKIM3FEL	NIN	PADE GEORGE	\N	+256765579395	\N	Active	f	2025-03-24 12:32:12.341455+00
473	2512865	CM797PFLBAK	NIN	Omaset Nicholas Osamai	\N	+256780521464	\N	Active	f	2025-03-24 12:32:12.342307+00
474	2512866	CMZLDFIFMMN	NIN	Atwongyeire Ambrose	\N	+256701199604	\N	Active	f	2025-03-24 12:32:12.343156+00
475	24102374	CFB3K86I8B1	NIN	NYAMAHUNGE MAUREEN	\N	+256709481990	\N	Active	f	2025-03-24 12:32:12.344719+00
476	24102375	CFXR5WSO2M2	NIN	EMALU JACOB	\N	+256775372903	\N	Active	f	2025-03-24 12:32:12.346368+00
477	24102378	CFZ73X21KYM	NIN	WABULAKHA RONALD OMWENE	\N	+256781193490	\N	Active	f	2025-03-24 12:32:12.347072+00
478	24102379	CMRO2ZKD2N2	NIN	EYO OSCAR	\N	+256702049167	\N	Active	f	2025-03-24 12:32:12.34787+00
479	24102380	CMXC8ZJYCCZ	NIN	TUMUSIIME WILSON KYENJOJO	\N	+256783490823	\N	Active	f	2025-03-24 12:32:12.348835+00
480	24102381	CMW7KXYPSYC	NIN	MATOVU DANIEL	\N	+256700359196	\N	Active	f	2025-03-24 12:32:12.34973+00
481	24102384	CFXGZSIM2V0	NIN	Nyanzi Sowedi	\N	+256757094680	\N	Active	f	2025-03-24 12:32:12.350407+00
482	24102385	CMNL6RM2O88	NIN	Musanje Dirisa	\N	+256758584143	\N	Active	f	2025-03-24 12:32:12.351094+00
483	24102388	CMYC6ARDB3T	NIN	Nanyanzi Sarah	\N	+256741298330	\N	Active	f	2025-03-24 12:32:12.351895+00
484	24102389	CF35OW2UXMQ	NIN	Kimbowa Topher	\N	+256750791823	\N	Active	f	2025-03-24 12:32:12.352595+00
485	24102390	CF3CFWP3Q66	NIN	Semambo Jeremiah	\N	+256743008642	\N	Active	f	2025-03-24 12:32:12.353257+00
486	24102391	CF38YQNWVXE	NIN	Emong Luke	\N	+256741577707	\N	Active	f	2025-03-24 12:32:12.353975+00
487	24102392	CM0VFCM5J97	NIN	Mwene Banabakintu	\N	+256777702773	\N	Active	f	2025-03-24 12:32:12.354724+00
488	24102393	CMP83PQOCZE	NIN	Kirabo Evelyn	\N	+256752846267	\N	Active	f	2025-03-24 12:32:12.355437+00
489	24102397	CMLTKZAQAW4	NIN	NYOMBI THOMAS	\N	+256700744244	\N	Active	f	2025-03-24 12:32:12.356143+00
490	24102398	CFFBTRQNHZF	NIN	Ssekyanzi Abdul	\N	+256754418841	\N	Active	f	2025-03-24 12:32:12.356805+00
491	24102399	CF1FLPWSYFV	NIN	Kateregga Rashid	\N	+256742581912	\N	Active	f	2025-03-24 12:32:12.357416+00
492	24102400	CFTHCEW6BI8	NIN	Lubanga Hudson	\N	+256741256473	\N	Active	f	2025-03-24 12:32:12.358269+00
493	24102401	CMWDWBCL0LE	NIN	Mukasa Joseph Ntale	\N	+256754880037	\N	Active	f	2025-03-24 12:32:12.359032+00
494	24102402	CF1N59PP2BT	NIN	Mulangira kasim	\N	+256758873473	\N	Active	f	2025-03-24 12:32:12.359753+00
495	24102403	CFQ3M2MNMDH	NIN	Brian Kiddawalime	\N	+256756720920	\N	Active	f	2025-03-24 12:32:12.360526+00
496	24102404	CMTZ4N6GDZT	NIN	Kakata Mutwalibi	\N	+256702621542	\N	Active	f	2025-03-24 12:32:12.362047+00
497	24102405	CF4KD3EFPEE	NIN	Maureen Nabagereka	\N	+256702038056	\N	Active	f	2025-03-24 12:32:12.363264+00
498	24102406	CFGBWDUCGQX	NIN	MUSISI WILLIAM	\N	+256706673564	\N	Active	f	2025-03-24 12:32:12.364009+00
499	24102407	CMJ5ZDW8FDW	NIN	Mukiza David	\N	+256700998587	\N	Active	f	2025-03-24 12:32:12.364788+00
500	24102408	CMGNGE6UCDQ	NIN	Kalisa Emmanuel	\N	+256750992968	\N	Active	f	2025-03-24 12:32:12.365815+00
501	24102409	CFEQQ5RNAXP	NIN	KATO WILLIAM	\N	+256708294480	\N	Active	f	2025-03-24 12:32:12.366771+00
502	24102410	CFTTPTCT92P	NIN	Derrick mwanje	\N	+256770678612	\N	Active	f	2025-03-24 12:32:12.367575+00
503	24102411	CMB02RALBST	NIN	TUMSIIME CLEMENT	\N	+256701513589	\N	Active	f	2025-03-24 12:32:12.369211+00
504	24102412	CM84D3OUQPJ	NIN	AMISTUS FARM	\N	+256706941406	\N	Active	f	2025-03-24 12:32:12.36991+00
505	24102413	CMJI5CYMTJI	NIN	MUDASIRU MUTOOTO	\N	+256759296553	\N	Active	f	2025-03-24 12:32:12.370665+00
506	24102415	CFIK01CKUGJ	NIN	KABUYE MICHEAL	\N	+256752322984	\N	Active	f	2025-03-24 12:32:12.371433+00
507	24102416	CFF8WYRW1W8	NIN	NANYONJO TEOPISTA	\N	+256752354852	\N	Active	f	2025-03-24 12:32:12.372218+00
508	24102417	CM5Z3LT2T3B	NIN	KABUYE YUDA	\N	+256752925357	\N	Active	f	2025-03-24 12:32:12.372942+00
509	24102419	CFWG9IBKRQS	NIN	MBALILE PHILIMON	\N	+256752307507	\N	Active	f	2025-03-24 12:32:12.373686+00
510	24102420	CMG8U2HVZS6	NIN	KIRYOOWA ANTHONY	\N	+256751470452	\N	Active	f	2025-03-24 12:32:12.374429+00
511	24102421	CMXPVXHF70Q	NIN	TUMUSIIME EVA	\N	+256703531280	\N	Active	f	2025-03-24 12:32:12.375187+00
512	24102422	CFCEX6KF0RM	NIN	WAIRA Ezekiel	\N	+256761545386	\N	Active	f	2025-03-24 12:32:12.3759+00
513	24102423	CM5WPGH91TM	NIN	NSEREKO  DANIEL	\N	+256752129619	\N	Active	f	2025-03-24 12:32:12.376617+00
514	24102427	CMNLQ8ESLF7	NIN	Nsamba Simon	\N	+256703779566	\N	Active	f	2025-03-24 12:32:12.377358+00
515	24102428	CF6V9PHEW1W	NIN	SSERUWU HENRY	\N	+256757869010	\N	Active	f	2025-03-24 12:32:12.378094+00
516	24102429	CMRMC1OQ8HE	NIN	NSEREKO EMMANUEL	\N	+256704019090	\N	Active	f	2025-03-24 12:32:12.378745+00
517	24102430	CMUYWGGQEMJ	NIN	Likeji Ivan	\N	+256751552274	\N	Active	f	2025-03-24 12:32:12.379517+00
518	24102431	CFC0EB0B7CH	NIN	KYEYUNE WILLIAM	\N	+256700351387	\N	Active	f	2025-03-24 12:32:12.380198+00
519	24102437	CMLQ3VQI80K	NIN	LUWAGA FRED	\N	+256750662520	\N	Active	f	2025-03-24 12:32:12.380831+00
520	24102438	CMMFAG9L6X5	NIN	SSENABULYA EDWARD	\N	+256709564359	\N	Active	f	2025-03-24 12:32:12.381591+00
521	24102439	CME92I52KIB	NIN	GALABUZI MEDDIE	\N	+256751808865	\N	Active	f	2025-03-24 12:32:12.382832+00
522	24102440	CFJKEORJ703	NIN	SAULO MARAGWE	\N	+256754003323	\N	Active	f	2025-03-24 12:32:12.383649+00
523	24102442	CMUR5ZOC2RU	NIN	KAGGWA CHARLES	\N	+256785747991	\N	Active	f	2025-03-24 12:32:12.384397+00
524	24102443	CMLVJRT2Y98	NIN	NAJJUUKO PHONIA	\N	+256754828952	\N	Active	f	2025-03-24 12:32:12.385276+00
525	24102446	CFJ6CW3246H	NIN	SSENONO STEPHEN	\N	+256703449061	\N	Active	f	2025-03-24 12:32:12.38602+00
526	24102449	CF1VGAK0HRT	NIN	MUGISAHU HAGGAI	\N	+256750372761	\N	Active	f	2025-03-24 12:32:12.386685+00
527	24102450	CF0L3M6DJ9M	NIN	Kayazza Abuda	\N	+256772047881	\N	Active	f	2025-03-24 12:32:12.38751+00
528	24102451	CFCBTCGO6GR	NIN	AKTUKWASA JOHN	\N	+256741368159	\N	Active	f	2025-03-24 12:32:12.388521+00
529	24102453	CMEYWWTZW6W	NIN	SSAWULA MOHAMMAD	\N	+256706234385	\N	Active	f	2025-03-24 12:32:12.389491+00
530	24102454	CFQ4RC9EN41	NIN	SALIMU BUTUWE	\N	+256753286219	\N	Active	f	2025-03-24 12:32:12.390211+00
531	24102455	CF5GIYOCDIS	NIN	MUJJABI RONALD	\N	+256706551871	\N	Active	f	2025-03-24 12:32:12.391146+00
532	24102456	CF8DGX8LY0C	NIN	SSENDI DANIEL	\N	+256750007797	\N	Active	f	2025-03-24 12:32:12.392099+00
533	24102457	CFIC8TFGR9Q	NIN	Mazekia Peace	\N	+256764350123	\N	Active	f	2025-03-24 12:32:12.392901+00
534	24102458	CFLR5ER77YP	NIN	Mukiiza James	\N	+256757748805	\N	Active	f	2025-03-24 12:32:12.393614+00
535	24102459	CMFY530Y10T	NIN	Bazalanda Hassen	\N	+256702253099	\N	Active	f	2025-03-24 12:32:12.395139+00
536	24102460	CFLCDAJ6O91	NIN	MUWONGE MUZAFAR	\N	+256706893639	\N	Active	f	2025-03-24 12:32:12.396312+00
537	24102461	CMIZG0ZXNYF	NIN	ALI\tSSEMPALA	\N	+256708080653	\N	Active	f	2025-03-24 12:32:12.397019+00
538	24102462	CMZ2H4F8GI9	NIN	NSUBUGA CHARLES ABAS	\N	+256752584645	\N	Active	f	2025-03-24 12:32:12.397659+00
539	24102463	CM4F5GX11JY	NIN	Lusiba roger	\N	+256744699782	\N	Active	f	2025-03-24 12:32:12.398529+00
540	24102464	CM69W1NT8FJ	NIN	Namalwa Milly	\N	+256780376899	\N	Active	f	2025-03-24 12:32:12.400007+00
541	24102466	CFF5MAB80D7	NIN	Kikomeko musa	\N	+256752042061	\N	Active	f	2025-03-24 12:32:12.401482+00
542	24102467	CM20JFU3WRG	NIN	ABDUL MAJID\tMUGGA	\N	+256776770881	\N	Active	f	2025-03-24 12:32:12.403375+00
543	24102468	CM7148D01L9	NIN	WELISHE BEN	\N	+256756138300	\N	Active	f	2025-03-24 12:32:12.404186+00
544	24102471	CM61GEW2FS1	NIN	Herbert Asingura	\N	+256789250231	\N	Active	f	2025-03-24 12:32:12.406164+00
545	24102472	CMLU6VAHXP4	NIN	Nalumansi Jane	\N	+256756555513	\N	Active	f	2025-03-24 12:32:12.406868+00
546	24102473	CF189CZ0MV5	NIN	Lawrence kiwewa	\N	+256770797291	\N	Active	f	2025-03-24 12:32:12.407519+00
547	24102474	CMAH88YEUXX	NIN	LUBEGA STEVEN	\N	+256754399451	\N	Active	f	2025-03-24 12:32:12.40837+00
548	24102475	CFVICGFY8SA	NIN	Nakitende Doreen	\N	+256709429378	\N	Active	f	2025-03-24 12:32:12.409932+00
549	24102476	CFTNG7T0RJK	NIN	Ssemakula Charles	\N	+256783549596	\N	Active	f	2025-03-24 12:32:12.411332+00
550	24102477	CME8PWP6N0O	NIN	Nyonsaba Daniel	\N	+256705720544	\N	Active	f	2025-03-24 12:32:12.412129+00
551	24102478	CM9DLT5PZNP	NIN	Katende David	\N	+256782985356	\N	Active	f	2025-03-24 12:32:12.412835+00
552	24102479	CFYLSVNTLSV	NIN	OMASET WILFRED	\N	+256756607159	\N	Active	f	2025-03-24 12:32:12.413494+00
553	24102480	CM2XPNAIZMG	NIN	BITAMALE\tFRED	\N	+256705436282	\N	Active	f	2025-03-24 12:32:12.414229+00
554	24102481	CF47AUNROZV	NIN	VINCENT\tMUSISI	\N	+256754720224	\N	Active	f	2025-03-24 12:32:12.414998+00
555	24102482	CFLKN8UM6B5	NIN	SULAIMAN\tKASOZI	\N	+256706143743	\N	Active	f	2025-03-24 12:32:12.416073+00
556	24102483	CFFO0RZHLUA	NIN	Ssemwogerere Raphael	\N	+256754254722	\N	Active	f	2025-03-24 12:32:12.417132+00
557	24102484	CFFSJMW5V9F	NIN	Wafula Bashir	\N	+256774595882	\N	Active	f	2025-03-24 12:32:12.41793+00
558	24102485	CFDLX5HS2SS	NIN	Kalumba Aramanzani	\N	+256705511703	\N	Active	f	2025-03-24 12:32:12.418758+00
559	24102486	CMFMQ0TV2LL	NIN	Mukasa Joseph Kiyingi	\N	+256701382704	\N	Active	f	2025-03-24 12:32:12.419638+00
560	24102487	CM2SYAX3PJZ	NIN	Namuyiga Bena	\N	+256753459757	\N	Active	f	2025-03-24 12:32:12.42039+00
561	24102488	CMQ9FVVBTRS	NIN	Livingstone Migadde	\N	+256753459757	\N	Active	f	2025-03-24 12:32:12.421142+00
562	24102489	CMF2R17M6AP	NIN	Ssekweyama musa	\N	+256755042057	\N	Active	f	2025-03-24 12:32:12.42196+00
563	24102491	CFRGJEQXJTQ	NIN	Semango Shabani	\N	+256770385838	\N	Active	f	2025-03-24 12:32:12.422789+00
564	24102492	CFR6X90U23M	NIN	Birungi Teopista	\N	+256776389922	\N	Active	f	2025-03-24 12:32:12.423438+00
565	24102493	CFV3S7L0Y2C	NIN	Kabugo Paul	\N	+256777590522	\N	Active	f	2025-03-24 12:32:12.424067+00
566	24102494	CF38UX0GBSK	NIN	Luzelwaka Yuda	\N	+256787923405	\N	Active	f	2025-03-24 12:32:12.424738+00
567	24102495	CFB7EZGQV9R	NIN	Katerega Patrick	\N	+256783627218	\N	Active	f	2025-03-24 12:32:12.425508+00
568	24102496	CFQ3CSTKMZI	NIN	Ssali Jerome	\N	+256760986134	\N	Active	f	2025-03-24 12:32:12.426249+00
569	24102497	CFFV7W5O6JW	NIN	Kayondo Emmanuel	\N	+256783227052	\N	Active	f	2025-03-24 12:32:12.426943+00
570	24102498	CMHG8DT3TVI	NIN	Nakachwa mayimuna	\N	+256774385905	\N	Active	f	2025-03-24 12:32:12.427662+00
571	24102499	CFFZ6RIP5NY	NIN	ZUNGU BENEFENSIO	\N	+256781423312	\N	Active	f	2025-03-24 12:32:12.428403+00
572	24102500	CMWT9T59AMC	NIN	MANYIGAMUKAMA CYRIL	\N	+256772048270	\N	Active	f	2025-03-24 12:32:12.429134+00
573	24102501	CF15OSUVEZ8	NIN	Mwanje Vicent	\N	+256780582850	\N	Active	f	2025-03-24 12:32:12.429881+00
574	24102502	CFTKPQUF4SS	NIN	Kiggundu Yasin	\N	+256756273758	\N	Active	f	2025-03-24 12:32:12.430646+00
575	24102503	CFEMKPFAV3Z	NIN	Mulindwa eriah kato	\N	+256708248036	\N	Active	f	2025-03-24 12:32:12.431698+00
576	24102504	CMFSFNUL1J1	NIN	Kakande meddy	\N	+256753514099	\N	Active	f	2025-03-24 12:32:12.432705+00
577	24102505	CM9KO3X2FDG	NIN	SSENOGA JAMES	\N	+256750987175	\N	Active	f	2025-03-24 12:32:12.433642+00
578	24102506	CF2ZPB1350B	NIN	Katerega Rashid	\N	+256742581912	\N	Active	f	2025-03-24 12:32:12.434403+00
579	24102507	CFWA2Z3ELEW	NIN	Nalukwaata Ruth	\N	+256758050893	\N	Active	f	2025-03-24 12:32:12.435182+00
580	24102508	CFD560M51SD	NIN	Mugaga Henry	\N	+256742941348	\N	Active	f	2025-03-24 12:32:12.435978+00
581	24102509	CFUWW3UESB6	NIN	KIRYA DANIEL	\N	+256700278912	\N	Active	f	2025-03-24 12:32:12.436727+00
582	24102510	CFC3UZGC5XQ	NIN	Nyinabange Monica	\N	+256752021916	\N	Active	f	2025-03-24 12:32:12.437688+00
583	24102511	CF456M03Q5I	NIN	HENRY\tLIVINGSTON	\N	+256757869010	\N	Active	f	2025-03-24 12:32:12.438727+00
584	24102513	CF6ZQZ6WRFS	NIN	TAAKYA\tNAMBALIRWA	\N	+256782950247	\N	Active	f	2025-03-24 12:32:12.439662+00
585	24102519	CMDAPMUGJ3I	NIN	Katumba Andrew	\N	+256706598981	\N	Active	f	2025-03-24 12:32:12.44039+00
586	24102520	CFKJBM2458V	NIN	Antony matovu	\N	+256758365961	\N	Active	f	2025-03-24 12:32:12.441047+00
587	24102521	CMPZ14UBKL7	NIN	AGUSE \tKALIMBA	\N	+256782408545	\N	Active	f	2025-03-24 12:32:12.441755+00
588	24112522	CMHDZS7WMHX	NIN	LUMALA MOSES	\N	+256701879530	\N	Active	f	2025-03-24 12:32:12.442604+00
589	24112524	CMNG41KM04D	NIN	Gerald Mutebi	\N	+256703454941	\N	Active	f	2025-03-24 12:32:12.443433+00
590	24112525	CFHWY8LG81W	NIN	Wobudeya Mary Claire	\N	+256773753322	\N	Active	f	2025-03-24 12:32:12.44423+00
591	24112526	CMSPIIYPYFC	NIN	Ssekikubo Deo	\N	+256706607265	\N	Active	f	2025-03-24 12:32:12.445007+00
592	24112528	CF0MFEERPZH	NIN	Kayanga Mawazi	\N	+256775520950	\N	Active	f	2025-03-24 12:32:12.4458+00
593	24112529	CF7ZK7S55CP	NIN	Mutesi Irene	\N	+256705515379	\N	Active	f	2025-03-24 12:32:12.446518+00
594	24112530	CMAMYA8VOSI	NIN	Kabanda David	\N	+256776797628	\N	Active	f	2025-03-24 12:32:12.447242+00
595	24112531	CF7U8GHZEQN	NIN	NGATI Benard	\N	+256707333987	\N	Active	f	2025-03-24 12:32:12.448543+00
596	24112532	CMBZVRB5AG2	NIN	Makubuya Abdul	\N	+256708580602	\N	Active	f	2025-03-24 12:32:12.449478+00
597	24112533	CFO7TGDCT0D	NIN	Ssejona Daniel	\N	+256750007797	\N	Active	f	2025-03-24 12:32:12.45034+00
598	24112536	CFB0ECEOI01	NIN	NAKAWESA IMMACULATE	\N	+256753986727	\N	Active	f	2025-03-24 12:32:12.451099+00
599	24112537	CF25TYKJ5KY	NIN	Angel Rusoke	\N	+256775795821	\N	Active	f	2025-03-24 12:32:12.451985+00
600	24112538	CM4XNAB0BY0	NIN	MUGABI EDWIN	\N	+256756622556	\N	Active	f	2025-03-24 12:32:12.453811+00
601	24112539	CM6HGYUML1F	NIN	SEMUJJU GEOFREY	\N	+256701355194	\N	Active	f	2025-03-24 12:32:12.454576+00
602	24112540	CMGPO3BK2XD	NIN	MUHAMAD WASUKIRA	\N	+256706234385	\N	Active	f	2025-03-24 12:32:12.455364+00
603	24112543	CM9YUIPVTY8	NIN	Kayondo Musa	\N	+256704819682	\N	Active	f	2025-03-24 12:32:12.456318+00
604	24112544	CM30UBI5PPB	NIN	Ssentongo William	\N	+256756862350	\N	Active	f	2025-03-24 12:32:12.45697+00
605	24112549	CFQ2IA0NFPO	NIN	Emily Namanya	\N	+256775864490	\N	Active	f	2025-03-24 12:32:12.457605+00
606	24112550	CFB0MQC8GUN	NIN	MEDDIE\tKAKANDE	\N	+256753514099	\N	Active	f	2025-03-24 12:32:12.458198+00
607	24112551	CMC61F0M6YS	NIN	Charles Lwanga	\N	+256765337970	\N	Active	f	2025-03-24 12:32:12.460604+00
608	24112552	CF0DGS1POUT	NIN	Enzaryu Harriet	\N	+256785147103	\N	Active	f	2025-03-24 12:32:12.46143+00
609	24112553	CFDWYP85EWI	NIN	KASULE MOSES	\N	+256782377582	\N	Active	f	2025-03-24 12:32:12.462722+00
610	24112555	CFUMU9XV8XT	NIN	TUSINGU RICHARD	\N	+256778744357	\N	Active	f	2025-03-24 12:32:12.463421+00
611	24112556	CFEXJH2OOQF	NIN	ZIJJA FARM	\N	+256772371704	\N	Active	f	2025-03-24 12:32:12.464121+00
612	24112557	CFK8UJ24PPW	NIN	BULAYIIMU MUSANJI	\N	+256763611339	\N	Active	f	2025-03-24 12:32:12.465181+00
613	24112558	CM1TYRB78GQ	NIN	SSENYONGA SIRAJE	\N	+256760482457	\N	Active	f	2025-03-24 12:32:12.466196+00
614	24112559	CF9012G5AB4	NIN	KAGWA ANDREW	\N	+256782859050	\N	Active	f	2025-03-24 12:32:12.466943+00
615	24112560	CFF272M08JI	NIN	Eliana Lyons	\N	+256704277679	\N	Active	f	2025-03-24 12:32:12.467753+00
616	24112561	CF1NHSKG1RL	NIN	WAISWA DENIS	\N	+256772477628	\N	Active	f	2025-03-24 12:32:12.468747+00
617	24112562	CMFEMFKC1JV	NIN	LUTWAMA FRANCIS	\N	+256753282523	\N	Active	f	2025-03-24 12:32:12.469443+00
618	24112563	CFA3OU5NI5N	NIN	MUKIIBI JOSEPH	\N	+256751202912	\N	Active	f	2025-03-24 12:32:12.470099+00
619	24112566	CFOFWNA5Z0Y	NIN	HUSSIEN KAYIZZI	\N	+256757450861	\N	Active	f	2025-03-24 12:32:12.470998+00
620	24112567	CFSMVZ3JSZH	NIN	PONSIANO\tMAZUKU	\N	+256705115058	\N	Active	f	2025-03-24 12:32:12.471757+00
621	24112568	CFDCVKX39T6	NIN	KALYANGO GEORGE	\N	+256753242122	\N	Active	f	2025-03-24 12:32:12.4725+00
622	24112569	CMMII1KKGQQ	NIN	KIZITO CHARLES	\N	+256701994176	\N	Active	f	2025-03-24 12:32:12.47319+00
623	24112572	CF7XVICGGNU	NIN	MULINDWA EMMANUEL	\N	+256705047372	\N	Active	f	2025-03-24 12:32:12.473859+00
624	24112573	CMHU6NPFRQG	NIN	Bright Rwelemera	\N	+256773614200	\N	Active	f	2025-03-24 12:32:12.474485+00
625	24112575	CFQ66PLP3YQ	NIN	ORCHIDS HOUSE FARM LTD	\N	+256788711414	\N	Active	f	2025-03-24 12:32:12.4752+00
626	24112576	CMKT7Z6V4RK	NIN	Umar Jowege	\N	+256754280147	\N	Active	f	2025-03-24 12:32:12.475897+00
627	24112577	CFWPR2C2XY4	NIN	Kakaire Abdallah	\N	+256706846929	\N	Active	f	2025-03-24 12:32:12.476568+00
628	24112579	CMDR3IHA2NJ	NIN	Bahemuka Ronald	\N	+256703515168	\N	Active	f	2025-03-24 12:32:12.477312+00
629	24112580	CM64TGH8DL7	NIN	Kivumbi Ibrahim	\N	+256702982074	\N	Active	f	2025-03-24 12:32:12.478132+00
630	24112581	CFWP3VJCHME	NIN	Asiimwe Muhammad	\N	+256756575747	\N	Active	f	2025-03-24 12:32:12.478924+00
631	24112582	CFF9Z1V2HZ5	NIN	Tinkasimiire Abdallah	\N	+256781400096	\N	Active	f	2025-03-24 12:32:12.479717+00
632	24112583	CMV6T1AL2HJ	NIN	Sekidde Muzamil	\N	+256754658339	\N	Active	f	2025-03-24 12:32:12.480395+00
633	24112584	CMSYCIK61LL	NIN	Namukwaya Neo	\N	+256787705552	\N	Active	f	2025-03-24 12:32:12.481192+00
634	24112585	CF1BARSJBYI	NIN	TWALILANA\tRAMATHAN	\N	+256756797861	\N	Active	f	2025-03-24 12:32:12.48325+00
635	24112586	CM5HOC6HDVJ	NIN	J0HNBOSCO\tMPANGA	\N	+256703803195	\N	Active	f	2025-03-24 12:32:12.484206+00
636	24112587	CMUFLBEE33B	NIN	SULAIMAN\tKASOZI	\N	+256706143743	\N	Active	f	2025-03-24 12:32:12.48495+00
637	24112588	CMC8SQS5AC4	NIN	Tegu Juma	\N	+256789932395	\N	Active	f	2025-03-24 12:32:12.486149+00
638	24112589	CF24Q3A3CC5	NIN	Tusiime Vinnah	\N	+256789932395	\N	Active	f	2025-03-24 12:32:12.486984+00
639	24112590	CFWPAUCQKB9	NIN	Atumanya Racheal	\N	+256789932395	\N	Active	f	2025-03-24 12:32:12.488097+00
640	24112591	CMK8ODA6FP6	NIN	Tugumisirize Urban	\N	+256789932395	\N	Active	f	2025-03-24 12:32:12.489325+00
641	24112592	CFOAAMDEAG2	NIN	Ntegge\tMpigi	\N	+256751363277	\N	Active	f	2025-03-24 12:32:12.490114+00
642	24112593	CFDZ2TCCN7T	NIN	Tomusange Musa	\N	+256757803746	\N	Active	f	2025-03-24 12:32:12.49076+00
643	24112594	CFZI6L1CEXK	NIN	Ssentamu Julius	\N	+256757803746	\N	Active	f	2025-03-24 12:32:12.491492+00
644	24112595	CF8FIT9H948	NIN	Nanyonga Noel	\N	+256757803746	\N	Active	f	2025-03-24 12:32:12.492863+00
645	24112596	CFEOUFD6KY7	NIN	Kakaire Mohammed	\N	+256757803746	\N	Active	f	2025-03-24 12:32:12.493496+00
646	24112597	CMO41OFURCO	NIN	KYALO ALLAN	\N	+256745215037	\N	Active	f	2025-03-24 12:32:12.494142+00
647	24112598	CFAO6EQSN4W	NIN	Edward\tMubiru	\N	+256781535509	\N	Active	f	2025-03-24 12:32:12.494901+00
648	24112599	CMZB1X0NWWE	NIN	Akoro Eunice	\N	+256773534901	\N	Active	f	2025-03-24 12:32:12.495966+00
649	24112600	CMIQWCGEYU0	NIN	Abdulahuman\tKayizi	\N	+256708470610	\N	Active	f	2025-03-24 12:32:12.496892+00
650	24112601	CM1DS2HQSHB	NIN	Lydia Lule	\N	+256782310957	\N	Active	f	2025-03-24 12:32:12.497756+00
651	24112602	CMDO9KWC1Z9	NIN	Kazibwe Isaac	\N	+256757803746	\N	Active	f	2025-03-24 12:32:12.498953+00
652	24112603	CFYOTQVW3DY	NIN	Ssebaleke Charles	\N	+256785357091	\N	Active	f	2025-03-24 12:32:12.499888+00
653	24112604	CMBKGTUL1JI	NIN	Kateregga Baker	\N	+256785357091	\N	Active	f	2025-03-24 12:32:12.500666+00
654	24112605	CFAK2H3IQNI	NIN	Yiga Sirage	\N	+256785357091	\N	Active	f	2025-03-24 12:32:12.501515+00
655	24112607	CF3GXA65BN7	NIN	Katende Edward	\N	+256785357091	\N	Active	f	2025-03-24 12:32:12.502338+00
656	24112608	CFTXDETHWFS	NIN	Muyingo Daniel	\N	+256785357091	\N	Active	f	2025-03-24 12:32:12.503071+00
657	24112609	CM1DH6027IB	NIN	Kuule Samuel	\N	+256785357091	\N	Active	f	2025-03-24 12:32:12.503882+00
658	24112610	CMZDA3JB9GL	NIN	Nyemera Ben Atwooki	\N	+256394005987	\N	Active	f	2025-03-24 12:32:12.504679+00
659	24112611	CF0G9LFEW3K	NIN	Mugisha Haggai	\N	+256394005987	\N	Active	f	2025-03-24 12:32:12.505537+00
660	24112619	CFUDW5RFEJB	NIN	Komwiswa Job Bala	\N	+256394005987	\N	Active	f	2025-03-24 12:32:12.507825+00
661	24112620	CMIJK5T85Y4	NIN	NAMUTEBI CHRISTINE	\N	+256774402127	\N	Active	f	2025-03-24 12:32:12.50857+00
662	24112622	CM41STR3HQN	NIN	Ssegawa Yasin	\N	+256758645064	\N	Active	f	2025-03-24 12:32:12.509198+00
663	24112624	CMIJ2AWZDR6	NIN	MUZAMIRU NASIF	\N	+256754658339	\N	Active	f	2025-03-24 12:32:12.509866+00
664	24112625	CMOL93CUSPF	NIN	Nakibuka Firidaus	\N	+256781695498	\N	Active	f	2025-03-24 12:32:12.510509+00
665	24112626	CMC0M14A4A1	NIN	Afasha Fred	\N	+256781695498	\N	Active	f	2025-03-24 12:32:12.511175+00
666	24112628	CMJ3ETBDZK6	NIN	Kasirye Richard	\N	+256781695498	\N	Active	f	2025-03-24 12:32:12.51181+00
667	24112629	CFXB6XT6OX5	NIN	Kisakye Annet	\N	+256781695498	\N	Active	f	2025-03-24 12:32:12.51263+00
668	24112630	CFCUVGE1MZB	NIN	Lumu Francis	\N	+256781695498	\N	Active	f	2025-03-24 12:32:12.513453+00
669	24112631	CM4P6I03JNH	NIN	Turyatunga Arthur	\N	+256781695498	\N	Active	f	2025-03-24 12:32:12.514256+00
670	24112633	CM6K7HXFWPR	NIN	Byaruhanga John	\N	+256781695498	\N	Active	f	2025-03-24 12:32:12.515169+00
671	24112634	CM79ALXZ0SZ	NIN	Saturday William	\N	+256781695498	\N	Active	f	2025-03-24 12:32:12.51617+00
672	24112635	CMG2MZK41JE	NIN	Sunday Posiano	\N	+256781695498	\N	Active	f	2025-03-24 12:32:12.516947+00
673	24112636	CMF2VYPDYQV	NIN	Usanase Marie Josee	\N	+256781695498	\N	Active	f	2025-03-24 12:32:12.517774+00
674	24112637	CMWUIQWZRWC	NIN	John Bosco	\N	+256777743483	\N	Active	f	2025-03-24 12:32:12.5186+00
676	24112639	CMFC3VM5QI1	NIN	Ssemugera moses	\N	+256778367026	\N	Active	f	2025-03-24 12:32:12.520186+00
677	24112640	CMEQEJVS28W	NIN	SERWADDA\tYASSIN	\N	+256756272184	\N	Active	f	2025-03-24 12:32:12.521852+00
678	24112641	CFK255SQEG1	NIN	MUGISHA\tROBERT	\N	+256772984721	\N	Active	f	2025-03-24 12:32:12.522841+00
679	24112643	CF2E5AMCNJ4	NIN	SHAFIK\tSEMAKULA	\N	+256757598062	\N	Active	f	2025-03-24 12:32:12.523677+00
680	24112644	CFO2P5LO5JF	NIN	SSEKIGENGE ALEX	\N	+256755298030	\N	Active	f	2025-03-24 12:32:12.524426+00
681	24112646	CFP9GWR154S	NIN	MULYAZAAWO SULAIMAN	\N	+256755298030	\N	Active	f	2025-03-24 12:32:12.525075+00
682	24112647	CFKV3OMMMCO	NIN	MUSUUZA RONALD	\N	+256755298030	\N	Active	f	2025-03-24 12:32:12.525667+00
683	24112648	CFG7J2HOXR6	NIN	BYAMUKAMA GODFREY IVAN	\N	+256755298030	\N	Active	f	2025-03-24 12:32:12.52631+00
684	24112649	CF8O3HX0KVG	NIN	KYAGABA\tEPHRAIM	\N	+256708035875	\N	Active	f	2025-03-24 12:32:12.526896+00
685	24112650	CF9FZ9P44OL	NIN	SSEMWEMBA\tJOSHUA	\N	+256758577522	\N	Active	f	2025-03-24 12:32:12.527574+00
686	24112651	CMSHUXQ7JET	NIN	TULIBANGENYI TITO	\N	+256705554670	\N	Active	f	2025-03-24 12:32:12.528234+00
687	24112652	CMVA1Y27Y0I	NIN	Nabaale Racheal	\N	+256705554670	\N	Active	f	2025-03-24 12:32:12.529632+00
688	24112653	CMVM8BSE8RS	NIN	Ssekadda Musasizzi James	\N	+256705554670	\N	Active	f	2025-03-24 12:32:12.531323+00
689	24112654	CFKN6920L26	NIN	Wandira Moses	\N	+256705554670	\N	Active	f	2025-03-24 12:32:12.53245+00
690	24112655	CF6IDT5UI60	NIN	Sssebuzza Joel	\N	+256705554670	\N	Active	f	2025-03-24 12:32:12.533374+00
691	24112656	CMGQ9G7K5O4	NIN	Bisaso Richard	\N	+256705554670	\N	Active	f	2025-03-24 12:32:12.534158+00
692	24112657	CMKLCVXPT5L	NIN	Sabaakaki Robert	\N	+256705554670	\N	Active	f	2025-03-24 12:32:12.535001+00
693	24112658	CM9JZAV95EG	NIN	Namakula Shakirah	\N	+256705554670	\N	Active	f	2025-03-24 12:32:12.535912+00
694	24112659	CMVMU0JBKMD	NIN	Namutebi Loyce	\N	+256705554670	\N	Active	f	2025-03-24 12:32:12.53672+00
695	24112660	CF3D5EFM9C8	NIN	Atulinda Collins	\N	+256705554670	\N	Active	f	2025-03-24 12:32:12.537694+00
696	24112661	CF4HIZQ3LTV	NIN	Kasangaki Nicholas	\N	+256787829824	\N	Active	f	2025-03-24 12:32:12.539035+00
697	24112662	CMTZTYPHOA8	NIN	NAKIGJO ERIOTH	\N	+256771299326	\N	Active	f	2025-03-24 12:32:12.540004+00
698	24112663	CFFLQ7RM0RK	NIN	NANKYA DANIELA JANE	\N	+256771299326	\N	Active	f	2025-03-24 12:32:12.540847+00
699	24112665	CMANLPZW8NG	NIN	Mitegyeko Ssezi	\N	+256772587085	\N	Active	f	2025-03-24 12:32:12.541596+00
700	24112666	CFT8JXFWAD0	NIN	Ssonko Robert	\N	+256778367026	\N	Active	f	2025-03-24 12:32:12.542277+00
701	24112667	CF2AP1C10J6	NIN	NAKAWUKA AMINA	\N	+256778367026	\N	Active	f	2025-03-24 12:32:12.542968+00
702	24112668	CM6M4K0BT8N	NIN	Joan Nabakiibi	\N	+256772868129	\N	Active	f	2025-03-24 12:32:12.543594+00
703	24112670	CFBCBXTQ1U6	NIN	Abigaba \tMOSES	\N	+256772551909	\N	Active	f	2025-03-24 12:32:12.544265+00
704	24112671	CM8B6F9J365	NIN	Ndagi Mixed Farm\tJoan Nabakiibi	\N	+256772868129	\N	Active	f	2025-03-24 12:32:12.544891+00
705	24112675	CM5XWSP5QQG	NIN	Rhiono Veges Farm	\N	+256760832323	\N	Active	f	2025-03-24 12:32:12.545555+00
706	24112676	CFX5A8RGW0E	NIN	MUDEBO SAFINA	\N	+256754745067	\N	Active	f	2025-03-24 12:32:12.546204+00
707	24112677	CMTOWSWAIR2	NIN	MUZUSA RONALD	\N	+256754745067	\N	Active	f	2025-03-24 12:32:12.547083+00
708	24112678	CM8N1OC4E6E	NIN	KAZIBWE RICHARD	\N	+256754745067	\N	Active	f	2025-03-24 12:32:12.547892+00
709	24112679	CF2M6MRGDID	NIN	KABANDA RASHID	\N	+256754745067	\N	Active	f	2025-03-24 12:32:12.548869+00
710	24112680	CFNVU5I9SJB	NIN	Mugala\tEdrine	\N	+256702896452	\N	Active	f	2025-03-24 12:32:12.551349+00
711	24112681	CFXUTELPDLA	NIN	KITAYIMBWA DEOGRACIOUS	\N	+256701133134	\N	Active	f	2025-03-24 12:32:12.552354+00
712	24112686	CFM311UPTDB	NIN	KATO PONSIANO	\N	+256755070757	\N	Active	f	2025-03-24 12:32:12.554158+00
713	24112687	CM4LHZRDD5N	NIN	JALIA MARIA \tNDAGIRE	\N	+256775604870	\N	Active	f	2025-03-24 12:32:12.555925+00
714	24112688	CFSR12CSQVC	NIN	MUHUMUZA DAVID MBANGYA	\N	+256767699877	\N	Active	f	2025-03-24 12:32:12.556698+00
715	24112689	CMG2A9EK2DD	NIN	NABBIMBA \tJOSEPH KEVIN	\N	+256740276106	\N	Active	f	2025-03-24 12:32:12.557407+00
716	24112690	CFXHDBBXE39	NIN	NDUGWA JOHNBOSCO	\N	+256788261965	\N	Active	f	2025-03-24 12:32:12.558162+00
717	24112691	CFIC7JKBYA2	NIN	MUKASA FRED KIWEWA	\N	+256782900259	\N	Active	f	2025-03-24 12:32:12.558983+00
718	24112692	CFPDC5MSNRK	NIN	NAJJEMBA SHARIFAH	\N	+256757582059	\N	Active	f	2025-03-24 12:32:12.559659+00
719	24112693	CF993QT2ZVX	NIN	BYARUGABA LEVETATO	\N	+256786516307	\N	Active	f	2025-03-24 12:32:12.560345+00
720	24112694	CM204DFCFD4	NIN	Mbabazi Maria	\N	+256700295995	\N	Active	f	2025-03-24 12:32:12.561001+00
721	24112695	CM00467A6IJ	NIN	Ssemujju Geoffrey	\N	+256777743483	\N	Active	f	2025-03-24 12:32:12.562443+00
722	24112698	CMDHXZXVPMC	NIN	KASIITA DERRICK	\N	+256774322388	\N	Active	f	2025-03-24 12:32:12.564346+00
723	24112701	CM5WGD4JB1F	NIN	Tugumisirize Urban Barugahare	\N	+256740674512	\N	Active	f	2025-03-24 12:32:12.565424+00
724	24112706	CMZBJIG9YR0	NIN	Kamuhanda Dan	\N	+256777894383	\N	Active	f	2025-03-24 12:32:12.56672+00
725	24112707	CM5LPWU7M7L	NIN	NANYANZI ANNET	\N	+256703810548	\N	Active	f	2025-03-24 12:32:12.567625+00
726	24112708	CM90YE30T8M	NIN	Asiimwe Buhamizo	\N	+256786971627	\N	Active	f	2025-03-24 12:32:12.568542+00
727	24112709	CMS4DN15286	NIN	NIWARINDA ANNITAH	\N	+256700870099	\N	Active	f	2025-03-24 12:32:12.569355+00
728	24112710	CMHEEB4BNOX	NIN	MUKASA IDRIS	\N	+256781695498	\N	Active	f	2025-03-24 12:32:12.570135+00
729	24112711	CFL0JL2RW7H	NIN	Muttu Vicent	\N	+256781695498	\N	Active	f	2025-03-24 12:32:12.570925+00
730	24112712	CMITN5HTB0U	NIN	Mwenje Ismail	\N	+256757195838	\N	Active	f	2025-03-24 12:32:12.571805+00
731	24112713	CMPMBU98NHE	NIN	Kyebambe Peter	\N	+256740203799	\N	Active	f	2025-03-24 12:32:12.572612+00
732	24112714	CMMHVYP3R6N	NIN	Tibiryala Fred	\N	+256781695498	\N	Active	f	2025-03-24 12:32:12.573421+00
733	24112715	CFRH74RIAGX	NIN	KABUYE ALEX	\N	+256744305987	\N	Active	f	2025-03-24 12:32:12.5741+00
734	24112716	CMVP82VT044	NIN	Ssekabembe Victor	\N	+256777743483	\N	Active	f	2025-03-24 12:32:12.574775+00
735	24112721	CF9I1MMMO1E	NIN	Ola Peter	\N	+256781695498	\N	Active	f	2025-03-24 12:32:12.575538+00
736	24112722	CF6C8BKOQ9S	NIN	Kasazi Swarik	\N	+256778367026	\N	Active	f	2025-03-24 12:32:12.57621+00
737	24112727	CFZ8T77NZXF	NIN	ZAC FARMS	\N	+256771919334	\N	Active	f	2025-03-24 12:32:12.576862+00
738	24112731	CF43399NNIO	NIN	Kenneth\tMwanguhya	\N	+256763800732	\N	Active	f	2025-03-24 12:32:12.577529+00
739	24112734	CM2K1TSK1A6	NIN	NAKIBWAMI ROSE	\N	+256754745067	\N	Active	f	2025-03-24 12:32:12.578235+00
826	40030	CM74048102FXQD	NIN	NTABWOBA JULIUS	\N	750869370	\N	Active	f	2025-03-26 14:50:14.93596+00
741	24112736	CFJB9JVXUX3	NIN	Ahebwe Merian	\N	+256708389639	\N	Active	f	2025-03-24 12:32:12.579489+00
742	24112737	CFTS6MCCZC7	NIN	Agaba Bruno	\N	+256708389639	\N	Active	f	2025-03-24 12:32:12.580188+00
743	24112738	CFHS50BUX5U	NIN	Akatukunda Monic	\N	+256708389639	\N	Active	f	2025-03-24 12:32:12.580911+00
744	24112739	CFZ2DB4YNJN	NIN	Tumurebire Moses	\N	+256700167446	\N	Active	f	2025-03-24 12:32:12.581867+00
745	24112740	CMVNWQGY6GG	NIN	Juma Mutaawe	\N	+256753631945	\N	Active	f	2025-03-24 12:32:12.583022+00
746	24112741	CM1K9WQTA8Z	NIN	Ajok Teopista Spacy	\N	+256774784713	\N	Active	f	2025-03-24 12:32:12.584166+00
747	24112742	CMOFZ1JDNH0	NIN	Nanyanzi Salama	\N	+256752300650	\N	Active	f	2025-03-24 12:32:12.58494+00
748	24112743	CFG01AO7LEI	NIN	Kabuye Umar	\N	+256706336957	\N	Active	f	2025-03-24 12:32:12.585779+00
749	24112746	CFYUX2UZSAK	NIN	Thomas Tibaijuka	\N	+256772499800	\N	Active	f	2025-03-24 12:32:12.586526+00
750	24112747	CFG5VS5AFXL	NIN	Kakande Robert	\N	+256775683783	\N	Active	f	2025-03-24 12:32:12.587259+00
751	24112748	CFSP8HAOQK4	NIN	RONALD KAYONDE	\N	+256741094790	\N	Active	f	2025-03-24 12:32:12.588395+00
752	24112749	CMPGN5HNTVL	NIN	Wavamunno\tJimmy Wavuunika	\N	+256394005987	\N	Active	f	2025-03-24 12:32:12.589377+00
753	24112750	CM7RXMRCDNN	NIN	Ndawula Muhamad	\N	+256394005987	\N	Active	f	2025-03-24 12:32:12.590204+00
754	24112751	CF044QTT3S2	NIN	Yongyeraho Erias	\N	+256394005987	\N	Active	f	2025-03-24 12:32:12.591032+00
755	24112752	CMC4QG3N1ZZ	NIN	Abukakar\tKisaami	\N	+256394005987	\N	Active	f	2025-03-24 12:32:12.591704+00
756	24112753	CFOYG9FNLHP	NIN	Atwine\tGilver	\N	+256394005987	\N	Active	f	2025-03-24 12:32:12.59241+00
757	24112754	CFKVA0RCXEA	NIN	Busingye\tGetrude	\N	+256394005987	\N	Active	f	2025-03-24 12:32:12.593124+00
758	24112755	CFP131L5439	NIN	TUMUHIMBISE JUDITH	\N	+256753880713	\N	Active	f	2025-03-24 12:32:12.593831+00
759	24112756	CFHSJL2J9J7	NIN	Kabale\tBesweri	\N	+256394005987	\N	Active	f	2025-03-24 12:32:12.594647+00
760	24112757	CFJW67KK3RQ	NIN	Mpanga\tFaisal	\N	+256394005987	\N	Active	f	2025-03-24 12:32:12.595351+00
761	24112759	CFDSHL6I13A	NIN	Ssekivu\tHenry	\N	+256394005987	\N	Active	f	2025-03-24 12:32:12.596003+00
762	24112760	CML7BFLW382	NIN	LAUREN NUWAHEREZA	\N	+256703466265	\N	Active	f	2025-03-24 12:32:12.596669+00
763	24112761	CMKUBM4DDWI	NIN	GEOFFREY NATUYAMBA	\N	+256784138163	\N	Active	f	2025-03-24 12:32:12.597295+00
764	24112762	CFNWH44HKI4	NIN	Walusimbi Umaru	\N	+256779988807	\N	Active	f	2025-03-24 12:32:12.598077+00
765	24112763	CMMPIW67BXG	NIN	Achilles Katuube	\N	+256783279345	\N	Active	f	2025-03-24 12:32:12.599161+00
766	24112764	CMP4TV9EJIW	NIN	Ssemwogerere Hakim	\N	+256757933322	\N	Active	f	2025-03-24 12:32:12.600661+00
767	24112768	CFR8AAE504P	NIN	Muguzi Perez	\N	+256772892436	\N	Active	f	2025-03-24 12:32:12.60148+00
768	24112774	CF04U5FMMA4	NIN	Nalugoda Hassan	\N	+256706903922	\N	Active	f	2025-03-24 12:32:12.602162+00
769	24112777	CFAHJ2J42X1	NIN	Namatovu Gorret	\N	+256706903922	\N	Active	f	2025-03-24 12:32:12.602992+00
770	24112778	CFF7LD5GSWK	NIN	ONESOURCEFARM\tNELSON	\N	+256776254962	\N	Active	f	2025-03-24 12:32:12.60402+00
771	24112779	CFQ5J39NT6M	NIN	BAITEGAINE  BENJAMIN	\N	+256759198070	\N	Active	f	2025-03-24 12:32:12.604904+00
772	24112780	CME7H6HSUYE	NIN	Mugisa Robinah	\N	+256781695498	\N	Active	f	2025-03-24 12:32:12.605719+00
773	24112782	CMGSJWNSPU9	NIN	Kyalikampa Vincent	\N	+256781695498	\N	Active	f	2025-03-24 12:32:12.606526+00
774	24112783	CMLWZ5HFWHR	NIN	Matovu Ovia	\N	+256772631058	\N	Active	f	2025-03-24 12:32:12.607286+00
775	24112784	CFDO4HTQ9XT	NIN	Nalwanja Asiat	\N	+256789200130	\N	Active	f	2025-03-24 12:32:12.608077+00
776	24112785	CM0KQAHBJ0L	NIN	Mata Joyce	\N	+256775791947	\N	Active	f	2025-03-24 12:32:12.60885+00
777	24112786	CMCB480CWEA	NIN	Ssempijja Jovan	\N	+256775791947	\N	Active	f	2025-03-24 12:32:12.609549+00
778	24112787	CFL9EZCIRPR	NIN	Achan Angella	\N	+256707499916	\N	Active	f	2025-03-24 12:32:12.610244+00
779	24112793	CFSBC61Z06P	NIN	Wandera Beatrice	\N	+256704499835	\N	Active	f	2025-03-24 12:32:12.610981+00
780	24112794	CFXVN8JNBTL	NIN	Nyakimwe Wanyina	\N	+256754745067	\N	Active	f	2025-03-24 12:32:12.611674+00
781	24112795	CMGBXRPJ45T	NIN	Ambrose Asiimwe	\N	+256773611044	\N	Active	f	2025-03-24 12:32:12.612373+00
782	24112796	CFU4K7WCMK4	NIN	Kevin Barret Baguma	\N	+256705216240	\N	Active	f	2025-03-24 12:32:12.613327+00
783	24112797	CFCRV5DTVBL	NIN	Juliet Nasimbwa	\N	+256750532094	\N	Active	f	2025-03-24 12:32:12.613967+00
784	24112799	CMQF1K58AJ9	NIN	Mulumba Edward	\N	+256758916117	\N	Active	f	2025-03-24 12:32:12.614609+00
785	24112800	CM1A4JYI782	NIN	Tebiggwayo Henry	\N	+256700292909	\N	Active	f	2025-03-24 12:32:12.615746+00
786	24112801	CFU6WQCLCYF	NIN	Muhereza Edson	\N	+256780532505	\N	Active	f	2025-03-24 12:32:12.616981+00
787	24112802	CMN4ZJU5NVG	NIN	Waiswa Twaha	\N	+256750825687	\N	Active	f	2025-03-24 12:32:12.617842+00
788	24112803	CFQZ716X5JX	NIN	Taga Francis Nuwagaba	\N	+256772500286	\N	Active	f	2025-03-24 12:32:12.618673+00
789	24112804	CFM7ZJ2ZVQS	NIN	SARAH NDAGIRE	\N	+256740139474	\N	Active	f	2025-03-24 12:32:12.619459+00
790	24112805	CFS2C9PC5ZV	NIN	Tonny kiganda	\N	+256762269699	\N	Active	f	2025-03-24 12:32:12.620202+00
791	24112806	CF5OI41P0SD	NIN	MARTHA NAMPALA	\N	+256775996666	\N	Active	f	2025-03-24 12:32:12.62103+00
792	24112807	CMJY58MW1ZJ	NIN	PROSSY NANSEREKO	\N	+256760932976	\N	Active	f	2025-03-24 12:32:12.621856+00
793	24112808	CF5NIIHFKRU	NIN	JOACHIM KIMULI	\N	+256753466676	\N	Active	f	2025-03-24 12:32:12.622691+00
794	24112809	CMOLU3P9AYE	NIN	GLORIA NABAGGALA	\N	+256740761606	\N	Active	f	2025-03-24 12:32:12.623389+00
795	24112810	CM5EYO7JHO0	NIN	Kiwanuka Jackson	\N	+256753114635	\N	Active	f	2025-03-24 12:32:12.624134+00
796	24112811	CF03WWLKJ85	NIN	BUKENYA\tJOEL	\N	+256754745067	\N	Active	f	2025-03-24 12:32:12.624986+00
797	24112812	CMK9IEHECKO	NIN	Kamya Deogracious	\N	+256702504021	\N	Active	f	2025-03-24 12:32:12.625702+00
798	24112813	CF4W2S0DEBB	NIN	Bukenya Emmanuel	\N	+256741270880	\N	Active	f	2025-03-24 12:32:12.626389+00
799	24112814	CFYH37MADGP	NIN	Kayiwa Mustafa	\N	+256708368021	\N	Active	f	2025-03-24 12:32:12.627116+00
800	24112815	CMF4FEZWQ86	NIN	Kawuki Ronald	\N	+256708513400	\N	Active	f	2025-03-24 12:32:12.627836+00
801	24112818	CFDQ6VAIYHD	NIN	Mukasa Amos	\N	+256753377961	\N	Active	f	2025-03-24 12:32:12.628533+00
802	24112819	CMAW0AZFJA0	NIN	Kiyimba Joseph	\N	+256782012694	\N	Active	f	2025-03-24 12:32:12.629255+00
803	24122820	CFLVLQ8XOEH	NIN	Ssentume Bashir	\N	+256783062555	\N	Active	f	2025-03-24 12:32:12.629882+00
804	24122821	CMG74L5Z506	NIN	Mayengo Eliab Wilson	\N	+256757061700	\N	Active	f	2025-03-24 12:32:12.630509+00
805	24122822	CFGWOGCSUL6	NIN	Omonia\tRay	\N	+256785456048	\N	Active	f	2025-03-24 12:32:12.631211+00
806	24122834	CFNCSXJSV56	NIN	Brian\tGonzaja	\N	+256774571354	\N	Active	f	2025-03-24 12:32:12.632178+00
807	24122835	CFLHO5HSLQ0	NIN	Pakulamusa Delick Fabiano	\N	+256705782572	\N	Active	f	2025-03-24 12:32:12.633273+00
808	24122836	CMG5Y1FR4IB	NIN	Namujju Jenifer	\N	+256706903922	\N	Active	f	2025-03-24 12:32:12.634089+00
809	24122837	CMUU8PLXEDU	NIN	Kabonge Julius	\N	+256759448229	\N	Active	f	2025-03-24 12:32:12.634992+00
810	24122838	CMJXY1JLY5E	NIN	Wampamba Bashir	\N	+256760248785	\N	Active	f	2025-03-24 12:32:12.635748+00
811	24122839	CFERXZFSX7P	NIN	Bashir \tKisuule	\N	+256789808340	\N	Active	f	2025-03-24 12:32:12.636471+00
812	24122840	CFC9XK683DU	NIN	Namuwaya Aisha	\N	+256708172528	\N	Active	f	2025-03-24 12:32:12.637319+00
813	24122841	CMRUH0ZA8N8	NIN	Komuhindo Rose	\N	+256708172528	\N	Active	f	2025-03-24 12:32:12.638401+00
814	24122842	CMPOIZOA7FX	NIN	BABIRYE SUMAYA	\N	+256774415897	\N	Active	f	2025-03-24 12:32:12.639497+00
815	24122845	CMMS84OOBPF	NIN	NAKYANJA MERCY	\N	+256704500330	\N	Active	f	2025-03-24 12:32:12.640487+00
816	24122846	CMU4NL2BY5Z	NIN	NABAKA ESTHER	\N	+256708652250	\N	Active	f	2025-03-24 12:32:12.641272+00
817	24122847	CFP6EDO4OLV	NIN	Inez Dennis	\N	+256704277679	\N	Active	f	2025-03-24 12:32:12.642037+00
818	24122849	CM8CKZWD90D	NIN	ELIAB KATO	\N	+256772616791	\N	Active	f	2025-03-24 12:32:12.642714+00
819	24122850	CFXN192RADN	NIN	Kayaga Justine	\N	+256754745067	\N	Active	f	2025-03-24 12:32:12.643371+00
820	24122851	CMN6Z2OQJ9D	NIN	GWOKYALYA MARIA	\N	+256776477156	\N	Active	f	2025-03-24 12:32:12.644086+00
821	504B	CFJF5B4L3R4	NIN	TOMUSANGA MUSA	\N	750712088	\N	Active	f	2025-03-24 12:32:12.644853+00
252	1	CM82052100YP9F	NIN	Lawrence Ssekamwa	\N	772431839	\N	Active	f	2025-03-24 12:32:12.094518+00
266	102	LP0002020248	NIN	MICHAEL KYEYUNE	\N	752078100	\N	Active	f	2025-03-24 12:32:12.125924+00
286	5036	CM96047105U9KC	NIN	SSEGAWA LAWRENCE	\N	706029525	\N	Active	f	2025-03-24 12:32:12.145974+00
740	24112735	LP0002021015	NIN	Byaruhanga Allan	\N	+256785399594	\N	Active	f	2025-03-24 12:32:12.578855+00
305	24377	CF6003410AKNK	NIN	Joventah Baryaruha	\N	+256705319307	\N	Active	f	2025-03-24 12:32:12.16452+00
315	30048	LP0002020227	NIN	SSENDEGE SULAIMAN	\N	751060599	\N	Active	f	2025-03-24 12:32:12.177739+00
326	35075	LP0002021034	NIN	SSEBAGALA RONNIE	\N	756399157	\N	Active	f	2025-03-24 12:32:12.188344+00
331	35200	LP0002020616	NIN	PAUL LUBEGA	\N	783619636	\N	Active	f	2025-03-24 12:32:12.202606+00
347	40013	CM678940105NHTR	NIN	Wankwaya Magid	\N	750981335	\N	Active	f	2025-03-24 12:32:12.216844+00
827	45035	CM85040105SR4C	NIN	SSEMOJI ALAYSIOUS	\N	750347006	\N	Active	f	2025-03-26 14:50:14.936826+00
390	80055	LP0002020632	NIN	CHRISTOPHER GONZAGA	\N	785107717	\N	Active	f	2025-03-24 12:32:12.253137+00
399	110005	CM80032101C95G	NIN	KALULE GONZAGA	\N	778931724	\N	Active	f	2025-03-24 12:32:12.25994+00
414	145011	CM75047101ZDXF	NIN	RAMANTHAN JANDO	\N	704669707	\N	Active	f	2025-03-24 12:32:12.28934+00
427	235002	CM70008103L44YD	NIN	KISAAME JAMES	\N	773928642	\N	Active	f	2025-03-24 12:32:12.302804+00
828	25036	CM12075635TE5G	NIN	SIRAJE MUBIRU	\N	701711520	\N	Active	f	2025-03-26 14:50:14.937716+00
829	25045	CM790231017YLG	NIN	RICHARD KABAALU	\N	701838349	\N	Active	f	2025-03-26 14:50:14.938788+00
830	65024	CM79068107XOEC	NIN	AGRICULTURAL OUTCOMES UGANDA AGRICULTURAL OUTCOMES UGANDA	\N	701999386	\N	Active	f	2025-03-26 14:50:14.939764+00
831	10022	CM890651036KTJ	NIN	AYEBAZIBWE TOM	\N	702223371	\N	Active	f	2025-03-26 14:50:14.940542+00
832	40240	CM9003410EFVQL	NIN	VICENT BAKASHABA.R	\N	702341534	\N	Active	f	2025-03-26 14:50:14.941323+00
833	20020	CF84023110C0W0J	NIN	DIANAH KAGERE	\N	702376267	\N	Active	f	2025-03-26 14:50:14.942087+00
834	30050	CM84034102YALE	NIN	JUSTUS ABESIGAMUKAMA	\N	702391161	\N	Active	f	2025-03-26 14:50:14.942851+00
835	40042	CF860491026GRH	NIN	KULABA DIANA	\N	702493729	\N	Active	f	2025-03-26 14:50:14.943804+00
836	40239	CM66005107G9GF	NIN	DAVID LAKOR	\N	702516072	\N	Active	f	2025-03-26 14:50:14.944585+00
837	10008	CM9105103DQ1B	NIN	ATUHAIRE ADRIAN	\N	702574406	\N	Active	f	2025-03-26 14:50:14.945406+00
838	235004	CM93016102RYQY	NIN	KIIRYA RICHARD	\N	702695127	\N	Active	f	2025-03-26 14:50:14.94621+00
839	5077	CM44639NM5YS	NIN	CHARLES MUTUMBA	\N	702888748	\N	Active	f	2025-03-26 14:50:14.947046+00
840	170008	CM91049104982E	NIN	BAIDU HAKIM	\N	703679204	\N	Active	f	2025-03-26 14:50:14.947762+00
841	185004	CM60037106DRDE	NIN	MUSTAFA MUGISHA	\N	703780704	\N	Active	f	2025-03-26 14:50:14.948598+00
842	20051	CM79023108X8FF	NIN	LUGOLOOBI CHARLES	\N	703801314	\N	Active	f	2025-03-26 14:50:14.949354+00
843	275001	CM76072101ZW	NIN	MARGRET RHODA FARMS	\N	703813234	\N	Active	f	2025-03-26 14:50:14.950583+00
844	10015	CM86105017KPTD	NIN	SEKATTE HASSAN	\N	703869692	\N	Active	f	2025-03-26 14:50:14.951571+00
845	40075	CM90030102204E	NIN	LAUREEN NTAALE	\N	704336556	\N	Active	f	2025-03-26 14:50:14.952402+00
846	40009	CF81030105TATG	NIN	NATOORO GRACE	\N	704464604	\N	Active	f	2025-03-26 14:50:14.953116+00
847	170001	CM880751041PYJ	NIN	KATULA SINAN	\N	758544149	\N	Active	f	2025-03-26 14:50:14.953831+00
848	110	CM62100104G8N5	NIN	NSUBUGA SIMON	\N	704656530	\N	Active	f	2025-03-26 14:50:14.954543+00
849	235021	CM73013102N52G	NIN	ROBERT WAISWA	\N	704811576	\N	Active	f	2025-03-26 14:50:14.955406+00
850	285005	CM86106101JNVB	NIN	ALEX MUHUMUZA	\N	704853024	\N	Active	f	2025-03-26 14:50:14.956214+00
851	285004	CF781051013ZQH	NIN	NABATEREGGA JULIET	\N	705863182	\N	Active	f	2025-03-26 14:50:14.956993+00
852	35202	CF5308103V7KC	NIN	MARY TONDA	\N	706392435	\N	Active	f	2025-03-26 14:50:14.957698+00
853	235003	CM9809102CYRF	NIN	MUZAFALU MULINDWA	\N	706893639	\N	Active	f	2025-03-26 14:50:14.958489+00
854	20056	CF673998IORTM8Y	NIN	PHIONA MIREMBE	\N	707282597	\N	Active	f	2025-03-26 14:50:14.959244+00
855	30037	CM94091103MFXL	NIN	LUKENGE JACOB	\N	707440785	\N	Active	f	2025-03-26 14:50:14.960344+00
857	2512867	CM97100101VXAJ	NIN	Lukwago Lawrence	\N	+256757015250	\N	Active	f	2025-03-26 14:50:14.962374+00
858	5090	CM790410145RF	NIN	ATUHAIRE RODGERS	\N	702135441	\N	Active	f	2025-03-26 14:50:14.963418+00
859	2462341	CF78068104F0PG	NIN	Kyomuhendo Peninah	\N	+256701411311	\N	Active	f	2025-03-26 14:50:14.964228+00
860	5003	CM75023103PT4C	NIN	NYOMBI GARBRIEL	\N	708544995	\N	Active	f	2025-03-26 14:50:14.965085+00
861	235008	CF9701310657ZC	NIN	PROSSY NANGOBI	\N	708545406	\N	Active	f	2025-03-26 14:50:14.965858+00
862	50	CM7082107MUGL	NIN	MOSES KISAKYE	\N	708881081	\N	Active	f	2025-03-26 14:50:14.966845+00
863	5302	CM09876654444	NIN	NAMAUNJE MORINE	\N	709481990	\N	Active	f	2025-03-26 14:50:14.967836+00
864	75030	CM92008103L23L	NIN	NSIMBI IVAN	\N	740590418	\N	Active	f	2025-03-26 14:50:14.968772+00
865	193	CM88S076JR031	NIN	SSEVIRI JIMMY	\N	750178091	\N	Active	f	2025-03-26 14:50:14.969574+00
866	120016	CF94083102Z52F	NIN	BABIRYE SCOVIA	\N	750609370	\N	Active	f	2025-03-26 14:50:14.970334+00
867	120037	CM880831038E7F	NIN	SSEMUDDU CHARLES	\N	702645853	\N	Active	f	2025-03-26 14:50:14.971181+00
868	120015	CF73013102G1VD	NIN	ARAYO SILVIA	\N	701777048	\N	Active	f	2025-03-26 14:50:14.97196+00
869	170013	CM50431038K3G	NIN	LUKUNGU MUHAMED	\N	700627413	\N	Active	f	2025-03-26 14:50:14.972717+00
870	120076	CM92094100G4GJ	NIN	NOBERT LUBWAMA	\N	703482635	\N	Active	f	2025-03-26 14:50:14.973462+00
871	235009	CF7908310G78TH	NIN	KYOBULA JAMAWA	\N	750612156	\N	Active	f	2025-03-26 14:50:14.974611+00
872	5070	CM87023103XG5F	NIN	NABAGEREKA MOREEN	\N	750735479	\N	Active	f	2025-03-26 14:50:14.975618+00
873	35039	CM7030107EZ5F	NIN	KAWEESA JOSEPH	\N	751393306	\N	Active	f	2025-03-26 14:50:14.976633+00
874	175074	CM600241058EYA	NIN	PADDY SSERUNKUMA	\N	751650955	\N	Active	f	2025-03-26 14:50:14.977501+00
875	235020	CM82013101TAKC	NIN	PAUL MUSERO	\N	752247571	\N	Active	f	2025-03-26 14:50:14.978247+00
876	3	CM8710110155FZA	NIN	NUWAGIRA ASIUS	\N	752284912	\N	Active	f	2025-03-26 14:50:14.978843+00
877	170014	CM700491030LWE	NIN	MARKA LUKELA	\N	752334642	\N	Active	f	2025-03-26 14:50:14.979676+00
878	25010	CM5309911033LLL	NIN	BULUMBA KRISPUS	\N	752409389	\N	Active	f	2025-03-26 14:50:14.980307+00
879	170016	CM730071095MJE	NIN	NALUGODA THOMAS	\N	752432159	\N	Active	f	2025-03-26 14:50:14.980966+00
880	5018	CM6802310782QO	NIN	KIWANUKA FRED	\N	752706226	\N	Active	f	2025-03-26 14:50:14.981956+00
881	120035	CM84083104G2QK	NIN	ANNET NAMULINDA	\N	753109564	\N	Active	f	2025-03-26 14:50:14.982649+00
882	120031	CM88083102D2VK	NIN	JACKSON MUNUKU	\N	753270106	\N	Active	f	2025-03-26 14:50:14.983466+00
883	5039	CF81100105T3RF	NIN	Betty Nakinobe	\N	753420735	\N	Active	f	2025-03-26 14:50:14.984193+00
884	45027	CM79099104M2YL	NIN	KITAYIMBWA PETER	\N	753538124	\N	Active	f	2025-03-26 14:50:14.985035+00
885	20102	CM830681040N1D	NIN	KATONGORE EDWARDE	\N	753682244	\N	Active	f	2025-03-26 14:50:14.985661+00
886	260006	CM8903104KV9C	NIN	GABRIEL SERUWU	\N	753862283	\N	Active	f	2025-03-26 14:50:14.986417+00
887	75015	CM70008103LRTA	NIN	RONALD KIKUYO	\N	754181000	\N	Active	f	2025-03-26 14:50:14.987266+00
888	20030	CM87052102XJYL	NIN	SSENGENDO UMARU	\N	757394244	\N	Active	f	2025-03-26 14:50:14.987997+00
889	120021	CM0101310F57XA	NIN	GERALD IKOOBA	\N	757457293	\N	Active	f	2025-03-26 14:50:14.988702+00
890	170004	CM710491062ZQL	NIN	MASEREKA ABUDALLAH	\N	757465122	\N	Active	f	2025-03-26 14:50:14.989537+00
891	35073	CM92098102X74L	NIN	MUGERWA SULAIMAN	\N	758022384	\N	Active	f	2025-03-26 14:50:14.990355+00
892	50036	CM75069101870G	NIN	GODFERY NAKABAALE	\N	758155388	\N	Active	f	2025-03-26 14:50:14.991189+00
893	110031	CM70082104LHPG	NIN	KIZOTO MIKE	\N	758378633	\N	Active	f	2025-03-26 14:50:14.991957+00
894	2442325	342561789	NIN	Kmokd	\N	+256789291217	\N	Active	f	2025-03-26 14:50:14.992716+00
895	2442326	3423678	NIN	Joy Katenya	\N	+256789291217	\N	Active	f	2025-03-26 14:50:14.993412+00
896	2442327	CFO49404823LV	NIN	abel ngoma	\N	+256759530890	\N	Active	f	2025-03-26 14:50:14.994204+00
897	2462343	CM93036103J2EH	NIN	Musinguzi David	\N	+256777987426	\N	Active	f	2025-03-26 14:50:14.994861+00
898	5133	CF960875545LMP	NIN	NAKKONDE VICTOR VICTOR	\N	758387941	\N	Active	f	2025-03-26 14:50:14.995956+00
899	2512868	CM77032102Q91F	NIN	Lugoloobi Leonard	\N	+256753567156	\N	Active	f	2025-03-26 14:50:14.9967+00
900	24102426	CM84024101V98F	NIN	MUGAMBA PIUS	\N	+256704220423	\N	Active	f	2025-03-26 14:50:14.997377+00
901	2472344	CM84089105ADJC	NIN	Mutama David	\N	+256774314857	\N	Active	f	2025-03-26 14:50:14.998129+00
902	235010	CMO101310G78TH	NIN	ISABIRYE CORNELIUS	\N	700238705	\N	Active	f	2025-03-26 14:50:14.998849+00
903	24374	42900147119	NIN	Byamungu Augustine	\N	+256763069641	\N	Active	f	2025-03-26 14:50:14.999623+00
904	145012	CM79047102ZELH	NIN	LUBOWA ASUMAN	\N	700462540	\N	Active	f	2025-03-26 14:50:15.000436+00
905	110034	CM8906910KWRC	NIN	LAWRENCE SEJJUKO	\N	700936634	\N	Active	f	2025-03-26 14:50:15.001659+00
906	250005	CM750211016XJL	NIN	MWESIGYE PEREZ	\N	701404000	\N	Active	f	2025-03-26 14:50:15.002418+00
907	3040	CM65789GH784	NIN	MUBIRU SOWEDI	\N	701234567	\N	Active	f	2025-03-26 14:50:15.003256+00
908	35109	CF75015101GXWD	NIN	CHRISTINE KEMIGYESHA	\N	701395006	\N	Active	f	2025-03-26 14:50:15.003978+00
909	35009	CM85030105YD6C	NIN	KAJUBI DELICIOUS	\N	701639597	\N	Active	f	2025-03-26 14:50:15.004705+00
910	2522877	CM80087106JXLJ	NIN	KIROYA ERIC	\N	+256772889900	\N	Active	f	2025-03-26 14:50:15.005416+00
911	24102465	CM9205210CC78K	NIN	TINYEFUNZA BOB DAVID	\N	+256753873371	\N	Active	f	2025-03-26 14:50:15.006162+00
913	2482357	CM8908910244JK	NIN	Kyangabo Emma	\N	+256709916425	\N	Active	f	2025-03-26 14:50:15.007463+00
915	2512869	CM3049113MKFE	NIN	KISIKI NOAH	\N	+256761295648	\N	Active	f	2025-03-26 14:50:15.008663+00
916	24102445	CM84018106C7ND	NIN	Jonathan Ndagine	\N	+256771339444	\N	Active	f	2025-03-26 14:50:15.009537+00
917	120025	CM89083101G2ZG	NIN	BERNARD MUCHULA	\N	754218205	\N	Active	f	2025-03-26 14:50:15.010293+00
918	225012	CF86060104DCK	NIN	SUZAN BALUKA	\N	754463735	\N	Active	f	2025-03-26 14:50:15.01107+00
919	45039	CM900131039NYE	NIN	MUKUBA ALEX	\N	754594994	\N	Active	f	2025-03-26 14:50:15.011782+00
920	170010	CM9704910631EK	NIN	ISIKO CRIPUS	\N	754700647	\N	Active	f	2025-03-26 14:50:15.012823+00
921	225010	CM80060101YELF	NIN	YOSIYA SOBYA	\N	754919829	\N	Active	f	2025-03-26 14:50:15.013525+00
922	1007	CM69098104FXGG	NIN	JOSEPH MAYANJA	\N	755044769	\N	Active	f	2025-03-26 14:50:15.014256+00
923	55020	CM82031103KFJF	NIN	JOSEPH BAMWEYANA	\N	755100073	\N	Active	f	2025-03-26 14:50:15.015051+00
924	120019	CM82083101FX9D	NIN	BYABATO YOWERI	\N	755407570	\N	Active	f	2025-03-26 14:50:15.015706+00
925	35042	CF80471044GK7U	NIN	EDITH KABABURE	\N	755449672	\N	Active	f	2025-03-26 14:50:15.016342+00
926	35080	CM90S456H964K	NIN	SSEMBYALA ISAAC	\N	755853020	\N	Active	f	2025-03-26 14:50:15.01698+00
927	25044	CM6809110020RH	NIN	MUSISI LEVY	\N	755978303	\N	Active	f	2025-03-26 14:50:15.017638+00
928	245003	CM84068105TYRH	NIN	LASTO NTAMBALA	\N	756318791	\N	Active	f	2025-03-26 14:50:15.018254+00
929	110028	LP0002020198	NIN	KYAGGWE	\N	708505055	\N	Active	f	2025-03-26 14:50:15.018971+00
930	2522886	CM9908710A98PD	NIN	Manano Deo	\N	+256707001738	\N	Active	f	2025-03-26 14:50:15.020135+00
931	2522878	CM77023101GWPF	NIN	MUYOMBE WILBERFORCE	\N	+256701661166	\N	Active	f	2025-03-26 14:50:15.020843+00
932	2522882	CM7002110543QC	NIN	OKWII DAVID	\N	+256709099001	\N	Active	f	2025-03-26 14:50:15.021724+00
933	24112527	CM8504710EFTHA	NIN	NSAMBA ANDREW	\N	+256771626198	\N	Active	f	2025-03-26 14:50:15.022513+00
934	24112523	CM83064101G51E	NIN	Isasi Jonathan Fred	\N	+256701186547	\N	Active	f	2025-03-26 14:50:15.023482+00
939	24112606	CM0001310EX5ZD	NIN	Kamoga Innocent	\N	+256785357091	\N	Active	f	2025-03-26 14:50:15.028221+00
940	2522883	CM86034101ZHRD	NIN	KK Foods Eastern Farms-Busambu	\N	+256776748806	\N	Active	f	2025-03-26 14:50:15.029088+00
941	2522879	CM80187106JXLJ	NIN	ATIMANEDI FARMS	\N	+256702282828	\N	Active	f	2025-03-26 14:50:15.029967+00
942	24112623	1000254711	NIN	RAVSH	\N	+256781695498	\N	Active	f	2025-03-26 14:50:15.030721+00
943	2512871	CM78105101TL7K	NIN	Lule Godfrey	\N	+256746179067	\N	Active	f	2025-03-26 14:50:15.031545+00
945	24112627	CM91069105MAGC	NIN	Ssaka Hassan	\N	+256781695498	\N	Active	f	2025-03-26 14:50:15.03324+00
946	24112632	CM82013101YY4K	NIN	Mwesigwa Geofrey	\N	+256781695498	\N	Active	f	2025-03-26 14:50:15.034124+00
947	45097	LP0002020982	NIN	FRED TIBIRYALA	\N	753971286	\N	Active	f	2025-03-26 14:50:15.034933+00
948	20048	LP0002020934	NIN	KATEEREGA CHARLES	\N	752029233	\N	Active	f	2025-03-26 14:50:15.035688+00
949	212	LP0002021363	NIN	Fred Mawanda	\N	775965381	\N	Active	f	2025-03-26 14:50:15.036637+00
952	25081	LP0002020208	NIN	MUTYABA LAWRENCE	\N	709574374	\N	Active	f	2025-03-26 14:50:15.038539+00
953	24112645	MULYAZAAWO	NIN	SULAIMAN	\N	+256755298030	\N	Active	f	2025-03-26 14:50:15.03963+00
955	100039	LP0002020396	NIN	IDDI SSALLI	\N	758659040	\N	Active	f	2025-03-26 14:50:15.041083+00
956	24112642	CM58069101HCUE	NIN	KAMOGA REUBEN	\N	+256781572439	\N	Active	f	2025-03-26 14:50:15.041794+00
957	2512876	CF020091L95KK	NIN	Ainembabazi Reacheal	\N	+256763353470	\N	Active	f	2025-03-26 14:50:15.042499+00
958	30034	LP0002020501	NIN	KASAGA EPHRAIM BROWN	\N	774685627	\N	Active	f	2025-03-26 14:50:15.043235+00
959	24112664	CF79023103X1EF	NIN	Joan Nabakiibi	\N	+256772868129	\N	Active	f	2025-03-26 14:50:15.043959+00
960	2522880	CF82004101WQ0C	NIN	Mpangirwe Sarah Ngoma	\N	+256753658700	\N	Active	f	2025-03-26 14:50:15.044706+00
961	2522881	CF98035103F0EL	NIN	ASIO FELISTER	\N	+256759027674	\N	Active	f	2025-03-26 14:50:15.045418+00
962	5315	CF740261012GGD	NIN	JOSEPHINE SSENYONJO	\N	787282406	\N	Active	f	2025-03-26 14:50:15.046304+00
963	2522887	CM91030103XX3H	NIN	KALUNGI MARTIN	\N	+256752778272	\N	Active	f	2025-03-26 14:50:15.04715+00
964	24112674	CM79009101T6PC	NIN	Rukundo Nicholas Kisemb	\N	+256787099599	\N	Active	f	2025-03-26 14:50:15.047832+00
968	24112728	CM740301049PZH	NIN	John Bosco	\N	+256703803195	\N	Active	f	2025-03-26 14:50:15.050068+00
971	2522888	CM71100101ERNA	NIN	James Tinkamanyire	\N	+256700562116	\N	Active	f	2025-03-26 14:50:15.051991+00
972	2512872	CM82023102Z7PL	NIN	Ssebunza Rogers	\N	+256776947027	\N	Active	f	2025-03-26 14:50:15.053117+00
973	2522884	CM851002003HQJ	NIN	Kibuye Micheal	\N	+256773392486	\N	Active	f	2025-03-26 14:50:15.053953+00
974	24112744	CM90045100XFZA	NIN	Karangwa Francis	\N	+256751577970	\N	Active	f	2025-03-26 14:50:15.054602+00
975	2512873	CM85017102RQKJ	NIN	KAVUMA JOHN PAUL	\N	+256752577618	\N	Active	f	2025-03-26 14:50:15.055327+00
976	24112758	CM66491103VAND	NIN	Muyinda Willy	\N	+256394005987	\N	Active	f	2025-03-26 14:50:15.055976+00
977	24112772	CM77026107P5JG	NIN	Kaale Charles	\N	+256750507469	\N	Active	f	2025-03-26 14:50:15.056614+00
978	24112773	CM6609410093VG	NIN	Inyensiko George	\N	+256750507469	\N	Active	f	2025-03-26 14:50:15.05717+00
980	24112781	CM720061018COL	NIN	Baguma Nicholas	\N	+256781695498	\N	Active	f	2025-03-26 14:50:15.058455+00
981	2512870	CF8306810173VC	NIN	NAMALE FATUMAH KAYONGO	\N	+256701665411	\N	Active	f	2025-03-26 14:50:15.059199+00
984	50007	CM720171021YQJ	NIN	Wandera Henry	\N	780208282	\N	Active	f	2025-03-26 14:50:15.0611+00
986	40255	LP0002021275	NIN	Joseph Sserwadda	\N	774119887	\N	Active	f	2025-03-26 14:50:15.062247+00
988	24122843	CF0601200EEMND	NIN	NABAGGALA GLORIA	\N	+256740761606	\N	Active	f	2025-03-26 14:50:15.063555+00
989	24122852	CM910101033U1J	NIN	GONZAAGA CHRISTOPHER	\N	+256705243775	\N	Active	f	2025-03-26 14:50:15.064463+00
990	2512874	CF80045102Q5KH	NIN	Kabeeho Penlope	\N	+256756674060	\N	Active	f	2025-03-26 14:50:15.065282+00
991	145009	LP0002020812	NIN	SSEGAWA LAWRENCE	\N	706029925	\N	Active	f	2025-03-26 14:50:15.065988+00
992	2512858	CM630101099AHA	NIN	KAMAJUGO RICHARD KIRASO	\N	+256772422446	\N	Active	f	2025-03-26 14:50:15.067069+00
993	2522885	CM61027100H1CE	NIN	MULOODI MOSES GABULA	\N	+256772497475	\N	Active	f	2025-03-26 14:50:15.067864+00
994	2512875	CM8003410D9MZJ	NIN	Katuufu Mugarura	\N	+256702091587	\N	Active	f	2025-03-26 14:50:15.068767+00
675	24112638	CMLKY6TKIFX	NIN	Kafuuma Ephuraim	\N	+256778367026	\N	Active	f	2025-03-24 12:32:12.519411+00
995	253995	356	PASSPORT	Delilah Boyle	\N	+256701293950	\N	Active	f	2025-03-28 17:44:15.325961+00
996	253996	CM81030100Q3AD	NIN	MUJUZI JAMES	\N	+256705654026	\N	Active	f	2025-03-29 06:01:47.607853+00
997	253997	CM84024102HGEK	NIN	LWANGA JOHNATHAN	\N	+256703625670	\N	Active	f	2025-03-29 06:36:00.17092+00
998	253998	CM8610510371NM	NIN	KABUGO DENNIS	\N	+256758030650	\N	Active	f	2025-03-30 19:19:05.379739+00
999	253999	CM95008106M8WE	NIN	Katende Eric Eria	08587913-abb8-4005-be34-00d54492a888.PNG	+256754230712	\N	Active	f	2025-03-31 18:10:20.000243+00
1000	2541000	CM94075103RAXG	NIN	Kalisengagha Brian	a6a9ee78-c36f-4161-b252-111e4340f8d4.jpg	+256752148865	\N	Active	f	2025-04-04 05:55:17.63184+00
1001	2541001	CM8500910EPMPL	NIN	KIWANUKA NTAMBI	\N	+256756317879	\N	Active	f	2025-04-05 13:09:22.186928+00
1002	2541002	CF700047105CPQMF	NIN	AGNES NAKABUGO	\N	+256703410316	\N	Active	f	2025-04-05 13:24:20.943821+00
1003	2541003	CM4508210337ND	NIN	Lameck Wasswa	\N	+256706089410	\N	Active	f	2025-04-05 13:48:49.147094+00
1004	2541004	CM92013103VRAL	NIN	MANYIKE GRACE	\N	+256751540224	\N	Active	f	2025-04-05 14:50:44.079515+00
1005	2541005	CM76017102C1VA	NIN	MARK SAFARI	\N	+256753679801	\N	Active	f	2025-04-05 14:55:22.322175+00
1006	2541006	CF760361034K9A	NIN	Twinobusingye Aidat	\N	+256751114660	\N	Active	f	2025-04-05 16:04:21.27563+00
1007	2541007	CM650341041P4L	NIN	Sendawula muhammed	\N	+256786387973	\N	Active	f	2025-04-08 09:45:51.64776+00
1008	2541008	CF740691047TJK	NIN	Namukwaya madinah	\N	+256789431811	\N	Active	f	2025-04-08 10:16:28.059591+00
1009	2541009	CM67027103G9D	NIN	Mpairwe Freedom	\N	+256774320346	\N	Active	f	2025-04-08 10:54:11.868926+00
1010	2541010	CM57027100FTQF	NIN	Kasujja Manisuli	\N	+256762121421	\N	Active	f	2025-04-08 11:21:28.518542+00
1011	2541011	CM68036105594J	NIN	 Banamu Adonia	\N	+256787839146	\N	Active	f	2025-04-08 11:40:14.199577+00
1012	2541012	CM910911049V0C	NIN	Nakato Hadijja	\N	+256702906383	\N	Active	f	2025-04-08 12:48:17.580834+00
1013	2541013	CM38009106LW6F	NIN	Kafuruma Eric	\N	+256782369554	\N	Active	f	2025-04-08 13:14:33.476925+00
1014	2541014	CM480061047P8G	NIN	Kiiza Saulo	\N	+256775295429	\N	Active	f	2025-04-08 13:45:07.415432+00
1015	2541015	CM790361068L3H	NIN	Tumuhirwe David	\N	+256783401654	\N	Active	f	2025-04-08 14:15:02.163339+00
1016	2541016	CM64100104WFJD	NIN	MBALALA ELIAH	\N	+256782402129	\N	Active	f	2025-04-08 15:02:45.187368+00
1017	2541017	CF40361004RNB	NIN	Nalwanja Asiat	\N	+256789200130	\N	Active	f	2025-04-08 15:10:33.166099+00
1018	2541018	CF95027107YXAC	NIN	Ruhangahio Doreen	\N	+256764194827	\N	Active	f	2025-04-09 12:38:06.900603+00
1019	2541019	CM9420991259CG	NIN	SSEBUMA FRANK	\N	+256704247261	\N	Active	f	2025-04-09 12:50:45.870363+00
1020	2541020	CM80053100PR6C	NIN	MUBIRU SUNDAY	\N	+256756797662	\N	Active	f	2025-04-09 13:15:59.183604+00
1021	2541021	CM62032107NDPH	NIN	TIMOTHY NJAKASI	\N	+256752648493	\N	Active	f	2025-04-14 12:29:36.957245+00
1022	2541022	CM98100100G1LJ	NIN	Mwebaza Daniel	4375d846-44dd-42b4-adbe-e78fc88ef9db.jpg	+256757415465	\N	Active	f	2025-04-15 13:04:20.377181+00
1023	2541023	CM0305210TV25H	NIN	Lule Paul Muwanga	f061c0f4-ccfb-452c-b5dd-a44a246f492d.jpg	+256742632059	\N	Active	f	2025-04-16 09:49:00.188963+00
1024	2541024	1014084308	TIN	Kinaje Investment Limited	e85d469c-6ee8-4ccf-b9c0-1e70ff96c1e9.png	+256759583112	\N	Active	f	2025-04-24 15:34:42.480011+00
\.


--
