-- Data for Name: qcp4; Type: TABLE DATA; Schema: public; Owner: -
--

COPY public.qcp4 (id, packinglist_id, user_id, status, exportcompany_id, created_at) FROM stdin;
12	14	326	Pending	214	2025-03-27 15:44:00.294763+00
38	44	327	Pending	186	2025-03-28 16:30:56.654784+00
27	31	322	Pending	147	2025-03-28 11:26:51.228118+00
1	1	320	Pending	206	2025-03-26 15:35:44.764318+00
21	24	316	Pending	254	2025-03-28 05:38:47.238261+00
79	87	321	Pending	159	2025-03-30 17:27:46.454069+00
13	13	326	Pending	214	2025-03-27 15:52:37.205502+00
22	25	316	Pending	254	2025-03-28 05:58:58.678446+00
11	12	323	Pending	236	2025-03-27 14:48:01.37781+00
15	18	1082	Pending	236	2025-03-27 18:40:25.189181+00
3	3	322	Pending	147	2025-03-27 04:02:18.479049+00
71	75	320	Pending	241	2025-03-30 10:32:59.292127+00
54	61	321	Pending	131	2025-03-29 16:11:50.703515+00
36	40	327	Pending	186	2025-03-28 16:04:57.444252+00
33	38	319	Pending	210	2025-03-28 14:49:03.861724+00
2	2	319	Pending	182	2025-03-26 19:27:46.512526+00
19	22	322	Pending	147	2025-03-28 04:48:59.627559+00
56	60	324	Pending	261	2025-03-29 16:43:16.142368+00
4	5	325	Pending	217	2025-03-27 10:06:24.839444+00
30	33	322	Pending	147	2025-03-28 12:43:39.375753+00
6	7	322	Pending	220	2025-03-27 11:36:27.537179+00
45	50	322	Pending	147	2025-03-29 05:28:03.959222+00
23	26	326	Pending	218	2025-03-28 07:24:09.910047+00
39	43	323	Pending	146	2025-03-28 16:34:54.508162+00
9	8	316	Pending	254	2025-03-27 13:27:08.999403+00
8	10	320	Pending	241	2025-03-27 12:50:12.310555+00
10	11	322	Pending	221	2025-03-27 13:35:20.328447+00
47	51	325	Pending	227	2025-03-29 06:52:43.048521+00
69	74	320	Pending	241	2025-03-30 10:16:26.739616+00
62	65	321	Pending	201	2025-03-29 22:22:49.265002+00
40	45	317	Pending	252	2025-03-28 17:40:40.407999+00
7	9	322	Pending	221	2025-03-27 12:46:49.046866+00
68	71	320	Pending	241	2025-03-30 09:51:26.512904+00
24	27	326	Pending	218	2025-03-28 07:32:08.468156+00
14	4	319	Pending	182	2025-03-27 18:36:47.006532+00
16	19	324	Pending	185	2025-03-27 19:11:26.649491+00
46	35	320	Pending	192	2025-03-29 05:38:59.196317+00
17	20	323	Pending	224	2025-03-27 19:15:40.725522+00
41	46	324	Pending	262	2025-03-28 17:45:37.907575+00
5	6	326	Pending	208	2025-03-27 10:18:25.597682+00
18	21	321	Pending	159	2025-03-27 20:07:28.887845+00
20	23	316	Pending	254	2025-03-28 05:19:19.015694+00
29	30	320	Pending	192	2025-03-28 12:40:56.496799+00
26	28	326	Pending	218	2025-03-28 11:12:55.770735+00
25	29	326	Pending	218	2025-03-28 11:12:46.703134+00
66	69	327	Pending	186	2025-03-30 07:15:22.109366+00
58	16	326	Pending	214	2025-03-29 16:50:21.993262+00
85	94	321	Pending	159	2025-03-30 18:28:18.581736+00
34	39	320	Pending	223	2025-03-28 14:59:04.219193+00
31	36	326	Pending	208	2025-03-28 13:24:39.426141+00
32	32	326	Pending	218	2025-03-28 14:27:06.106413+00
37	42	319	Pending	129	2025-03-28 16:26:44.335596+00
65	68	327	Pending	186	2025-03-30 05:39:08.12238+00
42	47	322	Pending	228	2025-03-28 18:37:48.163687+00
86	80	319	Pending	182	2025-03-30 18:34:11.803247+00
49	55	320	Pending	241	2025-03-29 11:41:56.712622+00
50	53	320	Pending	241	2025-03-29 12:51:26.875651+00
43	48	322	Pending	228	2025-03-28 19:25:03.014453+00
51	59	324	Pending	235	2025-03-29 14:23:39.936067+00
52	54	324	Pending	235	2025-03-29 14:29:42.636336+00
28	34	322	Pending	220	2025-03-28 12:30:01.111234+00
44	49	320	Pending	241	2025-03-28 23:58:20.657217+00
35	41	326	Pending	246	2025-03-28 15:45:38.068334+00
59	62	1100	Pending	190	2025-03-29 17:18:58.221288+00
75	82	316	Pending	149	2025-03-30 14:12:54.554053+00
76	83	325	Pending	227	2025-03-30 14:32:02.190242+00
55	58	326	Pending	208	2025-03-29 16:42:23.997967+00
53	56	317	Pending	136	2025-03-29 15:30:02.736279+00
64	67	327	Pending	186	2025-03-30 05:20:42.70036+00
63	66	320	Pending	241	2025-03-30 02:47:34.915911+00
60	63	324	Pending	185	2025-03-29 18:36:34.950021+00
78	86	323	Pending	146	2025-03-30 17:09:13.498579+00
67	70	316	Pending	222	2025-03-30 07:18:03.874378+00
57	57	326	Pending	208	2025-03-29 16:46:46.457908+00
70	72	319	Pending	129	2025-03-30 10:19:45.764348+00
72	76	320	Pending	241	2025-03-30 10:37:59.198108+00
73	77	320	Pending	241	2025-03-30 10:42:55.629808+00
88	85	317	Pending	237	2025-03-30 18:51:37.845018+00
80	88	321	Pending	159	2025-03-30 17:30:38.531993+00
82	91	321	Pending	159	2025-03-30 18:04:06.131248+00
94	98	326	Pending	214	2025-03-30 20:28:51.482001+00
87	96	326	Pending	174	2025-03-30 18:51:11.315721+00
84	92	318	Pending	197	2025-03-30 18:21:47.337206+00
96	101	324	Pending	229	2025-03-31 01:21:29.249349+00
91	90	318	Pending	197	2025-03-30 19:39:06.419631+00
83	93	323	Pending	181	2025-03-30 18:17:11.128528+00
97	102	324	Pending	229	2025-03-31 01:38:04.841168+00
81	89	323	Pending	146	2025-03-30 17:47:00.525133+00
90	79	319	Pending	188	2025-03-30 18:57:37.105895+00
92	100	326	Pending	214	2025-03-30 20:22:41.405568+00
93	99	326	Pending	214	2025-03-30 20:23:26.828648+00
77	84	322	Pending	147	2025-03-30 15:52:16.246802+00
89	95	326	Pending	174	2025-03-30 18:56:34.71896+00
95	97	1081	Pending	218	2025-03-30 23:38:24.902114+00
98	103	327	Pending	238	2025-03-31 05:42:40.691625+00
74	78	327	Pending	238	2025-03-30 12:47:14.345798+00
101	106	318	Pending	236	2025-03-31 09:07:47.866791+00
99	105	317	Pending	183	2025-03-31 08:48:11.05954+00
103	104	319	Pending	182	2025-03-31 10:32:53.757116+00
100	73	317	Pending	232	2025-03-31 08:58:19.096033+00
102	81	317	Pending	232	2025-03-31 09:16:29.491285+00
105	110	322	Pending	221	2025-03-31 12:33:20.835165+00
104	109	316	Pending	127	2025-03-31 12:08:06.836993+00
106	111	322	Pending	221	2025-03-31 12:55:43.417712+00
107	107	319	Pending	188	2025-03-31 13:46:26.152483+00
108	112	325	Pending	227	2025-03-31 14:19:47.983385+00
61	64	320	Pending	133	2025-03-29 20:25:36.632913+00
111	115	324	Pending	229	2025-03-31 17:05:22.127024+00
48	52	322	Pending	190	2025-03-29 10:39:05.516859+00
112	118	318	Pending	141	2025-03-31 19:02:50.571524+00
109	113	322	Pending	147	2025-03-31 15:37:20.766233+00
110	114	322	Pending	147	2025-03-31 15:54:10.90203+00
130	133	320	Pending	241	2025-04-01 22:37:05.09913+00
184	192	318	Pending	236	2025-04-04 19:42:59.454159+00
180	186	320	Pending	241	2025-04-04 17:32:05.128966+00
146	149	324	Pending	235	2025-04-02 20:28:19.175608+00
145	148	326	Pending	218	2025-04-02 19:57:30.091084+00
127	130	326	Pending	246	2025-04-01 18:28:22.67449+00
165	173	322	Pending	220	2025-04-04 11:45:26.890924+00
147	150	322	Pending	147	2025-04-03 05:45:22.080308+00
113	108	318	Pending	128	2025-03-31 19:50:59.064208+00
115	116	316	Pending	254	2025-04-01 04:56:24.318695+00
116	117	316	Pending	254	2025-04-01 04:56:50.396499+00
126	129	327	Pending	186	2025-04-01 18:10:36.067+00
167	174	316	Pending	254	2025-04-04 12:06:23.263245+00
117	120	324	Pending	264	2025-04-01 05:17:52.565207+00
114	119	326	Pending	246	2025-03-31 20:30:30.036641+00
133	136	320	Pending	166	2025-04-02 06:35:56.72103+00
168	175	323	Pending	170	2025-04-04 12:08:02.125563+00
197	201	321	Pending	131	2025-04-05 16:55:38.660371+00
118	121	318	Pending	160	2025-04-01 12:01:45.913677+00
119	123	1023	Pending	159	2025-04-01 13:05:24.710994+00
154	151	319	Pending	182	2025-04-03 17:43:23.550436+00
189	195	325	Pending	227	2025-04-05 07:36:31.247564+00
134	137	327	Pending	186	2025-04-02 06:44:58.19303+00
120	124	325	Pending	227	2025-04-01 13:55:14.026103+00
150	156	319	Pending	210	2025-04-03 15:19:56.837832+00
121	125	322	Pending	221	2025-04-01 14:56:39.372258+00
174	180	319	Pending	169	2025-04-04 15:13:05.497074+00
153	157	326	Pending	214	2025-04-03 16:25:41.744177+00
135	138	327	Pending	186	2025-04-02 07:16:56.614225+00
125	128	326	Pending	218	2025-04-01 17:23:40.091475+00
151	153	325	Pending	227	2025-04-03 15:30:07.231164+00
122	122	326	Pending	208	2025-04-01 15:05:10.541709+00
166	172	316	Pending	254	2025-04-04 12:01:54.299794+00
173	161	326	Pending	174	2025-04-04 14:33:03.160116+00
123	126	317	Pending	142	2025-04-01 17:06:26.288172+00
128	131	322	Pending	228	2025-04-01 18:37:19.00748+00
129	132	321	Pending	159	2025-04-01 19:35:43.203325+00
137	140	319	Pending	129	2025-04-02 11:19:14.85524+00
157	164	324	Pending	185	2025-04-03 18:49:37.00786+00
148	152	322	Pending	221	2025-04-03 11:29:47.284988+00
124	127	323	Pending	199	2025-04-01 17:07:23.048516+00
131	135	320	Pending	241	2025-04-01 23:20:47.931419+00
155	162	320	Pending	241	2025-04-03 18:34:20.910711+00
138	141	320	Pending	239	2025-04-02 11:59:16.04198+00
156	163	319	Pending	169	2025-04-03 18:39:34.216665+00
132	134	320	Pending	241	2025-04-01 23:22:52.569404+00
152	160	317	Pending	237	2025-04-03 16:24:12.319212+00
136	139	316	Pending	249	2025-04-02 11:08:46.155037+00
159	166	320	Pending	133	2025-04-04 06:38:30.904672+00
179	184	326	Pending	246	2025-04-04 17:13:27.711812+00
139	142	320	Pending	206	2025-04-02 15:10:41.490836+00
141	144	326	Pending	246	2025-04-02 16:34:26.078154+00
183	190	317	Pending	237	2025-04-04 18:08:17.487823+00
164	171	319	Pending	129	2025-04-04 11:29:37.185178+00
140	143	321	Pending	131	2025-04-02 15:49:45.205867+00
149	154	319	Pending	182	2025-04-03 14:33:10.995702+00
143	146	320	Pending	241	2025-04-02 17:22:39.974555+00
142	145	320	Pending	241	2025-04-02 17:12:16.554292+00
144	147	322	Pending	228	2025-04-02 19:01:06.886608+00
160	167	326	Pending	218	2025-04-04 07:33:14.48548+00
175	155	326	Pending	214	2025-04-04 15:23:17.427273+00
158	165	322	Pending	147	2025-04-04 05:40:44.438585+00
194	205	322	Pending	221	2025-04-05 14:01:17.476219+00
161	169	326	Pending	218	2025-04-04 08:27:41.412427+00
178	182	327	Pending	186	2025-04-04 16:36:51.459494+00
170	178	323	Pending	146	2025-04-04 13:41:11.390835+00
193	204	322	Pending	221	2025-04-05 13:42:57.806998+00
163	168	320	Pending	239	2025-04-04 09:29:27.662707+00
185	191	322	Pending	228	2025-04-04 19:57:48.625464+00
176	181	322	Pending	147	2025-04-04 15:58:09.594954+00
162	170	320	Pending	192	2025-04-04 09:00:46.957809+00
171	176	316	Pending	252	2025-04-04 14:12:30.61072+00
172	179	322	Pending	135	2025-04-04 14:18:47.889973+00
169	177	322	Pending	221	2025-04-04 13:34:38.409128+00
199	206	317	Pending	237	2025-04-05 17:40:18.275847+00
181	185	327	Pending	186	2025-04-04 17:33:30.038021+00
192	203	322	Pending	221	2025-04-05 13:28:25.353031+00
182	189	320	Pending	241	2025-04-04 17:40:52.302209+00
195	188	324	Pending	235	2025-04-05 15:12:57.535308+00
177	183	326	Pending	208	2025-04-04 16:32:06.226356+00
187	194	323	Pending	199	2025-04-05 04:19:43.856767+00
186	193	322	Pending	228	2025-04-04 20:04:32.636424+00
191	202	322	Pending	221	2025-04-05 12:44:54.692165+00
188	196	326	Pending	218	2025-04-05 07:36:03.728736+00
196	187	324	Pending	235	2025-04-05 16:07:08.423403+00
190	197	320	Pending	241	2025-04-05 11:57:32.574945+00
198	159	1031	Pending	214	2025-04-05 17:32:50.182525+00
200	209	1054	Pending	208	2025-04-05 18:01:15.004281+00
201	208	1054	Pending	208	2025-04-05 18:08:29.904106+00
205	216	324	Pending	185	2025-04-05 20:24:48.900243+00
206	217	1031	Pending	214	2025-04-05 20:31:55.297653+00
202	210	323	Pending	181	2025-04-05 18:42:34.30307+00
203	212	1103	Pending	201	2025-04-05 19:36:41.516573+00
204	215	1031	Pending	174	2025-04-05 20:01:19.899661+00
\.


--
-- Data for Name: qcp4_attributes; Type: TABLE DATA; Schema: public; Owner: -
--

COPY public.qcp4_attributes (id, qcp4_id, qualityattributes_id, qcp4_product_id, user_id, exportcompany_id, created_at) FROM stdin;
1	1	1	1	320	206	2025-03-26 16:17:39.033827+00
2	1	1	2	320	206	2025-03-26 16:18:02.877112+00
3	1	1	3	320	206	2025-03-26 16:18:44.258459+00
4	1	1	4	320	206	2025-03-26 16:18:53.982027+00
5	1	1	5	320	206	2025-03-26 16:21:02.492639+00
6	1	1	6	320	206	2025-03-26 16:21:14.171551+00
7	1	1	7	320	206	2025-03-26 16:21:23.684573+00
8	3	1	15	322	147	2025-03-27 06:33:25.134656+00
9	3	1	16	322	147	2025-03-27 06:33:37.856753+00
10	3	1	17	322	147	2025-03-27 06:35:56.316592+00
11	3	1	18	322	147	2025-03-27 06:36:03.372835+00
12	3	1	19	322	147	2025-03-27 06:36:08.673424+00
13	3	1	20	322	147	2025-03-27 06:36:13.524469+00
14	3	1	21	322	147	2025-03-27 06:36:19.158368+00
15	3	1	22	322	147	2025-03-27 06:36:23.384522+00
16	2	1	8	319	182	2025-03-27 09:34:33.109848+00
17	2	1	9	319	182	2025-03-27 09:34:45.358041+00
18	2	1	10	319	182	2025-03-27 09:34:56.560167+00
19	2	1	11	319	182	2025-03-27 09:35:07.883019+00
20	2	1	12	319	182	2025-03-27 09:35:17.163704+00
21	2	1	13	319	182	2025-03-27 09:35:26.993619+00
22	4	1	23	325	217	2025-03-27 10:08:58.702105+00
23	4	1	24	325	217	2025-03-27 10:09:12.777281+00
24	4	1	25	325	217	2025-03-27 10:09:31.742364+00
25	4	1	26	325	217	2025-03-27 10:09:48.151313+00
26	4	1	27	325	217	2025-03-27 10:09:58.848776+00
27	6	1	34	322	220	2025-03-27 13:19:08.585396+00
28	6	1	35	322	220	2025-03-27 13:19:20.179446+00
29	9	1	45	316	254	2025-03-27 14:34:36.190528+00
30	9	1	46	316	254	2025-03-27 14:34:45.286439+00
31	9	1	47	316	254	2025-03-27 14:34:55.174351+00
32	9	1	48	316	254	2025-03-27 14:35:04.243921+00
33	9	1	49	316	254	2025-03-27 14:35:14.629067+00
34	9	1	50	316	254	2025-03-27 14:35:24.684924+00
35	9	1	51	316	254	2025-03-27 14:35:35.242976+00
36	8	1	43	320	241	2025-03-27 16:22:53.781149+00
37	8	1	44	320	241	2025-03-27 16:23:04.064516+00
38	11	1	53	323	236	2025-03-27 18:30:42.748984+00
39	11	1	54	323	236	2025-03-27 18:31:57.811117+00
40	14	1	71	319	182	2025-03-27 18:58:59.392341+00
41	14	1	72	319	182	2025-03-27 18:59:06.198289+00
42	14	1	73	319	182	2025-03-27 18:59:13.830055+00
43	14	1	74	319	182	2025-03-27 18:59:20.211534+00
44	14	1	75	319	182	2025-03-27 18:59:26.629626+00
45	14	1	76	319	182	2025-03-27 18:59:32.672829+00
46	14	1	77	319	182	2025-03-27 18:59:39.147951+00
47	14	1	78	319	182	2025-03-27 18:59:46.908036+00
48	14	1	79	319	182	2025-03-27 18:59:54.475425+00
49	14	1	80	319	182	2025-03-27 19:00:04.109782+00
50	14	1	81	319	182	2025-03-27 19:00:14.764636+00
51	14	1	82	319	182	2025-03-27 19:00:21.51771+00
52	14	1	83	319	182	2025-03-27 19:00:28.274186+00
53	14	1	84	319	182	2025-03-27 19:00:35.030562+00
54	14	1	85	319	182	2025-03-27 19:00:42.388174+00
55	14	1	86	319	182	2025-03-27 19:00:49.265046+00
56	14	1	87	319	182	2025-03-27 19:00:56.441505+00
57	14	1	88	319	182	2025-03-27 19:01:03.677759+00
58	14	1	89	319	182	2025-03-27 19:01:10.675469+00
59	14	1	90	319	182	2025-03-27 19:01:18.167074+00
60	14	1	91	319	182	2025-03-27 19:01:27.259525+00
61	14	1	92	319	182	2025-03-27 19:01:38.845064+00
62	14	1	93	319	182	2025-03-27 19:02:08.218392+00
63	14	1	94	319	182	2025-03-27 19:02:19.482638+00
64	14	1	95	319	182	2025-03-27 19:02:28.352549+00
65	14	1	96	319	182	2025-03-27 19:02:35.465157+00
66	14	1	97	319	182	2025-03-27 19:02:44.161476+00
67	16	1	103	324	185	2025-03-27 19:13:43.738339+00
68	16	1	102	324	185	2025-03-27 19:13:50.71832+00
69	16	1	101	324	185	2025-03-27 19:13:57.550209+00
70	16	1	100	324	185	2025-03-27 19:14:30.109263+00
71	17	1	104	323	224	2025-03-27 19:27:46.273244+00
72	17	1	105	323	224	2025-03-27 19:28:12.850111+00
73	20	1	114	316	254	2025-03-28 05:27:22.002967+00
74	20	1	116	316	254	2025-03-28 05:27:37.874373+00
75	21	1	117	316	254	2025-03-28 06:00:40.626403+00
76	21	1	118	316	254	2025-03-28 06:00:47.640496+00
77	21	1	119	316	254	2025-03-28 06:01:13.976039+00
78	21	1	120	316	254	2025-03-28 06:01:33.428322+00
79	22	1	121	316	254	2025-03-28 06:06:14.714145+00
80	22	1	122	316	254	2025-03-28 06:06:21.144529+00
81	19	1	107	322	147	2025-03-28 06:38:48.304658+00
82	19	1	108	322	147	2025-03-28 06:38:58.055701+00
83	19	1	109	322	147	2025-03-28 06:39:03.029396+00
84	19	1	110	322	147	2025-03-28 06:39:09.155085+00
85	19	1	111	322	147	2025-03-28 06:39:15.045699+00
86	19	1	112	322	147	2025-03-28 06:39:21.207691+00
87	19	1	113	322	147	2025-03-28 06:39:26.79733+00
88	29	1	152	320	192	2025-03-28 13:47:02.408523+00
89	29	1	153	320	192	2025-03-28 13:47:12.648077+00
90	29	1	154	320	192	2025-03-28 13:47:22.60055+00
91	29	1	155	320	192	2025-03-28 13:47:32.912766+00
92	29	1	156	320	192	2025-03-28 13:47:41.944941+00
93	29	1	157	320	192	2025-03-28 13:47:50.427899+00
94	38	1	207	327	186	2025-03-28 17:03:05.12476+00
95	38	1	208	327	186	2025-03-28 17:03:10.635714+00
96	38	1	209	327	186	2025-03-28 17:03:15.079867+00
97	38	1	210	327	186	2025-03-28 17:03:19.501683+00
98	38	1	211	327	186	2025-03-28 17:03:24.065655+00
99	38	1	212	327	186	2025-03-28 17:03:29.908382+00
100	38	1	213	327	186	2025-03-28 17:03:36.908471+00
101	36	1	195	327	186	2025-03-28 17:17:38.168032+00
102	36	1	196	327	186	2025-03-28 17:17:48.754147+00
103	36	1	197	327	186	2025-03-28 17:17:57.378919+00
104	36	1	198	327	186	2025-03-28 17:18:02.039715+00
105	36	1	199	327	186	2025-03-28 17:18:07.17099+00
106	36	1	200	327	186	2025-03-28 17:18:12.924711+00
107	36	1	201	327	186	2025-03-28 17:18:18.730327+00
108	39	1	214	323	146	2025-03-28 17:28:36.595633+00
109	39	1	215	323	146	2025-03-28 17:28:48.205488+00
110	39	1	216	323	146	2025-03-28 17:28:59.411859+00
111	39	1	217	323	146	2025-03-28 17:29:10.938591+00
112	39	1	218	323	146	2025-03-28 17:29:19.644261+00
113	39	1	219	323	146	2025-03-28 17:29:30.757996+00
114	39	1	220	323	146	2025-03-28 17:29:39.595484+00
115	40	1	225	317	252	2025-03-28 17:43:53.34564+00
116	40	1	224	317	252	2025-03-28 17:44:02.252601+00
117	40	1	223	317	252	2025-03-28 17:44:08.484618+00
118	40	1	222	317	252	2025-03-28 17:44:14.424784+00
119	40	1	221	317	252	2025-03-28 17:44:21.485809+00
120	42	1	230	322	228	2025-03-28 18:44:15.67547+00
121	42	1	231	322	228	2025-03-28 18:44:23.723589+00
122	42	1	232	322	228	2025-03-28 18:44:29.658934+00
123	42	1	233	322	228	2025-03-28 18:44:37.588158+00
124	42	1	235	322	228	2025-03-28 18:44:45.774966+00
125	43	1	236	322	228	2025-03-28 19:26:39.366332+00
126	43	1	237	322	228	2025-03-28 19:26:46.570487+00
127	43	1	238	322	228	2025-03-28 19:26:53.409451+00
128	43	1	239	322	228	2025-03-28 19:27:02.713335+00
129	43	1	240	322	228	2025-03-28 19:27:10.332313+00
130	28	1	148	322	220	2025-03-29 00:14:31.296418+00
131	28	1	149	322	220	2025-03-29 00:14:38.839427+00
132	28	1	150	322	220	2025-03-29 00:14:49.962764+00
133	28	1	151	322	220	2025-03-29 00:14:56.938327+00
134	44	1	241	320	241	2025-03-29 00:19:49.213329+00
135	44	1	242	320	241	2025-03-29 00:20:05.023042+00
136	44	1	243	320	241	2025-03-29 00:20:20.923129+00
137	44	1	244	320	241	2025-03-29 00:20:38.138412+00
138	27	1	142	322	147	2025-03-29 06:08:59.180614+00
139	27	1	143	322	147	2025-03-29 06:09:03.996108+00
140	27	1	144	322	147	2025-03-29 06:09:08.890445+00
141	27	1	145	322	147	2025-03-29 06:09:13.346796+00
142	27	1	146	322	147	2025-03-29 06:09:18.098014+00
143	27	1	147	322	147	2025-03-29 06:09:22.806235+00
144	30	1	158	322	147	2025-03-29 06:12:35.250518+00
145	30	1	159	322	147	2025-03-29 06:12:40.062975+00
146	30	1	160	322	147	2025-03-29 06:12:44.490707+00
147	30	1	161	322	147	2025-03-29 06:12:48.625404+00
148	30	1	162	322	147	2025-03-29 06:12:54.365505+00
149	30	1	163	322	147	2025-03-29 06:12:59.025383+00
150	30	1	164	322	147	2025-03-29 06:13:03.607114+00
151	45	1	245	322	147	2025-03-29 06:15:23.062711+00
152	45	1	246	322	147	2025-03-29 06:15:27.773618+00
153	47	1	252	325	227	2025-03-29 07:36:39.663244+00
154	47	1	253	325	227	2025-03-29 07:36:54.508843+00
155	46	1	247	320	192	2025-03-29 08:41:47.551547+00
156	46	1	249	320	192	2025-03-29 08:42:10.311033+00
157	46	1	250	320	192	2025-03-29 08:42:29.014093+00
158	46	1	251	320	192	2025-03-29 08:42:39.165938+00
159	34	1	184	320	223	2025-03-29 11:04:33.931828+00
160	34	1	185	320	223	2025-03-29 11:04:41.979202+00
161	34	1	186	320	223	2025-03-29 11:04:51.574168+00
162	34	1	187	320	223	2025-03-29 11:04:59.691154+00
163	34	1	188	320	223	2025-03-29 11:05:07.135961+00
164	34	1	189	320	223	2025-03-29 11:05:13.633315+00
165	34	1	190	320	223	2025-03-29 11:05:24.465022+00
166	49	1	265	320	241	2025-03-29 13:05:49.776617+00
167	49	1	266	320	241	2025-03-29 13:05:59.932313+00
168	49	1	267	320	241	2025-03-29 13:06:09.965386+00
169	49	1	268	320	241	2025-03-29 13:06:20.01511+00
170	49	1	269	320	241	2025-03-29 13:06:30.332004+00
171	50	1	270	320	241	2025-03-29 13:09:06.606261+00
172	51	13	272	324	235	2025-03-29 14:38:51.411519+00
173	51	36	271	324	235	2025-03-29 14:39:19.644198+00
174	52	1	273	324	235	2025-03-29 14:48:50.091043+00
175	53	1	279	317	136	2025-03-29 17:26:20.697937+00
176	53	1	278	317	136	2025-03-29 17:26:25.348732+00
177	53	1	277	317	136	2025-03-29 17:26:31.447136+00
178	53	1	276	317	136	2025-03-29 17:26:35.658834+00
179	53	1	275	317	136	2025-03-29 17:26:41.296997+00
180	53	1	274	317	136	2025-03-29 17:26:45.857261+00
181	60	1	333	324	185	2025-03-29 18:38:46.710914+00
182	60	1	332	324	185	2025-03-29 18:38:53.585011+00
183	60	1	331	324	185	2025-03-29 18:39:03.37049+00
184	60	1	330	324	185	2025-03-29 18:39:12.890824+00
185	60	1	329	324	185	2025-03-29 18:39:19.388515+00
186	60	1	328	324	185	2025-03-29 18:39:28.412816+00
187	63	1	341	320	241	2025-03-30 02:58:07.776278+00
188	63	1	342	320	241	2025-03-30 02:58:26.360944+00
189	66	1	354	327	186	2025-03-30 07:54:53.885841+00
190	66	1	355	327	186	2025-03-30 07:54:58.858399+00
191	66	1	356	327	186	2025-03-30 07:55:02.852272+00
192	66	1	357	327	186	2025-03-30 07:55:08.125702+00
193	66	1	358	327	186	2025-03-30 07:55:12.858807+00
194	66	1	359	327	186	2025-03-30 07:55:17.125333+00
195	66	1	360	327	186	2025-03-30 07:55:20.909463+00
196	65	1	350	327	186	2025-03-30 07:58:15.838559+00
197	65	1	351	327	186	2025-03-30 07:58:24.12572+00
198	65	1	352	327	186	2025-03-30 07:58:29.819275+00
199	65	1	353	327	186	2025-03-30 07:58:36.125155+00
200	64	1	343	327	186	2025-03-30 08:01:11.250486+00
201	64	1	344	327	186	2025-03-30 08:01:16.92599+00
202	64	1	345	327	186	2025-03-30 08:01:23.045282+00
203	64	1	346	327	186	2025-03-30 08:01:29.376368+00
204	64	1	347	327	186	2025-03-30 08:01:34.136824+00
205	64	1	348	327	186	2025-03-30 08:01:39.328956+00
206	64	1	349	327	186	2025-03-30 08:01:45.088937+00
207	72	1	378	320	241	2025-03-30 12:05:19.394708+00
208	73	1	379	320	241	2025-03-30 12:07:18.294765+00
209	71	1	374	320	241	2025-03-30 12:09:14.750256+00
210	71	1	375	320	241	2025-03-30 12:09:27.294419+00
211	71	1	376	320	241	2025-03-30 12:09:44.573926+00
212	71	1	377	320	241	2025-03-30 12:10:02.919118+00
213	69	1	365	320	241	2025-03-30 12:11:57.508821+00
214	69	1	366	320	241	2025-03-30 12:12:14.532631+00
215	68	1	364	320	241	2025-03-30 12:14:27.298976+00
216	75	1	392	316	149	2025-03-30 14:27:14.935624+00
217	75	1	393	316	149	2025-03-30 14:27:22.086282+00
218	75	1	394	316	149	2025-03-30 14:27:29.682008+00
219	75	1	395	316	149	2025-03-30 14:27:36.233297+00
220	75	1	389	316	149	2025-03-30 14:29:28.210498+00
221	75	1	390	316	149	2025-03-30 14:29:41.230129+00
222	75	1	391	316	149	2025-03-30 14:29:49.849798+00
223	76	1	396	325	227	2025-03-30 14:44:13.995942+00
224	67	1	361	316	222	2025-03-30 17:16:26.235602+00
225	67	1	362	316	222	2025-03-30 17:16:35.25679+00
226	67	1	363	316	222	2025-03-30 17:16:54.576092+00
227	86	1	431	319	182	2025-03-30 18:42:32.88608+00
228	86	1	432	319	182	2025-03-30 18:42:40.825596+00
229	86	1	433	319	182	2025-03-30 18:42:48.60852+00
230	86	1	434	319	182	2025-03-30 18:42:55.367482+00
231	86	1	435	319	182	2025-03-30 18:43:02.881541+00
232	86	1	436	319	182	2025-03-30 18:43:21.989079+00
233	86	1	437	319	182	2025-03-30 18:43:55.374686+00
234	86	1	438	319	182	2025-03-30 18:44:56.405288+00
235	86	1	439	319	182	2025-03-30 18:45:03.369736+00
236	86	1	440	319	182	2025-03-30 18:45:18.893312+00
237	86	1	441	319	182	2025-03-30 18:45:27.022339+00
238	86	1	442	319	182	2025-03-30 18:45:34.401996+00
239	86	1	443	319	182	2025-03-30 18:45:41.666338+00
240	86	1	444	319	182	2025-03-30 18:45:48.563435+00
241	86	1	445	319	182	2025-03-30 18:45:55.368186+00
242	86	1	446	319	182	2025-03-30 18:46:03.578655+00
243	86	1	447	319	182	2025-03-30 18:46:10.541472+00
244	86	1	448	319	182	2025-03-30 18:46:17.608286+00
245	86	1	449	319	182	2025-03-30 18:46:24.815928+00
246	86	1	450	319	182	2025-03-30 18:46:31.737629+00
247	86	1	451	319	182	2025-03-30 18:46:41.981803+00
248	86	1	452	319	182	2025-03-30 18:46:50.783176+00
249	86	1	453	319	182	2025-03-30 18:46:58.538728+00
250	83	1	419	323	181	2025-03-30 18:52:16.945151+00
251	83	1	420	323	181	2025-03-30 18:52:34.261964+00
252	83	1	421	323	181	2025-03-30 18:52:45.866483+00
253	83	1	422	323	181	2025-03-30 18:53:02.116455+00
254	83	1	423	323	181	2025-03-30 18:53:16.266023+00
255	83	1	424	323	181	2025-03-30 18:53:28.999606+00
256	83	1	425	323	181	2025-03-30 18:53:38.038406+00
257	83	1	426	323	181	2025-03-30 18:53:49.361022+00
258	83	1	427	323	181	2025-03-30 18:53:57.676171+00
259	88	1	477	317	237	2025-03-30 19:03:39.687734+00
260	88	1	475	317	237	2025-03-30 19:03:49.846444+00
261	88	1	474	317	237	2025-03-30 19:03:54.80678+00
262	78	1	401	323	146	2025-03-30 19:03:56.369949+00
263	88	1	473	317	237	2025-03-30 19:03:59.298365+00
264	78	1	402	323	146	2025-03-30 19:04:06.495102+00
265	88	1	471	317	237	2025-03-30 19:04:07.308379+00
266	88	1	470	317	237	2025-03-30 19:04:13.214291+00
267	88	1	469	317	237	2025-03-30 19:04:22.895053+00
268	78	1	403	323	146	2025-03-30 19:04:23.237525+00
269	88	1	468	317	237	2025-03-30 19:04:27.482839+00
270	78	1	404	323	146	2025-03-30 19:04:32.957247+00
271	88	1	466	317	237	2025-03-30 19:04:40.010912+00
272	78	1	405	323	146	2025-03-30 19:04:44.37227+00
273	88	1	472	317	237	2025-03-30 19:04:56.810997+00
274	81	1	408	323	146	2025-03-30 20:57:50.146263+00
275	81	1	409	323	146	2025-03-30 20:58:06.599426+00
276	81	1	410	323	146	2025-03-30 20:58:24.141982+00
277	81	1	411	323	146	2025-03-30 20:58:33.228102+00
278	81	1	412	323	146	2025-03-30 20:58:43.013097+00
279	81	1	413	323	146	2025-03-30 20:58:55.260522+00
280	81	1	414	323	146	2025-03-30 20:59:04.296299+00
281	81	1	415	323	146	2025-03-30 20:59:21.071584+00
282	81	1	416	323	146	2025-03-30 20:59:31.950736+00
283	84	1	428	318	197	2025-03-30 21:49:13.298737+00
284	91	1	497	318	197	2025-03-30 22:21:34.766306+00
285	91	1	498	318	197	2025-03-30 22:21:44.02986+00
286	91	1	499	318	197	2025-03-30 22:21:53.614311+00
287	91	1	500	318	197	2025-03-30 22:22:02.381515+00
288	91	1	501	318	197	2025-03-30 22:22:11.607613+00
289	91	1	502	318	197	2025-03-30 22:22:21.618329+00
290	91	1	503	318	197	2025-03-30 22:22:31.694188+00
291	96	1	522	324	229	2025-03-31 01:25:17.482064+00
292	97	1	523	324	229	2025-03-31 01:41:17.517977+00
293	74	1	380	327	238	2025-03-31 05:33:59.264544+00
294	74	1	381	327	238	2025-03-31 05:34:10.491472+00
295	74	1	382	327	238	2025-03-31 05:34:19.692154+00
296	74	1	383	327	238	2025-03-31 05:34:27.249526+00
297	74	1	384	327	238	2025-03-31 05:34:31.789278+00
298	74	1	386	327	238	2025-03-31 05:34:42.149794+00
299	74	1	387	327	238	2025-03-31 05:34:46.427476+00
300	74	1	388	327	238	2025-03-31 05:34:55.066365+00
301	77	1	397	322	147	2025-03-31 05:36:19.22986+00
302	77	1	398	322	147	2025-03-31 05:36:27.252143+00
303	77	1	399	322	147	2025-03-31 05:36:35.452601+00
304	77	1	400	322	147	2025-03-31 05:36:43.955588+00
305	98	1	524	327	238	2025-03-31 05:44:49.084828+00
306	101	1	556	318	236	2025-03-31 09:29:04.988716+00
307	101	1	557	318	236	2025-03-31 09:29:15.44241+00
308	99	1	532	317	183	2025-03-31 09:49:35.425432+00
309	99	1	531	317	183	2025-03-31 09:49:40.294205+00
310	99	1	530	317	183	2025-03-31 09:49:44.163996+00
311	99	1	529	317	183	2025-03-31 09:49:47.733855+00
312	99	1	528	317	183	2025-03-31 09:49:54.26422+00
313	99	1	527	317	183	2025-03-31 09:49:59.004742+00
314	99	1	526	317	183	2025-03-31 09:50:03.43883+00
315	99	1	525	317	183	2025-03-31 09:50:06.864044+00
316	103	1	570	319	182	2025-03-31 10:46:53.950762+00
317	103	1	571	319	182	2025-03-31 10:47:01.314022+00
318	103	1	572	319	182	2025-03-31 10:47:08.02502+00
319	103	1	573	319	182	2025-03-31 10:47:15.180675+00
320	103	1	574	319	182	2025-03-31 10:47:22.113573+00
321	103	1	575	319	182	2025-03-31 10:47:32.683994+00
322	103	1	576	319	182	2025-03-31 10:47:40.48878+00
323	103	1	577	319	182	2025-03-31 10:47:49.931182+00
324	103	1	578	319	182	2025-03-31 10:47:56.980864+00
325	103	1	579	319	182	2025-03-31 10:48:05.96278+00
326	103	1	580	319	182	2025-03-31 10:48:13.393123+00
327	100	1	555	317	232	2025-03-31 11:43:12.68862+00
328	100	1	554	317	232	2025-03-31 11:43:18.871857+00
329	100	1	553	317	232	2025-03-31 11:43:26.263335+00
330	100	1	552	317	232	2025-03-31 11:43:30.374121+00
331	100	1	551	317	232	2025-03-31 11:43:36.583798+00
332	100	1	550	317	232	2025-03-31 11:43:49.017979+00
333	100	1	549	317	232	2025-03-31 11:44:06.503345+00
334	100	1	548	317	232	2025-03-31 11:44:12.107416+00
335	100	1	547	317	232	2025-03-31 11:44:16.087814+00
336	100	1	546	317	232	2025-03-31 11:44:20.423522+00
337	100	1	545	317	232	2025-03-31 11:44:27.099187+00
338	100	1	544	317	232	2025-03-31 11:44:37.258138+00
339	100	1	543	317	232	2025-03-31 11:44:44.902625+00
340	100	1	542	317	232	2025-03-31 11:44:56.038274+00
341	100	1	541	317	232	2025-03-31 11:45:04.198262+00
342	100	1	540	317	232	2025-03-31 11:45:57.792954+00
343	100	1	539	317	232	2025-03-31 11:46:02.053047+00
344	100	1	538	317	232	2025-03-31 11:46:09.653437+00
345	100	1	537	317	232	2025-03-31 11:46:16.463963+00
346	100	1	536	317	232	2025-03-31 11:46:20.113155+00
347	100	1	535	317	232	2025-03-31 11:46:24.148297+00
348	100	1	534	317	232	2025-03-31 11:46:27.722723+00
349	100	1	533	317	232	2025-03-31 11:46:31.787699+00
350	102	1	569	317	232	2025-03-31 12:00:47.649251+00
351	102	1	568	317	232	2025-03-31 12:01:05.197689+00
352	102	1	567	317	232	2025-03-31 12:01:09.237817+00
353	102	1	566	317	232	2025-03-31 12:01:14.071886+00
354	102	1	565	317	232	2025-03-31 12:01:18.841371+00
355	102	1	564	317	232	2025-03-31 12:01:23.480497+00
356	102	1	563	317	232	2025-03-31 12:01:28.748563+00
357	102	1	562	317	232	2025-03-31 12:01:33.665462+00
358	102	1	561	317	232	2025-03-31 12:01:37.502344+00
359	102	1	560	317	232	2025-03-31 12:01:41.398143+00
360	102	1	559	317	232	2025-03-31 12:01:47.204167+00
361	102	1	558	317	232	2025-03-31 12:01:50.598912+00
362	104	1	581	316	127	2025-03-31 13:38:15.847345+00
363	104	1	582	316	127	2025-03-31 13:39:02.044087+00
364	104	1	584	316	127	2025-03-31 13:40:57.68629+00
365	104	1	585	316	127	2025-03-31 13:41:32.746625+00
366	104	1	586	316	127	2025-03-31 13:44:02.365192+00
367	104	1	587	316	127	2025-03-31 13:44:27.754449+00
368	104	1	592	316	127	2025-03-31 13:45:47.496078+00
369	104	3	588	316	127	2025-03-31 13:48:37.112265+00
370	108	1	608	325	227	2025-03-31 14:22:41.130106+00
371	108	1	609	325	227	2025-03-31 14:22:55.374555+00
372	108	1	610	325	227	2025-03-31 14:23:06.994735+00
373	111	1	623	324	229	2025-03-31 17:06:48.586395+00
374	111	1	624	324	229	2025-03-31 17:06:55.909339+00
375	61	1	334	320	133	2025-03-31 18:09:09.904309+00
376	112	1	625	318	141	2025-03-31 19:08:31.276837+00
377	112	1	626	318	141	2025-03-31 19:08:37.187918+00
378	112	1	627	318	141	2025-03-31 19:08:42.815697+00
379	112	1	628	318	141	2025-03-31 19:08:49.445997+00
380	112	1	629	318	141	2025-03-31 19:08:57.038831+00
381	112	1	630	318	141	2025-03-31 19:09:04.99107+00
382	112	1	631	318	141	2025-03-31 19:09:12.350471+00
383	112	1	632	318	141	2025-03-31 19:09:18.591797+00
384	112	1	633	318	141	2025-03-31 19:09:25.469276+00
385	112	1	634	318	141	2025-03-31 19:09:34.873839+00
386	113	1	635	318	128	2025-03-31 20:37:35.422354+00
387	113	1	636	318	128	2025-03-31 20:37:49.324755+00
388	113	1	637	318	128	2025-03-31 20:38:00.524252+00
389	113	1	638	318	128	2025-03-31 20:38:08.524613+00
390	113	1	639	318	128	2025-03-31 20:38:15.324851+00
391	113	1	640	318	128	2025-03-31 20:38:21.362839+00
392	113	1	641	318	128	2025-03-31 20:38:30.204754+00
393	113	1	642	318	128	2025-03-31 20:38:37.524917+00
394	113	1	643	318	128	2025-03-31 20:38:43.402498+00
395	113	1	644	318	128	2025-03-31 20:38:50.604831+00
396	113	1	645	318	128	2025-03-31 20:39:00.063605+00
397	113	1	646	318	128	2025-03-31 20:39:08.402018+00
398	113	1	647	318	128	2025-03-31 20:39:15.384353+00
399	113	1	648	318	128	2025-03-31 20:39:21.479792+00
400	113	1	649	318	128	2025-03-31 20:39:28.14405+00
401	113	1	650	318	128	2025-03-31 20:39:35.324156+00
402	115	1	652	316	254	2025-04-01 06:16:05.690312+00
403	115	1	653	316	254	2025-04-01 06:16:15.603589+00
404	115	1	654	316	254	2025-04-01 06:16:24.247824+00
405	109	1	611	322	147	2025-04-01 06:17:26.851951+00
406	109	1	612	322	147	2025-04-01 06:17:32.273051+00
407	109	1	613	322	147	2025-04-01 06:17:36.909211+00
408	109	1	614	322	147	2025-04-01 06:17:42.101711+00
409	109	1	615	322	147	2025-04-01 06:17:46.657268+00
410	109	1	616	322	147	2025-04-01 06:17:52.242494+00
411	116	1	655	316	254	2025-04-01 06:22:03.619549+00
412	110	1	617	322	147	2025-04-01 06:22:11.276999+00
413	110	1	618	322	147	2025-04-01 06:22:17.053371+00
414	110	1	619	322	147	2025-04-01 06:22:22.265331+00
415	110	1	620	322	147	2025-04-01 06:22:27.484802+00
416	110	1	621	322	147	2025-04-01 06:22:32.916846+00
417	110	1	622	322	147	2025-04-01 06:22:38.232127+00
418	117	1	656	324	264	2025-04-01 06:44:46.629823+00
419	117	1	657	324	264	2025-04-01 06:45:06.488695+00
420	117	1	658	324	264	2025-04-01 06:45:20.601701+00
421	117	1	659	324	264	2025-04-01 06:45:42.978053+00
422	117	1	660	324	264	2025-04-01 06:46:02.818915+00
423	117	1	661	324	264	2025-04-01 06:46:22.315255+00
424	117	1	663	324	264	2025-04-01 06:47:16.922766+00
425	118	1	664	318	160	2025-04-01 12:41:06.153814+00
426	118	1	666	318	160	2025-04-01 12:41:24.556621+00
427	118	1	667	318	160	2025-04-01 12:41:33.333242+00
428	120	1	669	325	227	2025-04-01 14:15:12.116341+00
429	120	1	670	325	227	2025-04-01 14:15:23.457851+00
430	120	1	671	325	227	2025-04-01 14:15:35.830208+00
431	120	1	672	325	227	2025-04-01 14:15:46.863994+00
432	120	1	673	325	227	2025-04-01 14:15:58.736643+00
433	120	1	674	325	227	2025-04-01 14:16:11.217154+00
434	123	1	691	317	142	2025-04-01 17:51:02.065532+00
435	123	1	690	317	142	2025-04-01 17:51:14.368574+00
436	128	1	714	322	228	2025-04-01 18:47:39.712037+00
437	128	1	715	322	228	2025-04-01 18:47:45.589209+00
438	128	1	716	322	228	2025-04-01 18:47:52.612854+00
439	124	1	692	323	199	2025-04-01 20:03:24.627034+00
440	124	1	693	323	199	2025-04-01 20:03:59.353958+00
441	124	1	694	323	199	2025-04-01 20:04:31.911013+00
442	124	1	695	323	199	2025-04-01 20:04:58.320951+00
443	124	1	696	323	199	2025-04-01 20:05:38.075718+00
444	124	1	697	323	199	2025-04-01 20:06:04.910086+00
445	131	1	723	320	241	2025-04-02 03:32:30.235862+00
446	131	1	724	320	241	2025-04-02 03:32:41.604967+00
447	131	1	725	320	241	2025-04-02 03:32:52.759899+00
448	132	1	726	320	241	2025-04-02 03:35:50.022353+00
449	132	1	727	320	241	2025-04-02 03:35:59.652024+00
450	132	1	728	320	241	2025-04-02 03:36:13.37096+00
451	132	1	729	320	241	2025-04-02 03:36:24.841328+00
452	132	1	730	320	241	2025-04-02 03:36:41.313071+00
453	130	1	718	320	241	2025-04-02 03:38:10.314017+00
454	130	1	719	320	241	2025-04-02 03:38:21.567683+00
455	130	1	720	320	241	2025-04-02 03:38:34.185447+00
456	130	1	721	320	241	2025-04-02 03:38:45.226658+00
457	130	1	722	320	241	2025-04-02 03:38:57.617366+00
458	126	1	699	327	186	2025-04-02 06:08:54.065657+00
459	126	1	700	327	186	2025-04-02 06:09:04.040661+00
460	126	1	701	327	186	2025-04-02 06:09:17.095498+00
461	126	1	702	327	186	2025-04-02 06:09:25.951632+00
462	126	1	703	327	186	2025-04-02 06:09:30.626178+00
463	126	1	704	327	186	2025-04-02 06:09:35.453047+00
464	126	1	705	327	186	2025-04-02 06:09:41.208409+00
465	133	1	731	320	166	2025-04-02 06:50:00.844719+00
466	133	1	732	320	166	2025-04-02 06:50:08.984589+00
467	133	1	733	320	166	2025-04-02 06:50:16.349856+00
468	133	1	734	320	166	2025-04-02 06:50:24.445953+00
469	133	1	735	320	166	2025-04-02 06:50:37.062258+00
470	134	1	736	327	186	2025-04-02 07:02:08.56114+00
471	134	1	737	327	186	2025-04-02 07:02:15.765184+00
472	134	1	738	327	186	2025-04-02 07:02:20.223106+00
473	134	1	739	327	186	2025-04-02 07:02:24.586133+00
474	134	1	740	327	186	2025-04-02 07:02:28.358692+00
475	134	1	741	327	186	2025-04-02 07:02:33.453512+00
476	135	1	742	327	186	2025-04-02 07:48:23.340259+00
477	135	1	743	327	186	2025-04-02 07:48:33.929892+00
478	135	1	744	327	186	2025-04-02 07:48:43.142258+00
479	135	1	745	327	186	2025-04-02 07:48:51.102233+00
480	135	1	746	327	186	2025-04-02 07:48:55.682515+00
481	135	1	747	327	186	2025-04-02 07:48:59.702709+00
482	135	1	748	327	186	2025-04-02 07:49:05.891445+00
483	138	1	767	320	239	2025-04-02 12:02:49.895543+00
484	138	1	768	320	239	2025-04-02 12:02:54.450716+00
485	138	1	766	320	239	2025-04-02 12:02:59.306652+00
486	138	1	765	320	239	2025-04-02 12:03:05.048469+00
487	138	1	764	320	239	2025-04-02 12:03:09.188633+00
488	138	1	763	320	239	2025-04-02 12:03:15.946172+00
489	136	1	749	316	249	2025-04-02 13:16:06.695797+00
490	136	1	750	316	249	2025-04-02 13:17:11.285683+00
491	136	1	751	316	249	2025-04-02 13:17:28.834232+00
492	136	1	752	316	249	2025-04-02 13:17:39.672781+00
493	136	1	753	316	249	2025-04-02 13:17:52.111491+00
494	139	1	769	320	206	2025-04-02 15:23:57.536646+00
495	139	1	770	320	206	2025-04-02 15:24:07.258192+00
496	139	1	771	320	206	2025-04-02 15:24:17.470721+00
497	139	1	772	320	206	2025-04-02 15:24:29.788015+00
498	139	1	773	320	206	2025-04-02 15:24:40.640274+00
499	139	1	774	320	206	2025-04-02 15:24:52.928294+00
500	143	1	782	320	241	2025-04-02 17:58:04.361261+00
501	143	1	783	320	241	2025-04-02 17:58:12.854224+00
502	142	1	780	320	241	2025-04-02 18:00:08.891465+00
503	142	1	781	320	241	2025-04-02 18:00:17.383656+00
504	144	1	784	322	228	2025-04-02 19:07:51.38735+00
505	144	1	785	322	228	2025-04-02 19:09:07.872155+00
506	146	1	795	324	235	2025-04-02 20:30:28.620818+00
507	146	1	794	324	235	2025-04-02 20:30:35.213285+00
508	146	1	793	324	235	2025-04-02 20:30:41.037733+00
509	146	1	792	324	235	2025-04-02 20:30:46.532726+00
510	146	1	791	324	235	2025-04-02 20:30:54.62635+00
511	147	1	796	322	147	2025-04-03 07:40:09.184968+00
512	147	1	797	322	147	2025-04-03 07:40:14.184653+00
513	147	1	798	322	147	2025-04-03 07:40:18.895298+00
514	151	1	824	325	227	2025-04-03 15:39:11.939928+00
515	151	1	825	325	227	2025-04-03 15:39:22.960639+00
516	151	1	826	325	227	2025-04-03 15:39:34.403465+00
517	151	1	827	325	227	2025-04-03 15:39:45.651995+00
518	151	1	828	325	227	2025-04-03 15:39:57.009108+00
519	151	1	829	325	227	2025-04-03 15:40:11.54294+00
520	151	1	830	325	227	2025-04-03 15:40:27.394137+00
521	152	1	835	317	237	2025-04-03 17:34:28.918346+00
522	152	1	834	317	237	2025-04-03 17:34:33.569797+00
523	152	1	833	317	237	2025-04-03 17:34:38.01426+00
524	152	1	832	317	237	2025-04-03 17:34:42.183182+00
525	152	1	831	317	237	2025-04-03 17:34:46.260473+00
526	149	1	806	319	182	2025-04-03 17:53:29.256394+00
527	149	1	807	319	182	2025-04-03 17:53:36.316732+00
528	149	1	808	319	182	2025-04-03 17:53:44.09832+00
529	149	1	809	319	182	2025-04-03 17:53:51.77622+00
530	149	1	810	319	182	2025-04-03 17:53:58.946673+00
531	149	1	811	319	182	2025-04-03 17:54:06.11184+00
532	149	1	812	319	182	2025-04-03 17:54:14.923633+00
533	149	1	813	319	182	2025-04-03 17:54:25.774769+00
534	149	1	814	319	182	2025-04-03 17:54:35.912742+00
535	154	1	845	319	182	2025-04-03 18:12:08.379521+00
536	154	1	846	319	182	2025-04-03 18:12:14.86419+00
537	154	1	847	319	182	2025-04-03 18:12:22.319418+00
538	154	1	848	319	182	2025-04-03 18:12:29.594467+00
539	154	1	849	319	182	2025-04-03 18:12:36.762809+00
540	154	1	850	319	182	2025-04-03 18:12:53.964565+00
541	154	1	851	319	182	2025-04-03 18:13:10.346695+00
542	154	1	852	319	182	2025-04-03 18:13:18.980632+00
543	154	1	853	319	182	2025-04-03 18:15:46.509618+00
544	154	1	854	319	182	2025-04-03 18:16:06.820447+00
545	154	1	855	319	182	2025-04-03 18:16:16.410965+00
546	154	1	856	319	182	2025-04-03 18:16:38.040379+00
547	154	1	857	319	182	2025-04-03 18:16:51.268537+00
548	154	1	858	319	182	2025-04-03 18:17:04.948736+00
549	154	1	859	319	182	2025-04-03 18:17:12.842466+00
550	154	1	860	319	182	2025-04-03 18:17:20.512129+00
551	154	1	861	319	182	2025-04-03 18:17:28.501213+00
552	154	1	862	319	182	2025-04-03 18:17:37.206412+00
553	154	1	863	319	182	2025-04-03 18:17:45.191966+00
554	154	1	864	319	182	2025-04-03 18:17:59.214492+00
555	154	1	865	319	182	2025-04-03 18:18:07.000649+00
556	154	1	866	319	182	2025-04-03 18:18:16.753426+00
557	154	1	867	319	182	2025-04-03 18:18:25.954904+00
558	154	1	868	319	182	2025-04-03 18:18:35.878944+00
559	154	1	869	319	182	2025-04-03 18:18:48.37235+00
560	154	1	870	319	182	2025-04-03 18:18:58.344329+00
561	154	1	871	319	182	2025-04-03 18:19:11.04936+00
562	157	1	875	324	185	2025-04-03 18:51:43.212061+00
563	157	1	876	324	185	2025-04-03 18:53:12.954497+00
564	157	1	877	324	185	2025-04-03 18:53:28.982032+00
565	157	1	878	324	185	2025-04-03 18:53:39.845958+00
566	157	1	879	324	185	2025-04-03 18:55:12.34409+00
567	157	1	880	324	185	2025-04-03 18:55:26.427721+00
568	155	1	872	320	241	2025-04-03 18:59:00.47423+00
569	156	1	873	319	169	2025-04-03 19:35:13.078145+00
570	156	1	874	319	169	2025-04-03 19:35:31.702224+00
571	159	1	883	320	133	2025-04-04 06:40:21.898084+00
572	163	1	909	320	239	2025-04-04 09:31:03.514501+00
573	163	1	910	320	239	2025-04-04 09:31:08.15552+00
574	163	1	908	320	239	2025-04-04 09:31:12.634256+00
575	163	1	907	320	239	2025-04-04 09:31:16.946279+00
576	163	1	906	320	239	2025-04-04 09:31:21.434217+00
577	162	1	902	320	192	2025-04-04 10:19:25.490224+00
578	162	1	903	320	192	2025-04-04 10:19:59.498063+00
579	162	1	904	320	192	2025-04-04 10:20:09.960831+00
580	162	1	905	320	192	2025-04-04 10:20:20.076124+00
581	165	1	921	322	220	2025-04-04 11:50:21.174523+00
582	165	1	922	322	220	2025-04-04 11:51:36.408434+00
583	165	1	923	322	220	2025-04-04 11:57:41.220783+00
584	165	1	924	322	220	2025-04-04 11:57:47.325227+00
585	167	1	931	316	254	2025-04-04 12:13:10.122174+00
586	168	1	932	323	170	2025-04-04 12:19:17.350095+00
587	166	1	925	316	254	2025-04-04 12:23:02.185791+00
588	166	1	926	316	254	2025-04-04 12:23:11.498152+00
589	166	1	927	316	254	2025-04-04 12:23:22.556938+00
590	166	1	928	316	254	2025-04-04 12:23:32.458251+00
591	166	1	929	316	254	2025-04-04 12:23:45.876539+00
592	166	1	930	316	254	2025-04-04 12:23:58.124911+00
593	170	1	934	323	146	2025-04-04 13:59:18.991684+00
594	170	1	935	323	146	2025-04-04 13:59:42.542053+00
595	170	1	936	323	146	2025-04-04 14:00:24.811355+00
596	170	1	937	323	146	2025-04-04 14:00:51.673155+00
597	170	1	938	323	146	2025-04-04 14:01:18.559675+00
598	170	1	939	323	146	2025-04-04 14:02:07.798666+00
599	170	1	940	323	146	2025-04-04 14:02:47.517944+00
600	170	1	941	323	146	2025-04-04 14:03:10.752464+00
601	170	1	942	323	146	2025-04-04 14:03:41.104515+00
602	170	1	943	323	146	2025-04-04 14:04:07.278275+00
603	170	1	944	323	146	2025-04-04 14:04:35.636701+00
604	171	1	945	316	252	2025-04-04 14:15:31.661658+00
605	171	1	946	316	252	2025-04-04 14:15:39.460851+00
610	171	1	951	316	252	2025-04-04 14:16:46.449311+00
606	171	1	947	316	252	2025-04-04 14:15:49.181484+00
607	171	1	948	316	252	2025-04-04 14:15:59.550167+00
608	171	1	949	316	252	2025-04-04 14:16:09.369708+00
609	171	1	950	316	252	2025-04-04 14:16:22.281385+00
611	178	1	993	327	186	2025-04-04 17:12:58.619672+00
612	178	1	995	327	186	2025-04-04 17:13:15.959312+00
613	178	1	996	327	186	2025-04-04 17:13:20.662136+00
614	178	1	997	327	186	2025-04-04 17:13:25.250414+00
615	178	1	998	327	186	2025-04-04 17:13:31.080196+00
616	181	1	1015	327	186	2025-04-04 17:39:30.593416+00
617	181	1	1017	327	186	2025-04-04 17:39:40.641088+00
618	181	1	1016	327	186	2025-04-04 17:39:50.029703+00
619	181	1	1014	327	186	2025-04-04 17:40:01.037211+00
620	181	1	1013	327	186	2025-04-04 17:40:10.894405+00
621	181	1	1012	327	186	2025-04-04 17:40:19.139922+00
622	181	1	1011	327	186	2025-04-04 17:40:28.45184+00
623	182	1	1018	320	241	2025-04-04 17:58:43.192553+00
624	182	1	1019	320	241	2025-04-04 17:58:54.76553+00
625	180	1	1007	320	241	2025-04-04 18:02:02.433466+00
626	180	1	1008	320	241	2025-04-04 18:02:13.394489+00
627	180	1	1009	320	241	2025-04-04 18:02:24.251818+00
628	180	1	1010	320	241	2025-04-04 18:02:41.672834+00
629	174	1	962	319	169	2025-04-04 18:06:52.901498+00
630	174	1	964	319	169	2025-04-04 18:08:01.714131+00
631	174	1	965	319	169	2025-04-04 18:08:32.537242+00
632	174	1	966	319	169	2025-04-04 18:08:52.506383+00
633	183	1	1024	317	237	2025-04-04 18:52:56.277176+00
634	183	1	1023	317	237	2025-04-04 18:53:01.982355+00
635	183	1	1022	317	237	2025-04-04 18:53:09.133427+00
636	183	1	1021	317	237	2025-04-04 18:53:18.67603+00
637	183	1	1020	317	237	2025-04-04 18:53:23.858307+00
638	185	1	1027	322	228	2025-04-04 20:10:01.177347+00
639	185	1	1028	322	228	2025-04-04 20:10:08.180193+00
640	185	1	1030	322	228	2025-04-04 20:10:22.638189+00
641	185	1	1031	322	228	2025-04-04 20:10:29.07356+00
642	186	13	1032	322	228	2025-04-04 20:36:55.843147+00
643	186	1	1033	322	228	2025-04-04 20:37:07.691966+00
644	184	1	1025	318	236	2025-04-04 21:26:10.954058+00
645	184	1	1026	318	236	2025-04-04 21:26:19.337626+00
646	158	1	881	322	147	2025-04-05 03:54:30.973956+00
647	158	1	882	322	147	2025-04-05 03:54:36.243965+00
648	176	1	976	322	147	2025-04-05 03:59:13.739618+00
649	176	1	977	322	147	2025-04-05 03:59:19.946095+00
650	176	1	978	322	147	2025-04-05 03:59:25.413114+00
651	176	1	979	322	147	2025-04-05 03:59:30.220195+00
652	176	1	980	322	147	2025-04-05 03:59:35.561909+00
653	176	1	981	322	147	2025-04-05 03:59:40.383425+00
654	187	1	1034	323	199	2025-04-05 04:22:04.937804+00
655	187	1	1035	323	199	2025-04-05 04:22:18.463367+00
656	187	1	1036	323	199	2025-04-05 04:22:31.786928+00
657	187	1	1037	323	199	2025-04-05 04:22:47.92348+00
658	187	1	1038	323	199	2025-04-05 04:23:08.124601+00
659	187	1	1039	323	199	2025-04-05 04:23:27.680361+00
660	187	1	1040	323	199	2025-04-05 04:23:56.659107+00
661	189	1	1044	325	227	2025-04-05 07:55:26.76543+00
662	189	1	1046	325	227	2025-04-05 07:55:48.735821+00
663	195	1	1066	324	235	2025-04-05 15:15:29.833725+00
664	195	1	1065	324	235	2025-04-05 15:15:36.94319+00
665	195	1	1064	324	235	2025-04-05 15:15:44.665112+00
666	195	13	1063	324	235	2025-04-05 15:16:01.268951+00
667	195	1	1062	324	235	2025-04-05 15:17:22.716467+00
668	195	1	1061	324	235	2025-04-05 15:17:35.367838+00
669	195	2	1060	324	235	2025-04-05 15:17:45.020854+00
670	195	21	1060	324	235	2025-04-05 15:17:45.022103+00
671	196	2	1072	324	235	2025-04-05 16:08:46.320484+00
672	196	1	1071	324	235	2025-04-05 16:08:53.040589+00
673	196	1	1070	324	235	2025-04-05 16:09:00.038051+00
674	196	1	1069	324	235	2025-04-05 16:09:08.205228+00
675	196	1	1068	324	235	2025-04-05 16:09:16.216662+00
676	196	2	1067	324	235	2025-04-05 16:09:23.593461+00
677	190	1	1047	320	241	2025-04-05 17:19:16.465034+00
678	190	1	1048	320	241	2025-04-05 17:19:33.055383+00
679	190	1	1049	320	241	2025-04-05 17:19:44.935649+00
680	199	1	1086	317	237	2025-04-05 19:11:58.735514+00
681	199	1	1085	317	237	2025-04-05 19:12:07.429037+00
682	199	1	1084	317	237	2025-04-05 19:12:16.867734+00
683	202	1	1104	323	181	2025-04-05 19:14:52.027681+00
684	202	1	1105	323	181	2025-04-05 19:15:59.680914+00
685	202	1	1106	323	181	2025-04-05 19:16:08.379705+00
686	202	1	1107	323	181	2025-04-05 19:16:21.208322+00
687	202	1	1108	323	181	2025-04-05 19:16:32.60805+00
688	202	1	1109	323	181	2025-04-05 19:16:40.734919+00
689	202	1	1110	323	181	2025-04-05 19:16:49.601558+00
690	202	1	1111	323	181	2025-04-05 19:16:59.118749+00
691	202	1	1112	323	181	2025-04-05 19:17:08.605731+00
692	205	1	1134	324	185	2025-04-05 20:26:49.522631+00
693	205	1	1133	324	185	2025-04-05 20:26:55.457775+00
694	205	1	1132	324	185	2025-04-05 20:27:02.588099+00
695	205	1	1131	324	185	2025-04-05 20:27:09.395192+00
696	205	1	1130	324	185	2025-04-05 20:27:17.297483+00
697	205	1	1129	324	185	2025-04-05 20:27:24.949411+00
698	205	1	1127	324	185	2025-04-05 20:27:31.953429+00
\.


--
-- Data for Name: qcp4_other_attributes; Type: TABLE DATA; Schema: public; Owner: -
--

COPY public.qcp4_other_attributes (id, qcp4_id, qcp4_other_id, other, qualityattributes_id, user_id, exportcompany_id, created_at) FROM stdin;
1	4	1	none	1	325	217	2025-03-27 10:10:26.163621+00
2	38	11	none	1	327	186	2025-03-28 17:03:49.877795+00
3	36	8	none	1	327	186	2025-03-28 17:18:25.373312+00
4	36	9	none	1	327	186	2025-03-28 17:18:30.138949+00
5	40	12	none	1	317	252	2025-03-28 17:43:45.042851+00
6	34	7	none	1	320	223	2025-03-29 11:05:31.59276+00
7	51	17	none	1	324	235	2025-03-29 14:37:53.407094+00
8	51	16	none	21	324	235	2025-03-29 14:38:16.384263+00
9	51	16	none	26	324	235	2025-03-29 14:38:16.386957+00
10	51	15	none	1	324	235	2025-03-29 14:38:24.077368+00
11	51	14	none	1	324	235	2025-03-29 14:38:33.360306+00
12	51	13	none	1	324	235	2025-03-29 14:38:40.766137+00
13	52	21	none	1	324	235	2025-03-29 14:47:56.964627+00
14	52	20	none	2	324	235	2025-03-29 14:48:12.372809+00
15	52	19	none	2	324	235	2025-03-29 14:48:25.570346+00
16	52	19	none	21	324	235	2025-03-29 14:48:25.571743+00
17	52	18	none	1	324	235	2025-03-29 14:48:39.615472+00
18	53	24	none	1	317	136	2025-03-29 17:25:53.056418+00
19	53	23	none	1	317	136	2025-03-29 17:26:06.075811+00
20	53	22	none	1	317	136	2025-03-29 17:26:14.180439+00
21	66	26	none	1	327	186	2025-03-30 07:55:26.397463+00
22	64	25	none	1	327	186	2025-03-30 08:01:51.737563+00
23	75	27	none	1	316	149	2025-03-30 14:30:18.992727+00
24	96	58	none	1	324	229	2025-03-31 01:23:31.289108+00
25	96	57	none	13	324	229	2025-03-31 01:23:39.303701+00
26	96	56	none	13	324	229	2025-03-31 01:23:48.094257+00
27	96	55	none	1	324	229	2025-03-31 01:23:55.001077+00
28	96	54	none	13	324	229	2025-03-31 01:24:04.069012+00
29	96	53	none	1	324	229	2025-03-31 01:24:11.692994+00
30	96	52	none	2	324	229	2025-03-31 01:24:23.380889+00
31	96	51	none	1	324	229	2025-03-31 01:24:31.295386+00
32	96	50	none	1	324	229	2025-03-31 01:24:39.38815+00
33	96	49	none	2	324	229	2025-03-31 01:24:49.506079+00
34	96	48	none	1	324	229	2025-03-31 01:24:57.419501+00
35	96	47	none	1	324	229	2025-03-31 01:25:04.199525+00
36	97	65	none	1	324	229	2025-03-31 01:40:02.505292+00
37	97	64	none	21	324	229	2025-03-31 01:40:14.332447+00
38	97	63	none	1	324	229	2025-03-31 01:40:24.178471+00
39	97	62	none	1	324	229	2025-03-31 01:40:33.217139+00
40	97	61	none	13	324	229	2025-03-31 01:40:45.350023+00
41	97	60	none	1	324	229	2025-03-31 01:40:54.264287+00
42	97	59	none	1	324	229	2025-03-31 01:41:03.578474+00
43	111	68	none	1	324	229	2025-03-31 17:07:01.865213+00
44	111	69	none	1	324	229	2025-03-31 17:07:07.984325+00
45	123	70	none	1	317	142	2025-04-01 17:50:48.636164+00
46	130	72	none	1	320	241	2025-04-02 03:39:08.582493+00
47	126	71	none	1	327	186	2025-04-02 06:09:48.230415+00
48	133	73	none	1	320	166	2025-04-02 06:50:50.915969+00
49	133	74	none	1	320	166	2025-04-02 06:50:59.264324+00
50	134	75	none	1	327	186	2025-04-02 07:02:38.334196+00
51	146	76	none	26	324	235	2025-04-02 20:30:21.039659+00
52	162	79	none	1	320	192	2025-04-04 10:20:35.776917+00
53	166	80	none	1	316	254	2025-04-04 12:24:09.482499+00
54	181	83	none	1	327	186	2025-04-04 17:39:08.205795+00
55	181	84	none	1	327	186	2025-04-04 17:39:18.36408+00
56	180	82	none	1	320	241	2025-04-04 18:02:53.019201+00
\.


--
-- Data for Name: qcp4_otherrecommendations; Type: TABLE DATA; Schema: public; Owner: -
--

COPY public.qcp4_otherrecommendations (id, qcp4_id, qcp4_others_id, status, reason, weight_rejected, weight_passed, user_id, exportcompany_id, created_at) FROM stdin;
1	4	1	FitForExport		0	7	325	217	2025-03-27 10:10:26.165975+00
2	12	3	FitForExport		0	165	326	214	2025-03-27 17:28:38.028264+00
3	12	4	FitForExport		0	165	326	214	2025-03-27 17:29:52.753373+00
4	13	5	FitForExport		0	150	326	214	2025-03-27 17:40:18.953126+00
5	13	6	FitForExport		0	50	326	214	2025-03-27 17:42:27.683949+00
6	38	10	FitForExport		0	84	327	186	2025-03-28 17:03:43.482829+00
7	38	11	FitForExport		0	105	327	186	2025-03-28 17:03:49.879849+00
8	36	8	FitForExport		0	357	327	186	2025-03-28 17:18:25.37574+00
9	36	9	FitForExport		0	105	327	186	2025-03-28 17:18:30.140557+00
10	40	12	FitForExport		0	240	317	252	2025-03-28 17:43:45.044833+00
11	34	7	FitForExport		0	-702.5	320	223	2025-03-29 11:05:31.595582+00
12	51	17	FitForExport		0	125	324	235	2025-03-29 14:37:53.409765+00
13	51	16	FitForExport		0	240	324	235	2025-03-29 14:38:16.388032+00
14	51	15	FitForExport		0	520	324	235	2025-03-29 14:38:24.079325+00
15	51	14	FitForExport		0	100	324	235	2025-03-29 14:38:33.363681+00
16	51	13	FitForExport		0	300	324	235	2025-03-29 14:38:40.767962+00
17	52	21	FitForExport		0	320	324	235	2025-03-29 14:47:56.966642+00
18	52	20	FitForExport		0	88	324	235	2025-03-29 14:48:12.374901+00
19	52	19	FitForExport		0	672	324	235	2025-03-29 14:48:25.572832+00
20	52	18	FitForExport		0	240	324	235	2025-03-29 14:48:39.617511+00
21	53	24	FitForExport		0	2	317	136	2025-03-29 17:25:53.058621+00
22	53	23	FitForExport		0	10	317	136	2025-03-29 17:26:06.07752+00
23	53	22	FitForExport		0	30	317	136	2025-03-29 17:26:14.182493+00
24	66	26	FitForExport		0	280	327	186	2025-03-30 07:55:26.400002+00
25	64	25	FitForExport		0	420	327	186	2025-03-30 08:01:51.739582+00
26	75	27	FitForExport		0	30	316	149	2025-03-30 14:30:18.994812+00
27	80	32	FitForExport		0	460	321	159	2025-03-30 17:38:49.614564+00
28	80	33	FitForExport		0	600	321	159	2025-03-30 17:39:00.338076+00
29	80	34	FitForExport		0	240	321	159	2025-03-30 17:39:10.057326+00
30	80	35	FitForExport		0	2	321	159	2025-03-30 17:39:21.252355+00
31	82	36	FitForExport		0	2180	321	159	2025-03-30 18:06:54.700491+00
32	82	37	FitForExport		0	800	321	159	2025-03-30 18:07:10.530077+00
33	82	38	FitForExport		0	504	321	159	2025-03-30 18:07:22.350916+00
34	82	39	FitForExport		0	480	321	159	2025-03-30 18:07:37.410709+00
35	82	40	FitForExport		0	20	321	159	2025-03-30 18:07:46.64559+00
36	82	41	FitForExport		0	40	321	159	2025-03-30 18:07:57.770793+00
37	79	28	FitForExport		0	100	321	159	2025-03-30 18:27:46.691171+00
38	79	29	FitForExport		0	50	321	159	2025-03-30 18:27:56.951387+00
39	79	30	FitForExport		0	510	321	159	2025-03-30 18:28:06.171659+00
40	79	31	FitForExport		0	810	321	159	2025-03-30 18:28:16.200519+00
41	92	43	FitForExport		0	625	326	214	2025-03-30 21:31:35.622383+00
42	87	42	FitForExport		0	330	326	174	2025-03-30 21:48:30.393099+00
43	94	44	FitForExport		0	165	326	214	2025-03-30 21:53:31.628422+00
44	94	45	FitForExport		0	330	326	214	2025-03-30 21:53:42.257667+00
45	94	46	FitForExport		0	250	326	214	2025-03-30 21:53:51.537487+00
46	96	58	FitForExport		0	100	324	229	2025-03-31 01:23:31.291953+00
47	96	57	FitForExport		0	24	324	229	2025-03-31 01:23:39.305292+00
48	96	56	FitForExport		0	50	324	229	2025-03-31 01:23:48.095957+00
49	96	55	FitForExport		0	60	324	229	2025-03-31 01:23:55.003013+00
50	96	54	FitForExport		0	60	324	229	2025-03-31 01:24:04.071148+00
51	96	53	FitForExport		0	50	324	229	2025-03-31 01:24:11.694381+00
52	96	52	FitForExport		0	250	324	229	2025-03-31 01:24:23.382715+00
53	96	51	FitForExport		0	120	324	229	2025-03-31 01:24:31.297117+00
54	96	50	FitForExport		0	100	324	229	2025-03-31 01:24:39.391221+00
55	96	49	FitForExport		0	50	324	229	2025-03-31 01:24:49.507821+00
56	96	48	FitForExport		0	50	324	229	2025-03-31 01:24:57.42179+00
57	96	47	FitForExport		0	50	324	229	2025-03-31 01:25:04.201204+00
58	97	65	FitForExport		0	65	324	229	2025-03-31 01:40:02.507309+00
59	97	64	FitForExport		0	170	324	229	2025-03-31 01:40:14.334911+00
60	97	63	FitForExport		0	20	324	229	2025-03-31 01:40:24.180212+00
61	97	62	FitForExport		0	140	324	229	2025-03-31 01:40:33.218516+00
62	97	61	FitForExport		0	60	324	229	2025-03-31 01:40:45.353952+00
63	97	60	FitForExport		0	250	324	229	2025-03-31 01:40:54.265791+00
64	97	59	FitForExport		0	60	324	229	2025-03-31 01:41:03.579978+00
65	104	66	FitForExport		0	12	316	127	2025-03-31 13:49:12.135802+00
66	104	67	FitForExport		0	6	316	127	2025-03-31 13:49:34.777818+00
67	111	68	FitForExport		0	60	324	229	2025-03-31 17:07:01.867484+00
68	111	69	FitForExport		0	100	324	229	2025-03-31 17:07:07.98608+00
69	123	70	FitForExport		0	3	317	142	2025-04-01 17:50:48.639769+00
70	130	72	FitForExport		0	75	320	241	2025-04-02 03:39:08.584336+00
71	126	71	FitForExport		0	280	327	186	2025-04-02 06:09:48.235467+00
72	133	73	FitForExport		0	280	320	166	2025-04-02 06:50:50.918632+00
73	133	74	FitForExport		0	144	320	166	2025-04-02 06:50:59.266483+00
74	134	75	FitForExport		0	420	327	186	2025-04-02 07:02:38.336536+00
75	146	76	FitForExport		0	427	324	235	2025-04-02 20:30:21.041863+00
76	153	77	FitForExport		0	250	326	214	2025-04-03 18:20:15.13744+00
77	153	78	FitForExport		0	165	326	214	2025-04-03 18:22:58.074199+00
78	162	79	FitForExport		0	30	320	192	2025-04-04 10:20:35.782049+00
79	166	80	FitForExport		0	35	316	254	2025-04-04 12:24:09.484923+00
80	175	81	FitForExport		0	10	326	214	2025-04-04 16:38:18.681546+00
81	181	83	FitForExport		0	350	327	186	2025-04-04 17:39:08.208587+00
82	181	84	FitForExport		0	105	327	186	2025-04-04 17:39:18.365375+00
83	180	82	FitForExport		0	72	320	241	2025-04-04 18:02:53.022411+00
\.


--
-- Data for Name: qcp4_others; Type: TABLE DATA; Schema: public; Owner: -
--

COPY public.qcp4_others (id, qcp4_id, packinglist_id, product_name, noofboxes, boxweight, productnetweight, totalproductnetweight, totalproductgrossweight, sampledboxes, status, user_id, exportcompany_id, created_at) FROM stdin;
13	51	59	Matooke	30	0.5	10	300	315	10	FitForExport	1061	235	2025-03-29 14:23:39.936067+00
1	4	5	Tumeric	1	0	7	7	7	1	FitForExport	1078	217	2025-03-27 10:06:24.839444+00
3	12	14	Raw mangoes	30	0.5	5.5	165	180	10	FitForExport	1031	214	2025-03-27 15:44:00.294763+00
21	52	54	Peanuts	32	0.3	10	320	329.6	10	FitForExport	1061	235	2025-03-29 14:29:42.636336+00
4	12	14	soursop	30	0.5	5.5	165	180	15	FitForExport	1031	214	2025-03-27 15:44:00.294763+00
33	80	88	Matooke	60	0.4	10	600	624	20	FitForExport	1023	159	2025-03-30 17:30:38.531993+00
20	52	54	Antroewa	11	0.5	8	88	93.5	10	FitForExport	1061	235	2025-03-29 14:29:42.636336+00
41	82	91	raw mango	4	0.4	10	40	41.6	4	FitForExport	1023	159	2025-03-30 18:04:06.131248+00
6	13	13	cassava	5	0.5	10	50	52.5	5	FitForExport	1031	214	2025-03-27 15:52:37.205502+00
19	52	54	Garden eggs	84	0.5	8	672	714	24	FitForExport	1061	235	2025-03-29 14:29:42.636336+00
34	80	88	Uganda Yam	24	0.4	10	240	249.6	10	FitForExport	1023	159	2025-03-30 17:30:38.531993+00
18	52	54	Matooke	30	0.5	8	240	255	10	FitForExport	1061	235	2025-03-29 14:29:42.636336+00
5	13	13	Beans	15	0.5	10	150	157.5	10	FitForExport	326	214	2025-03-27 15:52:37.205502+00
10	38	44	yams	12	0.5	7	84	90	5	FitForExport	1034	186	2025-03-28 16:30:56.654784+00
43	92	100	Passion friut	250	0.5	2.5	625	750	90	FitForExport	1031	214	2025-03-30 20:22:41.405568+00
11	38	44	yams	15	0.5	7	105	112.5	5	FitForExport	1034	186	2025-03-28 16:30:56.654784+00
24	53	56	royco	1	0.5	2	2	2.5	1	FitForExport	1082	136	2025-03-29 15:30:02.736279+00
8	36	40	yams	51	0.5	7	357	382.5	5	FitForExport	1034	186	2025-03-28 16:04:57.444252+00
35	80	88	Sukuma Wiki	2	0.2	1	2	2.4	2	FitForExport	1023	159	2025-03-30 17:30:38.531993+00
9	36	40	yams	15	0.5	7	105	112.5	5	FitForExport	1034	186	2025-03-28 16:04:57.444252+00
23	53	56	g nut paste	1	0.5	10	10	10.5	1	FitForExport	1082	136	2025-03-29 15:30:02.736279+00
12	40	45	BEANS	20	0.5	12	240	250	7	FitForExport	1055	252	2025-03-28 17:40:40.407999+00
7	34	39	Sugarcane	25	0.1	-28.1	-702.5	-700	10	FitForExport	1092	223	2025-03-28 14:59:04.219193+00
22	53	56	sugarcane	3	0.5	10	30	31.5	3	FitForExport	1082	136	2025-03-29 15:30:02.736279+00
17	51	59	Peanuts	25	0.3	5	125	132.5	10	FitForExport	1061	235	2025-03-29 14:23:39.936067+00
16	51	59	Garden eggs	40	0.5	6	240	260	22	FitForExport	1061	235	2025-03-29 14:23:39.936067+00
15	51	59	Sweet potatoes	52	0.5	10	520	546	10	FitForExport	1061	235	2025-03-29 14:23:39.936067+00
14	51	59	Apple Bananas	10	0.5	10	100	105	10	FitForExport	1061	235	2025-03-29 14:23:39.936067+00
26	66	69	yams	40	0.5	7	280	300	5	FitForExport	1034	186	2025-03-30 07:15:22.109366+00
25	64	67	yams	60	0.5	7	420	450	5	FitForExport	1034	186	2025-03-30 05:20:42.70036+00
27	75	82	Sorghum flour 	3	0.5	10	30	31.5	3	FitForExport	995	149	2025-03-30 14:12:54.554053+00
32	80	88	Sweet poteto	46	0.4	10	460	478.4	15	FitForExport	1023	159	2025-03-30 17:30:38.531993+00
28	79	87	curry leaves	20	1	5	100	120	10	FitForExport	1023	159	2025-03-30 17:27:46.454069+00
36	82	91	AVOCADO	218	0.4	10	2180	2267.2	90	FitForExport	1023	159	2025-03-30 18:04:06.131248+00
37	82	91	Sweet poteto	80	4	10	800	1120	20	FitForExport	1023	159	2025-03-30 18:04:06.131248+00
29	79	87	ginger	5	0.4	10	50	52	5	FitForExport	1023	159	2025-03-30 17:27:46.454069+00
38	82	91	matooke	56	0.4	9	504	526.4	20	FitForExport	1023	159	2025-03-30 18:04:06.131248+00
42	87	96	Cocoyam	60	0.5	5.5	330	360	15	FitForExport	1031	174	2025-03-30 18:51:11.315721+00
39	82	91	curry 	120	1	4	480	600	35	FitForExport	1023	159	2025-03-30 18:04:06.131248+00
30	79	87	Sweet poteto	51	0.4	10	510	530.4	15	FitForExport	1023	159	2025-03-30 17:27:46.454069+00
40	82	91	sugaecane	2	0.1	10	20	20.2	2	FitForExport	1023	159	2025-03-30 18:04:06.131248+00
31	79	87	AVOCADO	81	0.4	10	810	842.4	25	FitForExport	1023	159	2025-03-30 17:27:46.454069+00
44	94	98	Raw mangoes	30	0	5.5	165	165	10	FitForExport	1031	214	2025-03-30 20:28:51.482001+00
45	94	98	COCOYAM	60	0.5	5.5	330	360	20	FitForExport	1031	214	2025-03-30 20:28:51.482001+00
46	94	98	Peanuts	50	0.1	5	250	255	15	FitForExport	1031	214	2025-03-30 20:28:51.482001+00
58	96	101	Matooke (Kawanda)	10	0.5	10	100	105	10	FitForExport	1061	229	2025-03-31 01:21:29.249349+00
57	96	101	Yellow Banana	3	0.5	8	24	25.5	3	FitForExport	1061	229	2025-03-31 01:21:29.249349+00
56	96	101	Okra	10	0.5	5	50	55	10	FitForExport	1061	229	2025-03-31 01:21:29.249349+00
55	96	101	Sugarcane	6	0.5	10	60	63	5	FitForExport	1061	229	2025-03-31 01:21:29.249349+00
54	96	101	Pineapples	5	0.5	12	60	62.5	5	FitForExport	1061	229	2025-03-31 01:21:29.249349+00
53	96	101	Sweet Potatoes	5	0.5	10	50	52.5	5	FitForExport	1061	229	2025-03-31 01:21:29.249349+00
52	96	101	Avocado	25	0.5	10	250	262.5	10	FitForExport	1061	229	2025-03-31 01:21:29.249349+00
51	96	101	Plantain	12	0.5	10	120	126	10	FitForExport	1061	229	2025-03-31 01:21:29.249349+00
50	96	101	Matooke	10	0.5	10	100	105	10	FitForExport	1061	229	2025-03-31 01:21:29.249349+00
49	96	101	Garden Eggs	10	0.5	5	50	55	10	FitForExport	1061	229	2025-03-31 01:21:29.249349+00
47	96	101	Cassava	5	0.5	10	50	52.5	5	FitForExport	1061	229	2025-03-31 01:21:29.249349+00
48	96	101	Cocoyams	5	0.5	10	50	52.5	5	FitForExport	322	229	2025-03-31 01:21:29.249349+00
59	97	102	Cassava	6	0.5	10	60	63	6	FitForExport	1061	229	2025-03-31 01:38:04.841168+00
65	97	102	Okra	13	0.5	5	65	71.5	10	FitForExport	1061	229	2025-03-31 01:38:04.841168+00
79	162	170	Pine apple	2	0.35	15	30	30.7	2	FitForExport	1029	192	2025-04-04 09:00:46.957809+00
64	97	102	Avocado	17	0.5	10	170	178.5	10	FitForExport	1061	229	2025-03-31 01:38:04.841168+00
63	97	102	Ginger	2	0.5	10	20	21	2	FitForExport	1061	229	2025-03-31 01:38:04.841168+00
62	97	102	Matooke	14	0.5	10	140	147	10	FitForExport	1061	229	2025-03-31 01:38:04.841168+00
80	166	172	Millet flour	1	1	35	35	36	1	FitForExport	1031	254	2025-04-04 12:01:54.299794+00
60	97	102	Cocoyams	25	0.5	10	250	262.5	10	FitForExport	1061	229	2025-03-31 01:38:04.841168+00
66	104	109	Pilawo Masala	4	0.5	3	12	14	4	FitForExport	1033	127	2025-03-31 12:08:06.836993+00
81	175	155	Sugarcane	1	0.5	10	10	10.5	1	FitForExport	1031	214	2025-04-04 15:23:17.427273+00
67	104	109	Tea Masala	2	0.5	3	6	7	2	FitForExport	1033	127	2025-03-31 12:08:06.836993+00
68	111	115	Yams	6	0.5	10	60	63	6	FitForExport	1061	229	2025-03-31 17:05:22.127024+00
69	111	115	Millet Flour	10	0.5	10	100	105	10	FitForExport	1061	229	2025-03-31 17:05:22.127024+00
61	97	102	Garden eggs	6	0.5	10	60	63	6	FitForExport	320	229	2025-03-31 01:38:04.841168+00
70	123	126	yams	1	0	3	3	3	1	FitForExport	1081	142	2025-04-01 17:06:26.288172+00
72	130	133	Bird Eye Chilli	30	0.4	2.5	75	87	10	FitForExport	1070	241	2025-04-01 22:37:05.09913+00
83	181	185	yams	50	0.5	7	350	375	5	FitForExport	1034	186	2025-04-04 17:33:30.038021+00
71	126	129	yams	40	0.5	7	280	300	5	FitForExport	1034	186	2025-04-01 18:10:36.067+00
73	133	136	pea nut	28	0.35	10	280	289.8	10	FitForExport	1029	166	2025-04-02 06:35:56.72103+00
84	181	185	yams	15	0.5	7	105	112.5	5	FitForExport	1034	186	2025-04-04 17:33:30.038021+00
74	133	136	ash plantaine	16	0.35	9	144	149.6	10	FitForExport	1029	166	2025-04-02 06:35:56.72103+00
75	134	137	yams	60	0.5	7	420	450	5	FitForExport	1034	186	2025-04-02 06:44:58.19303+00
82	180	186	Bird Eye Chilli	30	0.3	2.4	72	81	10	FitForExport	1070	241	2025-04-04 17:32:05.128966+00
76	146	149	Garden eggs	61	0.5	7	427	457.5	22	FitForExport	1061	235	2025-04-02 20:28:19.175608+00
85	203	212	soursop leaves	2	2	2	4	8	\N	Pending	1103	201	2025-04-05 19:36:41.516573+00
77	153	157	Peanuts	50	0.1	5	250	255	15	FitForExport	1031	214	2025-04-03 16:25:41.744177+00
86	204	215	Avocado	60	0.5	8	480	510	\N	Pending	1031	174	2025-04-05 20:01:19.899661+00
78	153	157	Raw mangoes	30	0.5	5.5	165	180	10	FitForExport	1031	214	2025-04-03 16:25:41.744177+00
87	204	215	Matooke	100	0.5	8	800	850	\N	Pending	1031	174	2025-04-05 20:01:19.899661+00
88	204	215	Peanuts 	80	0.2	5	400	416	\N	Pending	1031	174	2025-04-05 20:01:19.899661+00
89	206	217	Avocado	70	0.5	8	560	595	\N	Pending	1031	214	2025-04-05 20:31:55.297653+00
90	206	217	Raw mangoes	30	0.5	5.5	165	180	\N	Pending	1031	214	2025-04-05 20:31:55.297653+00
91	206	217	Peanuts 	30	0.5	5	150	165	\N	Pending	1031	214	2025-04-05 20:31:55.297653+00
\.


--
-- Data for Name: qcp4_products; Type: TABLE DATA; Schema: public; Owner: -
--

COPY public.qcp4_products (id, qcp4_id, traceability_code, product_id, totalboxes, boxweight, productnetweight, totalproductnetweight, totalproductgrossweight, status, sampledboxes, created_at) FROM stdin;
11	2	UG/122/013/2522884	16	42	0.5	7.5	315	336	FitForExport	5	2025-03-26 19:27:46.512526+00
1	1	UG/106/01/65011	1	165	0.5	7	1155	1237.5	FitForExport	20	2025-03-26 15:35:44.764318+00
2	1	UG/105/07/24112595	8	22	0.5	10	220	231	FitForExport	10	2025-03-26 15:35:44.764318+00
12	2	UG/235/022/265001	36	15	0	5	75	75	FitForExport	5	2025-03-26 19:27:46.512526+00
3	1	UG/105/09/24112595	10	27	0.5	10	270	283.5	FitForExport	10	2025-03-26 15:35:44.764318+00
4	1	UG/105/013/24112595	16	43	0.5	10	430	451.5	FitForExport	10	2025-03-26 15:35:44.764318+00
13	2	UG/108/032/40006	47	2	0	8.2	16.4	16.4	FitForExport	2	2025-03-26 19:27:46.512526+00
5	1	UG/224/025/24112596	39	40	0.5	10	400	420	FitForExport	10	2025-03-26 15:35:44.764318+00
45	9	UG/104/01/24102378	1	30	0.5	8	240	255	FitForExport	10	2025-03-27 13:27:08.999403+00
6	1	UG/113/032/132	47	16	0.5	10	160	168	FitForExport	10	2025-03-26 15:35:44.764318+00
14	2	UG/105/033/24102416	48	5	0.5	5	25	27.5	FitForExport	5	2025-03-26 19:27:46.512526+00
7	1	UG/117/033/24112602	48	45	0.5	10	450	472.5	FitForExport	10	2025-03-26 15:35:44.764318+00
15	3	UG/106/02/2492362	2	25	0.5	4	100	112.5	FitForExport	5	2025-03-27 04:02:18.479049+00
16	3	UG/119/005/24112815	6	75	0.5	6	450	487.5	FitForExport	12	2025-03-27 04:02:18.479049+00
17	3	UG/119/005/24112814	6	75	0.5	6	450	487.5	FitForExport	13	2025-03-27 04:02:18.479049+00
18	3	UG/405/07/65010	8	100	0.5	9.5	950	1000	FitForExport	23	2025-03-27 04:02:18.479049+00
19	3	UG/121/07/24102461	8	100	0.5	9.5	950	1000	FitForExport	22	2025-03-27 04:02:18.479049+00
34	6	UG/106/05/35041	6	75	0.5	6	450	487.5	FitForExport	75	2025-03-27 11:36:27.537179+00
20	3	UG/105/07/45070	8	100	0.5	9.5	950	1000	FitForExport	24	2025-03-27 04:02:18.479049+00
23	4	UG/121/05/25011	6	5	0.5	6	30	32.5	FitForExport	5	2025-03-27 10:06:24.839444+00
21	3	UG/405/07/24102480	8	100	0.5	9.5	950	1000	FitForExport	22	2025-03-27 04:02:18.479049+00
50	9	UG/117/033/110004	48	25	0.5	10	250	262.5	FitForExport	15	2025-03-27 13:27:08.999403+00
22	3	UG/423/007/325001	8	100	0.5	9.5	950	1000	FitForExport	24	2025-03-27 04:02:18.479049+00
24	4	UG/405/07/45080	8	17	0.5	10	170	178.5	FitForExport	10	2025-03-27 10:06:24.839444+00
8	2	UG/113/01/101	1	30	0.5	5	150	165	FitForExport	5	2025-03-26 19:27:46.512526+00
35	6	UG/106/07/24112530	8	200	0.5	10	2000	2100	FitForExport	70	2025-03-27 11:36:27.537179+00
9	2	UG/418/08/240001	9	10	0.5	5	50	55	FitForExport	10	2025-03-26 19:27:46.512526+00
25	4	UG/418/08/80055	9	21	0.56	6	126	137.76	FitForExport	10	2025-03-27 10:06:24.839444+00
10	2	UG/418/09/240001	10	40	0.5	7.5	300	320	FitForExport	5	2025-03-26 19:27:46.512526+00
26	4	UG/122/013/45101	16	4	0.5	10	40	42	FitForExport	4	2025-03-27 10:06:24.839444+00
27	4	UG/104/026/2512872	40	60	1	12	720	780	FitForExport	12	2025-03-27 10:06:24.839444+00
48	9	UG/415/07/24102380	8	59	0.5	8	472	501.5	FitForExport	20	2025-03-27 13:27:08.999403+00
46	9	UG/117/01/24102375	1	32	0.5	8	256	272	FitForExport	10	2025-03-27 13:27:08.999403+00
47	9	UG/104/01/24102374	1	50	0.5	8	400	425	FitForExport	20	2025-03-27 13:27:08.999403+00
49	9	UG/406/014/24102379	17	63	0.5	5	315	346.5	FitForExport	38	2025-03-27 13:27:08.999403+00
51	9	UG/117/051/24102409	73	18	0.5	5	90	99	FitForExport	10	2025-03-27 13:27:08.999403+00
44	8	UG/105/09/24112603	10	34	0.5	6	204	221	FitForExport	10	2025-03-27 12:50:12.310555+00
52	10	UG/122/007/45033	8	350	0.5	10	3500	3675	FitForExport	60	2025-03-27 13:35:20.328447+00
36	7	UG/122/09/100037	10	20	0.5	10	200	210	FitForExport	20	2025-03-27 12:46:49.046866+00
38	7	UG/122/94/45033	115	5	0.5	10	50	52.5	FitForExport	5	2025-03-27 12:46:49.046866+00
39	7	UG/104/032/24112582	47	10	0.5	10	100	105	FitForExport	10	2025-03-27 12:46:49.046866+00
40	7	UG/105/013/24102398	16	40	0.5	10	400	420	FitForExport	20	2025-03-27 12:46:49.046866+00
41	7	UG/122/007/45033	8	10	0.5	10	100	105	FitForExport	10	2025-03-27 12:46:49.046866+00
42	7	UG/106/01/24102398	1	90	0.5	7	630	675	FitForExport	40	2025-03-27 12:46:49.046866+00
59	12	UG/105/09/24102453	10	100	0.5	8	800	850	FitForExport	20	2025-03-27 15:44:00.294763+00
61	12	UG/105/013/24102453	16	150	0.5	8	1200	1275	FitForExport	35	2025-03-27 15:44:00.294763+00
62	12	UG/106/01/24102455	1	60	0.5	5.5	330	360	FitForExport	35	2025-03-27 15:44:00.294763+00
60	12	UG/124/07/24102449	8	70	0.5	8	560	595	FitForExport	20	2025-03-27 15:44:00.294763+00
57	12	UG/204/022/130010	36	50	0.1	5	250	255	FitForExport	15	2025-03-27 15:44:00.294763+00
58	12	UG/119/012/25069	13	100	0.5	5.5	550	600	FitForExport	25	2025-03-27 15:44:00.294763+00
56	12	UG/113/032/24102456	47	30	0.5	8	240	255	FitForExport	15	2025-03-27 15:44:00.294763+00
53	11	UG/116/026/24112787	40	40	0.3	15	600	612	FitForExport	40	2025-03-27 14:48:01.37781+00
54	11	UG/405/07/24102427	8	20	0.3	10	200	206	FitForExport	20	2025-03-27 14:48:01.37781+00
28	5	UG/104/01/5016	1	60	0.5	7	420	450	FitForExport	35	2025-03-27 10:18:25.597682+00
29	5	UG/113/07/25	8	3	0.5	10	30	31.5	FitForExport	3	2025-03-27 10:18:25.597682+00
31	5	UG/113/032/24102472	47	5	0.5	5	25	27.5	FitForExport	5	2025-03-27 10:18:25.597682+00
32	5	UG/113/033/25	48	20	0.5	10	200	210	FitForExport	10	2025-03-27 10:18:25.597682+00
30	5	UG/117/09/110065	10	35	0.5	10	350	367.5	FitForExport	15	2025-03-27 10:18:25.597682+00
33	5	UG/106/094/35262	115	5	0.5	10	50	52.5	FitForExport	5	2025-03-27 10:18:25.597682+00
43	8	UG/105/07/24112604	8	80	0.5	10	800	840	FitForExport	20	2025-03-27 12:50:12.310555+00
37	7	UG/409/025/24112670	39	30	0.5	10	300	315	FitForExport	30	2025-03-27 12:46:49.046866+00
89	14	UG/105/02/5041	2	69	0.5	3.5	241.5	276	FitForExport	5	2025-03-27 18:36:47.006532+00
63	12	UG/119/01/24102454	1	60	0.5	5.5	330	360	FitForExport	30	2025-03-27 15:44:00.294763+00
55	12	UG/105/033/24102453	48	60	0.5	5.5	330	360	FitForExport	20	2025-03-27 15:44:00.294763+00
72	14	UG/122/013/45101	16	324	0.5	7.5	2430	2592	FitForExport	5	2025-03-27 18:36:47.006532+00
68	13	UG/105/09/24102453	10	60	0.5	10	600	630	FitForExport	20	2025-03-27 15:52:37.205502+00
81	14	UG/235/022/265001	36	100	0	5	500	500	FitForExport	5	2025-03-27 18:36:47.006532+00
67	13	UG/105/013/24102453	16	14	0.5	10	140	147	FitForExport	10	2025-03-27 15:52:37.205502+00
73	14	UG/105/013/24102398	16	289	0.5	7.5	2167.5	2312	FitForExport	5	2025-03-27 18:36:47.006532+00
70	13	UG/124/07/24102449	8	20	0.5	10	200	210	FitForExport	10	2025-03-27 15:52:37.205502+00
97	14	UG/113/01/24102397	1	20	0.5	5	100	110	FitForExport	5	2025-03-27 18:36:47.006532+00
66	13	UG/204/022/24102443	36	23	0.5	10	230	241.5	FitForExport	10	2025-03-27 15:52:37.205502+00
74	14	UG/122/013/2522884	16	97	0.5	7.5	727.5	776	FitForExport	5	2025-03-27 18:36:47.006532+00
69	13	UG/106/08/24102449	9	6	0.5	7	42	45	FitForExport	6	2025-03-27 15:52:37.205502+00
82	14	UG/204/0463/2492370	478	35	0.5	4.5	157.5	175	FitForExport	5	2025-03-27 18:36:47.006532+00
65	13	UG/105/033/24102453	48	10	0.5	10	100	105	FitForExport	10	2025-03-27 15:52:37.205502+00
75	14	UG/224/050/2492370	72	150	0.5	1	150	225	FitForExport	10	2025-03-27 18:36:47.006532+00
64	13	UG/307/0407/24102443	420	6	0.5	10	60	63	FitForExport	6	2025-03-27 15:52:37.205502+00
98	15	UG/405/07/24102427	8	400	0.5	4	1600	1800	Pending	\N	2025-03-27 18:40:25.189181+00
99	15	UG/405/07/24102427	8	186	1	7.5	1395	1581	Pending	\N	2025-03-27 18:40:25.189181+00
90	14	UG/117/02/110021	2	42	0.5	3.5	147	168	FitForExport	5	2025-03-27 18:36:47.006532+00
71	14	UG/105/013/24102419	16	142	0.5	7.5	1065	1136	FitForExport	5	2025-03-27 18:36:47.006532+00
76	14	UG/224/050/2492370	72	35	0.5	5.5	192.5	210	FitForExport	5	2025-03-27 18:36:47.006532+00
83	14	UG/418/09/240001	10	500	0.5	7.5	3750	4000	FitForExport	5	2025-03-27 18:36:47.006532+00
77	14	UG/204/04/2492370	5	35	0.5	4.5	157.5	175	FitForExport	5	2025-03-27 18:36:47.006532+00
78	14	UG/330/300/2522886	316	5	0.5	7.5	37.5	40	FitForExport	5	2025-03-27 18:36:47.006532+00
84	14	UG/104/01/24102405	1	73	0.5	5	365	401.5	FitForExport	5	2025-03-27 18:36:47.006532+00
79	14	UG/105/033/24102416	48	112	0.5	5	560	616	FitForExport	5	2025-03-27 18:36:47.006532+00
91	14	UG/108/02/40260	2	16	0.5	3.5	56	64	FitForExport	5	2025-03-27 18:36:47.006532+00
80	14	UG/106/01/35074	1	31	0.5	5	155	170.5	FitForExport	5	2025-03-27 18:36:47.006532+00
85	14	UG/108/032/40006	47	168	0.5	8.2	1377.6	1461.6	FitForExport	5	2025-03-27 18:36:47.006532+00
86	14	UG/106/012/35074	13	167	0.5	5	835	918.5	FitForExport	5	2025-03-27 18:36:47.006532+00
92	14	UG/126/02/3018	2	21	0.5	3.5	73.5	84	FitForExport	5	2025-03-27 18:36:47.006532+00
87	14	UG/418/08/240001	9	250	0.5	5	1250	1375	FitForExport	5	2025-03-27 18:36:47.006532+00
88	14	UG/418/07/240001	8	159	0.5	7.5	1192.5	1272	FitForExport	5	2025-03-27 18:36:47.006532+00
93	14	UG/113/01/101	1	41	0.5	5	205	225.5	FitForExport	5	2025-03-27 18:36:47.006532+00
104	17	UG/122/07/24112572	8	400	0.5	4	1600	1800	FitForExport	126	2025-03-27 19:15:40.725522+00
94	14	UG/106/01/24102506	1	37	0.5	5	185	203.5	FitForExport	5	2025-03-27 18:36:47.006532+00
103	16	UG/204/034/75013	49	33	0.5	5	165	181.5	FitForExport	16	2025-03-27 19:11:26.649491+00
95	14	UG/104/01/5036	1	26	0.5	5	130	143	FitForExport	5	2025-03-27 18:36:47.006532+00
96	14	UG/106/01/24102505	1	27	0.5	5	135	148.5	FitForExport	5	2025-03-27 18:36:47.006532+00
105	17	UG/122/07/24112572	8	186	0.5	7.5	1395	1488	FitForExport	74	2025-03-27 19:15:40.725522+00
102	16	UG/204/014/75013	17	70	0.5	5	350	385	FitForExport	16	2025-03-27 19:11:26.649491+00
101	16	UG/115/009/24112777	10	70	0.5	5	350	385	FitForExport	17	2025-03-27 19:11:26.649491+00
100	16	UG/106/01/35061	1	46	0.5	5	230	253	FitForExport	16	2025-03-27 19:11:26.649491+00
106	18	UG/115/007/24112740	8	300	0.4	3.7	1110	1230	FitForExport	95	2025-03-27 20:07:28.887845+00
114	20	UG/104/026/2512869	40	2	0.5	8	16	17	FitForExport	2	2025-03-28 05:19:19.015694+00
115	20	UG/418/09/24102500	10	2	0.5	8	16	17	FitForExport	2	2025-03-28 05:19:19.015694+00
116	20	UG/415/07/24102380	8	2	0.5	8	16	17	FitForExport	2	2025-03-28 05:19:19.015694+00
119	21	UG/122/013/24102381	16	10	0.5	8	80	85	FitForExport	10	2025-03-28 05:38:47.238261+00
120	21	UG/415/07/24102380	8	15	0.5	8	120	127.5	FitForExport	15	2025-03-28 05:38:47.238261+00
107	19	UG/119/0444/24112812	458	75	0.5	6	450	487.5	FitForExport	12	2025-03-28 04:48:59.627559+00
108	19	UG/405/07/24102480	8	100	0.5	9.5	950	1000	FitForExport	14	2025-03-28 04:48:59.627559+00
109	19	UG/119/0444/24112813	458	75	0.5	6	450	487.5	FitForExport	14	2025-03-28 04:48:59.627559+00
110	19	UG/121/07/24102461	8	110	0.5	9.5	1045	1100	FitForExport	22	2025-03-28 04:48:59.627559+00
111	19	UG/405/07/65010	8	120	0.5	9.5	1140	1200	FitForExport	24	2025-03-28 04:48:59.627559+00
112	19	UG/105/07/45070	8	120	0.5	9.5	1140	1200	FitForExport	18	2025-03-28 04:48:59.627559+00
113	19	UG/119/012/24102467	13	35	0.5	6	210	227.5	FitForExport	16	2025-03-28 04:48:59.627559+00
117	21	UG/406/014/24102379	17	40	0.5	5	200	220	FitForExport	40	2025-03-28 05:38:47.238261+00
118	21	UG/117/051/24102409	73	36	0.5	5	180	198	FitForExport	36	2025-03-28 05:38:47.238261+00
152	29	UG/106/5/24112638	6	5	0.35	10	50	51.75	FitForExport	5	2025-03-28 12:40:56.496799+00
121	22	UG/117/01/24102375	1	40	0.5	7.5	300	320	FitForExport	20	2025-03-28 05:58:58.678446+00
137	24	UG/224/025/24112525	39	19	0	5	95	95	FitForExport	10	2025-03-28 07:32:08.468156+00
122	22	UG/117/01/24102408	1	30	0.5	7.5	225	240	FitForExport	30	2025-03-28 05:58:58.678446+00
128	23	UG/122/07/24112562	8	200	0	10	2000	2000	FitForExport	75	2025-03-28 07:24:09.910047+00
123	23	UG/105/013/24102453	16	20	0	10	200	200	FitForExport	20	2025-03-28 07:24:09.910047+00
127	23	UG/110/09/45088	10	8	0	10	80	80	FitForExport	8	2025-03-28 07:24:09.910047+00
125	23	UG/104/026/5040	40	5	0	13	65	65	FitForExport	5	2025-03-28 07:24:09.910047+00
126	23	UG/122/038/45018	53	5	0	10	50	50	FitForExport	5	2025-03-28 07:24:09.910047+00
124	23	UG/106/005/24102520	6	5	0	6	30	30	FitForExport	5	2025-03-28 07:24:09.910047+00
135	24	UG/110/08/45088	9	35	0	5	175	175	FitForExport	20	2025-03-28 07:32:08.468156+00
139	24	UG/106/012/35074	13	59	0	6	354	354	FitForExport	30	2025-03-28 07:32:08.468156+00
138	24	UG/105/013/24102453	16	70	0	8	560	560	FitForExport	20	2025-03-28 07:32:08.468156+00
129	24	UG/224/050/2492370	72	40	0	1	40	40	FitForExport	15	2025-03-28 07:32:08.468156+00
134	24	UG/113/032/24112533	47	30	0	8	240	240	FitForExport	10	2025-03-28 07:32:08.468156+00
130	24	UG/110/09/45088	10	70	0	8	560	560	FitForExport	30	2025-03-28 07:32:08.468156+00
132	24	UG/204/0463/2492370	478	7	0	5	35	35	FitForExport	7	2025-03-28 07:32:08.468156+00
136	24	UG/204/04/2492370	5	35	0	5	175	175	FitForExport	15	2025-03-28 07:32:08.468156+00
131	24	UG/122/07/24112562	8	25	0	8	200	200	FitForExport	10	2025-03-28 07:32:08.468156+00
133	24	UG/106/01/35075	1	21	0	6	126	126	FitForExport	15	2025-03-28 07:32:08.468156+00
154	29	UG/110/09/24112639	10	50	0.35	10	500	517.5	FitForExport	10	2025-03-28 12:40:56.496799+00
153	29	UG/106/07/24112638	8	100	0.35	10	1000	1035	FitForExport	20	2025-03-28 12:40:56.496799+00
155	29	UG/106/013/24112638	16	100	0.35	10	1000	1035	FitForExport	30	2025-03-28 12:40:56.496799+00
156	29	UG/106/033/24112638	48	20	0.35	10	200	207	FitForExport	10	2025-03-28 12:40:56.496799+00
157	29	UG/106/38/24112638	53	30	0.35	10	300	310.5	FitForExport	10	2025-03-28 12:40:56.496799+00
141	26	UG/122/07/24112562	8	273	0	10	2730	2730	FitForExport	90	2025-03-28 11:12:55.770735+00
140	25	UG/122/07/24112562	8	202	0	10	2020	2020	FitForExport	85	2025-03-28 11:12:46.703134+00
178	32	UG/105/013/24102453	16	30	0	8	240	240	FitForExport	10	2025-03-28 14:27:06.106413+00
175	32	UG/110/08/45088	9	10	0	5	50	50	FitForExport	10	2025-03-28 14:27:06.106413+00
177	32	UG/106/012/35074	13	25	0	6	150	150	FitForExport	10	2025-03-28 14:27:06.106413+00
180	32	UG/113/032/24112533	47	70	0	8	560	560	FitForExport	20	2025-03-28 14:27:06.106413+00
179	32	UG/113/025/24112533	39	20	0	5	100	100	FitForExport	10	2025-03-28 14:27:06.106413+00
174	32	UG/204/04/2492370	5	15	0	5	75	75	FitForExport	10	2025-03-28 14:27:06.106413+00
166	31	UG/106/09/24102460	10	100	0.5	10	1000	1050	FitForExport	30	2025-03-28 13:24:39.426141+00
167	31	UG/105/013/24102502	16	100	0.5	10	1000	1050	FitForExport	35	2025-03-28 13:24:39.426141+00
172	31	UG/106/094/35262	115	50	0.5	10	500	525	FitForExport	15	2025-03-28 13:24:39.426141+00
169	31	UG/113/032/24102472	47	35	0.5	10	350	367.5	FitForExport	15	2025-03-28 13:24:39.426141+00
171	31	UG/215/022/5275	36	70	0.5	10	700	735	FitForExport	25	2025-03-28 13:24:39.426141+00
173	31	UG/113/07/25	8	25	0.5	10	250	262.5	FitForExport	10	2025-03-28 13:24:39.426141+00
165	31	UG/104/01/5016	1	170	0.5	7	1190	1275	FitForExport	85	2025-03-28 13:24:39.426141+00
168	31	UG/113/033/25	48	30	0.5	10	300	315	FitForExport	10	2025-03-28 13:24:39.426141+00
148	28	UG/106/01/35001	1	200	0.5	7	1400	1500	FitForExport	100	2025-03-28 12:30:01.111234+00
149	28	UG/106/012/24112530	13	1000	0.1	5	5000	5100	FitForExport	80	2025-03-28 12:30:01.111234+00
150	28	UG/106/07/24112530	8	100	0.2	4	400	420	FitForExport	70	2025-03-28 12:30:01.111234+00
151	28	UG/121/033/24112530	48	100	0.5	10	1000	1050	FitForExport	70	2025-03-28 12:30:01.111234+00
142	27	UG/105/07/45070	8	90	0.5	7.5	675	720	FitForExport	22	2025-03-28 11:26:51.228118+00
144	27	UG/110/033/45089	48	40	0.5	7.5	300	320	FitForExport	12	2025-03-28 11:26:51.228118+00
145	27	UG/110/08/45089	9	90	0.5	5	450	495	FitForExport	18	2025-03-28 11:26:51.228118+00
146	27	UG/102/025/24112687	39	24	0.5	5	120	132	FitForExport	12	2025-03-28 11:26:51.228118+00
147	27	UG/119/0444/24112813	458	10	0.5	6	60	65	FitForExport	3	2025-03-28 11:26:51.228118+00
158	30	UG/106/02/2492362	2	20	0.5	4	80	90	FitForExport	11	2025-03-28 12:43:39.375753+00
159	30	UG/105/07/24102465	8	50	0.5	9.5	475	500	FitForExport	24	2025-03-28 12:43:39.375753+00
160	30	UG/405/07/24102480	8	50	0.5	9.5	475	500	FitForExport	22	2025-03-28 12:43:39.375753+00
161	30	UG/121/07/45091	8	100	0.5	9.5	950	1000	FitForExport	25	2025-03-28 12:43:39.375753+00
162	30	UG/423/007/325001	8	100	0.5	9.5	950	1000	FitForExport	25	2025-03-28 12:43:39.375753+00
163	30	UG/121/07/24102461	8	80	0.5	9.5	760	800	FitForExport	15	2025-03-28 12:43:39.375753+00
176	32	UG/110/09/45088	10	10	0	8	80	80	FitForExport	10	2025-03-28 14:27:06.106413+00
209	38	UG/124/08/2482358	9	60	0.5	5	300	330	FitForExport	5	2025-03-28 16:30:56.654784+00
181	32	UG/204/0463/2492370	478	10	0	5	50	50	FitForExport	10	2025-03-28 14:27:06.106413+00
224	40	UG/118/024/2512870	38	5	0	10.5	52.5	52.5	FitForExport	2	2025-03-28 17:40:40.407999+00
202	37	UG/124/09/24112611	10	200	0	8	1600	1600	FitForExport	15	2025-03-28 16:26:44.335596+00
210	38	UG/124/09/2482358	10	15	0.5	7	105	112.5	FitForExport	5	2025-03-28 16:30:56.654784+00
203	37	UG/119/013/24112611	16	100	0	8	800	800	FitForExport	15	2025-03-28 16:26:44.335596+00
199	36	UG/124/09/2482358	10	120	0.5	7	840	900	FitForExport	5	2025-03-28 16:04:57.444252+00
204	37	UG/124/08/24112611	9	20	0	5	100	100	FitForExport	15	2025-03-28 16:26:44.335596+00
211	38	UG/106/012/35083	13	30	0.5	6	180	195	FitForExport	5	2025-03-28 16:30:56.654784+00
205	37	UG/122/033/24102423	48	20	0	7	140	140	FitForExport	10	2025-03-28 16:26:44.335596+00
217	39	UG/122/035/60	50	16	0.5	4	64	72	FitForExport	16	2025-03-28 16:34:54.508162+00
206	37	UG/122/025/24102423	39	50	0	5	250	250	FitForExport	15	2025-03-28 16:26:44.335596+00
212	38	UG/122/013/2482358	16	30	0.5	7	210	225	FitForExport	5	2025-03-28 16:30:56.654784+00
207	38	UG/104/01/80010	1	10	0.5	5	50	55	FitForExport	10	2025-03-28 16:30:56.654784+00
200	36	UG/106/012/35083	13	65	0.5	6	390	422.5	FitForExport	5	2025-03-28 16:04:57.444252+00
208	38	UG/124/07/2482358	8	20	0.5	7	140	150	FitForExport	5	2025-03-28 16:30:56.654784+00
213	38	UG/235/025/24112774	39	15	0.5	5	75	82.5	FitForExport	5	2025-03-28 16:30:56.654784+00
201	36	UG/122/013/2482358	16	150	0.5	7	1050	1125	FitForExport	5	2025-03-28 16:04:57.444252+00
195	36	UG/122/032/45043	47	60	0.5	9	540	570	FitForExport	5	2025-03-28 16:04:57.444252+00
218	39	UG/113/038/60	53	12	0.5	4	48	54	FitForExport	12	2025-03-28 16:34:54.508162+00
196	36	UG/104/01/24102384	1	100	0.5	5	500	550	FitForExport	25	2025-03-28 16:04:57.444252+00
182	33	UG/121/02/25026	2	200	0	4	800	800	FitForExport	30	2025-03-28 14:49:03.861724+00
197	36	UG/124/07/2482358	8	20	0.5	7	140	150	FitForExport	5	2025-03-28 16:04:57.444252+00
223	40	UG/404/022/24112709	36	20	0.5	12	240	250	FitForExport	7	2025-03-28 17:40:40.407999+00
198	36	UG/124/08/2482358	9	20	0.5	5	100	110	FitForExport	5	2025-03-28 16:04:57.444252+00
183	33	UG/115/02/20001	2	50	0	4	200	200	FitForExport	25	2025-03-28 14:49:03.861724+00
219	39	UG/119/049/24112551	71	6	0.5	4	24	27	FitForExport	6	2025-03-28 16:34:54.508162+00
214	39	UG/113/01/110005	1	10	0.5	5	50	55	FitForExport	10	2025-03-28 16:34:54.508162+00
226	41	UG/108/02/2021	2	20	0.5	4	80	90	FitForExport	10	2025-03-28 17:45:37.907575+00
215	39	UG/122/09/45018	10	17	0.5	4	68	76.5	FitForExport	17	2025-03-28 16:34:54.508162+00
220	39	UG/104/467/24112584	482	4	0.5	4	16	18	FitForExport	4	2025-03-28 16:34:54.508162+00
216	39	UG/122/034/60	49	40	0.5	4	160	180	FitForExport	40	2025-03-28 16:34:54.508162+00
222	40	UG/106/013/24112707	16	100	0.5	10	1000	1050	FitForExport	25	2025-03-28 17:40:40.407999+00
225	40	UG/104/01/5016	1	150	0.5	10	1500	1575	FitForExport	30	2025-03-28 17:40:40.407999+00
229	41	UG/105/09/24112695	10	17	0.5	4	68	76.5	FitForExport	7	2025-03-28 17:45:37.907575+00
227	41	UG/108/003/2021	3	160	0.5	4	640	720	FitForExport	10	2025-03-28 17:45:37.907575+00
221	40	UG/118/09/24112681	10	250	0.5	10	2500	2625	FitForExport	30	2025-03-28 17:40:40.407999+00
170	31	UG/106/08/24102460	9	2	0.5	5	10	11	FitForExport	2	2025-03-28 13:24:39.426141+00
228	41	UG/410/08/24112539	9	7	0.5	4	28	31.5	FitForExport	7	2025-03-28 17:45:37.907575+00
234	42	UG/106/033/24112586	48	0	0.5	0	0	0	Pending	\N	2025-03-28 18:37:48.163687+00
230	42	UG/106/01/65011	1	140	0.5	7	980	1050	FitForExport	70	2025-03-28 18:37:48.163687+00
231	42	UG/418/009/80055	10	20	0.9	10	200	218	FitForExport	20	2025-03-28 18:37:48.163687+00
232	42	UG/121/012/30013	13	100	0.5	10	1000	1050	FitForExport	50	2025-03-28 18:37:48.163687+00
233	42	UG/126/013/24112640	16	90	0.5	10	900	945	FitForExport	55	2025-03-28 18:37:48.163687+00
235	42	UG/106/094/24112586	115	5	7	0.9	4.5	39.5	FitForExport	5	2025-03-28 18:37:48.163687+00
237	43	UG/106/01/65011	1	140	0.5	7	980	1050	FitForExport	90	2025-03-28 19:25:03.014453+00
238	43	UG/106/012/24112530	13	100	0.5	10	1000	1050	FitForExport	50	2025-03-28 19:25:03.014453+00
239	43	UG/106/094/24112586	115	5	0.9	10	50	54.5	FitForExport	5	2025-03-28 19:25:03.014453+00
194	35	UG/105/013/24112695	16	200	0.5	8	1600	1700	FitForExport	20	2025-03-28 15:45:38.068334+00
193	35	UG/410/09/24112539	10	63	0.8	16	1008	1058.4	FitForExport	20	2025-03-28 15:45:38.068334+00
191	35	UG/104/01/80010	1	100	0.5	8	800	850	FitForExport	30	2025-03-28 15:45:38.068334+00
184	34	UG/106/01/35001	1	20	0.5	5.5	110	120	FitForExport	10	2025-03-28 14:59:04.219193+00
185	34	UG/106/01/35001	1	90	0.5	4.5	405	450	FitForExport	28	2025-03-28 14:59:04.219193+00
186	34	UG/122/08/24112566	9	30	0.5	4.5	135	150	FitForExport	10	2025-03-28 14:59:04.219193+00
187	34	UG/122/09/24112566	10	100	0.5	7.5	750	800	FitForExport	40	2025-03-28 14:59:04.219193+00
188	34	UG/106/012/24112563	13	65	0.5	4.5	292.5	325	FitForExport	20	2025-03-28 14:59:04.219193+00
189	34	UG/122/013/24112559	16	130	0.5	7.5	975	1040	FitForExport	22	2025-03-28 14:59:04.219193+00
190	34	UG/113/022/24112561	36	90	0.1	4.89	440.09999999999997	449.09999999999997	FitForExport	38	2025-03-28 14:59:04.219193+00
236	43	UG/126/013/24112640	16	90	0.5	10	900	945	FitForExport	50	2025-03-28 19:25:03.014453+00
240	43	UG/418/009/80055	10	20	0.9	10	200	218	FitForExport	17	2025-03-28 19:25:03.014453+00
241	44	UG/107/02/24112608	2	30	0.5	4	120	135	FitForExport	15	2025-03-28 23:58:20.657217+00
242	44	UG/116/03/50035	3	20	0.5	5	100	110	FitForExport	10	2025-03-28 23:58:20.657217+00
243	44	UG/105/07/24112604	8	50	0.3	4	200	215	FitForExport	15	2025-03-28 23:58:20.657217+00
244	44	UG/105/013/24112603	16	88	0.5	8	704	748	FitForExport	20	2025-03-28 23:58:20.657217+00
192	35	UG/410/07/35072	8	50	0.5	8	400	425	FitForExport	20	2025-03-28 15:45:38.068334+00
143	27	UG/104/013/24102481	16	100	0.5	7.5	750	800	FitForExport	24	2025-03-28 11:26:51.228118+00
164	30	UG/119/0444/24112813	458	5	0.5	6	30	32.5	FitForExport	3	2025-03-28 12:43:39.375753+00
245	45	UG/121/07/45091	8	250	0.3	3.7	925	1000	FitForExport	15	2025-03-29 05:28:03.959222+00
246	45	UG/423/007/325001	8	250	0.3	3.7	925	1000	FitForExport	21	2025-03-29 05:28:03.959222+00
265	49	UG/105/038/24112603	53	35	1	8	280	315	FitForExport	10	2025-03-29 11:41:56.712622+00
252	47	UG/122/013/24102381	16	101	0.5	9.5	959.5	1010	FitForExport	20	2025-03-29 06:52:43.048521+00
253	47	UG/117/09/24102412	10	140	1	16	2240	2380	FitForExport	22	2025-03-29 06:52:43.048521+00
266	49	UG/105/008/24112603	9	5	0.5	6	30	32.5	FitForExport	5	2025-03-29 11:41:56.712622+00
247	46	UG/113/01/215	1	5	0.35	10	50	51.75	FitForExport	5	2025-03-29 05:38:59.196317+00
248	46	UG/113/03/58	3	35	0.35	10	350	362.25	FitForExport	10	2025-03-29 05:38:59.196317+00
267	49	UG/105/013/24112603	16	13	0.5	8	104	110.5	FitForExport	10	2025-03-29 11:41:56.712622+00
249	46	UG/110/09/24112639	10	3	0.35	10	30	31.05	FitForExport	3	2025-03-29 05:38:59.196317+00
250	46	UG/105/013/24102398	16	30	0.35	10	300	310.5	FitForExport	10	2025-03-29 05:38:59.196317+00
268	49	UG/116/03/50035	3	80	0.5	5	400	440	FitForExport	20	2025-03-29 11:41:56.712622+00
251	46	UG/110/033/24112639	48	10	0.35	10	100	103.5	FitForExport	10	2025-03-29 05:38:59.196317+00
269	49	UG/105/09/24112603	10	18	0.5	8	144	153	FitForExport	10	2025-03-29 11:41:56.712622+00
270	50	UG/105/038/24112603	53	125	1	8	1000	1125	FitForExport	20	2025-03-29 12:51:26.875651+00
272	51	UG/204/014/235002	17	24	0.5	5	120	132	FitForExport	10	2025-03-29 14:23:39.936067+00
271	51	UG/106/07/35249	8	12	0.5	10	120	126	FitForExport	10	2025-03-29 14:23:39.936067+00
273	52	UG/106/07/35249	8	15	0.5	9	135	142.5	FitForExport	10	2025-03-29 14:29:42.636336+00
278	53	UG/106/033/24102410	48	3	0.5	10	30	31.5	FitForExport	3	2025-03-29 15:30:02.736279+00
277	53	UG/115/013/24122840	16	5	0.5	10	50	52.5	FitForExport	2	2025-03-29 15:30:02.736279+00
275	53	UG/405/008/24122841	9	1	0.5	10	10	10.5	FitForExport	1	2025-03-29 15:30:02.736279+00
274	53	UG/122/07/24112572	8	20	0.5	10	200	210	FitForExport	7	2025-03-29 15:30:02.736279+00
280	54	UG/107/032/2452331	47	40	0.2	20	800	808	FitForExport	20	2025-03-29 16:11:50.703515+00
281	54	UG/106/005/24112543	6	1	0.5	6	6	6.5	FitForExport	1	2025-03-29 16:11:50.703515+00
282	54	UG/107/03/2452338	3	110	0.5	5	550	605	FitForExport	55	2025-03-29 16:11:50.703515+00
283	54	UG/107/03/2452339	3	43	0.5	5	215	236.5	FitForExport	15	2025-03-29 16:11:50.703515+00
287	55	UG/113/013/24102504	16	15	0.5	10	150	157.5	FitForExport	10	2025-03-29 16:42:23.997967+00
285	55	UG/117/09/110065	10	10	0.5	10	100	105	FitForExport	10	2025-03-29 16:42:23.997967+00
286	55	UG/106/094/35262	115	5	0.5	10	50	52.5	FitForExport	5	2025-03-29 16:42:23.997967+00
284	55	UG/104/01/5016	1	12	0.5	7	84	90	FitForExport	10	2025-03-29 16:42:23.997967+00
290	55	UG/215/022/5275	36	15	0.5	5	75	82.5	FitForExport	10	2025-03-29 16:42:23.997967+00
293	55	UG/113/033/25	48	8	0.5	10	80	84	FitForExport	8	2025-03-29 16:42:23.997967+00
288	55	UG/113/300/24102472	316	1	0.5	10	10	10.5	FitForExport	1	2025-03-29 16:42:23.997967+00
291	55	UG/113/07/25	8	5	0.5	10	50	52.5	FitForExport	5	2025-03-29 16:42:23.997967+00
294	55	UG/104/3/5016	3	50	0.5	5	250	275	FitForExport	30	2025-03-29 16:42:23.997967+00
292	55	UG/113/032/24102472	47	8	0.5	10	80	84	FitForExport	8	2025-03-29 16:42:23.997967+00
295	56	UG/410/07/35072	8	10	0.5	10	100	105	FitForExport	10	2025-03-29 16:43:16.142368+00
296	56	UG/111/08/24112526	9	20	0.5	6	120	130	FitForExport	10	2025-03-29 16:43:16.142368+00
297	56	UG/111/09/24112526	10	50	0.5	10	500	525	FitForExport	19	2025-03-29 16:43:16.142368+00
298	56	UG/119/012/24112583	13	10	0.5	8	80	85	FitForExport	10	2025-03-29 16:43:16.142368+00
260	48	UG/122/8/253997	9	100	0.5	6	600	650	FitForExport	20	2025-03-29 10:39:05.516859+00
259	48	UG/122/7/253997	8	100	0.5	10	1000	1050	FitForExport	20	2025-03-29 10:39:05.516859+00
255	48	UG/122/13/253996	16	50	0.5	10	500	525	FitForExport	20	2025-03-29 10:39:05.516859+00
261	48	UG/122/300/253996	316	10	0.5	10	100	105	FitForExport	10	2025-03-29 10:39:05.516859+00
262	48	UG/122/033/24112559	48	3	0.5	10	30	31.5	FitForExport	3	2025-03-29 10:39:05.516859+00
258	48	UG/113/445/113	459	20	0.5	2.5	50	60	FitForExport	10	2025-03-29 10:39:05.516859+00
257	48	UG/113/39/113	54	3	0.5	8	24	25.5	FitForExport	3	2025-03-29 10:39:05.516859+00
254	48	UG/106/032/113	47	10	0.1	12	120	121	FitForExport	10	2025-03-29 10:39:05.516859+00
264	48	UG/113/26/113	40	20	0.5	5	100	110	FitForExport	10	2025-03-29 10:39:05.516859+00
256	48	UG/122/038/24112559	53	3	0.5	12	36	37.5	FitForExport	3	2025-03-29 10:39:05.516859+00
316	59	UG/122/13/253996	16	40	0.5	10	400	420	Pending	\N	2025-03-29 17:18:58.221288+00
317	59	UG/122/033/24112559	48	6	0.5	10	60	63	Pending	\N	2025-03-29 17:18:58.221288+00
318	59	UG/113/18/113	22	5	0.5	12	60	62.5	Pending	\N	2025-03-29 17:18:58.221288+00
319	59	UG/122/09/24112559	10	60	0.5	10	600	630	Pending	\N	2025-03-29 17:18:58.221288+00
320	59	UG/106/01/2472348	1	10	0.5	10	100	105	Pending	\N	2025-03-29 17:18:58.221288+00
321	59	UG/122/8/253997	9	3	0.5	6	18	19.5	Pending	\N	2025-03-29 17:18:58.221288+00
322	59	UG/122/7/253997	8	6	0.5	10	60	63	Pending	\N	2025-03-29 17:18:58.221288+00
323	59	UG/113/39/113	54	6	0.5	5	30	33	Pending	\N	2025-03-29 17:18:58.221288+00
324	59	UG/122/300/253996	316	10	0.5	10	100	105	Pending	\N	2025-03-29 17:18:58.221288+00
325	59	UG/106/032/113	47	3	0.5	10	30	31.5	Pending	\N	2025-03-29 17:18:58.221288+00
326	59	UG/113/445/113	459	4	0.5	5	20	22	Pending	\N	2025-03-29 17:18:58.221288+00
327	59	UG/113/42/113	61	3	0.5	10	30	31.5	Pending	\N	2025-03-29 17:18:58.221288+00
279	53	UG/115/0443/24122840	457	2	0.5	10	20	21	FitForExport	2	2025-03-29 15:30:02.736279+00
276	53	UG/405/009/24122841	10	50	0.5	10	500	525	FitForExport	18	2025-03-29 15:30:02.736279+00
342	63	UG/105/07/24112604	8	75	0.5	10	750	787.5	FitForExport	20	2025-03-30 02:47:34.915911+00
333	60	UG/122/033/45067	48	22	0.5	5	110	121	FitForExport	9	2025-03-29 18:36:34.950021+00
337	62	UG/124/09/270025	10	50	0.5	7	350	375	FitForExport	15	2025-03-29 22:22:49.265002+00
332	60	UG/106/01/35061	1	42	0.5	5	210	231	FitForExport	13	2025-03-29 18:36:34.950021+00
312	58	UG/106/01/24102455	1	70	0.5	10	700	735	FitForExport	40	2025-03-29 16:50:21.993262+00
331	60	UG/115/009/24112777	10	70	0.5	5	350	385	FitForExport	4	2025-03-29 18:36:34.950021+00
336	62	UG/124/013/270025	16	71	0.5	7	497	532.5	FitForExport	20	2025-03-29 22:22:49.265002+00
330	60	UG/102/0442/24112715	456	30	0.5	5	150	165	FitForExport	14	2025-03-29 18:36:34.950021+00
306	57	UG/113/013/24102504	16	16	0.5	10	160	168	FitForExport	10	2025-03-29 16:46:46.457908+00
329	60	UG/204/014/75013	17	70	0.5	5	350	385	FitForExport	5	2025-03-29 18:36:34.950021+00
335	62	UG/104/002/2452329	2	21	0.5	4	84	94.5	FitForExport	15	2025-03-29 22:22:49.265002+00
328	60	UG/105/013/45094	16	22	0.5	5	110	121	FitForExport	22	2025-03-29 18:36:34.950021+00
313	58	UG/105/09/24102453	10	80	0.5	10	800	840	FitForExport	45	2025-03-29 16:50:21.993262+00
339	62	UG/104/01/2452329	1	34	0.5	6	204	221	FitForExport	20	2025-03-29 22:22:49.265002+00
338	62	UG/124/07/270025	8	31	0.5	7	217	232.5	FitForExport	10	2025-03-29 22:22:49.265002+00
302	57	UG/104/01/5016	1	40	0.5	7	280	300	FitForExport	25	2025-03-29 16:46:46.457908+00
340	62	UG/320/023/24112552	37	25	0.5	6	150	162.5	FitForExport	10	2025-03-29 22:22:49.265002+00
314	58	UG/105/013/24102453	16	100	0.5	10	1000	1050	FitForExport	25	2025-03-29 16:50:21.993262+00
310	58	UG/106/01/35001	1	70	0.5	10	700	735	FitForExport	32	2025-03-29 16:50:21.993262+00
311	58	UG/104/01/80010	1	70	0.5	10	700	735	FitForExport	30	2025-03-29 16:50:21.993262+00
315	58	UG/204/022/24102443	36	50	0.5	10	500	525	FitForExport	15	2025-03-29 16:50:21.993262+00
289	55	UG/215/022/5275	36	10	0.5	10	100	105	FitForExport	10	2025-03-29 16:42:23.997967+00
305	57	UG/113/07/25	8	3	0.5	10	30	31.5	FitForExport	3	2025-03-29 16:46:46.457908+00
341	63	UG/105/09/24112603	10	34	0.5	6	204	221	FitForExport	15	2025-03-30 02:47:34.915911+00
304	57	UG/106/09/24102460	10	40	0.5	10	400	420	FitForExport	10	2025-03-29 16:46:46.457908+00
307	57	UG/113/033/25	48	15	0.5	10	150	157.5	FitForExport	10	2025-03-29 16:46:46.457908+00
303	57	UG/106/08/24102460	9	2	0.5	5	10	11	FitForExport	2	2025-03-29 16:46:46.457908+00
309	57	UG/113/300/24102472	316	2	0.5	10	20	21	FitForExport	2	2025-03-29 16:46:46.457908+00
308	57	UG/106/094/35262	115	7	0.5	10	70	73.5	FitForExport	7	2025-03-29 16:46:46.457908+00
299	56	UG/113/032/24112533	47	7	0.5	10	70	73.5	FitForExport	7	2025-03-29 16:43:16.142368+00
300	56	UG/113/025/24112533	39	10	0.5	10	100	105	FitForExport	10	2025-03-29 16:43:16.142368+00
301	56	UG/119/013/24112540	16	40	0.5	8	320	340	FitForExport	10	2025-03-29 16:43:16.142368+00
355	66	UG/124/08/2482358	9	20	0.5	5	100	110	FitForExport	5	2025-03-30 07:15:22.109366+00
356	66	UG/104/032/24102458	47	30	0.5	9	270	285	FitForExport	6	2025-03-30 07:15:22.109366+00
357	66	UG/124/09/2482358	10	40	0.5	7	280	300	FitForExport	5	2025-03-30 07:15:22.109366+00
350	65	UG/106/02/2472347	2	97	0.5	4	388	436.5	FitForExport	18	2025-03-30 05:39:08.12238+00
351	65	UG/108/02/24102431	2	112	0.5	4	448	504	FitForExport	25	2025-03-30 05:39:08.12238+00
353	65	UG/108/02/24102438	2	47	0.5	4	188	211.5	FitForExport	12	2025-03-30 05:39:08.12238+00
343	64	UG/104/01/24102384	1	100	0.5	5	500	550	FitForExport	25	2025-03-30 05:20:42.70036+00
344	64	UG/122/013/2482358	16	160	0.5	7	1120	1200	FitForExport	14	2025-03-30 05:20:42.70036+00
345	64	UG/124/08/2482358	9	40	0.5	5	200	220	FitForExport	5	2025-03-30 05:20:42.70036+00
346	64	UG/124/07/2482358	8	40	0.5	7	280	300	FitForExport	5	2025-03-30 05:20:42.70036+00
347	64	UG/106/012/35083	13	50	0.5	6	300	325	FitForExport	5	2025-03-30 05:20:42.70036+00
348	64	UG/235/025/24112774	39	40	0.5	5	200	220	FitForExport	5	2025-03-30 05:20:42.70036+00
349	64	UG/124/09/2482358	10	100	0.5	7	700	750	FitForExport	5	2025-03-30 05:20:42.70036+00
334	61	UG/122/07/5085	8	250	0.3	3.7	925	1000	FitForExport	1	2025-03-29 20:25:36.632913+00
354	66	UG/235/025/24112774	39	40	0.5	5	200	220	FitForExport	5	2025-03-30 07:15:22.109366+00
365	69	UG/105/07/24112604	8	80	0.5	10	800	840	FitForExport	30	2025-03-30 10:16:26.739616+00
358	66	UG/113/018/24102458	21	30	0.5	10	300	315	FitForExport	5	2025-03-30 07:15:22.109366+00
362	67	UG/106/005/24102428	6	25	0.5	6	150	162.5	FitForExport	15	2025-03-30 07:18:03.874378+00
359	66	UG/124/07/2482358	8	20	0.5	7	140	150	FitForExport	6	2025-03-30 07:15:22.109366+00
366	69	UG/105/09/24112603	10	34	0.5	6	204	221	FitForExport	10	2025-03-30 10:16:26.739616+00
360	66	UG/122/013/2482358	16	80	0.5	7	560	600	FitForExport	12	2025-03-30 07:15:22.109366+00
352	65	UG/106/02/35083	2	256	0.5	4	1024	1152	FitForExport	25	2025-03-30 05:39:08.12238+00
391	75	UG/124/09/24112611	10	83	0.5	10	830	871.5	FitForExport	20	2025-03-30 14:12:54.554053+00
367	70	UG/124/08/24112611	9	60	0	5	300	300	FitForExport	15	2025-03-30 10:19:45.764348+00
364	68	UG/105/038/24112603	53	75	1	8	600	675	FitForExport	20	2025-03-30 09:51:26.512904+00
368	70	UG/108/023/24112522	37	60	0	6	360	360	FitForExport	20	2025-03-30 10:19:45.764348+00
369	70	UG/113/032/24112533	47	50	0	8	400	400	FitForExport	10	2025-03-30 10:19:45.764348+00
370	70	UG/121/02/30013	2	250	0	4	1000	1000	FitForExport	25	2025-03-30 10:19:45.764348+00
371	70	UG/124/07/24112611	8	50	0	8	400	400	FitForExport	15	2025-03-30 10:19:45.764348+00
372	70	UG/106/012/24102520	13	50	0	5	250	250	FitForExport	15	2025-03-30 10:19:45.764348+00
373	70	UG/119/013/24112611	16	60	0	8	480	480	FitForExport	15	2025-03-30 10:19:45.764348+00
378	72	UG/105/038/24112603	53	150	1	8	1200	1350	FitForExport	20	2025-03-30 10:37:59.198108+00
379	73	UG/105/038/24112603	53	125	1	8	1000	1125	FitForExport	30	2025-03-30 10:42:55.629808+00
374	71	UG/105/07/24112604	8	90	0.5	10	900	945	FitForExport	10	2025-03-30 10:32:59.292127+00
375	71	UG/107/02/24112608	2	20	0.5	4	80	90	FitForExport	20	2025-03-30 10:32:59.292127+00
376	71	UG/105/008/24112603	9	6	0.5	6	36	39	FitForExport	5	2025-03-30 10:32:59.292127+00
377	71	UG/105/038/24112603	53	25	1	8	200	225	FitForExport	10	2025-03-30 10:32:59.292127+00
392	75	UG/119/013/30001	16	46	0.5	10	460	483	FitForExport	46	2025-03-30 14:12:54.554053+00
396	76	UG/406/003/24102379	3	57	0.5	5	285	313.5	FitForExport	16	2025-03-30 14:32:02.190242+00
393	75	UG/124/07/24112611	8	22	0.5	10	220	231	FitForExport	22	2025-03-30 14:12:54.554053+00
394	75	UG/124/08/24112611	9	5	0.5	6	30	32.5	FitForExport	5	2025-03-30 14:12:54.554053+00
395	75	UG/431/032/24112619	47	7	0.5	10	70	73.5	FitForExport	7	2025-03-30 14:12:54.554053+00
389	75	UG/113/33/24112731	48	8	0.5	10	80	84	FitForExport	8	2025-03-30 14:12:54.554053+00
390	75	UG/104/01/5016	1	14	0.5	6	84	91	FitForExport	14	2025-03-30 14:12:54.554053+00
363	67	UG/122/07/45054	8	150	0.265	4	600	639.75	FitForExport	30	2025-03-30 07:18:03.874378+00
361	67	UG/113/02/24112598	2	52	0.265	4	208	221.78	FitForExport	20	2025-03-30 07:18:03.874378+00
407	80	UG/115/007/24112799	8	94	0.4	10	940	977.6	FitForExport	40	2025-03-30 17:30:38.531993+00
406	79	UG/113/003/24112801	3	29	0.2	10	290	295.8	FitForExport	15	2025-03-30 17:27:46.454069+00
401	78	UG/104/014/5037	17	40	0.5	5	200	220	FitForExport	40	2025-03-30 17:09:13.498579+00
402	78	UG/104/01/80010	1	30	0.5	5	150	165	FitForExport	30	2025-03-30 17:09:13.498579+00
403	78	UG/122/09/45018	10	71	0.5	5	355	390.5	FitForExport	40	2025-03-30 17:09:13.498579+00
404	78	UG/113/011/60	12	11	0.5	5	55	60.5	FitForExport	11	2025-03-30 17:09:13.498579+00
405	78	UG/122/013/45018	16	16	0.5	5	80	88	FitForExport	16	2025-03-30 17:09:13.498579+00
408	81	UG/122/09/45018	10	115	0.5	20	2300	2357.5	FitForExport	40	2025-03-30 17:47:00.525133+00
409	81	UG/104/01/5036	1	20	0.5	8	160	170	FitForExport	20	2025-03-30 17:47:00.525133+00
410	81	UG/122/08/45018	9	15	0.5	6	90	97.5	FitForExport	15	2025-03-30 17:47:00.525133+00
411	81	UG/122/300/45018	316	8	0.5	10	80	84	FitForExport	8	2025-03-30 17:47:00.525133+00
412	81	UG/122/033/45018	48	11	0.5	10	110	115.5	FitForExport	11	2025-03-30 17:47:00.525133+00
413	81	UG/122/013/45018	16	61	0.5	10	610	640.5	FitForExport	40	2025-03-30 17:47:00.525133+00
414	81	UG/119/012/24112551	13	3	0.5	8	24	25.5	FitForExport	3	2025-03-30 17:47:00.525133+00
380	74	UG/105/032/24112809	47	4	0.1	10	40	40.4	FitForExport	4	2025-03-30 12:47:14.345798+00
381	74	UG/108/038/24112806	53	20	0.1	10	200	202	FitForExport	5	2025-03-30 12:47:14.345798+00
382	74	UG/410/094/24112804	115	70	0.4	5	350	378	FitForExport	5	2025-03-30 12:47:14.345798+00
383	74	UG/410/008/24112804	9	32	0.4	5	160	172.8	FitForExport	5	2025-03-30 12:47:14.345798+00
384	74	UG/421/004/24122842	5	130	0.4	5	650	702	FitForExport	25	2025-03-30 12:47:14.345798+00
385	74	UG/108/007/24112806	8	60	0.4	5	300	324	FitForExport	5	2025-03-30 12:47:14.345798+00
386	74	UG/108/0441/24112806	455	2	0.5	5	10	11	FitForExport	2	2025-03-30 12:47:14.345798+00
387	74	UG/106/012/24112805	13	2	0.4	5	10	10.8	FitForExport	2	2025-03-30 12:47:14.345798+00
388	74	UG/105/043/24112809	443	4	0.7	10	40	42.8	FitForExport	4	2025-03-30 12:47:14.345798+00
397	77	UG/105/07/45070	8	100	0.5	9.5	950	1000	FitForExport	17	2025-03-30 15:52:16.246802+00
398	77	UG/121/07/45091	8	100	0.5	9.5	950	1000	FitForExport	15	2025-03-30 15:52:16.246802+00
399	77	UG/405/07/65010	8	50	0.5	9.5	475	500	FitForExport	9	2025-03-30 15:52:16.246802+00
448	86	UG/105/033/2512876	48	50	0.5	5	250	275	FitForExport	5	2025-03-30 18:34:11.803247+00
417	82	UG/108/003/24112735	3	20	0.2	5	100	104	FitForExport	15	2025-03-30 18:04:06.131248+00
439	86	UG/224/050/2492370	72	45	0.5	5.5	247.5	270	FitForExport	5	2025-03-30 18:34:11.803247+00
418	82	UG/119/02/24112712	2	65	0.4	4	260	286	FitForExport	30	2025-03-30 18:04:06.131248+00
431	86	UG/418/07/240001	8	147	0.5	7.5	1102.5	1176	FitForExport	5	2025-03-30 18:34:11.803247+00
440	86	UG/224/050/2492370	72	65	0.5	1	65	97.5	FitForExport	5	2025-03-30 18:34:11.803247+00
432	86	UG/105/013/24102398	16	200	0.5	7.5	1500	1600	FitForExport	5	2025-03-30 18:34:11.803247+00
449	86	UG/113/01/24102397	1	39	0.5	5	195	214.5	FitForExport	5	2025-03-30 18:34:11.803247+00
433	86	UG/122/013/24102417	16	192	0.5	7.5	1440	1536	FitForExport	5	2025-03-30 18:34:11.803247+00
441	86	UG/204/0463/2492370	478	34	0.5	4.4	149.60000000000002	166.60000000000002	FitForExport	5	2025-03-30 18:34:11.803247+00
434	86	UG/122/013/24102423	16	183	0.5	7.5	1372.5	1464	FitForExport	5	2025-03-30 18:34:11.803247+00
435	86	UG/122/013/45101	16	50	0.5	7.5	375	400	FitForExport	5	2025-03-30 18:34:11.803247+00
442	86	UG/108/03/24102385	3	4	0.5	4.4	17.6	19.6	FitForExport	4	2025-03-30 18:34:11.803247+00
436	86	UG/104/03/5036	3	50	0.5	4.5	225	250	FitForExport	5	2025-03-30 18:34:11.803247+00
450	86	UG/106/01/24102506	1	55	0.5	5	275	302.5	FitForExport	5	2025-03-30 18:34:11.803247+00
437	86	UG/104/03/5036	3	3	0.5	2.7	8.100000000000001	9.600000000000001	FitForExport	3	2025-03-30 18:34:11.803247+00
443	86	UG/108/03/24102385	3	118	0.5	2.7	318.6	377.6	FitForExport	5	2025-03-30 18:34:11.803247+00
438	86	UG/108/032/40006	47	50	0	8.2	409.99999999999994	409.99999999999994	FitForExport	5	2025-03-30 18:34:11.803247+00
444	86	UG/126/02/3018	2	35	0.5	3.5	122.5	140	FitForExport	5	2025-03-30 18:34:11.803247+00
451	86	UG/104/01/24102405	1	35	0.5	5	175	192.5	FitForExport	5	2025-03-30 18:34:11.803247+00
445	86	UG/117/02/110021	2	58	0.5	3.5	203	232	FitForExport	5	2025-03-30 18:34:11.803247+00
446	86	UG/108/02/24102403	2	18	0.5	3.5	63	72	FitForExport	5	2025-03-30 18:34:11.803247+00
452	86	UG/113/01/101	1	65	0.5	5	325	357.5	FitForExport	5	2025-03-30 18:34:11.803247+00
447	86	UG/113/02/24102508	2	20	0.5	3.5	70	80	FitForExport	5	2025-03-30 18:34:11.803247+00
453	86	UG/106/01/24102505	1	17	0.5	5	85	93.5	FitForExport	5	2025-03-30 18:34:11.803247+00
420	83	UG/122/07/45018	8	70	0.5	8	560	595	FitForExport	40	2025-03-30 18:17:11.128528+00
421	83	UG/122/08/45018	9	5	0.5	6	30	32.5	FitForExport	5	2025-03-30 18:17:11.128528+00
422	83	UG/122/09/45018	10	130	0.5	16	2080	2145	FitForExport	40	2025-03-30 18:17:11.128528+00
423	83	UG/119/012/24112551	13	45	0.5	8	360	382.5	FitForExport	45	2025-03-30 18:17:11.128528+00
424	83	UG/122/033/45018	48	41	0.5	10	410	430.5	FitForExport	41	2025-03-30 18:17:11.128528+00
426	83	UG/122/013/45018	16	125	0.5	8	1000	1062.5	FitForExport	40	2025-03-30 18:17:11.128528+00
427	83	UG/113/032/60	47	8	0.5	10	80	84	FitForExport	8	2025-03-30 18:17:11.128528+00
430	85	UG/122/07/5085	8	265	0.4	9.8	2597	2703	FitForExport	90	2025-03-30 18:28:18.581736+00
429	85	UG/106/005/24112743	6	85	0.4	6	510	544	FitForExport	30	2025-03-30 18:28:18.581736+00
477	88	UG/106/012/35074	13	42	0.5	4.5	189	210	FitForExport	14	2025-03-30 18:51:37.845018+00
476	88	UG/105/013/24112695	16	115	0.5	8	920	977.5	FitForExport	30	2025-03-30 18:51:37.845018+00
475	88	UG/105/08/24112695	9	65	0.5	4.5	292.5	325	FitForExport	21	2025-03-30 18:51:37.845018+00
474	88	UG/410/07/24112539	8	20	0.5	8	160	170	FitForExport	7	2025-03-30 18:51:37.845018+00
473	88	UG/105/033/24112695	48	20	0.5	5	100	110	FitForExport	7	2025-03-30 18:51:37.845018+00
471	88	UG/105/09/24112695	10	115	0.5	7.5	862.5	920	FitForExport	30	2025-03-30 18:51:37.845018+00
469	88	UG/113/032/132	47	92	0.5	8	736	782	FitForExport	30	2025-03-30 18:51:37.845018+00
468	88	UG/105/300/24112695	316	10	0.5	5	50	55	FitForExport	3	2025-03-30 18:51:37.845018+00
467	88	UG/204/0463/2492370	478	15	0.5	5	75	82.5	FitForExport	5	2025-03-30 18:51:37.845018+00
466	88	UG/204/04/2492370	5	36	0.5	4	144	162	FitForExport	13	2025-03-30 18:51:37.845018+00
472	88	UG/104/01/24112637	1	10	0.5	5	50	55	FitForExport	3	2025-03-30 18:51:37.845018+00
415	81	UG/122/07/45018	8	16	0.5	10	160	168	FitForExport	16	2025-03-30 17:47:00.525133+00
416	81	UG/204/022/355005	36	4	0	20	80	80	FitForExport	4	2025-03-30 17:47:00.525133+00
454	87	UG/108/023/24112522	37	40	0.5	5.5	220	240	FitForExport	20	2025-03-30 18:51:11.315721+00
455	87	UG/105/013/24102453	16	300	0.5	8	2400	2550	FitForExport	95	2025-03-30 18:51:11.315721+00
456	87	UG/119/012/25069	13	100	0.5	5.5	550	600	FitForExport	25	2025-03-30 18:51:11.315721+00
458	87	UG/106/08/35212	9	30	0.5	5.5	165	180	FitForExport	10	2025-03-30 18:51:11.315721+00
459	87	UG/119/02/24102454	2	175	0.5	4	700	787.5	FitForExport	90	2025-03-30 18:51:11.315721+00
460	87	UG/119/02/25069	2	175	0.5	4	700	787.5	FitForExport	90	2025-03-30 18:51:11.315721+00
461	87	UG/106/01/35001	1	83	0.5	5.5	456.5	498	FitForExport	40	2025-03-30 18:51:11.315721+00
462	87	UG/113/03/1	3	700	0.5	3	2100	2450	FitForExport	120	2025-03-30 18:51:11.315721+00
463	87	UG/104/01/24102374	1	83	0.5	5.5	456.5	498	FitForExport	45	2025-03-30 18:51:11.315721+00
464	87	UG/104/01/80010	1	84	0.5	5.5	462	504	FitForExport	45	2025-03-30 18:51:11.315721+00
465	87	UG/122/02/24112568	2	350	0.5	4	1400	1575	FitForExport	95	2025-03-30 18:51:11.315721+00
428	84	UG/104/003/2512866	3	162	0.5	5	810	891	FitForExport	48	2025-03-30 18:21:47.337206+00
419	83	UG/104/01/80010	1	30	0.5	8	240	255	FitForExport	30	2025-03-30 18:17:11.128528+00
425	83	UG/119/049/24112551	71	8	0.5	6	48	52	FitForExport	8	2025-03-30 18:17:11.128528+00
470	88	UG/205/025/235044	39	40	0.5	5	200	220	FitForExport	13	2025-03-30 18:51:37.845018+00
488	90	UG/124/09/24102449	10	80	0.5	8	640	680	FitForExport	10	2025-03-30 18:57:37.105895+00
489	90	UG/124/022/24102449	36	50	0	4	200	200	FitForExport	5	2025-03-30 18:57:37.105895+00
490	90	UG/222/050/24112802	72	5	0.5	2	10	12.5	FitForExport	5	2025-03-30 18:57:37.105895+00
491	90	UG/124/033/24102449	48	20	0.5	5	100	110	FitForExport	5	2025-03-30 18:57:37.105895+00
492	90	UG/119/012/24112553	13	70	0.5	5	350	385	FitForExport	5	2025-03-30 18:57:37.105895+00
493	90	UG/124/07/24102449	8	20	0.5	8	160	170	FitForExport	5	2025-03-30 18:57:37.105895+00
494	90	UG/106/08/24102449	9	37	0.5	5	185	203.5	FitForExport	5	2025-03-30 18:57:37.105895+00
495	90	UG/106/013/24102449	16	120	0.5	8	960	1020	FitForExport	10	2025-03-30 18:57:37.105895+00
512	93	UG/104/01/24102374	1	50	0	5.5	275	275	FitForExport	25	2025-03-30 20:23:26.828648+00
496	90	UG/106/032/24102449	47	50	0	8	400	400	FitForExport	5	2025-03-30 18:57:37.105895+00
504	92	UG/108/023/24112522	37	70	0.5	5	350	385	FitForExport	35	2025-03-30 20:22:41.405568+00
457	87	UG/124/07/24102449	8	70	0.5	8	560	595	FitForExport	20	2025-03-30 18:51:11.315721+00
514	94	UG/124/07/24102449	8	70	0	8	560	560	FitForExport	20	2025-03-30 20:28:51.482001+00
520	94	UG/105/09/24102453	10	100	0.5	8	800	850	FitForExport	20	2025-03-30 20:28:51.482001+00
499	91	UG/105/09/100001	10	195	0.5	8	1560	1657.5	FitForExport	49	2025-03-30 19:39:06.419631+00
519	94	UG/105/013/24102453	16	150	0	8	1200	1200	FitForExport	45	2025-03-30 20:28:51.482001+00
515	94	UG/119/012/25069	13	80	0.5	5.5	440	480	FitForExport	25	2025-03-30 20:28:51.482001+00
518	94	UG/104/01/24102374	1	40	0.5	5.5	220	240	FitForExport	25	2025-03-30 20:28:51.482001+00
510	93	UG/119/012/25069	13	100	0.5	5.5	550	600	FitForExport	25	2025-03-30 20:23:26.828648+00
513	94	UG/106/01/35001	1	40	0.5	5.5	220	240	FitForExport	20	2025-03-30 20:28:51.482001+00
516	94	UG/108/023/24112522	37	30	0.5	5.5	165	180	FitForExport	10	2025-03-30 20:28:51.482001+00
503	91	UG/105/033/100001	48	5	0.5	8	40	42.5	FitForExport	5	2025-03-30 19:39:06.419631+00
517	94	UG/113/032/24102456	47	30	0.4	8	240	252	FitForExport	10	2025-03-30 20:28:51.482001+00
507	93	UG/105/09/24102453	10	50	0.5	8	400	425	FitForExport	15	2025-03-30 20:23:26.828648+00
511	93	UG/106/01/35001	1	50	0.5	5.5	275	300	FitForExport	30	2025-03-30 20:23:26.828648+00
500	91	UG/105/12/100001	13	15	0.5	8	120	127.5	FitForExport	10	2025-03-30 19:39:06.419631+00
487	89	UG/104/01/24102374	1	50	0.5	5	250	275	FitForExport	25	2025-03-30 18:56:34.71896+00
497	91	UG/105/07/100001	8	74	0.5	8	592	629	FitForExport	22	2025-03-30 19:39:06.419631+00
501	91	UG/105/013/100001	16	135	0.5	8	1080	1147.5	FitForExport	48	2025-03-30 19:39:06.419631+00
498	91	UG/105/08/100001	9	45	0.5	5	225	247.5	FitForExport	10	2025-03-30 19:39:06.419631+00
505	93	UG/106/02/24102455	2	125	0	4	500	500	FitForExport	95	2025-03-30 20:23:26.828648+00
482	89	UG/105/09/24102453	10	100	0	8	800	800	FitForExport	25	2025-03-30 18:56:34.71896+00
502	91	UG/122/032/45043	47	80	0.5	10	800	840	FitForExport	24	2025-03-30 19:39:06.419631+00
506	93	UG/119/02/24102454	2	125	0	4	500	500	FitForExport	75	2025-03-30 20:23:26.828648+00
508	93	UG/105/013/24102453	16	100	0	8	800	800	FitForExport	25	2025-03-30 20:23:26.828648+00
479	89	UG/204/022/24102443	36	80	0.1	5	400	408	FitForExport	25	2025-03-30 18:56:34.71896+00
480	89	UG/119/012/25069	13	100	0.5	5	500	550	FitForExport	25	2025-03-30 18:56:34.71896+00
509	93	UG/113/032/24102456	47	50	0.5	8	400	425	FitForExport	20	2025-03-30 20:23:26.828648+00
485	89	UG/106/01/35001	1	50	0.5	5	250	275	FitForExport	25	2025-03-30 18:56:34.71896+00
481	89	UG/105/013/24102453	16	160	0.5	8	1280	1360	FitForExport	45	2025-03-30 18:56:34.71896+00
486	89	UG/122/008/24112568	9	30	0.5	5	150	165	FitForExport	10	2025-03-30 18:56:34.71896+00
521	95	UG/122/07/24112562	8	404	0.5	10	4040	4242	Pending	\N	2025-03-30 23:38:24.902114+00
478	89	UG/113/032/24102456	47	30	0.2	8	240	246	FitForExport	10	2025-03-30 18:56:34.71896+00
484	89	UG/104/01/80010	1	50	0.5	5	250	275	FitForExport	25	2025-03-30 18:56:34.71896+00
400	77	UG/119/0444/24112813	458	100	0.5	6	600	650	FitForExport	23	2025-03-30 15:52:16.246802+00
483	89	UG/124/07/24102449	8	70	0	8	560	560	FitForExport	20	2025-03-30 18:56:34.71896+00
522	96	UG/121/013/24112764	16	5	0.5	10	50	52.5	FitForExport	5	2025-03-31 01:21:29.249349+00
523	97	UG/121/013/24112764	16	20	0.5	10	200	210	FitForExport	10	2025-03-31 01:38:04.841168+00
524	98	UG/105/005/24122845	6	18	0.7	10	180	192.6	FitForExport	5	2025-03-31 05:42:40.691625+00
530	99	UG/106/01/24112567	1	18	0.5	7	126	135	FitForExport	6	2025-03-31 08:48:11.05954+00
529	99	UG/108/002/24112811	2	22	0.5	4	88	99	FitForExport	7	2025-03-31 08:48:11.05954+00
528	99	UG/106/012/24112530	13	21	0.1	5	105	107.1	FitForExport	7	2025-03-31 08:48:11.05954+00
527	99	UG/405/007/80075	8	16	0.5	10	160	168	FitForExport	5	2025-03-31 08:48:11.05954+00
526	99	UG/105/013/24112734	16	25	0.5	10	250	262.5	FitForExport	8	2025-03-31 08:48:11.05954+00
525	99	UG/418/009/24122852	10	40	0.5	10	400	420	FitForExport	13	2025-03-31 08:48:11.05954+00
570	103	UG/418/08/240001	9	163	0.5	5	815	896.5	FitForExport	5	2025-03-31 10:32:53.757116+00
556	101	UG/405/07/24102427	8	105	0.3	10	1050	1081.5	FitForExport	49	2025-03-31 09:07:47.866791+00
546	100	UG/410/010/24112710	11	5	1	20	100	105	FitForExport	2	2025-03-31 08:58:19.096033+00
557	101	UG/105/0444/285050	458	200	0.3	5	1000	1060	FitForExport	49	2025-03-31 09:07:47.866791+00
571	103	UG/113/032/24102397	47	191	0	8.2	1566.1999999999998	1566.1999999999998	FitForExport	5	2025-03-31 10:32:53.757116+00
532	99	UG/121/033/24112530	48	5	0.5	10	50	52.5	FitForExport	2	2025-03-31 08:48:11.05954+00
575	103	UG/224/050/2492370	72	51	0.5	1	51	76.5	FitForExport	5	2025-03-31 10:32:53.757116+00
531	99	UG/106/08/24102449	9	9	0.5	6	54	58.5	FitForExport	3	2025-03-31 08:48:11.05954+00
579	103	UG/122/013/24102417	16	125	0.5	7.5	937.5	1000	FitForExport	5	2025-03-31 10:32:53.757116+00
572	103	UG/108/032/40006	47	445	0	8.2	3648.9999999999995	3648.9999999999995	FitForExport	5	2025-03-31 10:32:53.757116+00
576	103	UG/330/300/2522886	316	8	0.5	7.5	60	64	FitForExport	5	2025-03-31 10:32:53.757116+00
573	103	UG/418/09/240001	10	328	0.5	7.5	2460	2624	FitForExport	5	2025-03-31 10:32:53.757116+00
553	100	UG/102/047/24112635	69	2	1	2	4	6	FitForExport	2	2025-03-31 08:58:19.096033+00
574	103	UG/235/022/265001	36	120	0	5	600	600	FitForExport	5	2025-03-31 10:32:53.757116+00
577	103	UG/105/033/24102416	48	32	0.5	5	160	176	FitForExport	5	2025-03-31 10:32:53.757116+00
580	103	UG/122/013/24102423	16	50	0.5	7.5	375	400	FitForExport	5	2025-03-31 10:32:53.757116+00
578	103	UG/105/013/24102398	16	291	0.5	7.5	2182.5	2328	FitForExport	5	2025-03-31 10:32:53.757116+00
549	100	UG/106/251/35003	267	24	1	10	240	264	FitForExport	8	2025-03-31 08:58:19.096033+00
555	100	UG/113/03/15003	3	22	1	10	220	242	FitForExport	7	2025-03-31 08:58:19.096033+00
552	100	UG/116/0337/15003	351	1	1	5	5	6	FitForExport	1	2025-03-31 08:58:19.096033+00
554	100	UG/429/0249/24112711	265	12	1	15	180	192	FitForExport	4	2025-03-31 08:58:19.096033+00
539	100	UG/102/018/24112635	21	6	4	15	90	114	FitForExport	2	2025-03-31 08:58:19.096033+00
551	100	UG/104/014/5038	17	3	1	10	30	33	FitForExport	3	2025-03-31 08:58:19.096033+00
548	100	UG/104/0259/135090	275	41	1	25	1025	1066	FitForExport	13	2025-03-31 08:58:19.096033+00
550	100	UG/104/04/135090	5	11	1	20	220	231	FitForExport	4	2025-03-31 08:58:19.096033+00
545	100	UG/104/053/24112630	75	1	1	2	2	3	FitForExport	1	2025-03-31 08:58:19.096033+00
547	100	UG/404/031/24112711	46	25	1	20	500	525	FitForExport	8	2025-03-31 08:58:19.096033+00
542	100	UG/408/013/155001	16	1	1	15	15	16	FitForExport	1	2025-03-31 08:58:19.096033+00
536	100	UG/429/0275/24112626	291	39	1	28	1092	1131	FitForExport	13	2025-03-31 08:58:19.096033+00
544	100	UG/116/029/24112714	44	84	1	25	2100	2184	FitForExport	20	2025-03-31 08:58:19.096033+00
541	100	UG/104/026/24112625	40	9	1	15	135	144	FitForExport	3	2025-03-31 08:58:19.096033+00
543	100	UG/212/039/24112628	54	13	1	15	195	208	FitForExport	4	2025-03-31 08:58:19.096033+00
538	100	UG/418/09/24112710	10	7	1	20	140	147	FitForExport	2	2025-03-31 08:58:19.096033+00
540	100	UG/212/028/24112628	43	2	1	20	40	42	FitForExport	2	2025-03-31 08:58:19.096033+00
533	100	UG/404/0246/24112636	262	46	1	10	460	506	FitForExport	14	2025-03-31 08:58:19.096033+00
535	100	UG/113/021/130002	33	10	1	10	100	110	FitForExport	4	2025-03-31 08:58:19.096033+00
537	100	UG/122/016/100003	19	30	1	10	300	330	FitForExport	10	2025-03-31 08:58:19.096033+00
567	102	UG/410/010/24112710	11	25	1	20	500	525	FitForExport	8	2025-03-31 09:16:29.491285+00
569	102	UG/405/020/135001	32	132	1	25	3300	3432	FitForExport	30	2025-03-31 09:16:29.491285+00
534	100	UG/113/02/5038	2	22	1	9	198	220	FitForExport	7	2025-03-31 08:58:19.096033+00
562	102	UG/106/036/35003	51	60	1	25	1500	1560	FitForExport	20	2025-03-31 09:16:29.491285+00
566	102	UG/404/031/24112711	46	170	1	20	3400	3570	FitForExport	30	2025-03-31 09:16:29.491285+00
568	102	UG/418/09/24112710	10	78	1	20	1560	1638	FitForExport	30	2025-03-31 09:16:29.491285+00
564	102	UG/104/04/135090	5	16	1	25	400	416	FitForExport	5	2025-03-31 09:16:29.491285+00
565	102	UG/106/0255/35003	271	28	1	10	280	308	FitForExport	6	2025-03-31 09:16:29.491285+00
563	102	UG/212/028/24112628	43	24	1	25	600	624	FitForExport	8	2025-03-31 09:16:29.491285+00
559	102	UG/403/039/24112634	54	35	1	20	700	735	FitForExport	12	2025-03-31 09:16:29.491285+00
561	102	UG/113/03/15003	3	85	1	10	850	935	FitForExport	28	2025-03-31 09:16:29.491285+00
581	104	UG/122/013/45101	16	30	0.5	8	240	255	FitForExport	30	2025-03-31 12:08:06.836993+00
560	102	UG/403/016/24112780	19	30	10	10	300	600	FitForExport	10	2025-03-31 09:16:29.491285+00
558	102	UG/108/012/24112629	13	34	1	25	850	884	FitForExport	11	2025-03-31 09:16:29.491285+00
582	104	UG/122/013/45101	16	116	0.5	10	1160	1218	FitForExport	116	2025-03-31 12:08:06.836993+00
583	104	UG/111/09/24112526	10	129	0.5	16	2064	2128.5	FitForExport	129	2025-03-31 12:08:06.836993+00
584	104	UG/415/07/35201	8	15	0.5	8	120	127.5	FitForExport	15	2025-03-31 12:08:06.836993+00
585	104	UG/415/07/35201	8	63	0.5	10	630	661.5	FitForExport	20	2025-03-31 12:08:06.836993+00
586	104	UG/415/033/35201	48	30	0.5	10	300	315	FitForExport	10	2025-03-31 12:08:06.836993+00
605	107	UG/106/032/24102449	47	4	0.5	10	40	42	FitForExport	4	2025-03-31 13:46:26.152483+00
587	104	UG/119/012/24112583	13	34	0.5	10	340	357	FitForExport	20	2025-03-31 12:08:06.836993+00
629	112	UG/119/031/24112747	46	8	1	17.5	140	148	FitForExport	8	2025-03-31 19:02:50.571524+00
592	104	UG/415/08/35201	9	14	0.5	6	84	91	FitForExport	10	2025-03-31 12:08:06.836993+00
606	107	UG/124/033/24102449	48	4	0.5	10	40	42	FitForExport	4	2025-03-31 13:46:26.152483+00
591	104	UG/409/025/24112670	39	40	0.5	10	400	420	FitForExport	20	2025-03-31 12:08:06.836993+00
625	112	UG/119/013/24112747	16	12	1	10	120	132	FitForExport	10	2025-03-31 19:02:50.571524+00
590	104	UG/409/025/24112670	39	5	0.5	12	60	62.5	FitForExport	5	2025-03-31 12:08:06.836993+00
607	107	UG/119/049/24112553	71	10	0.5	6	60	65	FitForExport	5	2025-03-31 13:46:26.152483+00
589	104	UG/119/049/24112583	71	7	0.5	5	35	38.5	FitForExport	7	2025-03-31 12:08:06.836993+00
588	104	UG/104/032/24112582	47	18	0.5	10	180	189	FitForExport	18	2025-03-31 12:08:06.836993+00
598	106	UG/122/007/45033	8	400	0.5	1	400	600	FitForExport	60	2025-03-31 12:55:43.417712+00
599	106	UG/106/0444/24102428	458	200	0.5	6	1200	1300	FitForExport	60	2025-03-31 12:55:43.417712+00
633	112	UG/119/007/24112747	8	7	1	9	63	70	FitForExport	7	2025-03-31 19:02:50.571524+00
593	105	UG/122/09/100037	10	45	0.5	10	450	472.5	FitForExport	30	2025-03-31 12:33:20.835165+00
608	108	UG/109/03/24102390	3	3	0.5	5	15	16.5	FitForExport	3	2025-03-31 14:19:47.983385+00
594	105	UG/106/01/24102398	1	90	0.5	7	630	675	FitForExport	45	2025-03-31 12:33:20.835165+00
626	112	UG/119/008/24112747	9	30	1	6	180	210	FitForExport	10	2025-03-31 19:02:50.571524+00
595	105	UG/122/007/45033	8	10	0.5	10	100	105	FitForExport	10	2025-03-31 12:33:20.835165+00
609	108	UG/406/014/24102379	17	43	0.5	5	215	236.5	FitForExport	12	2025-03-31 14:19:47.983385+00
596	105	UG/409/025/24112670	39	25	0.5	10	250	262.5	FitForExport	25	2025-03-31 12:33:20.835165+00
630	112	UG/119/012/24112747	13	10	1	10	100	110	FitForExport	10	2025-03-31 19:02:50.571524+00
597	105	UG/122/94/45033	115	10	0.5	10	100	105	FitForExport	10	2025-03-31 12:33:20.835165+00
610	108	UG/406/003/24102379	3	6	0.5	5	30	33	FitForExport	6	2025-03-31 14:19:47.983385+00
600	107	UG/104/01/5016	1	5	0.5	8	40	42.5	FitForExport	5	2025-03-31 13:46:26.152483+00
601	107	UG/115/003/24112553	3	133	0.5	5	665	731.5	FitForExport	15	2025-03-31 13:46:26.152483+00
602	107	UG/124/07/24102449	8	15	0.5	10	150	157.5	FitForExport	5	2025-03-31 13:46:26.152483+00
603	107	UG/124/09/24102449	10	2	0.5	10	20	21	FitForExport	2	2025-03-31 13:46:26.152483+00
604	107	UG/119/012/24112553	13	3	0.5	5	15	16.5	FitForExport	3	2025-03-31 13:46:26.152483+00
627	112	UG/119/026/24112747	40	25	1	10	250	275	FitForExport	10	2025-03-31 19:02:50.571524+00
623	111	UG/108/009/24112763	10	41	1	20	820	861	FitForExport	10	2025-03-31 17:05:22.127024+00
628	112	UG/119/005/24112747	6	5	1	13.8	69	74	FitForExport	5	2025-03-31 19:02:50.571524+00
624	111	UG/121/013/24112764	16	20	0.5	10	200	210	FitForExport	10	2025-03-31 17:05:22.127024+00
263	48	UG/106/09/2472348	10	200	0.5	10	2000	2100	FitForExport	45	2025-03-29 10:39:05.516859+00
631	112	UG/119/0246/24112747	262	3	1	16.6	49.800000000000004	52.800000000000004	FitForExport	3	2025-03-31 19:02:50.571524+00
632	112	UG/119/039/24112747	54	4	1	17.5	70	74	FitForExport	4	2025-03-31 19:02:50.571524+00
635	113	UG/106/018/24112572	21	10	0.4	10	100	104	FitForExport	10	2025-03-31 19:50:59.064208+00
637	113	UG/106/038/24112572	53	4	0	15	60	60	FitForExport	4	2025-03-31 19:50:59.064208+00
638	113	UG/106/02/65011	2	6	0.4	5	30	32.4	FitForExport	6	2025-03-31 19:50:59.064208+00
639	113	UG/113/032/24102456	47	6	0.4	10	60	62.4	FitForExport	6	2025-03-31 19:50:59.064208+00
640	113	UG/106/026/24102410	40	13	0.6	14	182	189.8	FitForExport	10	2025-03-31 19:50:59.064208+00
641	113	UG/106/09/24102410	10	10	0.4	10.5	105	109	FitForExport	10	2025-03-31 19:50:59.064208+00
642	113	UG/106/01/35049	1	8	0.4	8	64	67.2	FitForExport	8	2025-03-31 19:50:59.064208+00
643	113	UG/119/012/24112569	13	9	0.4	10	90	93.6	FitForExport	9	2025-03-31 19:50:59.064208+00
644	113	UG/404/033/24102456	48	2	0.4	10	20	20.8	FitForExport	2	2025-03-31 19:50:59.064208+00
645	113	UG/106/013/24102410	16	10	0.4	10	100	104	FitForExport	10	2025-03-31 19:50:59.064208+00
646	113	UG/106/010/24112572	11	10	0.4	10	100	104	FitForExport	10	2025-03-31 19:50:59.064208+00
611	109	UG/405/07/65010	8	50	0.5	9.5	475	500	FitForExport	12	2025-03-31 15:37:20.766233+00
612	109	UG/105/07/45070	8	100	0.5	9.5	950	1000	FitForExport	23	2025-03-31 15:37:20.766233+00
613	109	UG/405/07/24102480	8	100	0.5	9.5	950	1000	FitForExport	24	2025-03-31 15:37:20.766233+00
614	109	UG/423/007/325001	8	100	0.5	9.5	950	1000	FitForExport	19	2025-03-31 15:37:20.766233+00
615	109	UG/119/0444/24112814	458	70	0.5	6	420	455	FitForExport	26	2025-03-31 15:37:20.766233+00
616	109	UG/119/0444/24112812	458	100	0.5	6	600	650	FitForExport	12	2025-03-31 15:37:20.766233+00
617	110	UG/105/07/24102465	8	110	0.5	7.5	825	880	FitForExport	23	2025-03-31 15:54:10.90203+00
618	110	UG/106/013/24102482	16	120	0.5	7.5	900	960	FitForExport	25	2025-03-31 15:54:10.90203+00
619	110	UG/110/08/24112689	9	90	0.5	5	450	495	FitForExport	12	2025-03-31 15:54:10.90203+00
620	110	UG/110/033/24112689	48	30	0.5	7.5	225	240	FitForExport	11	2025-03-31 15:54:10.90203+00
622	110	UG/121/018/45091	21	25	0.5	10	250	262.5	FitForExport	9	2025-03-31 15:54:10.90203+00
634	112	UG/119/0441/24112747	455	1	1	5	5	6	FitForExport	1	2025-03-31 19:02:50.571524+00
636	113	UG/106/0444/24112524	458	7	0.4	7	49	51.8	FitForExport	7	2025-03-31 19:50:59.064208+00
647	113	UG/106/08/24112572	9	10	0.4	7	70	74	FitForExport	10	2025-03-31 19:50:59.064208+00
648	113	UG/404/0246/24102456	262	3	0.5	10	30	31.5	FitForExport	3	2025-03-31 19:50:59.064208+00
665	118	UG/105/013/24112716	16	24	0.5	8	192	204	FitForExport	10	2025-04-01 12:01:45.913677+00
649	113	UG/122/07/24112572	8	8	0.5	10	80	84	FitForExport	8	2025-03-31 19:50:59.064208+00
675	121	UG/122/007/45033	8	350	0.5	10	3500	3675	FitForExport	60	2025-04-01 14:56:39.372258+00
650	113	UG/205/039/24112573	54	6	0.5	10	60	63	FitForExport	6	2025-03-31 19:50:59.064208+00
666	118	UG/122/009/24112568	10	125	0.5	9	1125	1187.5	FitForExport	48	2025-04-01 12:01:45.913677+00
652	115	UG/204/07/170007	8	4	0.5	5	20	22	FitForExport	4	2025-04-01 04:56:24.318695+00
653	115	UG/418/09/24102500	10	2	0.5	8	16	17	FitForExport	2	2025-04-01 04:56:24.318695+00
667	118	UG/224/032/24112677	47	3	0.5	10	30	31.5	FitForExport	3	2025-04-01 12:01:45.913677+00
654	115	UG/104/026/2512869	40	2	1	9	18	20	FitForExport	2	2025-04-01 04:56:24.318695+00
668	119	UG/122/07/5085	8	325	0.4	3.7	1202.5	1332.5	Pending	\N	2025-04-01 13:05:24.710994+00
655	116	UG/104/01/24102378	1	80	0.5	8	640	680	FitForExport	30	2025-04-01 04:56:50.396499+00
621	110	UG/119/012/24102467	13	40	0.5	5	200	220	FitForExport	4	2025-03-31 15:54:10.90203+00
656	117	UG/106/0444/24112524	458	16	0.5	7.5	120	128	FitForExport	10	2025-04-01 05:17:52.565207+00
657	117	UG/113/331/253999	346	7	0.5	10	70	73.5	FitForExport	5	2025-04-01 05:17:52.565207+00
658	117	UG/104/04/135090	5	2	0.5	2.5	5	6	FitForExport	2	2025-04-01 05:17:52.565207+00
659	117	UG/405/07/24102427	8	20	0.5	10	200	210	FitForExport	10	2025-04-01 05:17:52.565207+00
660	117	UG/113/43/253999	443	5	0.5	10	50	52.5	FitForExport	5	2025-04-01 05:17:52.565207+00
661	117	UG/106/026/24102410	40	30	1	10	300	330	FitForExport	20	2025-04-01 05:17:52.565207+00
676	121	UG/106/005/24102428	6	10	0.5	6	60	65	FitForExport	10	2025-04-01 14:56:39.372258+00
662	117	UG/106/08/24112572	9	20	0.5	10	200	210	FitForExport	15	2025-04-01 05:17:52.565207+00
669	120	UG/104/01/24102374	1	25	0.5	8	200	212.5	FitForExport	12	2025-04-01 13:55:14.026103+00
663	117	UG/112/035/15003	50	10	0.5	10	100	105	FitForExport	7	2025-04-01 05:17:52.565207+00
683	122	UG/113/013/24102504	16	75	0.5	10	750	787.5	FitForExport	25	2025-04-01 15:05:10.541709+00
651	114	UG/410/07/24112539	8	1400	0.3	3	4200	4620	FitForExport	400	2025-03-31 20:30:30.036641+00
670	120	UG/103/022/2512869	36	16	0.5	10	160	168	FitForExport	10	2025-04-01 13:55:14.026103+00
664	118	UG/122/008/24112568	9	12	0.5	10	120	126	FitForExport	10	2025-04-01 12:01:45.913677+00
677	121	UG/105/013/24102398	16	100	0.5	10	1000	1050	FitForExport	40	2025-04-01 14:56:39.372258+00
671	120	UG/106/012/24102380	13	28	2	8	224	280	FitForExport	10	2025-04-01 13:55:14.026103+00
682	122	UG/106/09/24102460	10	40	0.5	10	400	420	FitForExport	20	2025-04-01 15:05:10.541709+00
672	120	UG/406/014/24102379	17	17	0.5	5	85	93.5	FitForExport	10	2025-04-01 13:55:14.026103+00
678	121	UG/106/002/24112567	2	35	0.5	4	140	157.5	FitForExport	25	2025-04-01 14:56:39.372258+00
673	120	UG/106/012/24102380	13	3	0.5	10	30	31.5	FitForExport	3	2025-04-01 13:55:14.026103+00
674	120	UG/113/03/184	3	66	0.5	5	330	363	FitForExport	16	2025-04-01 13:55:14.026103+00
681	122	UG/106/08/24102460	9	10	0.5	5	50	55	FitForExport	10	2025-04-01 15:05:10.541709+00
688	122	UG/106/094/35262	115	12	0.5	10	120	126	FitForExport	10	2025-04-01 15:05:10.541709+00
679	122	UG/104/01/5016	1	110	0.5	7	770	825	FitForExport	48	2025-04-01 15:05:10.541709+00
698	125	UG/122/07/24112562	8	373	0	10	3730	3730	FitForExport	15	2025-04-01 17:23:40.091475+00
685	122	UG/113/032/24102472	47	5	0.5	5	25	27.5	FitForExport	5	2025-04-01 15:05:10.541709+00
686	122	UG/113/032/24102472	47	15	0.5	10	150	157.5	FitForExport	10	2025-04-01 15:05:10.541709+00
684	122	UG/215/022/5275	36	40	0.5	10	400	420	FitForExport	15	2025-04-01 15:05:10.541709+00
680	122	UG/113/07/25	8	25	0.5	10	250	262.5	FitForExport	10	2025-04-01 15:05:10.541709+00
687	122	UG/113/033/25	48	20	0.5	10	200	210	FitForExport	10	2025-04-01 15:05:10.541709+00
691	123	UG/104/026/5040	40	2	0	6	12	12	FitForExport	2	2025-04-01 17:06:26.288172+00
690	123	UG/105/07/45063	8	550	0	4	2200	2200	FitForExport	30	2025-04-01 17:06:26.288172+00
689	123	UG/110/09/45088	10	1	0	20	20	20	FitForExport	1	2025-04-01 17:06:26.288172+00
693	124	UG/431/033/24112701	48	60	0.36	6	360	381.6	FitForExport	10	2025-04-01 17:07:23.048516+00
695	124	UG/122/009/35218	10	50	0.4	7.5	375	395	FitForExport	49	2025-04-01 17:07:23.048516+00
696	124	UG/106/012/35101	13	114	0.36	5	570	611.04	FitForExport	58	2025-04-01 17:07:23.048516+00
697	124	UG/122/013/24102381	16	150	0.36	7.5	1125	1179	FitForExport	89	2025-04-01 17:07:23.048516+00
699	126	UG/124/08/2482358	9	50	0.5	5	250	275	FitForExport	5	2025-04-01 18:10:36.067+00
700	126	UG/124/09/2482358	10	110	0.5	7	770	825	FitForExport	5	2025-04-01 18:10:36.067+00
701	126	UG/122/013/2482358	16	180	0.5	7	1260	1350	FitForExport	8	2025-04-01 18:10:36.067+00
702	126	UG/124/07/2482358	8	40	0.5	7	280	300	FitForExport	5	2025-04-01 18:10:36.067+00
703	126	UG/106/012/35083	13	60	0.5	6	360	390	FitForExport	5	2025-04-01 18:10:36.067+00
704	126	UG/235/025/24112774	39	30	0.5	5	150	165	FitForExport	5	2025-04-01 18:10:36.067+00
705	126	UG/104/01/80010	1	70	0.5	5	350	385	FitForExport	20	2025-04-01 18:10:36.067+00
721	130	UG/107/02/24112608	2	30	0.5	4	120	135	FitForExport	10	2025-04-01 22:37:05.09913+00
714	128	UG/112/012/24112649	13	150	0.5	10	1500	1575	FitForExport	60	2025-04-01 18:37:19.00748+00
740	134	UG/124/09/2482358	10	120	0.5	7	840	900	FitForExport	8	2025-04-02 06:44:58.19303+00
715	128	UG/106/013/24112530	16	80	0.5	10	800	840	FitForExport	45	2025-04-01 18:37:19.00748+00
722	130	UG/105/013/24112603	16	75	0.5	8	600	637.5	FitForExport	10	2025-04-01 22:37:05.09913+00
716	128	UG/106/01/65011	1	250	0.5	7	1750	1875	FitForExport	70	2025-04-01 18:37:19.00748+00
731	133	UG/106/01/24102398	1	70	0.35	7	490	514.5	FitForExport	10	2025-04-02 06:35:56.72103+00
717	129	UG/122/07/5085	8	325	0.4	3.7	1202.5	1332.5	FitForExport	95	2025-04-01 19:35:43.203325+00
692	124	UG/104/032/5057	47	140	0	8	1120	1120	FitForExport	28	2025-04-01 17:07:23.048516+00
694	124	UG/104/001/2512855	1	130	0.36	5.2	676	722.8	FitForExport	67	2025-04-01 17:07:23.048516+00
713	127	UG/113/033/25	48	80	0.5	8	640	680	FitForExport	20	2025-04-01 18:28:22.67449+00
723	131	UG/105/038/24112603	53	50	1	8	400	450	FitForExport	10	2025-04-01 23:20:47.931419+00
724	131	UG/105/013/24112603	16	125	0.6	8	1000	1075	FitForExport	20	2025-04-01 23:20:47.931419+00
712	127	UG/106/012/24112624	13	80	0.5	8	640	680	FitForExport	20	2025-04-01 18:28:22.67449+00
725	131	UG/107/02/24112608	2	63	0.6	4	252	289.8	FitForExport	10	2025-04-01 23:20:47.931419+00
732	133	UG/106/09/24112622	10	35	0.35	10	350	362.25	FitForExport	10	2025-04-02 06:35:56.72103+00
726	132	UG/105/038/24112603	53	33	1	8	264	297	FitForExport	10	2025-04-01 23:22:52.569404+00
711	127	UG/105/013/24112695	16	150	0.5	8	1200	1275	FitForExport	20	2025-04-01 18:28:22.67449+00
727	132	UG/105/07/24112604	8	50	0.3	4	200	215	FitForExport	10	2025-04-01 23:22:52.569404+00
741	134	UG/122/013/2482358	16	160	0.5	7	1120	1200	FitForExport	14	2025-04-02 06:44:58.19303+00
728	132	UG/105/008/24112603	9	6	0.5	6	36	39	FitForExport	5	2025-04-01 23:22:52.569404+00
710	127	UG/104/01/80010	1	50	0.5	8	400	425	FitForExport	25	2025-04-01 18:28:22.67449+00
729	132	UG/107/02/24112608	2	24	0.5	4	96	108	FitForExport	10	2025-04-01 23:22:52.569404+00
733	133	UG/106/033/24112622	48	15	0.35	10	150	155.25	FitForExport	10	2025-04-02 06:35:56.72103+00
730	132	UG/105/013/24112603	16	19	0.5	8	152	161.5	FitForExport	10	2025-04-01 23:22:52.569404+00
709	127	UG/106/049/24112624	71	30	0.5	6	180	195	FitForExport	10	2025-04-01 18:28:22.67449+00
718	130	UG/105/07/24112604	8	63	0.3	4	252	270.9	FitForExport	10	2025-04-01 22:37:05.09913+00
719	130	UG/105/038/24112603	53	75	0.5	8	600	637.5	FitForExport	10	2025-04-01 22:37:05.09913+00
708	127	UG/410/09/24112539	10	55	0.8	16	880	924	FitForExport	10	2025-04-01 18:28:22.67449+00
720	130	UG/105/09/24112603	10	2	0.5	8	16	17	FitForExport	2	2025-04-01 22:37:05.09913+00
734	133	UG/106/07/24112622	8	25	350	10	250	9000	FitForExport	10	2025-04-02 06:35:56.72103+00
706	127	UG/410/07/24112539	8	50	0.5	8	400	425	FitForExport	10	2025-04-01 18:28:22.67449+00
735	133	UG/105/013/24102398	16	78	0.35	10	780	807.3	FitForExport	10	2025-04-02 06:35:56.72103+00
707	127	UG/410/08/24112539	9	15	0.5	6	90	97.5	FitForExport	10	2025-04-01 18:28:22.67449+00
736	134	UG/106/01/35083	1	120	0.5	5	600	660	FitForExport	24	2025-04-02 06:44:58.19303+00
737	134	UG/124/08/2482358	9	50	0.5	5	250	275	FitForExport	5	2025-04-02 06:44:58.19303+00
738	134	UG/124/07/2482358	8	40	0.5	7	280	300	FitForExport	5	2025-04-02 06:44:58.19303+00
739	134	UG/106/012/35083	13	60	0.5	6	360	390	FitForExport	5	2025-04-02 06:44:58.19303+00
746	135	UG/106/01/35083	1	1	0.5	5	5	5.5	FitForExport	1	2025-04-02 07:16:56.614225+00
742	135	UG/124/07/2482358	8	4	0.5	8	32	34	FitForExport	4	2025-04-02 07:16:56.614225+00
747	135	UG/124/09/2482358	10	200	0.5	7	1400	1500	FitForExport	5	2025-04-02 07:16:56.614225+00
743	135	UG/124/08/2482358	9	4	0.5	5	20	22	FitForExport	4	2025-04-02 07:16:56.614225+00
744	135	UG/106/012/35083	13	2	0.5	8	16	17	FitForExport	2	2025-04-02 07:16:56.614225+00
748	135	UG/104/032/24102458	47	1	0.5	10	10	10.5	FitForExport	1	2025-04-02 07:16:56.614225+00
745	135	UG/122/013/2482358	16	30	0.5	8	240	255	FitForExport	5	2025-04-02 07:16:56.614225+00
754	137	UG/106/01/35075	1	20	0	6	120	120	FitForExport	10	2025-04-02 11:19:14.85524+00
755	137	UG/107/02/55006	2	400	0	4	1600	1600	FitForExport	30	2025-04-02 11:19:14.85524+00
756	137	UG/124/08/24112611	9	35	0	5	175	175	FitForExport	15	2025-04-02 11:19:14.85524+00
757	137	UG/124/09/24112611	10	20	0	8	160	160	FitForExport	10	2025-04-02 11:19:14.85524+00
758	137	UG/119/013/24112611	16	60	0	8	480	480	FitForExport	15	2025-04-02 11:19:14.85524+00
759	137	UG/124/07/24112611	8	20	0	8	160	160	FitForExport	10	2025-04-02 11:19:14.85524+00
760	137	UG/106/012/24102520	13	30	0	4	120	120	FitForExport	10	2025-04-02 11:19:14.85524+00
761	137	UG/122/033/24102423	48	20	0	7	140	140	FitForExport	10	2025-04-02 11:19:14.85524+00
762	137	UG/121/049/30013	71	6	0	5	30	30	FitForExport	6	2025-04-02 11:19:14.85524+00
749	136	UG/106/01/65011	1	70	0.5	7	490	525	FitForExport	30	2025-04-02 11:08:46.155037+00
750	136	UG/106/033/35225	48	30	0.5	10	300	315	FitForExport	20	2025-04-02 11:08:46.155037+00
751	136	UG/106/094/35225	115	10	0.5	10	100	105	FitForExport	10	2025-04-02 11:08:46.155037+00
752	136	UG/106/013/35225	16	45	0.5	10	450	472.5	FitForExport	20	2025-04-02 11:08:46.155037+00
753	136	UG/106/09/35225	10	40	0.5	10	400	420	FitForExport	25	2025-04-02 11:08:46.155037+00
780	142	UG/105/07/24112604	8	100	0.5	10	1000	1050	FitForExport	30	2025-04-02 17:12:16.554292+00
767	138	UG/106/443/35200	457	19	0.5	9.5	180.5	190	FitForExport	5	2025-04-02 11:59:16.04198+00
791	146	UG/106/07/35249	8	10	0.5	10	100	105	FitForExport	10	2025-04-02 20:28:19.175608+00
768	138	UG/410/018/35200	21	21	0.5	6.5	136.5	147	FitForExport	5	2025-04-02 11:59:16.04198+00
781	142	UG/107/02/24112608	2	15	0.5	4	60	67.5	FitForExport	10	2025-04-02 17:12:16.554292+00
766	138	UG/126/300/24112751	316	31	0.5	9.5	294.5	310	FitForExport	6	2025-04-02 11:59:16.04198+00
765	138	UG/103/009/24112750	10	252	0.5	9.5	2394	2520	FitForExport	50	2025-04-02 11:59:16.04198+00
764	138	UG/105/005/24122845	6	10	0.5	9.5	95	100	FitForExport	1	2025-04-02 11:59:16.04198+00
763	138	UG/420/013/24112750	16	56	0.5	9.5	532	560	FitForExport	5	2025-04-02 11:59:16.04198+00
769	139	UG/105/07/24112595	8	28	0.5	10	280	294	FitForExport	10	2025-04-02 15:10:41.490836+00
784	144	UG/106/07/24112586	8	150	0.5	10	1500	1575	FitForExport	50	2025-04-02 19:01:06.886608+00
770	139	UG/105/09/24112595	10	35	0.5	10	350	367.5	FitForExport	10	2025-04-02 15:10:41.490836+00
790	145	UG/122/038/45018	53	5	0	10	50	50	FitForExport	5	2025-04-02 19:57:30.091084+00
771	139	UG/106/01/65011	1	160	0.5	7	1120	1200	FitForExport	30	2025-04-02 15:10:41.490836+00
785	144	UG/121/05/25011	6	210	0.5	6	1260	1365	FitForExport	65	2025-04-02 19:01:06.886608+00
772	139	UG/224/025/24112596	39	17	0.5	10	170	178.5	FitForExport	10	2025-04-02 15:10:41.490836+00
773	139	UG/105/013/24112595	16	40	0.5	10	400	420	FitForExport	10	2025-04-02 15:10:41.490836+00
774	139	UG/105/094/24112595	115	15	0.5	10	150	157.5	FitForExport	10	2025-04-02 15:10:41.490836+00
779	141	UG/410/07/24112539	8	602	0.4	6.4	3852.8	4093.6000000000004	FitForExport	45	2025-04-02 16:34:26.078154+00
775	140	UG/107/03/2452337	3	30	0.3	0.6	18	27	FitForExport	15	2025-04-02 15:49:45.205867+00
776	140	UG/107/03/2452337	3	85	0.3	0.96	81.6	107.1	FitForExport	40	2025-04-02 15:49:45.205867+00
777	140	UG/107/03/2452337	3	163	0.3	1.2	195.6	244.5	FitForExport	75	2025-04-02 15:49:45.205867+00
787	145	UG/105/09/24102453	10	15	0	10	150	150	FitForExport	10	2025-04-02 19:57:30.091084+00
778	140	UG/107/03/2452337	3	42	0.3	2	84	96.6	FitForExport	25	2025-04-02 15:49:45.205867+00
782	143	UG/105/07/24112604	8	90	0.5	10	900	945	FitForExport	20	2025-04-02 17:22:39.974555+00
788	145	UG/122/07/24112562	8	400	0	10	4000	4000	FitForExport	95	2025-04-02 19:57:30.091084+00
783	143	UG/107/02/24112608	2	25	0.5	4	100	112.5	FitForExport	10	2025-04-02 17:22:39.974555+00
789	145	UG/105/013/24102453	16	70	0	10	700	700	FitForExport	30	2025-04-02 19:57:30.091084+00
796	147	UG/405/07/65010	8	80	0.5	9.5	760	800	FitForExport	12	2025-04-03 05:45:22.080308+00
786	145	UG/113/02/24102519	2	15	0	4	60	60	FitForExport	10	2025-04-02 19:57:30.091084+00
795	146	UG/122/09/24112566	10	53	0.5	10	530	556.5	FitForExport	10	2025-04-02 20:28:19.175608+00
797	147	UG/105/07/45070	8	90	0.5	9.5	855	900	FitForExport	14	2025-04-03 05:45:22.080308+00
794	146	UG/113/032/45099	47	10	0.5	10	100	105	FitForExport	10	2025-04-02 20:28:19.175608+00
793	146	UG/122/033/24112566	48	22	0.5	10	220	231	FitForExport	10	2025-04-02 20:28:19.175608+00
798	147	UG/121/07/24102461	8	80	0.5	9.5	760	800	FitForExport	13	2025-04-03 05:45:22.080308+00
792	146	UG/121/013/24112764	16	64	0.5	10	640	672	FitForExport	10	2025-04-02 20:28:19.175608+00
815	150	UG/227/032/24112597	47	20	0	8	160	160	FitForExport	10	2025-04-03 15:19:56.837832+00
816	150	UG/106/01/35212	1	50	0	6	300	300	FitForExport	15	2025-04-03 15:19:56.837832+00
817	150	UG/124/07/24112611	8	30	0	8	240	240	FitForExport	10	2025-04-03 15:19:56.837832+00
818	150	UG/106/013/35212	16	150	0	8	1200	1200	FitForExport	25	2025-04-03 15:19:56.837832+00
820	150	UG/113/04/25	5	11	0	5	55	55	FitForExport	11	2025-04-03 15:19:56.837832+00
821	150	UG/106/09/35212	10	50	0	8	400	400	FitForExport	15	2025-04-03 15:19:56.837832+00
822	150	UG/119/012/24112583	13	80	0	6	480	480	FitForExport	25	2025-04-03 15:19:56.837832+00
823	150	UG/110/033/45088	48	20	0	6	120	120	FitForExport	10	2025-04-03 15:19:56.837832+00
799	148	UG/122/94/45033	115	15	0.5	10	150	157.5	FitForExport	15	2025-04-03 11:29:47.284988+00
800	148	UG/106/01/24102398	1	85	0.5	7	595	637.5	FitForExport	45	2025-04-03 11:29:47.284988+00
801	148	UG/122/007/45033	8	10	0.5	10	100	105	FitForExport	10	2025-04-03 11:29:47.284988+00
802	148	UG/122/09/100037	10	50	0.5	10	500	525	FitForExport	25	2025-04-03 11:29:47.284988+00
803	148	UG/104/032/24112582	47	15	0.5	10	150	157.5	FitForExport	15	2025-04-03 11:29:47.284988+00
804	148	UG/113/033/25	48	5	0.5	10	50	52.5	FitForExport	5	2025-04-03 11:29:47.284988+00
806	149	UG/113/01/101	1	22	0.5	5	110	121	FitForExport	5	2025-04-03 14:33:10.995702+00
807	149	UG/105/033/24102416	48	13	0.5	5	65	71.5	FitForExport	5	2025-04-03 14:33:10.995702+00
808	149	UG/108/032/40006	47	10	0	8.2	82	82	FitForExport	5	2025-04-03 14:33:10.995702+00
809	149	UG/106/012/35074	13	13	0	5	65	65	FitForExport	5	2025-04-03 14:33:10.995702+00
810	149	UG/418/09/240001	10	35	0.5	7.5	262.5	280	FitForExport	5	2025-04-03 14:33:10.995702+00
811	149	UG/122/013/24102423	16	80	0.5	7.5	600	640	FitForExport	5	2025-04-03 14:33:10.995702+00
812	149	UG/418/07/240001	8	6	0.5	7.5	45	48	FitForExport	6	2025-04-03 14:33:10.995702+00
813	149	UG/418/08/240001	9	25	0.5	5	125	137.5	FitForExport	5	2025-04-03 14:33:10.995702+00
814	149	UG/235/022/265001	36	13	0	5	65	65	FitForExport	5	2025-04-03 14:33:10.995702+00
819	150	UG/106/08/35212	9	60	0	5	300	300	FitForExport	15	2025-04-03 15:19:56.837832+00
837	153	UG/124/07/24102449	8	70	0.5	8	560	595	FitForExport	20	2025-04-03 16:25:41.744177+00
824	151	UG/104/01/24102374	1	36	0.5	8	288	306	FitForExport	12	2025-04-03 15:30:07.231164+00
845	154	UG/224/050/2492370	72	164	0.5	1	164	246	FitForExport	5	2025-04-03 17:43:23.550436+00
825	151	UG/104/01/24102378	1	12	0.5	8	96	102	FitForExport	10	2025-04-03 15:30:07.231164+00
854	154	UG/108/02/40260	2	22	0.5	3.5	77	88	FitForExport	5	2025-04-03 17:43:23.550436+00
826	151	UG/415/07/24102380	8	36	0.5	8	288	306	FitForExport	10	2025-04-03 15:30:07.231164+00
846	154	UG/224/050/2492370	72	6	0.5	5.5	33	36	FitForExport	6	2025-04-03 17:43:23.550436+00
827	151	UG/117/01/24102375	1	16	0.5	8	128	136	FitForExport	10	2025-04-03 15:30:07.231164+00
828	151	UG/117/051/24102409	73	2	0.5	6	12	13	FitForExport	2	2025-04-03 15:30:07.231164+00
847	154	UG/418/07/240001	8	240	0.5	7.5	1800	1920	FitForExport	5	2025-04-03 17:43:23.550436+00
829	151	UG/117/051/24102409	73	18	0.5	5	90	99	FitForExport	10	2025-04-03 15:30:07.231164+00
855	154	UG/418/08/240001	9	325	0.5	5	1625	1787.5	FitForExport	5	2025-04-03 17:43:23.550436+00
830	151	UG/406/014/24102379	17	32	0.5	5	160	176	FitForExport	12	2025-04-03 15:30:07.231164+00
805	148	UG/105/013/24102398	16	20	0.5	10	200	210	FitForExport	15	2025-04-03 11:29:47.284988+00
848	154	UG/106/012/35074	13	237	0.5	5	1185	1303.5	FitForExport	5	2025-04-03 17:43:23.550436+00
835	152	UG/204/034/75016	49	50	0.5	5	250	275	FitForExport	15	2025-04-03 16:24:12.319212+00
844	153	UG/105/033/24102453	48	60	0.5	5.5	330	360	FitForExport	20	2025-04-03 16:25:41.744177+00
834	152	UG/105/300/24112695	316	10	0.5	5	50	55	FitForExport	3	2025-04-03 16:24:12.319212+00
849	154	UG/235/022/265001	36	92	0	5	460	460	FitForExport	5	2025-04-03 17:43:23.550436+00
833	152	UG/205/025/235044	39	20	0.5	5	100	110	FitForExport	7	2025-04-03 16:24:12.319212+00
856	154	UG/126/02/3018	2	38	0.5	3.5	133	152	FitForExport	5	2025-04-03 17:43:23.550436+00
832	152	UG/105/013/24112716	16	6	0.5	5	30	33	FitForExport	2	2025-04-03 16:24:12.319212+00
850	154	UG/418/09/240001	10	550	0.5	7.5	4125	4400	FitForExport	5	2025-04-03 17:43:23.550436+00
831	152	UG/105/09/24112695	10	53	0.5	5	265	291.5	FitForExport	16	2025-04-03 16:24:12.319212+00
851	154	UG/222/050/24112802	72	44	0.5	5.5	242	264	FitForExport	5	2025-04-03 17:43:23.550436+00
857	154	UG/106/03/24102398	3	79	0.5	2.7	213.3	252.8	FitForExport	5	2025-04-03 17:43:23.550436+00
852	154	UG/105/013/24102419	16	121	0.5	7.5	907.5	968	FitForExport	5	2025-04-03 17:43:23.550436+00
842	153	UG/119/012/25069	13	100	0.5	5.5	550	600	FitForExport	25	2025-04-03 16:25:41.744177+00
841	153	UG/105/09/24102453	10	100	0.5	8	800	850	FitForExport	25	2025-04-03 16:25:41.744177+00
836	153	UG/105/013/24102453	16	150	0.5	8	1200	1275	FitForExport	35	2025-04-03 16:25:41.744177+00
853	154	UG/122/013/24102423	16	259	0.5	7.5	1942.5	2072	FitForExport	5	2025-04-03 17:43:23.550436+00
858	154	UG/204/0463/2492370	478	44	0.5	4.5	198	220	FitForExport	5	2025-04-03 17:43:23.550436+00
840	153	UG/108/023/24112522	37	30	0.5	5.5	165	180	FitForExport	30	2025-04-03 16:25:41.744177+00
859	154	UG/105/033/24102416	48	60	0.5	5	300	330	FitForExport	5	2025-04-03 17:43:23.550436+00
838	153	UG/104/01/24102374	1	60	0.5	5.5	330	360	FitForExport	30	2025-04-03 16:25:41.744177+00
843	153	UG/113/032/24102456	47	30	0.2	8	240	246	FitForExport	10	2025-04-03 16:25:41.744177+00
839	153	UG/106/01/35001	1	60	0.5	5.5	330	360	FitForExport	35	2025-04-03 16:25:41.744177+00
872	155	UG/105/038/24112603	53	63	1	8	504	567	FitForExport	20	2025-04-03 18:34:20.910711+00
860	154	UG/108/032/40006	47	309	0.5	8.2	2533.7999999999997	2688.2999999999997	FitForExport	5	2025-04-03 17:43:23.550436+00
861	154	UG/330/300/2522886	316	10	0.5	7.5	75	80	FitForExport	5	2025-04-03 17:43:23.550436+00
873	156	UG/411/07/24112680	8	600	0.5	6.66	3996	4296	FitForExport	50	2025-04-03 18:39:34.216665+00
862	154	UG/122/013/24102417	16	317	0.5	7.5	2377.5	2536	FitForExport	5	2025-04-03 17:43:23.550436+00
892	161	UG/106/01/35075	1	59	0	6	354	354	FitForExport	30	2025-04-04 08:27:41.412427+00
863	154	UG/105/013/24102398	16	317	0.5	7.5	2377.5	2536	FitForExport	5	2025-04-03 17:43:23.550436+00
874	156	UG/106/0444/24112524	458	50	0.5	5	250	275	FitForExport	30	2025-04-03 18:39:34.216665+00
864	154	UG/105/02/5041	2	84	0.5	3.5	294	336	FitForExport	5	2025-04-03 17:43:23.550436+00
865	154	UG/113/01/101	1	97	0.5	5	485	533.5	FitForExport	5	2025-04-03 17:43:23.550436+00
866	154	UG/104/01/24102405	1	70	0.5	5	350	385	FitForExport	5	2025-04-03 17:43:23.550436+00
867	154	UG/104/01/5036	1	11	0.5	5	55	60.5	FitForExport	5	2025-04-03 17:43:23.550436+00
881	158	UG/405/07/65010	8	250	0.3	3.7	925	1000	FitForExport	19	2025-04-04 05:40:44.438585+00
868	154	UG/106/01/24102506	1	64	0.5	5	320	352	FitForExport	5	2025-04-03 17:43:23.550436+00
883	159	UG/122/07/5085	8	1000	0.3	3.7	3700	4000	FitForExport	1	2025-04-04 06:38:30.904672+00
869	154	UG/106/01/45100	1	28	0.5	5	140	154	FitForExport	5	2025-04-03 17:43:23.550436+00
870	154	UG/113/01/24102397	1	31	0.5	5	155	170.5	FitForExport	5	2025-04-03 17:43:23.550436+00
871	154	UG/106/01/24102505	1	34	0.5	5	170	187	FitForExport	5	2025-04-03 17:43:23.550436+00
875	157	UG/115/009/24112777	10	70	0.5	5	350	385	FitForExport	15	2025-04-03 18:49:37.00786+00
876	157	UG/105/013/45094	16	22	0.5	5	110	121	FitForExport	10	2025-04-03 18:49:37.00786+00
877	157	UG/204/014/75013	17	70	0.5	5	350	385	FitForExport	10	2025-04-03 18:49:37.00786+00
878	157	UG/235/025/24112774	39	28	0.5	5	140	154	FitForExport	15	2025-04-03 18:49:37.00786+00
879	157	UG/102/032/24122820	47	12	0.5	5	60	66	FitForExport	12	2025-04-03 18:49:37.00786+00
880	157	UG/102/0142/24112715	161	29	0.5	5	145	159.5	FitForExport	23	2025-04-03 18:49:37.00786+00
893	161	UG/204/04/2492370	5	38	0	5	190	190	FitForExport	15	2025-04-04 08:27:41.412427+00
884	160	UG/204/04/2492370	5	15	0	5	75	75	FitForExport	10	2025-04-04 07:33:14.48548+00
894	161	UG/110/08/45088	9	37	0	5	185	185	FitForExport	15	2025-04-04 08:27:41.412427+00
885	160	UG/110/08/45088	9	17	0	5	85	85	FitForExport	10	2025-04-04 07:33:14.48548+00
882	158	UG/105/07/45070	8	250	0.3	3.7	925	1000	FitForExport	22	2025-04-04 05:40:44.438585+00
886	160	UG/105/09/24102453	10	20	0	7	140	140	FitForExport	10	2025-04-04 07:33:14.48548+00
895	161	UG/105/09/24102453	10	60	0	8	480	480	FitForExport	15	2025-04-04 08:27:41.412427+00
887	160	UG/106/012/35074	13	28	0	6	168	168	FitForExport	10	2025-04-04 07:33:14.48548+00
888	160	UG/105/013/24102453	16	68	0	7	476	476	FitForExport	20	2025-04-04 07:33:14.48548+00
896	161	UG/106/012/35074	13	63	0	6	378	378	FitForExport	63	2025-04-04 08:27:41.412427+00
889	160	UG/113/025/24112533	39	25	0	5	125	125	FitForExport	10	2025-04-04 07:33:14.48548+00
890	160	UG/113/032/24112533	47	30	0	8	240	240	FitForExport	10	2025-04-04 07:33:14.48548+00
897	161	UG/105/013/24102453	16	43	0	8	344	344	FitForExport	15	2025-04-04 08:27:41.412427+00
891	160	UG/204/0463/2492370	478	12	0	5	60	60	FitForExport	10	2025-04-04 07:33:14.48548+00
898	161	UG/113/025/24112533	39	25	0	5	125	125	FitForExport	15	2025-04-04 08:27:41.412427+00
899	161	UG/113/032/24112533	47	33	0	8	264	264	FitForExport	15	2025-04-04 08:27:41.412427+00
900	161	UG/224/050/2492370	72	36	0	1	36	36	FitForExport	15	2025-04-04 08:27:41.412427+00
901	161	UG/204/0463/2492370	478	6	0	5	30	30	FitForExport	6	2025-04-04 08:27:41.412427+00
915	164	UG/106/012/24102520	13	53	0	6	318	318	FitForExport	15	2025-04-04 11:29:37.185178+00
909	163	UG/405/033/24112750	48	13	0.5	9.5	123.5	130	FitForExport	6	2025-04-04 09:29:27.662707+00
931	167	UG/104/01/24102374	1	65	0.5	7.5	487.5	520	FitForExport	25	2025-04-04 12:06:23.263245+00
910	163	UG/126/300/24112751	316	18	0.5	9.5	171	180	FitForExport	6	2025-04-04 09:29:27.662707+00
934	170	UG/104/01/5036	1	14	0.5	4	56	63	FitForExport	14	2025-04-04 13:41:11.390835+00
908	163	UG/420/013/24112750	16	54	0.5	9.5	513	540	FitForExport	6	2025-04-04 09:29:27.662707+00
932	168	UG/115/007/45094	8	250	0	6.6	1650	1650	FitForExport	100	2025-04-04 12:08:02.125563+00
907	163	UG/103/009/24112750	10	226	0.5	9.5	2147	2260	FitForExport	50	2025-04-04 09:29:27.662707+00
916	164	UG/119/013/24112611	16	232	0	8	1856	1856	FitForExport	25	2025-04-04 11:29:37.185178+00
906	163	UG/415/007/24112749	8	38	0.5	9.5	361	380	FitForExport	6	2025-04-04 09:29:27.662707+00
925	166	UG/104/01/24102378	1	44	0.5	8	352	374	FitForExport	20	2025-04-04 12:01:54.299794+00
902	162	UG/106/07/24102473	8	50	0.35	10	500	517.5	FitForExport	10	2025-04-04 09:00:46.957809+00
903	162	UG/110/08/24112639	9	2	0.35	10	20	20.7	FitForExport	2	2025-04-04 09:00:46.957809+00
926	166	UG/415/07/24102380	8	30	0.5	8	240	255	FitForExport	15	2025-04-04 12:01:54.299794+00
904	162	UG/110/09/24112639	10	210	0.35	10	2100	2173.5	FitForExport	40	2025-04-04 09:00:46.957809+00
917	164	UG/113/018/24112533	21	55	0	10	550	550	FitForExport	10	2025-04-04 11:29:37.185178+00
905	162	UG/105/013/24102473	16	110	0.35	10	1100	1138.5	FitForExport	30	2025-04-04 09:00:46.957809+00
927	166	UG/122/013/24102381	16	15	0.5	8	120	127.5	FitForExport	15	2025-04-04 12:01:54.299794+00
921	165	UG/106/01/35001	1	200	0.5	7	1400	1500	FitForExport	80	2025-04-04 11:45:26.890924+00
935	170	UG/204/04/2492370	5	18	0.5	4	72	81	FitForExport	18	2025-04-04 13:41:11.390835+00
922	165	UG/106/07/24112530	8	100	0.2	4	400	420	FitForExport	70	2025-04-04 11:45:26.890924+00
928	166	UG/406/014/24102379	17	15	0.5	5	75	82.5	FitForExport	15	2025-04-04 12:01:54.299794+00
923	165	UG/106/012/24112530	13	1200	0.1	5	6000	6120	FitForExport	90	2025-04-04 11:45:26.890924+00
918	164	UG/113/025/24112533	39	15	0	10	150	150	FitForExport	10	2025-04-04 11:29:37.185178+00
924	165	UG/121/033/24112530	48	150	0.5	10	1500	1575	FitForExport	80	2025-04-04 11:45:26.890924+00
929	166	UG/103/022/2512869	36	2	0.5	10	20	21	FitForExport	2	2025-04-04 12:01:54.299794+00
940	170	UG/122/034/60	49	42	0.5	4	168	189	FitForExport	42	2025-04-04 13:41:11.390835+00
930	166	UG/117/051/24102409	73	40	0.5	5	200	220	FitForExport	28	2025-04-04 12:01:54.299794+00
919	164	UG/113/032/24112533	47	14	0	8	112	112	FitForExport	8	2025-04-04 11:29:37.185178+00
911	164	UG/106/01/35075	1	38	0	5	190	190	FitForExport	15	2025-04-04 11:29:37.185178+00
936	170	UG/122/07/45018	8	18	0.5	4	72	81	FitForExport	18	2025-04-04 13:41:11.390835+00
912	164	UG/124/07/24112611	8	63	0	8	504	504	FitForExport	15	2025-04-04 11:29:37.185178+00
920	164	UG/113/033/25	48	42	0	7	294	294	FitForExport	10	2025-04-04 11:29:37.185178+00
913	164	UG/124/08/24112611	9	20	0	6	120	120	FitForExport	10	2025-04-04 11:29:37.185178+00
914	164	UG/124/09/24112611	10	361	0	8	2888	2888	FitForExport	25	2025-04-04 11:29:37.185178+00
945	171	UG/104/01/5016	1	130	0.5	10	1300	1365	FitForExport	50	2025-04-04 14:12:30.61072+00
941	170	UG/122/035/60	50	16	0.5	4	64	72	FitForExport	16	2025-04-04 13:41:11.390835+00
937	170	UG/122/09/45018	10	10	0.5	4	40	45	FitForExport	10	2025-04-04 13:41:11.390835+00
947	171	UG/106/013/24112707	16	100	0.5	10	1000	1050	FitForExport	40	2025-04-04 14:12:30.61072+00
938	170	UG/204/022/355005	36	11	0	4	44	44	FitForExport	11	2025-04-04 13:41:11.390835+00
942	170	UG/113/038/60	53	12	0.5	4	48	54	FitForExport	12	2025-04-04 13:41:11.390835+00
939	170	UG/113/032/60	47	12	0.5	4	48	54	FitForExport	12	2025-04-04 13:41:11.390835+00
946	171	UG/118/09/24112681	10	200	0.5	10	2000	2100	FitForExport	69	2025-04-04 14:12:30.61072+00
943	170	UG/119/049/24112551	71	11	0.5	4	44	49.5	FitForExport	11	2025-04-04 13:41:11.390835+00
949	171	UG/404/022/24112709	36	15	0.5	12	180	187.5	FitForExport	10	2025-04-04 14:12:30.61072+00
944	170	UG/104/467/24112584	482	4	0.5	4	16	18	FitForExport	4	2025-04-04 13:41:11.390835+00
948	171	UG/113/018/24112779	21	5	0.5	12	60	62.5	FitForExport	5	2025-04-04 14:12:30.61072+00
933	169	UG/122/007/45033	8	550	0.5	10	5500	5775	FitForExport	60	2025-04-04 13:34:38.409128+00
950	171	UG/404/022/24112709	36	13	0	10.5	136.5	136.5	FitForExport	10	2025-04-04 14:12:30.61072+00
951	171	UG/118/024/2512870	38	5	0	10.5	52.5	52.5	FitForExport	5	2025-04-04 14:12:30.61072+00
952	172	UG/122/007/24112748	8	1250	0	3.2	4000	4000	FitForExport	200	2025-04-04 14:18:47.889973+00
961	173	UG/105/013/24102453	16	120	0.5	8	960	1020	FitForExport	45	2025-04-04 14:33:03.160116+00
954	173	UG/105/09/24102453	10	100	0.5	8	800	850	FitForExport	20	2025-04-04 14:33:03.160116+00
956	173	UG/119/012/25069	13	100	0.5	5	500	550	FitForExport	25	2025-04-04 14:33:03.160116+00
953	173	UG/113/032/24102456	47	50	0.5	8	400	425	FitForExport	15	2025-04-04 14:33:03.160116+00
959	173	UG/104/01/24102374	1	55	0.5	5	275	302.5	FitForExport	30	2025-04-04 14:33:03.160116+00
968	175	UG/105/09/24102453	10	60	0.5	10	600	630	FitForExport	20	2025-04-04 15:23:17.427273+00
960	173	UG/106/01/35001	1	55	0.5	5	275	302.5	FitForExport	30	2025-04-04 14:33:03.160116+00
969	175	UG/122/008/24112568	9	6	0.5	7	42	45	FitForExport	6	2025-04-04 15:23:17.427273+00
957	173	UG/124/07/24102449	8	70	0.5	8	560	595	FitForExport	20	2025-04-04 14:33:03.160116+00
967	175	UG/105/013/24102453	16	14	0	10	140	140	FitForExport	10	2025-04-04 15:23:17.427273+00
955	173	UG/124/022/24102449	36	80	0.5	5	400	440	FitForExport	20	2025-04-04 14:33:03.160116+00
994	178	UG/124/07/2482358	8	20	0.5	7	140	150	FitForExport	5	2025-04-04 16:36:51.459494+00
958	173	UG/106/08/35212	9	30	0.5	5	150	165	FitForExport	10	2025-04-04 14:33:03.160116+00
975	175	UG/105/018/24102453	21	15	0.5	10	150	157.5	FitForExport	10	2025-04-04 15:23:17.427273+00
973	175	UG/105/033/24102453	48	10	0.5	10	100	105	FitForExport	10	2025-04-04 15:23:17.427273+00
970	175	UG/124/07/24102449	8	20	0.5	10	200	210	FitForExport	10	2025-04-04 15:23:17.427273+00
998	178	UG/122/013/2482358	16	30	0.5	7	210	225	FitForExport	5	2025-04-04 16:36:51.459494+00
974	175	UG/204/022/24102443	36	23	0.5	10	230	241.5	FitForExport	23	2025-04-04 15:23:17.427273+00
971	175	UG/117/0442/24102443	456	5	0.5	10	50	52.5	FitForExport	5	2025-04-04 15:23:17.427273+00
995	178	UG/124/08/2482358	9	60	0.5	5	300	330	FitForExport	5	2025-04-04 16:36:51.459494+00
972	175	UG/307/0407/24102443	420	6	0.5	10	60	63	FitForExport	6	2025-04-04 15:23:17.427273+00
962	174	UG/106/09/24102410	10	50	0.5	10	500	525	FitForExport	20	2025-04-04 15:13:05.497074+00
993	178	UG/104/01/80010	1	10	0.5	5	50	55	FitForExport	10	2025-04-04 16:36:51.459494+00
996	178	UG/124/09/2482358	10	12	0.5	7	84	90	FitForExport	5	2025-04-04 16:36:51.459494+00
963	174	UG/104/014/5038	17	50	0.5	5	250	275	FitForExport	15	2025-04-04 15:13:05.497074+00
997	178	UG/106/012/35083	13	30	0.5	6	180	195	FitForExport	5	2025-04-04 16:36:51.459494+00
964	174	UG/122/016/100003	19	50	0.3	6	300	315	FitForExport	20	2025-04-04 15:13:05.497074+00
965	174	UG/106/025/24112572	39	50	0.3	10	500	515	FitForExport	20	2025-04-04 15:13:05.497074+00
966	174	UG/122/034/60	49	50	0.3	6	300	315	FitForExport	16	2025-04-04 15:13:05.497074+00
982	177	UG/104/01/5016	1	200	0.5	7	1400	1500	FitForExport	70	2025-04-04 16:32:06.226356+00
987	177	UG/215/022/5275	36	40	0.5	10	400	420	FitForExport	15	2025-04-04 16:32:06.226356+00
986	177	UG/113/013/24102504	16	105	0.5	10	1050	1102.5	FitForExport	35	2025-04-04 16:32:06.226356+00
985	177	UG/106/09/24102460	10	110	0.5	10	1100	1155	FitForExport	40	2025-04-04 16:32:06.226356+00
992	177	UG/106/094/35262	115	55	0.5	10	550	577.5	FitForExport	15	2025-04-04 16:32:06.226356+00
984	177	UG/106/08/24102460	9	2	0.5	5	10	11	FitForExport	2	2025-04-04 16:32:06.226356+00
988	177	UG/113/032/24102472	47	20	0.5	10	200	210	FitForExport	10	2025-04-04 16:32:06.226356+00
989	177	UG/113/032/24102472	47	10	0.5	0	0	5	FitForExport	10	2025-04-04 16:32:06.226356+00
990	177	UG/113/032/24102472	47	10	0.5	5	50	55	FitForExport	10	2025-04-04 16:32:06.226356+00
983	177	UG/113/07/25	8	20	0.5	10	200	210	FitForExport	10	2025-04-04 16:32:06.226356+00
991	177	UG/113/033/25	48	40	0.5	10	400	420	FitForExport	15	2025-04-04 16:32:06.226356+00
1005	179	UG/113/033/25	48	50	0.5	8	400	425	FitForExport	10	2025-04-04 17:13:27.711812+00
1004	179	UG/112/014/2021	17	30	0.5	6	180	195	FitForExport	10	2025-04-04 17:13:27.711812+00
1003	179	UG/105/013/24112695	16	100	0.5	8	800	850	FitForExport	20	2025-04-04 17:13:27.711812+00
1002	179	UG/106/012/24112624	13	50	0.5	8	400	425	FitForExport	10	2025-04-04 17:13:27.711812+00
1001	179	UG/410/09/24112539	10	55	0.5	16	880	907.5	FitForExport	10	2025-04-04 17:13:27.711812+00
1000	179	UG/105/07/24112695	8	50	0.5	8	400	425	FitForExport	10	2025-04-04 17:13:27.711812+00
999	179	UG/104/01/80010	1	100	0.5	8	800	850	FitForExport	50	2025-04-04 17:13:27.711812+00
976	176	UG/105/07/45070	8	100	0.5	7.5	750	800	FitForExport	18	2025-04-04 15:58:09.594954+00
977	176	UG/110/08/45089	9	70	0.5	5	350	385	FitForExport	16	2025-04-04 15:58:09.594954+00
978	176	UG/119/012/24102467	13	40	0.5	5	200	220	FitForExport	12	2025-04-04 15:58:09.594954+00
979	176	UG/104/013/24102481	16	130	0.5	7.5	975	1040	FitForExport	24	2025-04-04 15:58:09.594954+00
980	176	UG/113/032/24112550	47	50	0.5	8	400	425	FitForExport	21	2025-04-04 15:58:09.594954+00
981	176	UG/110/033/45089	48	50	0.5	7.5	375	400	FitForExport	19	2025-04-04 15:58:09.594954+00
1015	181	UG/106/012/35083	13	50	0.5	6	300	325	FitForExport	5	2025-04-04 17:33:30.038021+00
1017	181	UG/122/032/45043	47	80	0.5	9	720	760	FitForExport	5	2025-04-04 17:33:30.038021+00
1042	188	UG/122/07/24112562	8	152	0	10	1520	1520	FitForExport	15	2025-04-05 07:36:03.728736+00
1016	181	UG/122/013/2482358	16	120	0.5	7	840	900	FitForExport	8	2025-04-04 17:33:30.038021+00
1027	185	UG/106/01/65011	1	200	0.5	7	1400	1500	FitForExport	50	2025-04-04 19:57:48.625464+00
1014	181	UG/124/09/2482358	10	100	0.5	7	700	750	FitForExport	8	2025-04-04 17:33:30.038021+00
1035	187	UG/122/007/35218	8	40	0.36	7.5	300	314.4	FitForExport	40	2025-04-05 04:19:43.856767+00
1013	181	UG/124/08/2482358	9	20	0.5	5	100	110	FitForExport	5	2025-04-04 17:33:30.038021+00
1028	185	UG/112/012/24112649	13	50	0.5	10	500	525	FitForExport	25	2025-04-04 19:57:48.625464+00
1012	181	UG/124/07/2482358	8	20	0.5	7	140	150	FitForExport	5	2025-04-04 17:33:30.038021+00
1011	181	UG/104/01/80010	1	120	0.5	5	600	660	FitForExport	25	2025-04-04 17:33:30.038021+00
1029	185	UG/112/013/24112649	16	50	0.5	10	500	525	FitForExport	25	2025-04-04 19:57:48.625464+00
1018	182	UG/105/07/24112604	8	80	0.5	10	800	840	FitForExport	20	2025-04-04 17:40:52.302209+00
1036	187	UG/431/08/24112701	9	27	0.36	5	135	144.72	FitForExport	27	2025-04-05 04:19:43.856767+00
1019	182	UG/105/09/24112603	10	34	0.5	6	204	221	FitForExport	10	2025-04-04 17:40:52.302209+00
1030	185	UG/415/033/35201	48	50	0.5	10	500	525	FitForExport	25	2025-04-04 19:57:48.625464+00
1007	180	UG/116/03/50035	3	20	0.5	5	100	110	FitForExport	10	2025-04-04 17:32:05.128966+00
1043	188	UG/105/013/24102453	16	21	0	10	210	210	FitForExport	10	2025-04-05 07:36:03.728736+00
1008	180	UG/105/07/24112604	8	30	0.3	4	120	129	FitForExport	10	2025-04-04 17:32:05.128966+00
1031	185	UG/106/094/24112586	115	5	0.5	10	50	52.5	FitForExport	5	2025-04-04 19:57:48.625464+00
1009	180	UG/105/013/24112603	16	63	0.5	8	504	535.5	FitForExport	10	2025-04-04 17:32:05.128966+00
1037	187	UG/115/09/45094	10	45	0.4	7.5	337.5	355.5	FitForExport	45	2025-04-05 04:19:43.856767+00
1010	180	UG/105/038/24112603	53	94	1	8	752	846	FitForExport	20	2025-04-04 17:32:05.128966+00
1032	186	UG/105/02/45009	2	70	0.5	4	280	315	FitForExport	45	2025-04-04 20:04:32.636424+00
1024	183	UG/105/033/24112695	48	10	0.5	10	100	105	FitForExport	3	2025-04-04 18:08:17.487823+00
1023	183	UG/113/032/132	47	10	0.5	10	100	105	FitForExport	3	2025-04-04 18:08:17.487823+00
1033	186	UG/115/018/24112641	21	20	0.5	10	200	210	FitForExport	15	2025-04-04 20:04:32.636424+00
1022	183	UG/105/013/24112716	16	7	0.5	10	70	73.5	FitForExport	3	2025-04-04 18:08:17.487823+00
1038	187	UG/122/013/24102381	16	200	0.36	7.5	1500	1572	FitForExport	100	2025-04-05 04:19:43.856767+00
1021	183	UG/105/09/24112695	10	20	0.5	10	200	210	FitForExport	3	2025-04-04 18:08:17.487823+00
1025	184	UG/405/07/24102427	8	10	0.3	10	100	103	FitForExport	10	2025-04-04 19:42:59.454159+00
1020	183	UG/104/01/24112637	1	37	0.5	4	148	166.5	FitForExport	12	2025-04-04 18:08:17.487823+00
1044	189	UG/415/07/24102380	8	32	0.5	9.5	304	320	FitForExport	10	2025-04-05 07:36:31.247564+00
1026	184	UG/105/0444/285050	458	63	0.3	6	378	396.9	FitForExport	28	2025-04-04 19:42:59.454159+00
1039	187	UG/104/032/5057	47	195	0.2	8	1560	1599	FitForExport	147	2025-04-05 04:19:43.856767+00
1006	179	UG/106/049/24112624	71	10	0.5	6	60	65	FitForExport	10	2025-04-04 17:13:27.711812+00
1034	187	UG/106/01/35101	1	70	0.36	5.2	364	389.2	FitForExport	70	2025-04-05 04:19:43.856767+00
1040	187	UG/431/033/24112701	48	60	0.36	6	360	381.6	FitForExport	60	2025-04-05 04:19:43.856767+00
1045	189	UG/117/09/24102412	10	80	1	16	1280	1360	FitForExport	16	2025-04-05 07:36:31.247564+00
1041	188	UG/113/02/24102519	2	13	0	4	52	52	FitForExport	10	2025-04-05 07:36:03.728736+00
1046	189	UG/122/013/24102381	16	79	0.5	9.5	750.5	790	FitForExport	14	2025-04-05 07:36:31.247564+00
1065	195	UG/204/014/235002	17	15	0.5	5	75	82.5	FitForExport	10	2025-04-05 15:12:57.535308+00
1064	195	UG/121/013/24112764	16	54	0.5	10	540	567	FitForExport	10	2025-04-05 15:12:57.535308+00
1063	195	UG/122/09/24112566	10	31	0.5	10	310	325.5	FitForExport	10	2025-04-05 15:12:57.535308+00
1062	195	UG/122/08/24112566	9	20	0.5	8	160	170	FitForExport	10	2025-04-05 15:12:57.535308+00
1061	195	UG/106/07/35249	8	13	0.5	10	130	136.5	FitForExport	10	2025-04-05 15:12:57.535308+00
1060	195	UG/106/01/35049	1	50	0.5	6	300	325	FitForExport	22	2025-04-05 15:12:57.535308+00
1058	194	UG/119/005/24102513	6	200	0.5	6	1200	1300	FitForExport	50	2025-04-05 14:01:17.476219+00
1059	194	UG/122/007/45033	8	450	0.5	10	4500	4725	FitForExport	60	2025-04-05 14:01:17.476219+00
1057	193	UG/122/007/45033	8	750	0.5	10	7500	7875	FitForExport	80	2025-04-05 13:42:57.806998+00
1055	192	UG/122/007/45033	8	450	0.5	10	4500	4725	FitForExport	60	2025-04-05 13:28:25.353031+00
1056	192	UG/105/013/24102398	16	70	0.5	10	700	735	FitForExport	40	2025-04-05 13:28:25.353031+00
1050	191	UG/106/002/24112567	2	30	0.5	4	120	135	FitForExport	20	2025-04-05 12:44:54.692165+00
1051	191	UG/119/005/24102513	6	15	0.5	10	150	157.5	FitForExport	15	2025-04-05 12:44:54.692165+00
1052	191	UG/122/007/45033	8	250	0.5	10	2500	2625	FitForExport	50	2025-04-05 12:44:54.692165+00
1053	191	UG/106/012/24102398	13	5	0.5	10	50	52.5	FitForExport	5	2025-04-05 12:44:54.692165+00
1047	190	UG/107/02/24112608	2	13	0.5	4	52	58.5	FitForExport	10	2025-04-05 11:57:32.574945+00
1048	190	UG/105/07/24112604	8	70	0.5	10	700	735	FitForExport	10	2025-04-05 11:57:32.574945+00
1049	190	UG/105/09/24112603	10	34	0.5	6	204	221	FitForExport	10	2025-04-05 11:57:32.574945+00
1066	195	UG/215/022/5275	36	10	0.3	10	100	103	FitForExport	10	2025-04-05 15:12:57.535308+00
1072	196	UG/106/0446/35049	460	6	0.5	8	48	51	FitForExport	6	2025-04-05 16:07:08.423403+00
1071	196	UG/215/022/5275	36	30	0.3	10	300	309	FitForExport	10	2025-04-05 16:07:08.423403+00
1070	196	UG/121/013/24112764	16	15	0.5	10	150	157.5	FitForExport	10	2025-04-05 16:07:08.423403+00
1069	196	UG/122/09/24112566	10	20	0.5	8	160	170	FitForExport	10	2025-04-05 16:07:08.423403+00
1068	196	UG/106/07/35249	8	14	0.5	9	126	133	FitForExport	10	2025-04-05 16:07:08.423403+00
1067	196	UG/106/01/35049	1	68	0.5	8	544	578	FitForExport	24	2025-04-05 16:07:08.423403+00
1077	197	UG/107/032/2452331	47	20	0.2	20	400	404	FitForExport	10	2025-04-05 16:55:38.660371+00
1073	197	UG/107/03/2452336	3	46	0.5	5	230	253	FitForExport	20	2025-04-05 16:55:38.660371+00
1074	197	UG/107/03/2452335	3	46	0.5	5	230	253	FitForExport	28	2025-04-05 16:55:38.660371+00
1121	204	UG/104/01/24102374	1	55	0.5	5	275	302.5	Pending	\N	2025-04-05 20:01:19.899661+00
1075	197	UG/106/005/24112543	6	1	0.5	6	6	6.5	FitForExport	1	2025-04-05 16:55:38.660371+00
1086	199	UG/105/033/24112695	48	15	0.5	5	75	82.5	FitForExport	5	2025-04-05 17:40:18.275847+00
1076	197	UG/107/07/2452330	8	2	0.5	10	20	21	FitForExport	2	2025-04-05 16:55:38.660371+00
1054	192	UG/106/002/24112567	2	35	0.5	4	140	157.5	FitForExport	20	2025-04-05 13:28:25.353031+00
1078	198	UG/106/01/35001	1	70	0.5	10	700	735	Pending	\N	2025-04-05 17:32:50.182525+00
1079	198	UG/104/01/24102374	1	70	0.5	10	700	735	Pending	\N	2025-04-05 17:32:50.182525+00
1080	198	UG/104/01/80010	1	70	0.5	10	700	735	Pending	\N	2025-04-05 17:32:50.182525+00
1081	198	UG/105/09/24102453	10	100	0.5	10	1000	1050	Pending	\N	2025-04-05 17:32:50.182525+00
1082	198	UG/105/013/24102453	16	140	0.5	10	1400	1470	Pending	\N	2025-04-05 17:32:50.182525+00
1083	198	UG/124/022/24102449	36	60	0.5	10	600	630	Pending	\N	2025-04-05 17:32:50.182525+00
1087	200	UG/104/01/5016	1	8	0.5	7	56	60	Pending	\N	2025-04-05 18:01:15.004281+00
1088	200	UG/104/3/5016	3	50	0.5	5	250	275	Pending	\N	2025-04-05 18:01:15.004281+00
1089	200	UG/117/09/110065	10	12	0.5	10	120	126	Pending	\N	2025-04-05 18:01:15.004281+00
1090	200	UG/113/013/24102504	16	15	0.5	10	150	157.5	Pending	\N	2025-04-05 18:01:15.004281+00
1091	200	UG/215/022/5275	36	15	0.5	10	150	157.5	Pending	\N	2025-04-05 18:01:15.004281+00
1092	200	UG/113/032/24102472	47	5	0.5	10	50	52.5	Pending	\N	2025-04-05 18:01:15.004281+00
1093	200	UG/106/094/35262	115	12	0.5	10	120	126	Pending	\N	2025-04-05 18:01:15.004281+00
1094	200	UG/113/300/24102472	316	3	0.5	10	30	31.5	Pending	\N	2025-04-05 18:01:15.004281+00
1095	201	UG/113/07/25	8	15	0.5	10	150	157.5	Pending	\N	2025-04-05 18:08:29.904106+00
1096	201	UG/106/08/24102460	9	1	0.5	5	5	5.5	Pending	\N	2025-04-05 18:08:29.904106+00
1097	201	UG/106/09/24102460	10	8	0.5	10	80	84	Pending	\N	2025-04-05 18:08:29.904106+00
1098	201	UG/113/013/24102504	16	40	0.5	10	400	420	Pending	\N	2025-04-05 18:08:29.904106+00
1099	201	UG/113/032/24102472	47	4	0.5	10	40	42	Pending	\N	2025-04-05 18:08:29.904106+00
1100	201	UG/113/032/24102472	47	3	0.5	5	15	16.5	Pending	\N	2025-04-05 18:08:29.904106+00
1101	201	UG/113/033/25	48	15	0.5	10	150	157.5	Pending	\N	2025-04-05 18:08:29.904106+00
1102	201	UG/106/094/35262	115	10	0.5	10	100	105	Pending	\N	2025-04-05 18:08:29.904106+00
1103	201	UG/113/300/24102472	316	2	0.5	10	20	21	Pending	\N	2025-04-05 18:08:29.904106+00
1106	202	UG/122/08/45018	9	5	0.5	6	30	32.5	FitForExport	5	2025-04-05 18:42:34.30307+00
1085	199	UG/205/025/235044	39	20	0.5	5	100	110	FitForExport	7	2025-04-05 17:40:18.275847+00
1111	202	UG/122/033/45018	48	30	0.5	8	240	255	FitForExport	30	2025-04-05 18:42:34.30307+00
1084	199	UG/105/09/24112695	10	90	0.5	5	450	495	FitForExport	30	2025-04-05 17:40:18.275847+00
1107	202	UG/122/09/45018	10	117	0.5	15	1755	1813.5	FitForExport	40	2025-04-05 18:42:34.30307+00
1104	202	UG/104/01/80010	1	50	0.5	8	400	425	FitForExport	50	2025-04-05 18:42:34.30307+00
1122	204	UG/106/01/35001	1	55	0.5	5	275	302.5	Pending	\N	2025-04-05 20:01:19.899661+00
1105	202	UG/122/07/45018	8	50	0.5	8	400	425	FitForExport	40	2025-04-05 18:42:34.30307+00
1108	202	UG/122/013/45018	16	150	0.5	8	1200	1275	FitForExport	50	2025-04-05 18:42:34.30307+00
1112	202	UG/119/049/24112551	71	6	0.5	6	36	39	FitForExport	6	2025-04-05 18:42:34.30307+00
1109	202	UG/204/022/355005	36	5	0	25	125	125	FitForExport	5	2025-04-05 18:42:34.30307+00
1113	203	UG/104/01/24102384	1	70	0.5	6	420	455	Pending	\N	2025-04-05 19:36:41.516573+00
1110	202	UG/113/032/60	47	12	0.5	10	120	126	FitForExport	12	2025-04-05 18:42:34.30307+00
1114	203	UG/122/07/45054	8	31	0.5	7	217	232.5	Pending	\N	2025-04-05 19:36:41.516573+00
1115	203	UG/418/08/110065	9	25	0.5	7	175	187.5	Pending	\N	2025-04-05 19:36:41.516573+00
1116	203	UG/418/009/24122852	10	50	0.5	7	350	375	Pending	\N	2025-04-05 19:36:41.516573+00
1117	203	UG/124/013/270025	16	70	0.5	7	490	525	Pending	\N	2025-04-05 19:36:41.516573+00
1118	203	UG/320/023/24112552	37	5	0.5	6	30	32.5	Pending	\N	2025-04-05 19:36:41.516573+00
1119	203	UG/124/032/270025	47	7	0	10	70	70	Pending	\N	2025-04-05 19:36:41.516573+00
1120	203	UG/113/033/25	48	19	0.5	7	133	142.5	Pending	\N	2025-04-05 19:36:41.516573+00
1123	204	UG/106/08/35212	9	30	0.5	5	150	165	Pending	\N	2025-04-05 20:01:19.899661+00
1124	204	UG/119/012/25069	13	50	0.5	5	250	275	Pending	\N	2025-04-05 20:01:19.899661+00
1125	204	UG/105/013/24102453	16	100	0.5	8	800	850	Pending	\N	2025-04-05 20:01:19.899661+00
1126	204	UG/113/032/24102456	47	40	0	8	320	320	Pending	\N	2025-04-05 20:01:19.899661+00
1134	205	UG/102/0405/24112715	418	30	0.5	5	150	165	FitForExport	20	2025-04-05 20:24:48.900243+00
1133	205	UG/204/034/75013	49	22	0.5	5	110	121	FitForExport	19	2025-04-05 20:24:48.900243+00
1132	205	UG/122/033/45067	48	16	0.5	5	80	88	FitForExport	16	2025-04-05 20:24:48.900243+00
1131	205	UG/235/025/24112774	39	20	0.5	5	100	110	FitForExport	20	2025-04-05 20:24:48.900243+00
1130	205	UG/204/014/75013	17	70	0.5	5	350	385	FitForExport	58	2025-04-05 20:24:48.900243+00
1129	205	UG/105/013/45094	16	22	0.5	5	110	121	FitForExport	20	2025-04-05 20:24:48.900243+00
1127	205	UG/106/01/35061	1	40	0.5	5	200	220	FitForExport	24	2025-04-05 20:24:48.900243+00
1128	205	UG/115/009/24112777	10	70	0.5	5	350	385	FitForExport	17	2025-04-05 20:24:48.900243+00
1135	206	UG/104/01/24102374	1	40	0	5.5	220	220	Pending	\N	2025-04-05 20:31:55.297653+00
1136	206	UG/106/01/35001	1	40	0.5	5.5	220	240	Pending	\N	2025-04-05 20:31:55.297653+00
1137	206	UG/105/09/24102453	10	100	0	8	800	800	Pending	\N	2025-04-05 20:31:55.297653+00
1138	206	UG/105/013/24102453	16	150	0.5	8	1200	1275	Pending	\N	2025-04-05 20:31:55.297653+00
1139	206	UG/108/023/24112522	37	20	0.5	5.5	110	120	Pending	\N	2025-04-05 20:31:55.297653+00
1140	206	UG/113/032/24102456	47	70	0	8	560	560	Pending	\N	2025-04-05 20:31:55.297653+00
1141	206	UG/105/033/24102453	48	40	0.5	5.5	220	240	Pending	\N	2025-04-05 20:31:55.297653+00
\.


--
-- Data for Name: qcp4_recommendations; Type: TABLE DATA; Schema: public; Owner: -
--

COPY public.qcp4_recommendations (id, qcp4_id, status, qcp4_product_id, reason, weight_rejected, weight_passed, user_id, exportcompany_id, created_at) FROM stdin;
1	1	FitForExport	1		0	1155	320	206	2025-03-26 16:17:39.03556+00
2	1	FitForExport	2		0	220	320	206	2025-03-26 16:18:02.878471+00
3	1	FitForExport	3		0	270	320	206	2025-03-26 16:18:44.259926+00
4	1	FitForExport	4		0	430	320	206	2025-03-26 16:18:53.983596+00
5	1	FitForExport	5		0	400	320	206	2025-03-26 16:21:02.494212+00
6	1	FitForExport	6		0	160	320	206	2025-03-26 16:21:14.172845+00
7	1	FitForExport	7		0	450	320	206	2025-03-26 16:21:23.686188+00
8	3	FitForExport	15		0	100	322	147	2025-03-27 06:33:25.136738+00
9	3	FitForExport	16		0	450	322	147	2025-03-27 06:33:37.859328+00
10	3	FitForExport	17		0	450	322	147	2025-03-27 06:35:56.317548+00
11	3	FitForExport	18		0	950	322	147	2025-03-27 06:36:03.37435+00
12	3	FitForExport	19		0	950	322	147	2025-03-27 06:36:08.675195+00
13	3	FitForExport	20		0	950	322	147	2025-03-27 06:36:13.525564+00
14	3	FitForExport	21		0	950	322	147	2025-03-27 06:36:19.159622+00
15	3	FitForExport	22		0	950	322	147	2025-03-27 06:36:23.385857+00
16	2	FitForExport	8		0	150	319	182	2025-03-27 09:34:33.111753+00
17	2	FitForExport	9		0	50	319	182	2025-03-27 09:34:45.360373+00
18	2	FitForExport	10		0	300	319	182	2025-03-27 09:34:56.562029+00
19	2	FitForExport	11		0	315	319	182	2025-03-27 09:35:07.884367+00
20	2	FitForExport	12		0	75	319	182	2025-03-27 09:35:17.16499+00
21	2	FitForExport	13		0	16.4	319	182	2025-03-27 09:35:26.995476+00
22	2	FitForExport	14		0	25	319	182	2025-03-27 09:35:40.074607+00
23	4	FitForExport	23		0	30	325	217	2025-03-27 10:08:58.703579+00
24	4	FitForExport	24		0	170	325	217	2025-03-27 10:09:12.778426+00
25	4	FitForExport	25		0	126	325	217	2025-03-27 10:09:31.743736+00
26	4	FitForExport	26		0	40	325	217	2025-03-27 10:09:48.152633+00
27	4	FitForExport	27		0	720	325	217	2025-03-27 10:09:58.849929+00
28	6	FitForExport	34		0	450	322	220	2025-03-27 13:19:08.58706+00
29	6	FitForExport	35		0	2000	322	220	2025-03-27 13:19:20.181271+00
30	9	FitForExport	45		0	240	316	254	2025-03-27 14:34:36.192695+00
31	9	FitForExport	46		0	256	316	254	2025-03-27 14:34:45.288522+00
32	9	FitForExport	47		0	400	316	254	2025-03-27 14:34:55.1756+00
33	9	FitForExport	48		0	472	316	254	2025-03-27 14:35:04.245557+00
34	9	FitForExport	49		0	315	316	254	2025-03-27 14:35:14.630935+00
35	9	FitForExport	50		0	250	316	254	2025-03-27 14:35:24.686154+00
36	9	FitForExport	51		0	90	316	254	2025-03-27 14:35:35.244055+00
37	8	FitForExport	43		0	800	320	241	2025-03-27 16:22:53.782456+00
38	8	FitForExport	44		0	204	320	241	2025-03-27 16:23:04.065901+00
39	10	FitForExport	52		0	3500	322	221	2025-03-27 16:37:05.147832+00
40	7	FitForExport	36		0	200	322	221	2025-03-27 16:43:12.295992+00
41	7	FitForExport	37		0	300	322	221	2025-03-27 16:43:26.665917+00
42	7	FitForExport	38		0	50	322	221	2025-03-27 16:43:36.964942+00
43	7	FitForExport	39		0	100	322	221	2025-03-27 16:43:48.674567+00
44	7	FitForExport	40		0	400	322	221	2025-03-27 16:43:58.117043+00
45	7	FitForExport	41		0	100	322	221	2025-03-27 16:44:06.231443+00
46	7	FitForExport	42		0	630	322	221	2025-03-27 16:44:16.634038+00
47	12	FitForExport	59		0	800	326	214	2025-03-27 17:16:39.485501+00
48	12	FitForExport	61		0	1200	326	214	2025-03-27 17:18:23.148552+00
49	12	FitForExport	62		0	330	326	214	2025-03-27 17:19:24.570234+00
50	12	FitForExport	63		0	330	326	214	2025-03-27 17:20:58.435292+00
51	12	FitForExport	60		0	560	326	214	2025-03-27 17:22:47.79969+00
52	12	FitForExport	57		0	250	326	214	2025-03-27 17:24:41.504791+00
53	12	FitForExport	55		0	330	326	214	2025-03-27 17:26:46.870033+00
54	12	FitForExport	58		0	550	326	214	2025-03-27 17:28:19.396242+00
55	12	FitForExport	56		0	240	326	214	2025-03-27 17:31:44.325051+00
56	13	FitForExport	68		0	600	326	214	2025-03-27 17:57:57.260681+00
57	13	FitForExport	67		0	140	326	214	2025-03-27 18:00:52.315174+00
58	13	FitForExport	70		0	200	326	214	2025-03-27 18:06:35.28133+00
59	13	FitForExport	66		0	230	326	214	2025-03-27 18:07:22.814553+00
60	13	FitForExport	69		0	42	326	214	2025-03-27 18:09:21.260416+00
61	13	FitForExport	65		0	100	326	214	2025-03-27 18:10:17.771609+00
62	13	FitForExport	64		0	60	326	214	2025-03-27 18:15:30.885723+00
63	11	FitForExport	53		0	600	323	236	2025-03-27 18:30:42.751032+00
64	11	FitForExport	54		0	200	323	236	2025-03-27 18:31:57.81329+00
65	14	FitForExport	71		0	1065	319	182	2025-03-27 18:58:59.394391+00
66	14	FitForExport	72		0	2430	319	182	2025-03-27 18:59:06.199208+00
67	14	FitForExport	73		0	2167.5	319	182	2025-03-27 18:59:13.831229+00
68	14	FitForExport	74		0	727.5	319	182	2025-03-27 18:59:20.213559+00
69	14	FitForExport	75		0	150	319	182	2025-03-27 18:59:26.630792+00
70	14	FitForExport	76		0	192.5	319	182	2025-03-27 18:59:32.674073+00
71	14	FitForExport	77		0	157.5	319	182	2025-03-27 18:59:39.149508+00
72	14	FitForExport	78		0	37.5	319	182	2025-03-27 18:59:46.909502+00
73	14	FitForExport	79		0	560	319	182	2025-03-27 18:59:54.476769+00
74	14	FitForExport	80		0	155	319	182	2025-03-27 19:00:04.112001+00
75	14	FitForExport	81		0	500	319	182	2025-03-27 19:00:14.765645+00
76	14	FitForExport	82		0	157.5	319	182	2025-03-27 19:00:21.519588+00
77	14	FitForExport	83		0	3750	319	182	2025-03-27 19:00:28.274961+00
78	14	FitForExport	84		0	365	319	182	2025-03-27 19:00:35.032236+00
79	14	FitForExport	85		0	1377.6	319	182	2025-03-27 19:00:42.389385+00
80	14	FitForExport	86		0	835	319	182	2025-03-27 19:00:49.266205+00
81	14	FitForExport	87		0	1250	319	182	2025-03-27 19:00:56.442618+00
82	14	FitForExport	88		0	1192.5	319	182	2025-03-27 19:01:03.679024+00
83	14	FitForExport	89		0	241.5	319	182	2025-03-27 19:01:10.676639+00
85	14	FitForExport	91		0	56	319	182	2025-03-27 19:01:27.26067+00
86	14	FitForExport	92		0	73.5	319	182	2025-03-27 19:01:38.8462+00
87	14	FitForExport	93		0	205	319	182	2025-03-27 19:02:08.220231+00
90	14	FitForExport	96		0	135	319	182	2025-03-27 19:02:35.466179+00
91	14	FitForExport	97		0	100	319	182	2025-03-27 19:02:44.162792+00
84	14	FitForExport	90		0	147	319	182	2025-03-27 19:01:18.168409+00
88	14	FitForExport	94		0	185	319	182	2025-03-27 19:02:19.483803+00
89	14	FitForExport	95		0	130	319	182	2025-03-27 19:02:28.353536+00
92	16	FitForExport	103		0	165	324	185	2025-03-27 19:13:43.740298+00
93	16	FitForExport	102		0	350	324	185	2025-03-27 19:13:50.720376+00
94	16	FitForExport	101		0	350	324	185	2025-03-27 19:13:57.552701+00
95	16	FitForExport	100		0	230	324	185	2025-03-27 19:14:30.110512+00
96	5	FitForExport	28		0	420	326	208	2025-03-27 19:27:39.003407+00
97	17	FitForExport	104		0	1600	323	224	2025-03-27 19:27:46.274568+00
98	5	FitForExport	29		0	30	326	208	2025-03-27 19:27:52.644114+00
99	5	FitForExport	31		0	25	326	208	2025-03-27 19:28:09.352277+00
100	17	FitForExport	105		0	1395	323	224	2025-03-27 19:28:12.850994+00
101	5	FitForExport	32		0	200	326	208	2025-03-27 19:28:23.017533+00
102	5	FitForExport	30		0	350	326	208	2025-03-27 19:30:36.524622+00
103	5	FitForExport	33		0	50	326	208	2025-03-27 19:34:10.957323+00
104	18	FitForExport	106		0	1110	321	159	2025-03-27 20:57:13.534976+00
105	20	FitForExport	114		0	16	316	254	2025-03-28 05:27:22.004612+00
106	20	FitForExport	115		0	16	316	254	2025-03-28 05:27:28.555447+00
107	20	FitForExport	116		0	16	316	254	2025-03-28 05:27:37.875942+00
108	21	FitForExport	117		0	200	316	254	2025-03-28 06:00:40.628197+00
109	21	FitForExport	118		0	180	316	254	2025-03-28 06:00:47.641961+00
110	21	FitForExport	119		0	80	316	254	2025-03-28 06:01:13.977004+00
111	21	FitForExport	120		0	120	316	254	2025-03-28 06:01:33.430166+00
112	22	FitForExport	121		0	300	316	254	2025-03-28 06:06:14.71635+00
113	22	FitForExport	122		0	225	316	254	2025-03-28 06:06:21.145686+00
114	19	FitForExport	107		0	450	322	147	2025-03-28 06:38:48.306453+00
115	19	FitForExport	108		0	950	322	147	2025-03-28 06:38:58.057212+00
116	19	FitForExport	109		0	450	322	147	2025-03-28 06:39:03.030378+00
117	19	FitForExport	110		0	1045	322	147	2025-03-28 06:39:09.156518+00
118	19	FitForExport	111		0	1140	322	147	2025-03-28 06:39:15.047084+00
119	19	FitForExport	112		0	1140	322	147	2025-03-28 06:39:21.208905+00
120	19	FitForExport	113		0	210	322	147	2025-03-28 06:39:26.79841+00
121	23	FitForExport	128		0	2000	326	218	2025-03-28 07:30:24.576105+00
122	23	FitForExport	123		0	200	326	218	2025-03-28 07:32:23.730528+00
123	23	FitForExport	127		0	80	326	218	2025-03-28 07:33:42.050151+00
124	23	FitForExport	125		0	65	326	218	2025-03-28 07:34:28.750894+00
125	23	FitForExport	126		0	50	326	218	2025-03-28 07:36:28.85469+00
126	23	FitForExport	124		0	30	326	218	2025-03-28 07:40:40.449974+00
127	24	FitForExport	135		0	175	326	218	2025-03-28 07:46:31.923831+00
128	24	FitForExport	139		0	354	326	218	2025-03-28 07:49:48.086341+00
129	24	FitForExport	138		0	560	326	218	2025-03-28 07:51:34.228244+00
130	24	FitForExport	129		0	40	326	218	2025-03-28 07:52:50.498002+00
131	24	FitForExport	134		0	240	326	218	2025-03-28 07:54:00.276692+00
132	24	FitForExport	130		0	560	326	218	2025-03-28 07:55:01.200261+00
133	24	FitForExport	132		0	35	326	218	2025-03-28 07:56:28.941814+00
134	24	FitForExport	136		0	175	326	218	2025-03-28 07:57:43.310853+00
135	24	FitForExport	131		0	200	326	218	2025-03-28 07:58:50.411352+00
136	24	FitForExport	133		0	126	326	218	2025-03-28 07:59:55.184381+00
137	24	FitForExport	137		0	95	326	218	2025-03-28 08:02:04.221271+00
138	29	FitForExport	152		0	50	320	192	2025-03-28 13:47:02.411292+00
139	29	FitForExport	153		0	1000	320	192	2025-03-28 13:47:12.650161+00
140	29	FitForExport	154		0	500	320	192	2025-03-28 13:47:22.602228+00
141	29	FitForExport	155		0	1000	320	192	2025-03-28 13:47:32.913912+00
142	29	FitForExport	156		0	200	320	192	2025-03-28 13:47:41.946056+00
143	29	FitForExport	157		0	300	320	192	2025-03-28 13:47:50.429071+00
144	26	FitForExport	141		0	2730	326	218	2025-03-28 14:05:50.104712+00
145	25	FitForExport	140		0	2020	326	218	2025-03-28 14:16:23.64252+00
146	32	FitForExport	176		0	80	326	218	2025-03-28 14:38:49.421136+00
147	32	FitForExport	178		0	240	326	218	2025-03-28 14:40:34.655922+00
148	32	FitForExport	175		0	50	326	218	2025-03-28 14:42:32.830049+00
149	32	FitForExport	177		0	150	326	218	2025-03-28 14:43:49.932182+00
150	32	FitForExport	180		0	560	326	218	2025-03-28 14:45:32.042916+00
151	32	FitForExport	181		0	50	326	218	2025-03-28 14:47:01.249839+00
152	32	FitForExport	179		0	100	326	218	2025-03-28 14:49:23.015174+00
153	32	FitForExport	174		0	75	326	218	2025-03-28 15:02:00.688074+00
154	37	FitForExport	202		0	1600	319	129	2025-03-28 16:29:36.112859+00
155	37	FitForExport	203		0	800	319	129	2025-03-28 16:29:45.88607+00
156	37	FitForExport	204		0	100	319	129	2025-03-28 16:29:57.93394+00
157	37	FitForExport	205		0	140	319	129	2025-03-28 16:30:05.880264+00
158	37	FitForExport	206		0	250	319	129	2025-03-28 16:30:13.762694+00
159	38	FitForExport	207		0	50	327	186	2025-03-28 17:03:05.127267+00
160	38	FitForExport	208		0	140	327	186	2025-03-28 17:03:10.636927+00
161	38	FitForExport	209		0	300	327	186	2025-03-28 17:03:15.081161+00
162	38	FitForExport	210		0	105	327	186	2025-03-28 17:03:19.503225+00
163	38	FitForExport	211		0	180	327	186	2025-03-28 17:03:24.067085+00
164	38	FitForExport	212		0	210	327	186	2025-03-28 17:03:29.909749+00
165	38	FitForExport	213		0	75	327	186	2025-03-28 17:03:36.910195+00
166	36	FitForExport	195		0	540	327	186	2025-03-28 17:17:38.171383+00
167	36	FitForExport	196		0	500	327	186	2025-03-28 17:17:48.755696+00
168	36	FitForExport	197		0	140	327	186	2025-03-28 17:17:57.380682+00
169	36	FitForExport	198		0	100	327	186	2025-03-28 17:18:02.040714+00
170	36	FitForExport	199		0	840	327	186	2025-03-28 17:18:07.172694+00
171	36	FitForExport	200		0	390	327	186	2025-03-28 17:18:12.926334+00
172	36	FitForExport	201		0	1050	327	186	2025-03-28 17:18:18.731728+00
173	33	FitForExport	182		0	800	319	210	2025-03-28 17:23:27.91165+00
174	33	FitForExport	183		0	200	319	210	2025-03-28 17:23:41.395123+00
175	39	FitForExport	214		0	50	323	146	2025-03-28 17:28:36.597512+00
176	39	FitForExport	215		0	68	323	146	2025-03-28 17:28:48.207008+00
177	39	FitForExport	216		0	160	323	146	2025-03-28 17:28:59.413106+00
178	39	FitForExport	217		0	64	323	146	2025-03-28 17:29:10.93974+00
179	39	FitForExport	218		0	48	323	146	2025-03-28 17:29:19.645533+00
180	39	FitForExport	219		0	24	323	146	2025-03-28 17:29:30.759341+00
181	39	FitForExport	220		0	16	323	146	2025-03-28 17:29:39.596519+00
182	40	FitForExport	225		0	1500	317	252	2025-03-28 17:43:53.347486+00
183	40	FitForExport	224		0	52.5	317	252	2025-03-28 17:44:02.253931+00
184	40	FitForExport	223		0	240	317	252	2025-03-28 17:44:08.485716+00
185	40	FitForExport	222		0	1000	317	252	2025-03-28 17:44:14.42577+00
186	40	FitForExport	221		0	2500	317	252	2025-03-28 17:44:21.488061+00
187	41	FitForExport	226		0	80	324	262	2025-03-28 17:48:24.428295+00
188	41	FitForExport	227		0	640	324	262	2025-03-28 17:48:34.353775+00
189	41	FitForExport	228		0	28	324	262	2025-03-28 17:48:42.385678+00
190	41	FitForExport	229		0	68	324	262	2025-03-28 17:48:52.668353+00
191	31	FitForExport	166		0	1000	326	208	2025-03-28 18:06:54.857459+00
192	31	FitForExport	167		0	1000	326	208	2025-03-28 18:07:13.05341+00
193	31	FitForExport	172		0	500	326	208	2025-03-28 18:08:27.199619+00
194	31	FitForExport	170		0	10	326	208	2025-03-28 18:10:09.122573+00
195	31	FitForExport	169		0	350	326	208	2025-03-28 18:13:50.244662+00
196	31	FitForExport	171		0	700	326	208	2025-03-28 18:15:13.00039+00
197	31	FitForExport	173		0	250	326	208	2025-03-28 18:16:35.493808+00
198	31	FitForExport	165		0	1190	326	208	2025-03-28 18:16:56.73405+00
199	31	FitForExport	168		0	300	326	208	2025-03-28 18:18:29.635013+00
200	42	FitForExport	230		0	980	322	228	2025-03-28 18:44:15.677684+00
201	42	FitForExport	231		0	200	322	228	2025-03-28 18:44:23.72515+00
202	42	FitForExport	232		0	1000	322	228	2025-03-28 18:44:29.660493+00
203	42	FitForExport	233		0	900	322	228	2025-03-28 18:44:37.591086+00
204	42	FitForExport	235		0	4.5	322	228	2025-03-28 18:44:45.776319+00
205	43	FitForExport	236		0	900	322	228	2025-03-28 19:26:39.368271+00
206	43	FitForExport	237		0	980	322	228	2025-03-28 19:26:46.572007+00
207	43	FitForExport	238		0	1000	322	228	2025-03-28 19:26:53.410818+00
208	43	FitForExport	239		0	50	322	228	2025-03-28 19:27:02.714498+00
209	43	FitForExport	240		0	200	322	228	2025-03-28 19:27:10.334195+00
210	28	FitForExport	148		0	1400	322	220	2025-03-29 00:14:31.298487+00
211	28	FitForExport	149		0	5000	322	220	2025-03-29 00:14:38.841299+00
212	28	FitForExport	150		0	400	322	220	2025-03-29 00:14:49.963915+00
213	28	FitForExport	151		0	1000	322	220	2025-03-29 00:14:56.940192+00
214	44	FitForExport	241		0	120	320	241	2025-03-29 00:19:49.214733+00
215	44	FitForExport	242		0	100	320	241	2025-03-29 00:20:05.024308+00
216	44	FitForExport	243		0	200	320	241	2025-03-29 00:20:20.924377+00
217	44	FitForExport	244		0	704	320	241	2025-03-29 00:20:38.139895+00
218	35	FitForExport	194		0	1600	326	246	2025-03-29 03:39:24.705916+00
219	35	FitForExport	193		0	1008	326	246	2025-03-29 03:39:28.390505+00
220	35	FitForExport	192		0	400	326	246	2025-03-29 03:39:32.075748+00
221	35	FitForExport	191		0	800	326	246	2025-03-29 03:39:36.364959+00
222	27	FitForExport	142		0	675	322	147	2025-03-29 06:08:59.182668+00
223	27	FitForExport	143		0	750	322	147	2025-03-29 06:09:03.9977+00
224	27	FitForExport	144		0	300	322	147	2025-03-29 06:09:08.891814+00
225	27	FitForExport	145		0	450	322	147	2025-03-29 06:09:13.348483+00
226	27	FitForExport	146		0	120	322	147	2025-03-29 06:09:18.099491+00
227	27	FitForExport	147		0	60	322	147	2025-03-29 06:09:22.807918+00
228	30	FitForExport	158		0	80	322	147	2025-03-29 06:12:35.252716+00
229	30	FitForExport	159		0	475	322	147	2025-03-29 06:12:40.064091+00
230	30	FitForExport	160		0	475	322	147	2025-03-29 06:12:44.491971+00
231	30	FitForExport	161		0	950	322	147	2025-03-29 06:12:48.628121+00
232	30	FitForExport	162		0	950	322	147	2025-03-29 06:12:54.367238+00
233	30	FitForExport	163		0	760	322	147	2025-03-29 06:12:59.026821+00
234	30	FitForExport	164		0	30	322	147	2025-03-29 06:13:03.608317+00
235	45	FitForExport	245		0	925	322	147	2025-03-29 06:15:23.065228+00
236	45	FitForExport	246		0	925	322	147	2025-03-29 06:15:27.775134+00
237	47	FitForExport	252		0	959.5	325	227	2025-03-29 07:36:39.664864+00
238	47	FitForExport	253		0	2240	325	227	2025-03-29 07:36:54.510237+00
239	46	FitForExport	247		0	50	320	192	2025-03-29 08:41:47.55359+00
240	46	FitForExport	248		0	350	320	192	2025-03-29 08:42:00.293447+00
241	46	FitForExport	249		0	30	320	192	2025-03-29 08:42:10.312675+00
242	46	FitForExport	250		0	300	320	192	2025-03-29 08:42:29.01596+00
243	46	FitForExport	251		0	100	320	192	2025-03-29 08:42:39.167025+00
244	34	FitForExport	184		0	110	320	223	2025-03-29 11:04:33.934393+00
245	34	FitForExport	185		0	405	320	223	2025-03-29 11:04:41.981013+00
246	34	FitForExport	186		0	135	320	223	2025-03-29 11:04:51.575412+00
247	34	FitForExport	187		0	750	320	223	2025-03-29 11:04:59.692201+00
248	34	FitForExport	188		0	292.5	320	223	2025-03-29 11:05:07.138899+00
249	34	FitForExport	189		0	975	320	223	2025-03-29 11:05:13.634507+00
250	34	FitForExport	190		0	440.09999999999997	320	223	2025-03-29 11:05:24.465912+00
251	49	FitForExport	265		0	280	320	241	2025-03-29 13:05:49.779264+00
252	49	FitForExport	266		0	30	320	241	2025-03-29 13:05:59.933829+00
253	49	FitForExport	267		0	104	320	241	2025-03-29 13:06:09.966637+00
254	49	FitForExport	268		0	400	320	241	2025-03-29 13:06:20.016668+00
255	49	FitForExport	269		0	144	320	241	2025-03-29 13:06:30.333282+00
256	50	FitForExport	270		0	1000	320	241	2025-03-29 13:09:06.608146+00
257	51	FitForExport	272		0	120	324	235	2025-03-29 14:38:51.414368+00
258	51	FitForExport	271		0	120	324	235	2025-03-29 14:39:19.645709+00
259	52	FitForExport	273		0	135	324	235	2025-03-29 14:48:50.092667+00
260	53	FitForExport	279		0	20	317	136	2025-03-29 17:26:20.700362+00
261	53	FitForExport	278		0	30	317	136	2025-03-29 17:26:25.35009+00
262	53	FitForExport	277		0	50	317	136	2025-03-29 17:26:31.448413+00
263	53	FitForExport	276		0	500	317	136	2025-03-29 17:26:35.660597+00
264	53	FitForExport	275		0	10	317	136	2025-03-29 17:26:41.298182+00
265	53	FitForExport	274		0	200	317	136	2025-03-29 17:26:45.858321+00
266	60	FitForExport	333		0	110	324	185	2025-03-29 18:38:46.71358+00
267	60	FitForExport	332		0	210	324	185	2025-03-29 18:38:53.586434+00
268	60	FitForExport	331		0	350	324	185	2025-03-29 18:39:03.372106+00
269	60	FitForExport	330		0	150	324	185	2025-03-29 18:39:12.892088+00
270	60	FitForExport	329		0	350	324	185	2025-03-29 18:39:19.389707+00
271	60	FitForExport	328		0	110	324	185	2025-03-29 18:39:28.414201+00
272	54	FitForExport	280		0	800	321	131	2025-03-29 19:06:49.750943+00
273	54	FitForExport	281		0	6	321	131	2025-03-29 19:07:01.320451+00
274	54	FitForExport	282		0	550	321	131	2025-03-29 19:16:20.480711+00
275	54	FitForExport	283		0	215	321	131	2025-03-29 19:25:53.502973+00
276	62	FitForExport	339		0	204	321	201	2025-03-30 00:59:06.734389+00
277	62	FitForExport	337		0	350	321	201	2025-03-30 01:01:56.450445+00
278	62	FitForExport	336		0	497	321	201	2025-03-30 01:05:36.33843+00
279	62	FitForExport	335		0	84	321	201	2025-03-30 01:09:37.469649+00
280	62	FitForExport	338		0	217	321	201	2025-03-30 01:12:30.276452+00
281	62	FitForExport	340		0	150	321	201	2025-03-30 01:14:12.097034+00
282	58	FitForExport	310		0	700	326	214	2025-03-30 02:05:49.55429+00
283	58	FitForExport	311		0	700	326	214	2025-03-30 02:06:34.578491+00
284	58	FitForExport	312		0	700	326	214	2025-03-30 02:07:54.674191+00
285	58	FitForExport	313		0	800	326	214	2025-03-30 02:08:50.924934+00
286	58	FitForExport	314		0	1000	326	214	2025-03-30 02:10:10.178334+00
287	58	FitForExport	315		0	500	326	214	2025-03-30 02:11:10.2827+00
288	55	FitForExport	287		0	150	326	208	2025-03-30 02:41:41.535675+00
289	55	FitForExport	285		0	100	326	208	2025-03-30 02:43:34.843069+00
290	55	FitForExport	286		0	50	326	208	2025-03-30 02:44:53.067557+00
291	55	FitForExport	284		0	84	326	208	2025-03-30 02:45:04.740205+00
292	55	FitForExport	289		0	100	326	208	2025-03-30 02:46:50.334645+00
293	55	FitForExport	290		0	75	326	208	2025-03-30 02:47:02.08772+00
294	55	FitForExport	293		0	80	326	208	2025-03-30 02:48:05.597624+00
295	55	FitForExport	288		0	10	326	208	2025-03-30 02:49:50.05009+00
296	55	FitForExport	291		0	50	326	208	2025-03-30 02:51:06.529453+00
297	55	FitForExport	294		0	250	326	208	2025-03-30 02:53:34.038068+00
298	55	FitForExport	292		0	80	326	208	2025-03-30 02:53:49.545009+00
299	63	FitForExport	341		0	204	320	241	2025-03-30 02:58:07.778393+00
300	63	FitForExport	342		0	750	320	241	2025-03-30 02:58:26.362578+00
301	57	FitForExport	302		0	280	326	208	2025-03-30 02:58:33.633135+00
302	57	FitForExport	305		0	30	326	208	2025-03-30 02:58:48.259463+00
303	57	FitForExport	307		0	150	326	208	2025-03-30 02:59:02.589455+00
304	57	FitForExport	309		0	20	326	208	2025-03-30 02:59:15.954227+00
305	57	FitForExport	306		0	160	326	208	2025-03-30 03:01:40.269986+00
306	57	FitForExport	304		0	400	326	208	2025-03-30 03:02:25.573937+00
307	57	FitForExport	303		0	10	326	208	2025-03-30 03:03:03.216807+00
308	57	FitForExport	308		0	70	326	208	2025-03-30 03:05:41.998462+00
309	56	FitForExport	295		0	100	324	261	2025-03-30 05:43:36.863999+00
310	56	FitForExport	296		0	120	324	261	2025-03-30 05:43:47.81694+00
311	56	FitForExport	297		0	500	324	261	2025-03-30 05:43:58.294065+00
312	56	FitForExport	298		0	80	324	261	2025-03-30 05:44:09.994249+00
313	56	FitForExport	299		0	70	324	261	2025-03-30 05:44:18.561687+00
314	56	FitForExport	300		0	100	324	261	2025-03-30 05:44:29.335166+00
315	56	FitForExport	301		0	320	324	261	2025-03-30 05:44:41.62825+00
316	66	FitForExport	354		0	200	327	186	2025-03-30 07:54:53.887948+00
317	66	FitForExport	355		0	100	327	186	2025-03-30 07:54:58.860742+00
318	66	FitForExport	356		0	270	327	186	2025-03-30 07:55:02.853804+00
319	66	FitForExport	357		0	280	327	186	2025-03-30 07:55:08.127795+00
320	66	FitForExport	358		0	300	327	186	2025-03-30 07:55:12.859978+00
321	66	FitForExport	359		0	140	327	186	2025-03-30 07:55:17.126435+00
322	66	FitForExport	360		0	560	327	186	2025-03-30 07:55:20.911251+00
323	65	FitForExport	350		0	388	327	186	2025-03-30 07:58:15.840635+00
324	65	FitForExport	351		0	448	327	186	2025-03-30 07:58:24.127431+00
325	65	FitForExport	352		0	1024	327	186	2025-03-30 07:58:29.820421+00
326	65	FitForExport	353		0	188	327	186	2025-03-30 07:58:36.126649+00
327	64	FitForExport	343		0	500	327	186	2025-03-30 08:01:11.251747+00
328	64	FitForExport	344		0	1120	327	186	2025-03-30 08:01:16.927399+00
329	64	FitForExport	345		0	200	327	186	2025-03-30 08:01:23.04658+00
330	64	FitForExport	346		0	280	327	186	2025-03-30 08:01:29.377167+00
331	64	FitForExport	347		0	300	327	186	2025-03-30 08:01:34.137937+00
332	64	FitForExport	348		0	200	327	186	2025-03-30 08:01:39.330116+00
333	64	FitForExport	349		0	700	327	186	2025-03-30 08:01:45.090066+00
334	70	FitForExport	367		0	300	319	129	2025-03-30 10:26:33.09105+00
335	70	FitForExport	368		0	360	319	129	2025-03-30 10:26:41.192951+00
336	70	FitForExport	369		0	400	319	129	2025-03-30 10:26:49.31082+00
337	70	FitForExport	370		0	1000	319	129	2025-03-30 10:26:58.110031+00
338	70	FitForExport	371		0	400	319	129	2025-03-30 10:27:06.650012+00
339	70	FitForExport	372		0	250	319	129	2025-03-30 10:27:16.658401+00
340	70	FitForExport	373		0	480	319	129	2025-03-30 10:27:38.438023+00
341	72	FitForExport	378		0	1200	320	241	2025-03-30 12:05:19.397288+00
342	73	FitForExport	379		0	1000	320	241	2025-03-30 12:07:18.296574+00
343	71	FitForExport	374		0	900	320	241	2025-03-30 12:09:14.751721+00
344	71	FitForExport	375		0	80	320	241	2025-03-30 12:09:27.296164+00
345	71	FitForExport	376		0	36	320	241	2025-03-30 12:09:44.575579+00
346	71	FitForExport	377		0	200	320	241	2025-03-30 12:10:02.921097+00
347	69	FitForExport	365		0	800	320	241	2025-03-30 12:11:57.510277+00
348	69	FitForExport	366		0	204	320	241	2025-03-30 12:12:14.533809+00
349	68	FitForExport	364		0	600	320	241	2025-03-30 12:14:27.301006+00
350	75	FitForExport	392		0	460	316	149	2025-03-30 14:27:14.938845+00
351	75	FitForExport	393		0	220	316	149	2025-03-30 14:27:22.088059+00
352	75	FitForExport	394		0	30	316	149	2025-03-30 14:27:29.683336+00
353	75	FitForExport	395		0	70	316	149	2025-03-30 14:27:36.234435+00
354	75	FitForExport	389		0	80	316	149	2025-03-30 14:29:28.212111+00
355	75	FitForExport	390		0	84	316	149	2025-03-30 14:29:41.231861+00
356	75	FitForExport	391		0	830	316	149	2025-03-30 14:29:49.851237+00
357	76	FitForExport	396		0	285	325	227	2025-03-30 14:44:13.998222+00
358	67	FitForExport	361		0	208	316	222	2025-03-30 17:16:26.237533+00
359	67	FitForExport	362		0	150	316	222	2025-03-30 17:16:35.258064+00
360	67	FitForExport	363		0	600	316	222	2025-03-30 17:16:54.577541+00
361	80	FitForExport	407		0	940	321	159	2025-03-30 17:56:10.573432+00
362	82	FitForExport	417		0	100	321	159	2025-03-30 18:13:16.698015+00
363	82	FitForExport	418		0	260	321	159	2025-03-30 18:21:25.68791+00
364	79	FitForExport	406		0	290	321	159	2025-03-30 18:37:34.574973+00
365	86	FitForExport	431		0	1102.5	319	182	2025-03-30 18:42:32.887912+00
366	86	FitForExport	432		0	1500	319	182	2025-03-30 18:42:40.827211+00
367	86	FitForExport	433		0	1440	319	182	2025-03-30 18:42:48.610059+00
368	86	FitForExport	434		0	1372.5	319	182	2025-03-30 18:42:55.368965+00
369	86	FitForExport	435		0	375	319	182	2025-03-30 18:43:02.889073+00
370	86	FitForExport	436		0	225	319	182	2025-03-30 18:43:21.990328+00
371	86	FitForExport	437		0	8.100000000000001	319	182	2025-03-30 18:43:55.377449+00
372	86	FitForExport	438		0	409.99999999999994	319	182	2025-03-30 18:44:56.407428+00
373	86	FitForExport	439		0	247.5	319	182	2025-03-30 18:45:03.37155+00
374	86	FitForExport	440		0	65	319	182	2025-03-30 18:45:18.894897+00
375	86	FitForExport	441		0	149.60000000000002	319	182	2025-03-30 18:45:27.023503+00
376	86	FitForExport	442		0	17.6	319	182	2025-03-30 18:45:34.40336+00
377	86	FitForExport	443		0	318.6	319	182	2025-03-30 18:45:41.667997+00
378	86	FitForExport	444		0	122.5	319	182	2025-03-30 18:45:48.564315+00
379	86	FitForExport	445		0	203	319	182	2025-03-30 18:45:55.369571+00
380	86	FitForExport	446		0	63	319	182	2025-03-30 18:46:03.580152+00
381	86	FitForExport	447		0	70	319	182	2025-03-30 18:46:10.542356+00
382	86	FitForExport	448		0	250	319	182	2025-03-30 18:46:17.609849+00
383	86	FitForExport	449		0	195	319	182	2025-03-30 18:46:24.81704+00
384	86	FitForExport	450		0	275	319	182	2025-03-30 18:46:31.739349+00
385	86	FitForExport	451		0	175	319	182	2025-03-30 18:46:41.983557+00
386	86	FitForExport	452		0	325	319	182	2025-03-30 18:46:50.784289+00
387	86	FitForExport	453		0	85	319	182	2025-03-30 18:46:58.53984+00
388	83	FitForExport	419		0	240	323	181	2025-03-30 18:52:16.946843+00
389	83	FitForExport	420		0	560	323	181	2025-03-30 18:52:34.263552+00
390	83	FitForExport	421		0	30	323	181	2025-03-30 18:52:45.869368+00
391	83	FitForExport	422		0	2080	323	181	2025-03-30 18:53:02.11777+00
392	83	FitForExport	423		0	360	323	181	2025-03-30 18:53:16.267595+00
393	83	FitForExport	424		0	410	323	181	2025-03-30 18:53:29.001195+00
394	83	FitForExport	425		0	48	323	181	2025-03-30 18:53:38.039567+00
395	83	FitForExport	426		0	1000	323	181	2025-03-30 18:53:49.362153+00
396	83	FitForExport	427		0	80	323	181	2025-03-30 18:53:57.677113+00
397	85	FitForExport	430		0	2597	321	159	2025-03-30 18:55:40.259746+00
398	85	FitForExport	429		0	510	321	159	2025-03-30 18:58:41.514553+00
399	88	FitForExport	477		0	189	317	237	2025-03-30 19:03:39.689281+00
400	88	FitForExport	476		0	920	317	237	2025-03-30 19:03:45.43897+00
401	88	FitForExport	475		0	292.5	317	237	2025-03-30 19:03:49.848413+00
402	88	FitForExport	474		0	160	317	237	2025-03-30 19:03:54.808092+00
403	78	FitForExport	401		0	200	323	146	2025-03-30 19:03:56.371419+00
404	88	FitForExport	473		0	100	317	237	2025-03-30 19:03:59.299831+00
405	78	FitForExport	402		0	150	323	146	2025-03-30 19:04:06.496225+00
406	88	FitForExport	471		0	862.5	317	237	2025-03-30 19:04:07.30943+00
407	88	FitForExport	470		0	200	317	237	2025-03-30 19:04:13.215316+00
408	88	FitForExport	469		0	736	317	237	2025-03-30 19:04:22.896512+00
409	78	FitForExport	403		0	355	323	146	2025-03-30 19:04:23.24151+00
410	88	FitForExport	468		0	50	317	237	2025-03-30 19:04:27.484004+00
411	78	FitForExport	404		0	55	323	146	2025-03-30 19:04:32.958638+00
412	88	FitForExport	467		0	75	317	237	2025-03-30 19:04:34.33065+00
413	88	FitForExport	466		0	144	317	237	2025-03-30 19:04:40.012146+00
414	78	FitForExport	405		0	80	323	146	2025-03-30 19:04:44.373184+00
415	88	FitForExport	472		0	50	317	237	2025-03-30 19:04:56.812389+00
416	90	FitForExport	488		0	640	319	188	2025-03-30 19:15:37.63427+00
417	90	FitForExport	489		0	200	319	188	2025-03-30 19:15:41.870085+00
418	90	FitForExport	490		0	10	319	188	2025-03-30 19:15:45.414419+00
419	90	FitForExport	491		0	100	319	188	2025-03-30 19:15:48.473899+00
420	90	FitForExport	492		0	350	319	188	2025-03-30 19:15:53.202617+00
421	90	FitForExport	493		0	160	319	188	2025-03-30 19:15:57.352344+00
422	90	FitForExport	494		0	185	319	188	2025-03-30 19:16:03.231486+00
423	90	FitForExport	495		0	960	319	188	2025-03-30 19:16:06.466656+00
424	90	FitForExport	496		0	400	319	188	2025-03-30 19:16:09.876512+00
425	81	FitForExport	408		0	2300	323	146	2025-03-30 20:57:50.148652+00
426	81	FitForExport	409		0	160	323	146	2025-03-30 20:58:06.600711+00
427	81	FitForExport	410		0	90	323	146	2025-03-30 20:58:24.143542+00
428	81	FitForExport	411		0	80	323	146	2025-03-30 20:58:33.229291+00
429	81	FitForExport	412		0	110	323	146	2025-03-30 20:58:43.014365+00
430	81	FitForExport	413		0	610	323	146	2025-03-30 20:58:55.262319+00
431	81	FitForExport	414		0	24	323	146	2025-03-30 20:59:04.297536+00
432	81	FitForExport	415		0	160	323	146	2025-03-30 20:59:21.073228+00
433	81	FitForExport	416		0	80	323	146	2025-03-30 20:59:31.952028+00
434	92	FitForExport	504		0	350	326	214	2025-03-30 21:33:55.740305+00
435	87	FitForExport	454		0	220	326	174	2025-03-30 21:46:05.714242+00
436	87	FitForExport	455		0	2400	326	174	2025-03-30 21:46:19.128611+00
437	87	FitForExport	456		0	550	326	174	2025-03-30 21:46:29.759474+00
438	87	FitForExport	457		0	560	326	174	2025-03-30 21:46:41.090109+00
439	87	FitForExport	458		0	165	326	174	2025-03-30 21:46:51.329743+00
440	87	FitForExport	459		0	700	326	174	2025-03-30 21:47:06.432687+00
441	87	FitForExport	460		0	700	326	174	2025-03-30 21:47:16.46981+00
442	87	FitForExport	461		0	456.5	326	174	2025-03-30 21:47:29.784808+00
443	87	FitForExport	462		0	2100	326	174	2025-03-30 21:47:41.80486+00
444	87	FitForExport	463		0	456.5	326	174	2025-03-30 21:47:54.56903+00
445	87	FitForExport	464		0	462	326	174	2025-03-30 21:48:04.592291+00
446	87	FitForExport	465		0	1400	326	174	2025-03-30 21:48:20.320044+00
447	84	FitForExport	428		0	810	318	197	2025-03-30 21:49:13.29998+00
448	94	FitForExport	520		0	800	326	214	2025-03-30 21:55:52.918987+00
449	94	FitForExport	519		0	1200	326	214	2025-03-30 21:57:24.3241+00
450	94	FitForExport	518		0	220	326	214	2025-03-30 21:58:11.125195+00
451	94	FitForExport	513		0	220	326	214	2025-03-30 21:59:15.844281+00
452	94	FitForExport	514		0	560	326	214	2025-03-30 22:00:51.004369+00
453	94	FitForExport	515		0	440	326	214	2025-03-30 22:03:30.68481+00
454	94	FitForExport	516		0	165	326	214	2025-03-30 22:05:34.107483+00
455	94	FitForExport	517		0	240	326	214	2025-03-30 22:06:56.50447+00
456	93	FitForExport	511		0	275	326	214	2025-03-30 22:15:46.23495+00
457	93	FitForExport	512		0	275	326	214	2025-03-30 22:17:32.909279+00
458	93	FitForExport	510		0	550	326	214	2025-03-30 22:19:10.508442+00
459	93	FitForExport	507		0	400	326	214	2025-03-30 22:20:47.624668+00
460	91	FitForExport	497		0	592	318	197	2025-03-30 22:21:34.768302+00
461	91	FitForExport	498		0	225	318	197	2025-03-30 22:21:44.031081+00
462	91	FitForExport	499		0	1560	318	197	2025-03-30 22:21:53.616156+00
463	91	FitForExport	500		0	120	318	197	2025-03-30 22:22:02.383892+00
464	91	FitForExport	501		0	1080	318	197	2025-03-30 22:22:11.60904+00
465	91	FitForExport	502		0	800	318	197	2025-03-30 22:22:21.619717+00
466	93	FitForExport	508		0	800	326	214	2025-03-30 22:22:30.073734+00
467	91	FitForExport	503		0	40	318	197	2025-03-30 22:22:31.695288+00
468	93	FitForExport	505		0	500	326	214	2025-03-30 22:23:18.333805+00
469	93	FitForExport	506		0	500	326	214	2025-03-30 22:23:53.202285+00
470	93	FitForExport	509		0	400	326	214	2025-03-30 22:27:26.119309+00
471	89	FitForExport	481		0	1280	326	174	2025-03-30 23:18:41.055439+00
472	89	FitForExport	482		0	800	326	174	2025-03-30 23:19:54.354892+00
473	89	FitForExport	480		0	500	326	174	2025-03-30 23:21:28.808377+00
474	89	FitForExport	486		0	150	326	174	2025-03-30 23:23:36.070557+00
475	89	FitForExport	478		0	240	326	174	2025-03-30 23:25:21.759995+00
476	89	FitForExport	487		0	250	326	174	2025-03-30 23:26:46.104924+00
477	89	FitForExport	485		0	250	326	174	2025-03-30 23:26:58.918816+00
478	89	FitForExport	484		0	250	326	174	2025-03-30 23:27:09.908731+00
479	89	FitForExport	483		0	560	326	174	2025-03-30 23:28:09.933645+00
480	89	FitForExport	479		0	400	326	174	2025-03-30 23:31:10.599097+00
481	96	FitForExport	522		0	50	324	229	2025-03-31 01:25:17.483742+00
482	97	FitForExport	523		0	200	324	229	2025-03-31 01:41:17.519747+00
483	74	FitForExport	380		0	40	327	238	2025-03-31 05:33:59.266792+00
484	74	FitForExport	381		0	200	327	238	2025-03-31 05:34:10.492718+00
485	74	FitForExport	382		0	350	327	238	2025-03-31 05:34:19.693968+00
486	74	FitForExport	383		0	160	327	238	2025-03-31 05:34:27.250559+00
487	74	FitForExport	384		0	650	327	238	2025-03-31 05:34:31.79023+00
488	74	FitForExport	385		0	300	327	238	2025-03-31 05:34:36.449955+00
489	74	FitForExport	386		0	10	327	238	2025-03-31 05:34:42.151117+00
490	74	FitForExport	387		0	10	327	238	2025-03-31 05:34:46.428812+00
491	74	FitForExport	388		0	40	327	238	2025-03-31 05:34:55.067899+00
492	77	FitForExport	397		0	950	322	147	2025-03-31 05:36:19.231049+00
493	77	FitForExport	398		0	950	322	147	2025-03-31 05:36:27.253659+00
494	77	FitForExport	399		0	475	322	147	2025-03-31 05:36:35.45383+00
495	77	FitForExport	400		0	600	322	147	2025-03-31 05:36:43.956619+00
496	98	FitForExport	524		0	180	327	238	2025-03-31 05:44:49.086242+00
497	101	FitForExport	556		0	1050	318	236	2025-03-31 09:29:04.990574+00
498	101	FitForExport	557		0	1000	318	236	2025-03-31 09:29:15.443704+00
499	99	FitForExport	532		0	50	317	183	2025-03-31 09:49:35.42727+00
500	99	FitForExport	531		0	54	317	183	2025-03-31 09:49:40.295955+00
501	99	FitForExport	530		0	126	317	183	2025-03-31 09:49:44.165426+00
502	99	FitForExport	529		0	88	317	183	2025-03-31 09:49:47.736286+00
503	99	FitForExport	528		0	105	317	183	2025-03-31 09:49:54.265262+00
504	99	FitForExport	527		0	160	317	183	2025-03-31 09:49:59.005813+00
505	99	FitForExport	526		0	250	317	183	2025-03-31 09:50:03.439956+00
506	99	FitForExport	525		0	400	317	183	2025-03-31 09:50:06.86527+00
507	103	FitForExport	570		0	815	319	182	2025-03-31 10:46:53.952761+00
508	103	FitForExport	571		0	1566.1999999999998	319	182	2025-03-31 10:47:01.315571+00
509	103	FitForExport	572		0	3648.9999999999995	319	182	2025-03-31 10:47:08.026029+00
510	103	FitForExport	573		0	2460	319	182	2025-03-31 10:47:15.181818+00
511	103	FitForExport	574		0	600	319	182	2025-03-31 10:47:22.114976+00
512	103	FitForExport	575		0	51	319	182	2025-03-31 10:47:32.685122+00
513	103	FitForExport	576		0	60	319	182	2025-03-31 10:47:40.490106+00
514	103	FitForExport	577		0	160	319	182	2025-03-31 10:47:49.932433+00
515	103	FitForExport	578		0	2182.5	319	182	2025-03-31 10:47:56.982275+00
516	103	FitForExport	579		0	937.5	319	182	2025-03-31 10:48:05.964446+00
517	103	FitForExport	580		0	375	319	182	2025-03-31 10:48:13.394651+00
518	100	FitForExport	555		0	220	317	232	2025-03-31 11:43:12.690523+00
519	100	FitForExport	554		0	180	317	232	2025-03-31 11:43:18.873236+00
520	100	FitForExport	553		0	4	317	232	2025-03-31 11:43:26.26709+00
521	100	FitForExport	552		0	5	317	232	2025-03-31 11:43:30.376231+00
522	100	FitForExport	551		0	30	317	232	2025-03-31 11:43:36.585456+00
523	100	FitForExport	550		0	220	317	232	2025-03-31 11:43:49.019186+00
524	100	FitForExport	549		0	240	317	232	2025-03-31 11:44:06.504553+00
525	100	FitForExport	548		0	1025	317	232	2025-03-31 11:44:12.109101+00
526	100	FitForExport	547		0	500	317	232	2025-03-31 11:44:16.08916+00
527	100	FitForExport	546		0	100	317	232	2025-03-31 11:44:20.425309+00
528	100	FitForExport	545		0	2	317	232	2025-03-31 11:44:27.100385+00
529	100	FitForExport	544		0	2100	317	232	2025-03-31 11:44:37.259388+00
530	100	FitForExport	543		0	195	317	232	2025-03-31 11:44:44.90379+00
531	100	FitForExport	542		0	15	317	232	2025-03-31 11:44:56.0394+00
532	100	FitForExport	541		0	135	317	232	2025-03-31 11:45:04.199849+00
533	100	FitForExport	540		0	40	317	232	2025-03-31 11:45:57.79478+00
534	100	FitForExport	539		0	90	317	232	2025-03-31 11:46:02.054351+00
535	100	FitForExport	538		0	140	317	232	2025-03-31 11:46:09.654923+00
536	100	FitForExport	537		0	300	317	232	2025-03-31 11:46:16.46617+00
537	100	FitForExport	536		0	1092	317	232	2025-03-31 11:46:20.114349+00
538	100	FitForExport	535		0	100	317	232	2025-03-31 11:46:24.149579+00
539	100	FitForExport	534		0	198	317	232	2025-03-31 11:46:27.724+00
540	100	FitForExport	533		0	460	317	232	2025-03-31 11:46:31.788767+00
541	102	FitForExport	569		0	3300	317	232	2025-03-31 12:00:47.651398+00
542	102	FitForExport	568		0	1560	317	232	2025-03-31 12:01:05.198692+00
543	102	FitForExport	567		0	500	317	232	2025-03-31 12:01:09.239088+00
544	102	FitForExport	566		0	3400	317	232	2025-03-31 12:01:14.073325+00
545	102	FitForExport	565		0	280	317	232	2025-03-31 12:01:18.843009+00
546	102	FitForExport	564		0	400	317	232	2025-03-31 12:01:23.481784+00
547	102	FitForExport	563		0	600	317	232	2025-03-31 12:01:28.749896+00
548	102	FitForExport	562		0	1500	317	232	2025-03-31 12:01:33.666459+00
549	102	FitForExport	561		0	850	317	232	2025-03-31 12:01:37.503272+00
550	102	FitForExport	560		0	300	317	232	2025-03-31 12:01:41.399331+00
551	102	FitForExport	559		0	700	317	232	2025-03-31 12:01:47.205192+00
552	102	FitForExport	558		0	850	317	232	2025-03-31 12:01:50.600499+00
553	104	FitForExport	581		0	240	316	127	2025-03-31 13:38:15.849314+00
554	104	FitForExport	582		0	1160	316	127	2025-03-31 13:39:02.045357+00
555	104	FitForExport	583		0	2064	316	127	2025-03-31 13:40:40.740622+00
556	104	FitForExport	584		0	120	316	127	2025-03-31 13:40:57.687152+00
557	104	FitForExport	585		0	630	316	127	2025-03-31 13:41:32.747734+00
558	104	FitForExport	586		0	300	316	127	2025-03-31 13:44:02.368204+00
559	104	FitForExport	587		0	340	316	127	2025-03-31 13:44:27.756271+00
560	104	FitForExport	592		0	84	316	127	2025-03-31 13:45:47.497331+00
561	104	FitForExport	591		0	400	316	127	2025-03-31 13:46:20.398958+00
562	104	FitForExport	590		0	60	316	127	2025-03-31 13:47:28.737328+00
563	104	FitForExport	589		0	35	316	127	2025-03-31 13:48:00.652598+00
564	104	FitForExport	588		0	180	316	127	2025-03-31 13:48:37.114288+00
565	106	FitForExport	598		0	400	322	221	2025-03-31 13:50:09.62724+00
566	106	FitForExport	599		0	1200	322	221	2025-03-31 13:50:29.205312+00
567	105	FitForExport	593		0	450	322	221	2025-03-31 13:53:18.419206+00
568	105	FitForExport	594		0	630	322	221	2025-03-31 13:53:23.68152+00
569	105	FitForExport	595		0	100	322	221	2025-03-31 13:53:33.313047+00
570	105	FitForExport	596		0	250	322	221	2025-03-31 13:53:45.364317+00
571	105	FitForExport	597		0	100	322	221	2025-03-31 13:53:52.814444+00
572	107	FitForExport	600		0	40	319	188	2025-03-31 14:07:52.986917+00
573	107	FitForExport	601		0	665	319	188	2025-03-31 14:07:56.82296+00
574	107	FitForExport	602		0	150	319	188	2025-03-31 14:08:01.186278+00
575	107	FitForExport	603		0	20	319	188	2025-03-31 14:08:04.806743+00
576	107	FitForExport	604		0	15	319	188	2025-03-31 14:08:08.86706+00
577	107	FitForExport	605		0	40	319	188	2025-03-31 14:08:12.371582+00
578	107	FitForExport	606		0	40	319	188	2025-03-31 14:08:17.067021+00
579	107	FitForExport	607		0	60	319	188	2025-03-31 14:08:20.355481+00
580	108	FitForExport	608		0	15	325	227	2025-03-31 14:22:41.131848+00
581	108	FitForExport	609		0	215	325	227	2025-03-31 14:22:55.376005+00
582	108	FitForExport	610		0	30	325	227	2025-03-31 14:23:06.996243+00
583	111	FitForExport	623		0	820	324	229	2025-03-31 17:06:48.588311+00
584	111	FitForExport	624		0	200	324	229	2025-03-31 17:06:55.911013+00
585	61	FitForExport	334		0	925	320	133	2025-03-31 18:09:09.906561+00
586	48	FitForExport	263		0	2000	322	190	2025-03-31 18:33:09.79671+00
587	48	FitForExport	260		0	600	322	190	2025-03-31 18:34:27.556383+00
588	48	FitForExport	259		0	1000	322	190	2025-03-31 18:37:34.624541+00
589	48	FitForExport	255		0	500	322	190	2025-03-31 18:38:58.659508+00
590	48	FitForExport	261		0	100	322	190	2025-03-31 18:40:11.348257+00
591	48	FitForExport	262		0	30	322	190	2025-03-31 18:42:24.181171+00
592	48	FitForExport	258		0	50	322	190	2025-03-31 18:46:50.967504+00
593	48	FitForExport	257		0	24	322	190	2025-03-31 18:48:21.769978+00
594	48	FitForExport	254		0	120	322	190	2025-03-31 18:49:49.377286+00
595	48	FitForExport	264		0	100	322	190	2025-03-31 18:52:19.680022+00
596	48	FitForExport	256		0	36	322	190	2025-03-31 19:05:14.488133+00
597	112	FitForExport	625		0	120	318	141	2025-03-31 19:08:31.278931+00
598	112	FitForExport	626		0	180	318	141	2025-03-31 19:08:37.189523+00
599	112	FitForExport	627		0	250	318	141	2025-03-31 19:08:42.817235+00
600	112	FitForExport	628		0	69	318	141	2025-03-31 19:08:49.447415+00
601	112	FitForExport	629		0	140	318	141	2025-03-31 19:08:57.039972+00
602	112	FitForExport	630		0	100	318	141	2025-03-31 19:09:04.992645+00
603	112	FitForExport	631		0	49.800000000000004	318	141	2025-03-31 19:09:12.352146+00
604	112	FitForExport	632		0	70	318	141	2025-03-31 19:09:18.595191+00
605	112	FitForExport	633		0	63	318	141	2025-03-31 19:09:25.471148+00
606	112	FitForExport	634		0	5	318	141	2025-03-31 19:09:34.875081+00
607	113	FitForExport	635		0	100	318	128	2025-03-31 20:37:35.424181+00
608	113	FitForExport	636		0	49	318	128	2025-03-31 20:37:49.327015+00
609	113	FitForExport	637		0	60	318	128	2025-03-31 20:38:00.525998+00
610	113	FitForExport	638		0	30	318	128	2025-03-31 20:38:08.52615+00
611	113	FitForExport	639		0	60	318	128	2025-03-31 20:38:15.326164+00
612	113	FitForExport	640		0	182	318	128	2025-03-31 20:38:21.3643+00
613	113	FitForExport	641		0	105	318	128	2025-03-31 20:38:30.206421+00
614	113	FitForExport	642		0	64	318	128	2025-03-31 20:38:37.526009+00
615	113	FitForExport	643		0	90	318	128	2025-03-31 20:38:43.404334+00
616	113	FitForExport	644		0	20	318	128	2025-03-31 20:38:50.606167+00
617	113	FitForExport	645		0	100	318	128	2025-03-31 20:39:00.06511+00
618	113	FitForExport	646		0	100	318	128	2025-03-31 20:39:08.40354+00
619	113	FitForExport	647		0	70	318	128	2025-03-31 20:39:15.385511+00
620	113	FitForExport	648		0	30	318	128	2025-03-31 20:39:21.481164+00
621	113	FitForExport	649		0	80	318	128	2025-03-31 20:39:28.145564+00
622	113	FitForExport	650		0	60	318	128	2025-03-31 20:39:35.325591+00
623	115	FitForExport	652		0	20	316	254	2025-04-01 06:16:05.692084+00
624	115	FitForExport	653		0	16	316	254	2025-04-01 06:16:15.604669+00
625	115	FitForExport	654		0	18	316	254	2025-04-01 06:16:24.249283+00
626	109	FitForExport	611		0	475	322	147	2025-04-01 06:17:26.853779+00
627	109	FitForExport	612		0	950	322	147	2025-04-01 06:17:32.274155+00
628	109	FitForExport	613		0	950	322	147	2025-04-01 06:17:36.910079+00
629	109	FitForExport	614		0	950	322	147	2025-04-01 06:17:42.103655+00
630	109	FitForExport	615		0	420	322	147	2025-04-01 06:17:46.658745+00
631	109	FitForExport	616		0	600	322	147	2025-04-01 06:17:52.243977+00
632	116	FitForExport	655		0	640	316	254	2025-04-01 06:22:03.620927+00
633	110	FitForExport	617		0	825	322	147	2025-04-01 06:22:11.278284+00
634	110	FitForExport	618		0	900	322	147	2025-04-01 06:22:17.054336+00
635	110	FitForExport	619		0	450	322	147	2025-04-01 06:22:22.266475+00
636	110	FitForExport	620		0	225	322	147	2025-04-01 06:22:27.485903+00
637	110	FitForExport	621		0	200	322	147	2025-04-01 06:22:32.918113+00
638	110	FitForExport	622		0	250	322	147	2025-04-01 06:22:38.233669+00
639	117	FitForExport	656		0	120	324	264	2025-04-01 06:44:46.631169+00
640	117	FitForExport	657		0	70	324	264	2025-04-01 06:45:06.489655+00
641	117	FitForExport	658		0	5	324	264	2025-04-01 06:45:20.603169+00
642	117	FitForExport	659		0	200	324	264	2025-04-01 06:45:42.979066+00
643	117	FitForExport	660		0	50	324	264	2025-04-01 06:46:02.819932+00
644	117	FitForExport	661		0	300	324	264	2025-04-01 06:46:22.316528+00
645	117	FitForExport	662		0	200	324	264	2025-04-01 06:46:38.154161+00
646	117	FitForExport	663		0	100	324	264	2025-04-01 06:47:16.924213+00
647	114	FitForExport	651		0	4200	326	246	2025-04-01 09:39:44.575024+00
648	118	FitForExport	664		0	120	318	160	2025-04-01 12:41:06.155801+00
649	118	FitForExport	665		0	192	318	160	2025-04-01 12:41:14.438021+00
650	118	FitForExport	666		0	1125	318	160	2025-04-01 12:41:24.558391+00
651	118	FitForExport	667		0	30	318	160	2025-04-01 12:41:33.334447+00
652	120	FitForExport	669		0	200	325	227	2025-04-01 14:15:12.118084+00
653	120	FitForExport	670		0	160	325	227	2025-04-01 14:15:23.460066+00
654	120	FitForExport	671		0	224	325	227	2025-04-01 14:15:35.835028+00
655	120	FitForExport	672		0	85	325	227	2025-04-01 14:15:46.865212+00
656	120	FitForExport	673		0	30	325	227	2025-04-01 14:15:58.738137+00
657	120	FitForExport	674		0	330	325	227	2025-04-01 14:16:11.218611+00
658	121	FitForExport	675		0	3500	322	221	2025-04-01 16:08:30.163714+00
659	121	FitForExport	676		0	60	322	221	2025-04-01 16:08:38.747947+00
660	121	FitForExport	677		0	1000	322	221	2025-04-01 16:08:48.574716+00
661	121	FitForExport	678		0	140	322	221	2025-04-01 16:08:58.122157+00
662	122	FitForExport	683		0	750	326	208	2025-04-01 17:24:08.917737+00
663	122	FitForExport	682		0	400	326	208	2025-04-01 17:25:44.468561+00
664	122	FitForExport	681		0	50	326	208	2025-04-01 17:26:47.244588+00
665	122	FitForExport	688		0	120	326	208	2025-04-01 17:28:50.63493+00
666	122	FitForExport	679		0	770	326	208	2025-04-01 17:29:09.637295+00
667	125	FitForExport	698		0	3730	326	218	2025-04-01 17:29:51.689141+00
668	122	FitForExport	685		0	25	326	208	2025-04-01 17:35:49.750268+00
669	122	FitForExport	686		0	150	326	208	2025-04-01 17:36:01.414584+00
670	122	FitForExport	684		0	400	326	208	2025-04-01 17:38:35.476204+00
671	122	FitForExport	680		0	250	326	208	2025-04-01 17:45:27.920893+00
672	122	FitForExport	687		0	200	326	208	2025-04-01 17:45:47.620255+00
673	123	FitForExport	691		0	12	317	142	2025-04-01 17:51:02.067433+00
674	123	FitForExport	690		0	2200	317	142	2025-04-01 17:51:14.370457+00
675	123	FitForExport	689		0	20	317	142	2025-04-01 17:51:21.408821+00
676	128	FitForExport	714		0	1500	322	228	2025-04-01 18:47:39.715788+00
677	128	FitForExport	715		0	800	322	228	2025-04-01 18:47:45.590467+00
678	128	FitForExport	716		0	1750	322	228	2025-04-01 18:47:52.614434+00
679	129	FitForExport	717		0	1202.5	321	159	2025-04-01 19:37:13.759036+00
680	124	FitForExport	692		0	1120	323	199	2025-04-01 20:03:24.628566+00
681	124	FitForExport	693		0	360	323	199	2025-04-01 20:03:59.355388+00
682	124	FitForExport	694		0	676	323	199	2025-04-01 20:04:31.912969+00
683	124	FitForExport	695		0	375	323	199	2025-04-01 20:04:58.322109+00
684	124	FitForExport	696		0	570	323	199	2025-04-01 20:05:38.077179+00
685	124	FitForExport	697		0	1125	323	199	2025-04-01 20:06:04.911458+00
686	131	FitForExport	723		0	400	320	241	2025-04-02 03:32:30.23826+00
687	131	FitForExport	724		0	1000	320	241	2025-04-02 03:32:41.605815+00
688	131	FitForExport	725		0	252	320	241	2025-04-02 03:32:52.761153+00
689	132	FitForExport	726		0	264	320	241	2025-04-02 03:35:50.024032+00
690	132	FitForExport	727		0	200	320	241	2025-04-02 03:35:59.653365+00
691	132	FitForExport	728		0	36	320	241	2025-04-02 03:36:13.37219+00
692	132	FitForExport	729		0	96	320	241	2025-04-02 03:36:24.843056+00
693	132	FitForExport	730		0	152	320	241	2025-04-02 03:36:41.31409+00
694	130	FitForExport	718		0	252	320	241	2025-04-02 03:38:10.315116+00
695	130	FitForExport	719		0	600	320	241	2025-04-02 03:38:21.569224+00
696	130	FitForExport	720		0	16	320	241	2025-04-02 03:38:34.186974+00
697	130	FitForExport	721		0	120	320	241	2025-04-02 03:38:45.227861+00
698	130	FitForExport	722		0	600	320	241	2025-04-02 03:38:57.618802+00
699	127	FitForExport	713		0	640	326	246	2025-04-02 04:24:07.069204+00
700	127	FitForExport	712		0	640	326	246	2025-04-02 04:24:27.645565+00
701	127	FitForExport	711		0	1200	326	246	2025-04-02 04:24:32.156525+00
702	127	FitForExport	710		0	400	326	246	2025-04-02 04:24:41.398562+00
703	127	FitForExport	709		0	180	326	246	2025-04-02 04:24:52.707177+00
704	127	FitForExport	708		0	880	326	246	2025-04-02 04:24:57.648417+00
705	127	FitForExport	706		0	400	326	246	2025-04-02 04:25:04.942406+00
706	127	FitForExport	707		0	90	326	246	2025-04-02 04:25:20.136134+00
707	126	FitForExport	699		0	250	327	186	2025-04-02 06:08:54.068173+00
708	126	FitForExport	700		0	770	327	186	2025-04-02 06:09:04.04192+00
709	126	FitForExport	701		0	1260	327	186	2025-04-02 06:09:17.098578+00
710	126	FitForExport	702		0	280	327	186	2025-04-02 06:09:25.952812+00
711	126	FitForExport	703		0	360	327	186	2025-04-02 06:09:30.627783+00
712	126	FitForExport	704		0	150	327	186	2025-04-02 06:09:35.45443+00
713	126	FitForExport	705		0	350	327	186	2025-04-02 06:09:41.211036+00
714	133	FitForExport	731		0	490	320	166	2025-04-02 06:50:00.846673+00
715	133	FitForExport	732		0	350	320	166	2025-04-02 06:50:08.985841+00
716	133	FitForExport	733		0	150	320	166	2025-04-02 06:50:16.351461+00
717	133	FitForExport	734		0	250	320	166	2025-04-02 06:50:24.447644+00
718	133	FitForExport	735		0	780	320	166	2025-04-02 06:50:37.063426+00
719	134	FitForExport	736		0	600	327	186	2025-04-02 07:02:08.56553+00
720	134	FitForExport	737		0	250	327	186	2025-04-02 07:02:15.766735+00
721	134	FitForExport	738		0	280	327	186	2025-04-02 07:02:20.224397+00
722	134	FitForExport	739		0	360	327	186	2025-04-02 07:02:24.587365+00
723	134	FitForExport	740		0	840	327	186	2025-04-02 07:02:28.360191+00
724	134	FitForExport	741		0	1120	327	186	2025-04-02 07:02:33.454739+00
725	135	FitForExport	742		0	32	327	186	2025-04-02 07:48:23.341996+00
726	135	FitForExport	743		0	20	327	186	2025-04-02 07:48:33.931067+00
727	135	FitForExport	744		0	16	327	186	2025-04-02 07:48:43.14342+00
728	135	FitForExport	745		0	240	327	186	2025-04-02 07:48:51.103411+00
729	135	FitForExport	746		0	5	327	186	2025-04-02 07:48:55.683559+00
730	135	FitForExport	747		0	1400	327	186	2025-04-02 07:48:59.70385+00
731	135	FitForExport	748		0	10	327	186	2025-04-02 07:49:05.892229+00
732	137	FitForExport	754		0	120	319	129	2025-04-02 11:20:53.458135+00
733	137	FitForExport	755		0	1600	319	129	2025-04-02 11:21:06.518507+00
734	137	FitForExport	756		0	175	319	129	2025-04-02 11:21:17.080264+00
735	137	FitForExport	757		0	160	319	129	2025-04-02 11:21:27.360383+00
736	137	FitForExport	758		0	480	319	129	2025-04-02 11:21:37.158283+00
737	137	FitForExport	759		0	160	319	129	2025-04-02 11:21:50.314149+00
738	137	FitForExport	760		0	120	319	129	2025-04-02 11:21:59.619307+00
739	137	FitForExport	761		0	140	319	129	2025-04-02 11:22:10.760953+00
740	137	FitForExport	762		0	30	319	129	2025-04-02 11:22:21.441538+00
741	138	FitForExport	767		0	180.5	320	239	2025-04-02 12:02:49.897744+00
742	138	FitForExport	768		0	136.5	320	239	2025-04-02 12:02:54.452057+00
743	138	FitForExport	766		0	294.5	320	239	2025-04-02 12:02:59.308004+00
744	138	FitForExport	765		0	2394	320	239	2025-04-02 12:03:05.049904+00
745	138	FitForExport	764		0	95	320	239	2025-04-02 12:03:09.19118+00
746	138	FitForExport	763		0	532	320	239	2025-04-02 12:03:15.947583+00
747	136	FitForExport	749		0	490	316	249	2025-04-02 13:16:06.698073+00
748	136	FitForExport	750		0	300	316	249	2025-04-02 13:17:11.286982+00
749	136	FitForExport	751		0	100	316	249	2025-04-02 13:17:28.835431+00
750	136	FitForExport	752		0	450	316	249	2025-04-02 13:17:39.674326+00
751	136	FitForExport	753		0	400	316	249	2025-04-02 13:17:52.113204+00
752	139	FitForExport	769		0	280	320	206	2025-04-02 15:23:57.538476+00
753	139	FitForExport	770		0	350	320	206	2025-04-02 15:24:07.259957+00
754	139	FitForExport	771		0	1120	320	206	2025-04-02 15:24:17.472721+00
755	139	FitForExport	772		0	170	320	206	2025-04-02 15:24:29.789027+00
756	139	FitForExport	773		0	400	320	206	2025-04-02 15:24:40.641331+00
757	139	FitForExport	774		0	150	320	206	2025-04-02 15:24:52.929637+00
758	141	FitForExport	779		0	3852.8	326	246	2025-04-02 16:35:30.157799+00
759	140	FitForExport	775		0	18	321	131	2025-04-02 17:06:59.944505+00
760	140	FitForExport	776		0	81.6	321	131	2025-04-02 17:07:14.606098+00
761	140	FitForExport	777		0	195.6	321	131	2025-04-02 17:07:37.906269+00
762	140	FitForExport	778		0	84	321	131	2025-04-02 17:07:48.37845+00
763	143	FitForExport	782		0	900	320	241	2025-04-02 17:58:04.363452+00
764	143	FitForExport	783		0	100	320	241	2025-04-02 17:58:12.856157+00
765	142	FitForExport	780		0	1000	320	241	2025-04-02 18:00:08.893043+00
766	142	FitForExport	781		0	60	320	241	2025-04-02 18:00:17.385172+00
767	144	FitForExport	784		0	1500	322	228	2025-04-02 19:07:51.389224+00
768	144	FitForExport	785		0	1260	322	228	2025-04-02 19:09:07.874101+00
769	145	FitForExport	787		0	150	326	218	2025-04-02 20:20:31.185208+00
770	145	FitForExport	788		0	4000	326	218	2025-04-02 20:22:34.087481+00
771	145	FitForExport	789		0	700	326	218	2025-04-02 20:24:11.415433+00
772	145	FitForExport	786		0	60	326	218	2025-04-02 20:26:54.672276+00
773	146	FitForExport	795		0	530	324	235	2025-04-02 20:30:28.622435+00
774	146	FitForExport	794		0	100	324	235	2025-04-02 20:30:35.215098+00
775	146	FitForExport	793		0	220	324	235	2025-04-02 20:30:41.039154+00
776	146	FitForExport	792		0	640	324	235	2025-04-02 20:30:46.534233+00
777	146	FitForExport	791		0	100	324	235	2025-04-02 20:30:54.627514+00
778	145	FitForExport	790		0	50	326	218	2025-04-02 20:31:17.889129+00
779	147	FitForExport	796		0	760	322	147	2025-04-03 07:40:09.186327+00
780	147	FitForExport	797		0	855	322	147	2025-04-03 07:40:14.186688+00
781	147	FitForExport	798		0	760	322	147	2025-04-03 07:40:18.896574+00
782	150	FitForExport	815		0	160	319	210	2025-04-03 15:22:20.595686+00
783	150	FitForExport	816		0	300	319	210	2025-04-03 15:22:26.637065+00
784	150	FitForExport	817		0	240	319	210	2025-04-03 15:22:34.009665+00
785	150	FitForExport	818		0	1200	319	210	2025-04-03 15:22:40.744022+00
786	150	FitForExport	819		0	300	319	210	2025-04-03 15:22:48.418053+00
787	150	FitForExport	820		0	55	319	210	2025-04-03 15:22:55.401239+00
788	150	FitForExport	821		0	400	319	210	2025-04-03 15:23:00.72733+00
789	150	FitForExport	822		0	480	319	210	2025-04-03 15:23:06.541782+00
790	150	FitForExport	823		0	120	319	210	2025-04-03 15:23:11.83779+00
791	151	FitForExport	824		0	288	325	227	2025-04-03 15:39:11.94155+00
792	151	FitForExport	825		0	96	325	227	2025-04-03 15:39:22.962182+00
793	151	FitForExport	826		0	288	325	227	2025-04-03 15:39:34.404846+00
794	151	FitForExport	827		0	128	325	227	2025-04-03 15:39:45.653392+00
795	151	FitForExport	828		0	12	325	227	2025-04-03 15:39:57.010227+00
796	151	FitForExport	829		0	90	325	227	2025-04-03 15:40:11.544336+00
797	151	FitForExport	830		0	160	325	227	2025-04-03 15:40:27.395383+00
798	148	FitForExport	799		0	150	322	221	2025-04-03 16:20:01.292855+00
799	148	FitForExport	800		0	595	322	221	2025-04-03 16:20:16.974971+00
800	148	FitForExport	801		0	100	322	221	2025-04-03 16:20:25.083586+00
801	148	FitForExport	802		0	500	322	221	2025-04-03 16:20:34.800336+00
802	148	FitForExport	803		0	150	322	221	2025-04-03 16:20:47.921701+00
803	148	FitForExport	804		0	50	322	221	2025-04-03 16:20:58.05386+00
804	148	FitForExport	805		0	200	322	221	2025-04-03 16:21:12.047525+00
805	152	FitForExport	835		0	250	317	237	2025-04-03 17:34:28.9202+00
806	152	FitForExport	834		0	50	317	237	2025-04-03 17:34:33.571148+00
807	152	FitForExport	833		0	100	317	237	2025-04-03 17:34:38.016166+00
808	152	FitForExport	832		0	30	317	237	2025-04-03 17:34:42.186309+00
809	152	FitForExport	831		0	265	317	237	2025-04-03 17:34:46.261777+00
810	149	FitForExport	806		0	110	319	182	2025-04-03 17:53:29.260602+00
811	149	FitForExport	807		0	65	319	182	2025-04-03 17:53:36.317865+00
812	149	FitForExport	808		0	82	319	182	2025-04-03 17:53:44.099753+00
813	149	FitForExport	809		0	65	319	182	2025-04-03 17:53:51.777582+00
814	149	FitForExport	810		0	262.5	319	182	2025-04-03 17:53:58.948005+00
815	149	FitForExport	811		0	600	319	182	2025-04-03 17:54:06.112705+00
816	149	FitForExport	812		0	45	319	182	2025-04-03 17:54:14.924818+00
817	149	FitForExport	813		0	125	319	182	2025-04-03 17:54:25.77624+00
818	149	FitForExport	814		0	65	319	182	2025-04-03 17:54:35.913988+00
819	154	FitForExport	845		0	164	319	182	2025-04-03 18:12:08.380727+00
820	154	FitForExport	846		0	33	319	182	2025-04-03 18:12:14.86574+00
821	154	FitForExport	847		0	1800	319	182	2025-04-03 18:12:22.320622+00
822	154	FitForExport	848		0	1185	319	182	2025-04-03 18:12:29.59584+00
823	154	FitForExport	849		0	460	319	182	2025-04-03 18:12:36.765027+00
826	154	FitForExport	852		0	907.5	319	182	2025-04-03 18:13:18.981558+00
829	154	FitForExport	854		0	77	319	182	2025-04-03 18:16:06.821558+00
830	154	FitForExport	855		0	1625	319	182	2025-04-03 18:16:16.41218+00
824	154	FitForExport	850		0	4125	319	182	2025-04-03 18:12:53.965912+00
825	154	FitForExport	851		0	242	319	182	2025-04-03 18:13:10.347791+00
827	153	FitForExport	841		0	800	326	214	2025-04-03 18:15:46.228951+00
828	154	FitForExport	853		0	1942.5	319	182	2025-04-03 18:15:46.510892+00
831	154	FitForExport	856		0	133	319	182	2025-04-03 18:16:38.042805+00
832	154	FitForExport	857		0	213.3	319	182	2025-04-03 18:16:51.269949+00
833	153	FitForExport	836		0	1200	326	214	2025-04-03 18:17:04.468797+00
834	154	FitForExport	858		0	198	319	182	2025-04-03 18:17:04.949898+00
835	154	FitForExport	859		0	300	319	182	2025-04-03 18:17:12.844078+00
836	154	FitForExport	860		0	2533.7999999999997	319	182	2025-04-03 18:17:20.513593+00
837	153	FitForExport	838		0	330	326	214	2025-04-03 18:17:25.069231+00
838	154	FitForExport	861		0	75	319	182	2025-04-03 18:17:28.502688+00
839	154	FitForExport	862		0	2377.5	319	182	2025-04-03 18:17:37.20759+00
840	153	FitForExport	839		0	330	326	214	2025-04-03 18:17:37.958978+00
841	154	FitForExport	863		0	2377.5	319	182	2025-04-03 18:17:45.193151+00
842	154	FitForExport	864		0	294	319	182	2025-04-03 18:17:59.215677+00
843	154	FitForExport	865		0	485	319	182	2025-04-03 18:18:07.002162+00
844	154	FitForExport	866		0	350	319	182	2025-04-03 18:18:16.754704+00
845	154	FitForExport	867		0	55	319	182	2025-04-03 18:18:25.956272+00
846	154	FitForExport	868		0	320	319	182	2025-04-03 18:18:35.881081+00
847	154	FitForExport	869		0	140	319	182	2025-04-03 18:18:48.374993+00
848	154	FitForExport	870		0	155	319	182	2025-04-03 18:18:58.346222+00
849	154	FitForExport	871		0	170	319	182	2025-04-03 18:19:11.050852+00
850	153	FitForExport	837		0	560	326	214	2025-04-03 18:19:57.385553+00
851	153	FitForExport	844		0	330	326	214	2025-04-03 18:22:46.232627+00
852	153	FitForExport	842		0	550	326	214	2025-04-03 18:28:13.436014+00
853	153	FitForExport	840		0	165	326	214	2025-04-03 18:28:31.884636+00
854	153	FitForExport	843		0	240	326	214	2025-04-03 18:31:12.73902+00
855	157	FitForExport	875		0	350	324	185	2025-04-03 18:51:43.213518+00
856	157	FitForExport	876		0	110	324	185	2025-04-03 18:53:12.95651+00
857	157	FitForExport	877		0	350	324	185	2025-04-03 18:53:28.98295+00
858	157	FitForExport	878		0	140	324	185	2025-04-03 18:53:39.847707+00
859	157	FitForExport	879		0	60	324	185	2025-04-03 18:55:12.345772+00
860	157	FitForExport	880		0	145	324	185	2025-04-03 18:55:26.428749+00
861	155	FitForExport	872		0	504	320	241	2025-04-03 18:59:00.475462+00
862	156	FitForExport	873		0	3996	319	169	2025-04-03 19:35:13.079519+00
863	156	FitForExport	874		0	250	319	169	2025-04-03 19:35:31.703408+00
864	159	FitForExport	883		0	3700	320	133	2025-04-04 06:40:21.900188+00
865	160	FitForExport	884		0	75	326	218	2025-04-04 07:38:04.799483+00
866	160	FitForExport	885		0	85	326	218	2025-04-04 07:38:17.623537+00
867	160	FitForExport	886		0	140	326	218	2025-04-04 07:38:39.00383+00
868	160	FitForExport	887		0	168	326	218	2025-04-04 07:38:56.980855+00
869	160	FitForExport	888		0	476	326	218	2025-04-04 07:39:23.471041+00
870	160	FitForExport	889		0	125	326	218	2025-04-04 07:41:38.924259+00
871	160	FitForExport	890		0	240	326	218	2025-04-04 07:42:07.806605+00
872	160	FitForExport	891		0	60	326	218	2025-04-04 07:42:23.558961+00
873	161	FitForExport	892		0	354	326	218	2025-04-04 08:28:57.118784+00
874	161	FitForExport	893		0	190	326	218	2025-04-04 08:29:08.158711+00
875	161	FitForExport	894		0	185	326	218	2025-04-04 08:29:18.964546+00
876	161	FitForExport	895		0	480	326	218	2025-04-04 08:29:47.49077+00
877	161	FitForExport	896		0	378	326	218	2025-04-04 08:30:04.139097+00
878	161	FitForExport	897		0	344	326	218	2025-04-04 08:30:18.233045+00
879	161	FitForExport	898		0	125	326	218	2025-04-04 08:30:30.044205+00
880	161	FitForExport	899		0	264	326	218	2025-04-04 08:30:48.589959+00
881	161	FitForExport	900		0	36	326	218	2025-04-04 08:31:21.953464+00
882	161	FitForExport	901		0	30	326	218	2025-04-04 08:31:36.203131+00
883	163	FitForExport	909		0	123.5	320	239	2025-04-04 09:31:03.519068+00
884	163	FitForExport	910		0	171	320	239	2025-04-04 09:31:08.156863+00
885	163	FitForExport	908		0	513	320	239	2025-04-04 09:31:12.63594+00
886	163	FitForExport	907		0	2147	320	239	2025-04-04 09:31:16.947377+00
887	163	FitForExport	906		0	361	320	239	2025-04-04 09:31:21.43565+00
888	162	FitForExport	902		0	500	320	192	2025-04-04 10:19:25.492468+00
889	162	FitForExport	903		0	20	320	192	2025-04-04 10:19:59.499488+00
890	162	FitForExport	904		0	2100	320	192	2025-04-04 10:20:09.962081+00
891	162	FitForExport	905		0	1100	320	192	2025-04-04 10:20:20.077257+00
892	165	FitForExport	921		0	1400	322	220	2025-04-04 11:50:21.177114+00
893	165	FitForExport	922		0	400	322	220	2025-04-04 11:51:36.410006+00
894	165	FitForExport	923		0	6000	322	220	2025-04-04 11:57:41.222242+00
895	165	FitForExport	924		0	1500	322	220	2025-04-04 11:57:47.326421+00
896	167	FitForExport	931		0	487.5	316	254	2025-04-04 12:13:10.124032+00
897	168	FitForExport	932		0	1650	323	170	2025-04-04 12:19:17.352859+00
898	166	FitForExport	925		0	352	316	254	2025-04-04 12:23:02.187798+00
899	166	FitForExport	926		0	240	316	254	2025-04-04 12:23:11.49971+00
900	166	FitForExport	927		0	120	316	254	2025-04-04 12:23:22.558162+00
901	166	FitForExport	928		0	75	316	254	2025-04-04 12:23:32.459815+00
902	166	FitForExport	929		0	20	316	254	2025-04-04 12:23:45.877813+00
903	166	FitForExport	930		0	200	316	254	2025-04-04 12:23:58.125982+00
904	164	FitForExport	911		0	190	319	129	2025-04-04 12:49:18.396185+00
905	164	FitForExport	912		0	504	319	129	2025-04-04 12:49:25.41927+00
906	164	FitForExport	913		0	120	319	129	2025-04-04 12:49:32.455506+00
907	164	FitForExport	914		0	2888	319	129	2025-04-04 12:49:39.697266+00
908	164	FitForExport	915		0	318	319	129	2025-04-04 12:49:46.396644+00
910	164	FitForExport	917		0	550	319	129	2025-04-04 12:50:02.265711+00
913	164	FitForExport	920		0	294	319	129	2025-04-04 12:50:35.259622+00
909	164	FitForExport	916		0	1856	319	129	2025-04-04 12:49:54.576189+00
911	164	FitForExport	918		0	150	319	129	2025-04-04 12:50:10.932365+00
912	164	FitForExport	919		0	112	319	129	2025-04-04 12:50:20.398867+00
914	170	FitForExport	934		0	56	323	146	2025-04-04 13:59:18.994201+00
915	170	FitForExport	935		0	72	323	146	2025-04-04 13:59:42.544386+00
916	170	FitForExport	936		0	72	323	146	2025-04-04 14:00:24.813094+00
917	170	FitForExport	937		0	40	323	146	2025-04-04 14:00:51.674718+00
918	170	FitForExport	938		0	44	323	146	2025-04-04 14:01:18.560925+00
919	170	FitForExport	939		0	48	323	146	2025-04-04 14:02:07.800332+00
920	170	FitForExport	940		0	168	323	146	2025-04-04 14:02:47.519225+00
921	170	FitForExport	941		0	64	323	146	2025-04-04 14:03:10.753918+00
922	170	FitForExport	942		0	48	323	146	2025-04-04 14:03:41.105753+00
923	170	FitForExport	943		0	44	323	146	2025-04-04 14:04:07.27951+00
924	170	FitForExport	944		0	16	323	146	2025-04-04 14:04:35.637946+00
925	171	FitForExport	945		0	1300	316	252	2025-04-04 14:15:31.663078+00
926	171	FitForExport	946		0	2000	316	252	2025-04-04 14:15:39.462792+00
927	171	FitForExport	947		0	1000	316	252	2025-04-04 14:15:49.18283+00
928	171	FitForExport	948		0	60	316	252	2025-04-04 14:15:59.551467+00
929	171	FitForExport	949		0	180	316	252	2025-04-04 14:16:09.371109+00
930	171	FitForExport	950		0	136.5	316	252	2025-04-04 14:16:22.282465+00
931	171	FitForExport	951		0	52.5	316	252	2025-04-04 14:16:46.450669+00
932	172	FitForExport	952		0	4000	322	135	2025-04-04 14:36:56.019267+00
933	169	FitForExport	933		0	5500	322	221	2025-04-04 15:08:49.456825+00
934	173	FitForExport	961		0	960	326	174	2025-04-04 15:59:24.229945+00
935	173	FitForExport	954		0	800	326	174	2025-04-04 16:01:41.469063+00
936	173	FitForExport	956		0	500	326	174	2025-04-04 16:03:23.989095+00
937	173	FitForExport	953		0	400	326	174	2025-04-04 16:05:34.402131+00
938	173	FitForExport	959		0	275	326	174	2025-04-04 16:06:24.964331+00
939	173	FitForExport	960		0	275	326	174	2025-04-04 16:06:54.221295+00
940	173	FitForExport	957		0	560	326	174	2025-04-04 16:14:25.192103+00
941	173	FitForExport	955		0	400	326	174	2025-04-04 16:17:18.853453+00
942	173	FitForExport	958		0	150	326	174	2025-04-04 16:23:31.819019+00
943	175	FitForExport	968		0	600	326	214	2025-04-04 16:46:25.782723+00
944	175	FitForExport	967		0	140	326	214	2025-04-04 16:47:36.524342+00
945	175	FitForExport	975		0	150	326	214	2025-04-04 16:51:48.869186+00
946	175	FitForExport	970		0	200	326	214	2025-04-04 16:52:48.197959+00
947	175	FitForExport	974		0	230	326	214	2025-04-04 16:57:01.151035+00
948	175	FitForExport	969		0	42	326	214	2025-04-04 16:59:16.144812+00
949	175	FitForExport	973		0	100	326	214	2025-04-04 17:00:18.754587+00
950	175	FitForExport	971		0	50	326	214	2025-04-04 17:03:27.386317+00
951	175	FitForExport	972		0	60	326	214	2025-04-04 17:04:24.748259+00
952	178	FitForExport	993		0	50	327	186	2025-04-04 17:12:58.621374+00
953	178	FitForExport	994		0	140	327	186	2025-04-04 17:13:07.925706+00
954	178	FitForExport	995		0	300	327	186	2025-04-04 17:13:15.960933+00
955	178	FitForExport	996		0	84	327	186	2025-04-04 17:13:20.663232+00
956	178	FitForExport	997		0	180	327	186	2025-04-04 17:13:25.251694+00
957	178	FitForExport	998		0	210	327	186	2025-04-04 17:13:31.081458+00
958	181	FitForExport	1015		0	300	327	186	2025-04-04 17:39:30.594685+00
959	181	FitForExport	1017		0	720	327	186	2025-04-04 17:39:40.642389+00
960	181	FitForExport	1016		0	840	327	186	2025-04-04 17:39:50.030799+00
961	181	FitForExport	1014		0	700	327	186	2025-04-04 17:40:01.038773+00
962	181	FitForExport	1013		0	100	327	186	2025-04-04 17:40:10.895825+00
963	181	FitForExport	1012		0	140	327	186	2025-04-04 17:40:19.141033+00
964	181	FitForExport	1011		0	600	327	186	2025-04-04 17:40:28.456452+00
965	182	FitForExport	1018		0	800	320	241	2025-04-04 17:58:43.194501+00
966	182	FitForExport	1019		0	204	320	241	2025-04-04 17:58:54.767144+00
967	180	FitForExport	1007		0	100	320	241	2025-04-04 18:02:02.435219+00
968	180	FitForExport	1008		0	120	320	241	2025-04-04 18:02:13.398678+00
969	180	FitForExport	1009		0	504	320	241	2025-04-04 18:02:24.253208+00
970	180	FitForExport	1010		0	752	320	241	2025-04-04 18:02:41.674644+00
971	174	FitForExport	962		0	500	319	169	2025-04-04 18:06:52.90312+00
972	174	FitForExport	963		0	250	319	169	2025-04-04 18:07:35.100505+00
973	174	FitForExport	964		0	300	319	169	2025-04-04 18:08:01.716516+00
974	174	FitForExport	965		0	500	319	169	2025-04-04 18:08:32.53946+00
975	174	FitForExport	966		0	300	319	169	2025-04-04 18:08:52.508419+00
976	183	FitForExport	1024		0	100	317	237	2025-04-04 18:52:56.278755+00
977	183	FitForExport	1023		0	100	317	237	2025-04-04 18:53:01.984599+00
978	183	FitForExport	1022		0	70	317	237	2025-04-04 18:53:09.134602+00
979	183	FitForExport	1021		0	200	317	237	2025-04-04 18:53:18.677593+00
980	183	FitForExport	1020		0	148	317	237	2025-04-04 18:53:23.859577+00
981	177	FitForExport	982		0	1400	326	208	2025-04-04 20:01:02.56997+00
982	177	FitForExport	987		0	400	326	208	2025-04-04 20:01:32.105339+00
983	185	FitForExport	1027		0	1400	322	228	2025-04-04 20:10:01.179999+00
984	185	FitForExport	1028		0	500	322	228	2025-04-04 20:10:08.181487+00
985	185	FitForExport	1029		0	500	322	228	2025-04-04 20:10:16.115578+00
986	185	FitForExport	1030		0	500	322	228	2025-04-04 20:10:22.640011+00
987	185	FitForExport	1031		0	50	322	228	2025-04-04 20:10:29.074699+00
988	177	FitForExport	986		0	1050	326	208	2025-04-04 20:11:58.20425+00
989	177	FitForExport	985		0	1100	326	208	2025-04-04 20:12:53.935774+00
990	177	FitForExport	992		0	550	326	208	2025-04-04 20:13:48.35866+00
991	177	FitForExport	984		0	10	326	208	2025-04-04 20:16:17.88668+00
992	177	FitForExport	988		0	200	326	208	2025-04-04 20:18:21.627744+00
994	177	FitForExport	990		0	50	326	208	2025-04-04 20:18:46.295691+00
999	184	FitForExport	1025		0	100	318	236	2025-04-04 21:26:10.955991+00
1000	184	FitForExport	1026		0	378	318	236	2025-04-04 21:26:19.338716+00
1002	179	FitForExport	1005		0	400	326	246	2025-04-05 02:18:51.692187+00
1004	179	FitForExport	1003		0	800	326	246	2025-04-05 02:19:01.941036+00
1005	179	FitForExport	1002		0	400	326	246	2025-04-05 02:19:06.865801+00
1006	179	FitForExport	1001		0	880	326	246	2025-04-05 02:19:12.095986+00
1007	179	FitForExport	1000		0	400	326	246	2025-04-05 02:19:16.91808+00
1008	179	FitForExport	999		0	800	326	246	2025-04-05 02:19:20.858355+00
993	177	FitForExport	989		0	0	326	208	2025-04-04 20:18:31.646295+00
995	177	FitForExport	983		0	200	326	208	2025-04-04 20:20:36.926085+00
996	177	FitForExport	991		0	400	326	208	2025-04-04 20:24:58.661856+00
997	186	FitForExport	1032		0	280	322	228	2025-04-04 20:36:55.844867+00
998	186	FitForExport	1033		0	200	322	228	2025-04-04 20:37:07.693291+00
1001	179	FitForExport	1006		0	60	326	246	2025-04-05 02:18:47.643428+00
1003	179	FitForExport	1004		0	180	326	246	2025-04-05 02:18:57.208284+00
1009	158	FitForExport	881		0	925	322	147	2025-04-05 03:54:30.975527+00
1010	158	FitForExport	882		0	925	322	147	2025-04-05 03:54:36.245092+00
1011	176	FitForExport	976		0	750	322	147	2025-04-05 03:59:13.741767+00
1012	176	FitForExport	977		0	350	322	147	2025-04-05 03:59:19.947238+00
1013	176	FitForExport	978		0	200	322	147	2025-04-05 03:59:25.414026+00
1014	176	FitForExport	979		0	975	322	147	2025-04-05 03:59:30.22152+00
1015	176	FitForExport	980		0	400	322	147	2025-04-05 03:59:35.563361+00
1016	176	FitForExport	981		0	375	322	147	2025-04-05 03:59:40.38674+00
1017	187	FitForExport	1034		0	364	323	199	2025-04-05 04:22:04.939112+00
1018	187	FitForExport	1035		0	300	323	199	2025-04-05 04:22:18.465053+00
1019	187	FitForExport	1036		0	135	323	199	2025-04-05 04:22:31.788219+00
1020	187	FitForExport	1037		0	337.5	323	199	2025-04-05 04:22:47.924912+00
1021	187	FitForExport	1038		0	1500	323	199	2025-04-05 04:23:08.12564+00
1022	187	FitForExport	1039		0	1560	323	199	2025-04-05 04:23:27.682396+00
1023	187	FitForExport	1040		0	360	323	199	2025-04-05 04:23:56.660269+00
1024	188	FitForExport	1041		0	52	326	218	2025-04-05 07:37:56.045566+00
1025	188	FitForExport	1042		0	1520	326	218	2025-04-05 07:38:37.869048+00
1026	188	FitForExport	1043		0	210	326	218	2025-04-05 07:38:47.551676+00
1027	189	FitForExport	1044		0	304	325	227	2025-04-05 07:55:26.768672+00
1028	189	FitForExport	1045		0	1280	325	227	2025-04-05 07:55:40.33162+00
1029	189	FitForExport	1046		0	750.5	325	227	2025-04-05 07:55:48.737569+00
1030	195	FitForExport	1066		0	100	324	235	2025-04-05 15:15:29.835551+00
1031	195	FitForExport	1065		0	75	324	235	2025-04-05 15:15:36.94439+00
1032	195	FitForExport	1064		0	540	324	235	2025-04-05 15:15:44.667037+00
1033	195	FitForExport	1063		0	310	324	235	2025-04-05 15:16:01.271473+00
1034	195	FitForExport	1062		0	160	324	235	2025-04-05 15:17:22.717738+00
1035	195	FitForExport	1061		0	130	324	235	2025-04-05 15:17:35.3698+00
1036	195	FitForExport	1060		0	300	324	235	2025-04-05 15:17:45.023534+00
1037	196	FitForExport	1072		0	48	324	235	2025-04-05 16:08:46.32283+00
1038	196	FitForExport	1071		0	300	324	235	2025-04-05 16:08:53.042011+00
1039	196	FitForExport	1070		0	150	324	235	2025-04-05 16:09:00.039646+00
1040	196	FitForExport	1069		0	160	324	235	2025-04-05 16:09:08.206685+00
1041	196	FitForExport	1068		0	126	324	235	2025-04-05 16:09:16.21775+00
1042	196	FitForExport	1067		0	544	324	235	2025-04-05 16:09:23.594723+00
1043	197	FitForExport	1077		0	400	321	131	2025-04-05 16:57:38.160085+00
1044	197	FitForExport	1073		0	230	321	131	2025-04-05 16:57:53.138975+00
1045	197	FitForExport	1074		0	230	321	131	2025-04-05 16:58:08.497475+00
1046	197	FitForExport	1075		0	6	321	131	2025-04-05 16:58:21.140438+00
1047	197	FitForExport	1076		0	20	321	131	2025-04-05 16:59:57.572221+00
1048	194	FitForExport	1058		0	1200	322	221	2025-04-05 17:04:20.512022+00
1049	194	FitForExport	1059		0	4500	322	221	2025-04-05 17:04:31.675435+00
1050	193	FitForExport	1057		0	7500	322	221	2025-04-05 17:07:27.908238+00
1051	192	FitForExport	1054		0	140	322	221	2025-04-05 17:10:30.720218+00
1052	192	FitForExport	1055		0	4500	322	221	2025-04-05 17:11:17.508495+00
1053	192	FitForExport	1056		0	700	322	221	2025-04-05 17:11:38.012275+00
1054	191	FitForExport	1050		0	120	322	221	2025-04-05 17:14:27.148601+00
1055	191	FitForExport	1051		0	150	322	221	2025-04-05 17:14:34.947127+00
1056	191	FitForExport	1052		0	2500	322	221	2025-04-05 17:14:42.495559+00
1057	191	FitForExport	1053		0	50	322	221	2025-04-05 17:14:50.185861+00
1058	190	FitForExport	1047		0	52	320	241	2025-04-05 17:19:16.468041+00
1059	190	FitForExport	1048		0	700	320	241	2025-04-05 17:19:33.056405+00
1060	190	FitForExport	1049		0	204	320	241	2025-04-05 17:19:44.937394+00
1061	199	FitForExport	1086		0	75	317	237	2025-04-05 19:11:58.738065+00
1062	199	FitForExport	1085		0	100	317	237	2025-04-05 19:12:07.430209+00
1063	199	FitForExport	1084		0	450	317	237	2025-04-05 19:12:16.868983+00
1064	202	FitForExport	1104		0	400	323	181	2025-04-05 19:14:52.030095+00
1065	202	FitForExport	1105		0	400	323	181	2025-04-05 19:15:59.682267+00
1066	202	FitForExport	1106		0	30	323	181	2025-04-05 19:16:08.381357+00
1067	202	FitForExport	1107		0	1755	323	181	2025-04-05 19:16:21.210137+00
1068	202	FitForExport	1108		0	1200	323	181	2025-04-05 19:16:32.610167+00
1069	202	FitForExport	1109		0	125	323	181	2025-04-05 19:16:40.736349+00
1070	202	FitForExport	1110		0	120	323	181	2025-04-05 19:16:49.602685+00
1071	202	FitForExport	1111		0	240	323	181	2025-04-05 19:16:59.119892+00
1072	202	FitForExport	1112		0	36	323	181	2025-04-05 19:17:08.607127+00
1073	205	FitForExport	1134		0	150	324	185	2025-04-05 20:26:49.524399+00
1074	205	FitForExport	1133		0	110	324	185	2025-04-05 20:26:55.459557+00
1075	205	FitForExport	1132		0	80	324	185	2025-04-05 20:27:02.589283+00
1076	205	FitForExport	1131		0	100	324	185	2025-04-05 20:27:09.396312+00
1077	205	FitForExport	1130		0	350	324	185	2025-04-05 20:27:17.298972+00
1078	205	FitForExport	1129		0	110	324	185	2025-04-05 20:27:24.950732+00
1079	205	FitForExport	1127		0	200	324	185	2025-04-05 20:27:31.955213+00
1080	205	FitForExport	1128		0	350	324	185	2025-04-05 20:27:39.365658+00
\.


--
-- Data for Name: qcp5; Type: TABLE DATA; Schema: public; Owner: -
--

COPY public.qcp5 (id, packinglist_id, user_id, status, exportcompany_id, created_at) FROM stdin;
1	2	1038	Pending	182	2025-03-27 10:24:29.730547+00
2	5	1078	Pending	217	2025-03-27 10:53:13.289589+00
3	7	1080	Pending	220	2025-03-27 13:41:05.785657+00
4	8	1031	Pending	254	2025-03-27 14:37:57.304064+00
5	10	1070	Pending	241	2025-03-27 16:27:38.074601+00
6	11	1033	Pending	221	2025-03-27 16:39:23.864703+00
7	9	1033	Pending	221	2025-03-27 16:46:07.465144+00
8	14	1031	Pending	214	2025-03-27 17:36:23.274586+00
9	13	1031	Pending	214	2025-03-27 18:29:18.948963+00
10	12	1082	Pending	236	2025-03-27 18:57:11.629529+00
11	4	1038	Pending	182	2025-03-27 19:17:23.574386+00
12	19	1002	Pending	185	2025-03-27 19:25:03.908652+00
13	6	1054	Pending	208	2025-03-27 19:38:16.395066+00
14	20	1082	Pending	224	2025-03-27 19:44:06.811236+00
15	21	1023	Pending	159	2025-03-27 20:59:30.472893+00
16	23	1031	Pending	254	2025-03-28 05:58:12.0372+00
17	24	1031	Pending	254	2025-03-28 06:04:43.886201+00
18	25	1031	Pending	254	2025-03-28 06:08:13.607463+00
19	22	1012	Pending	147	2025-03-28 06:43:20.900284+00
20	26	1081	Pending	218	2025-03-28 07:42:24.113974+00
21	27	1081	Pending	218	2025-03-28 08:03:58.072598+00
22	30	1029	Pending	192	2025-03-28 13:49:35.522479+00
23	28	1081	Pending	218	2025-03-28 14:12:06.747601+00
24	29	1081	Pending	218	2025-03-28 14:23:41.850759+00
25	32	1081	Pending	218	2025-03-28 15:07:49.342541+00
26	42	1081	Pending	129	2025-03-28 16:52:51.797526+00
27	44	1034	Pending	186	2025-03-28 17:12:33.186768+00
28	38	1081	Pending	210	2025-03-28 17:27:34.079172+00
29	40	1034	Pending	186	2025-03-28 17:40:00.335479+00
30	45	1055	Pending	252	2025-03-28 17:50:29.855888+00
31	46	1044	Pending	262	2025-03-28 17:51:43.269631+00
32	43	1011	Pending	146	2025-03-28 17:57:09.456359+00
33	36	1054	Pending	208	2025-03-28 18:25:30.93477+00
34	48	1037	Pending	228	2025-03-28 19:54:09.528762+00
35	34	1080	Pending	220	2025-03-29 00:23:08.405282+00
36	49	1070	Pending	241	2025-03-29 00:30:12.327849+00
37	41	1044	Pending	246	2025-03-29 03:46:04.980894+00
38	31	1012	Pending	147	2025-03-29 06:11:16.203917+00
39	33	1012	Pending	147	2025-03-29 06:14:36.326102+00
40	50	1012	Pending	147	2025-03-29 06:16:52.135678+00
41	51	1059	Pending	227	2025-03-29 07:52:21.551345+00
42	35	1029	Pending	192	2025-03-29 09:00:14.129371+00
43	39	1092	Pending	223	2025-03-29 11:49:52.057385+00
44	55	1070	Pending	241	2025-03-29 13:07:38.882966+00
45	53	1070	Pending	241	2025-03-29 13:10:06.745688+00
46	59	1061	Pending	235	2025-03-29 14:45:00.761658+00
47	54	1061	Pending	235	2025-03-29 14:53:42.656482+00
48	56	1082	Pending	136	2025-03-29 17:40:15.398748+00
49	63	1002	Pending	185	2025-03-29 18:45:25.82435+00
50	61	1000	Pending	131	2025-03-29 19:38:32.069007+00
51	65	1103	Pending	201	2025-03-30 01:25:01.266138+00
52	16	1031	Pending	214	2025-03-30 02:14:20.072727+00
53	58	1054	Pending	208	2025-03-30 02:55:35.81863+00
54	66	1070	Pending	241	2025-03-30 03:00:43.55292+00
55	57	1054	Pending	208	2025-03-30 03:12:13.406433+00
56	60	1044	Pending	261	2025-03-30 05:48:14.09558+00
57	69	1034	Pending	186	2025-03-30 07:57:12.459955+00
58	68	1034	Pending	186	2025-03-30 08:00:10.678404+00
59	67	1034	Pending	186	2025-03-30 08:03:12.820996+00
60	72	1081	Pending	129	2025-03-30 10:33:13.530537+00
61	76	1070	Pending	241	2025-03-30 12:06:43.567259+00
62	77	1070	Pending	241	2025-03-30 12:08:40.298114+00
63	75	1070	Pending	241	2025-03-30 12:11:32.476099+00
64	74	1070	Pending	241	2025-03-30 12:13:54.36525+00
65	71	1070	Pending	241	2025-03-30 12:16:02.201543+00
66	82	995	Pending	149	2025-03-30 14:41:07.252081+00
67	83	1031	Pending	227	2025-03-30 14:58:05.474638+00
68	70	1081	Pending	222	2025-03-30 17:27:43.228419+00
69	88	1023	Pending	159	2025-03-30 17:59:49.175342+00
70	91	1023	Pending	159	2025-03-30 18:24:19.725003+00
71	87	1023	Pending	159	2025-03-30 18:40:46.243275+00
72	93	1011	Pending	181	2025-03-30 18:56:40.569008+00
73	94	1023	Pending	159	2025-03-30 19:01:19.982826+00
74	80	1038	Pending	182	2025-03-30 19:01:24.056007+00
75	85	1088	Pending	237	2025-03-30 19:11:42.338579+00
76	79	1021	Pending	188	2025-03-30 19:18:38.61005+00
77	86	1011	Pending	146	2025-03-30 20:31:24.040866+00
78	89	1011	Pending	146	2025-03-30 21:02:29.216353+00
79	100	1031	Pending	214	2025-03-30 21:38:17.358136+00
80	98	1031	Pending	214	2025-03-30 22:12:03.103004+00
81	92	1048	Pending	197	2025-03-30 22:15:24.02195+00
82	90	1048	Pending	197	2025-03-30 22:25:26.233943+00
83	96	1031	Pending	174	2025-03-30 22:59:10.227451+00
84	99	1031	Pending	214	2025-03-30 23:10:05.375192+00
85	95	1031	Pending	174	2025-03-30 23:33:18.74367+00
86	101	1061	Pending	229	2025-03-31 01:31:05.460333+00
87	102	1061	Pending	229	2025-03-31 01:45:03.351524+00
88	78	1068	Pending	238	2025-03-31 05:39:32.832364+00
89	84	1012	Pending	147	2025-03-31 05:44:23.363616+00
90	103	1068	Pending	238	2025-03-31 05:46:53.055444+00
91	106	1082	Pending	236	2025-03-31 09:32:27.065356+00
92	105	1078	Pending	183	2025-03-31 10:01:43.68969+00
93	104	1038	Pending	182	2025-03-31 11:13:20.186763+00
94	73	1063	Pending	232	2025-03-31 11:54:45.491114+00
95	81	1063	Pending	232	2025-03-31 12:05:10.578471+00
96	111	1033	Pending	221	2025-03-31 13:52:16.196503+00
97	110	1033	Pending	221	2025-03-31 13:56:09.638859+00
98	109	1033	Pending	127	2025-03-31 14:13:49.573275+00
99	107	1021	Pending	188	2025-03-31 14:15:18.169757+00
100	112	1031	Pending	227	2025-03-31 14:34:26.197088+00
101	115	1061	Pending	229	2025-03-31 17:10:03.148653+00
102	64	1090	Pending	133	2025-03-31 18:10:58.062435+00
103	118	1010	Pending	141	2025-03-31 19:11:36.754722+00
104	52	1100	Pending	190	2025-03-31 19:12:45.430132+00
105	108	1106	Pending	128	2025-03-31 20:46:40.650503+00
106	113	1012	Pending	147	2025-04-01 06:20:59.016256+00
107	116	1031	Pending	254	2025-04-01 06:21:12.562606+00
108	117	1031	Pending	254	2025-04-01 06:23:47.689281+00
109	114	1012	Pending	147	2025-04-01 06:26:13.377434+00
110	120	1082	Pending	264	2025-04-01 06:53:44.045057+00
111	119	1044	Pending	246	2025-04-01 09:42:41.526398+00
112	121	1024	Pending	160	2025-04-01 12:52:08.209801+00
113	124	1031	Pending	227	2025-04-01 14:20:54.259395+00
114	125	1033	Pending	221	2025-04-01 16:10:37.375317+00
115	122	1054	Pending	208	2025-04-01 17:50:15.670614+00
116	126	1081	Pending	142	2025-04-01 17:56:21.259624+00
117	128	1081	Pending	218	2025-04-01 18:13:05.275293+00
118	132	1023	Pending	159	2025-04-01 19:53:42.34971+00
119	127	1110	Pending	199	2025-04-01 20:09:38.477961+00
120	131	1037	Pending	228	2025-04-01 20:29:38.293645+00
121	135	1070	Pending	241	2025-04-02 03:34:07.211405+00
122	134	1070	Pending	241	2025-04-02 03:37:43.094621+00
123	133	1070	Pending	241	2025-04-02 03:40:12.081106+00
124	130	1044	Pending	246	2025-04-02 04:29:19.174357+00
125	129	1034	Pending	186	2025-04-02 06:11:32.225761+00
126	136	1029	Pending	166	2025-04-02 06:52:03.302521+00
127	137	1034	Pending	186	2025-04-02 07:05:12.882415+00
128	138	1034	Pending	186	2025-04-02 07:52:50.866562+00
129	140	1081	Pending	129	2025-04-02 11:24:12.447589+00
130	141	995	Pending	239	2025-04-02 12:25:37.167284+00
131	139	1005	Pending	249	2025-04-02 13:21:48.073935+00
132	142	1053	Pending	206	2025-04-02 15:26:13.030006+00
133	144	1044	Pending	246	2025-04-02 16:37:46.178778+00
134	143	1000	Pending	131	2025-04-02 17:09:59.108238+00
135	146	1070	Pending	241	2025-04-02 17:59:30.1216+00
136	145	1070	Pending	241	2025-04-02 18:01:22.911333+00
137	147	1037	Pending	228	2025-04-02 19:49:18.405468+00
138	148	1081	Pending	218	2025-04-02 20:34:09.576313+00
139	149	1061	Pending	235	2025-04-02 20:34:40.87774+00
140	150	1012	Pending	147	2025-04-03 07:42:10.385426+00
141	156	1081	Pending	210	2025-04-03 15:28:44.128432+00
142	153	1059	Pending	227	2025-04-03 15:42:32.256296+00
143	152	1033	Pending	221	2025-04-03 16:22:46.503465+00
144	160	1088	Pending	237	2025-04-03 17:40:37.145633+00
145	154	1038	Pending	182	2025-04-03 18:01:56.210689+00
146	157	1031	Pending	214	2025-04-03 18:34:25.593888+00
147	151	1038	Pending	182	2025-04-03 18:36:20.018215+00
148	164	1002	Pending	185	2025-04-03 19:00:32.010104+00
149	162	1070	Pending	241	2025-04-03 19:00:43.133524+00
150	163	1082	Pending	169	2025-04-03 19:40:07.228286+00
151	166	1090	Pending	133	2025-04-04 06:44:32.879938+00
152	167	1081	Pending	218	2025-04-04 07:46:03.744234+00
153	169	1081	Pending	218	2025-04-04 08:33:56.423285+00
154	168	995	Pending	239	2025-04-04 09:33:53.028329+00
155	170	1029	Pending	192	2025-04-04 10:22:48.277712+00
156	174	1031	Pending	254	2025-04-04 12:21:25.471234+00
157	175	1018	Pending	170	2025-04-04 12:24:14.290794+00
158	172	1031	Pending	254	2025-04-04 12:29:52.714343+00
159	171	1081	Pending	129	2025-04-04 12:54:42.33437+00
160	176	1055	Pending	252	2025-04-04 14:18:43.027414+00
161	178	1011	Pending	146	2025-04-04 14:22:25.226979+00
162	179	1115	Pending	135	2025-04-04 14:39:43.572858+00
163	177	1033	Pending	221	2025-04-04 15:10:28.029507+00
164	161	1031	Pending	174	2025-04-04 16:28:30.317804+00
165	155	1031	Pending	214	2025-04-04 17:11:17.587204+00
166	182	1034	Pending	186	2025-04-04 17:15:42.74224+00
167	185	1034	Pending	186	2025-04-04 17:43:10.463469+00
168	189	1070	Pending	241	2025-04-04 18:01:26.641219+00
169	186	1070	Pending	241	2025-04-04 18:04:27.749733+00
170	180	1082	Pending	169	2025-04-04 18:17:18.979732+00
171	173	1080	Pending	220	2025-04-04 18:30:57.587395+00
172	190	1088	Pending	237	2025-04-04 19:09:01.660919+00
173	183	1054	Pending	208	2025-04-04 20:28:58.921252+00
174	191	1037	Pending	228	2025-04-04 20:33:36.782242+00
175	193	1037	Pending	228	2025-04-04 20:40:36.460578+00
176	192	1082	Pending	236	2025-04-04 21:28:39.035041+00
177	184	1044	Pending	246	2025-04-05 02:26:59.863778+00
178	165	1012	Pending	147	2025-04-05 03:56:57.992166+00
179	181	1012	Pending	147	2025-04-05 04:02:07.268473+00
180	194	1110	Pending	199	2025-04-05 04:27:08.555678+00
181	196	1081	Pending	218	2025-04-05 07:50:25.455388+00
182	195	1059	Pending	227	2025-04-05 07:58:45.071062+00
183	188	1061	Pending	235	2025-04-05 15:21:59.790516+00
184	187	1061	Pending	235	2025-04-05 16:12:18.128815+00
185	201	999	Pending	131	2025-04-05 17:03:33.100401+00
186	205	1033	Pending	221	2025-04-05 17:06:00.953351+00
187	204	1033	Pending	221	2025-04-05 17:09:39.627166+00
188	203	1033	Pending	221	2025-04-05 17:13:13.497743+00
189	202	1033	Pending	221	2025-04-05 17:16:48.035413+00
190	197	1070	Pending	241	2025-04-05 17:22:01.995953+00
191	206	1088	Pending	237	2025-04-05 19:15:45.279656+00
192	210	1011	Pending	181	2025-04-05 19:19:56.547421+00
193	216	1002	Pending	185	2025-04-05 20:33:03.234991+00
\.


--
-- Data for Name: qcp5_attributes; Type: TABLE DATA; Schema: public; Owner: -
--

COPY public.qcp5_attributes (id, qcp5_id, qcp5_product_id, qualityattributes_id, user_id, exportcompany_id, created_at) FROM stdin;
1	1	2	1	21	182	2025-03-27 12:25:10.884466+00
2	1	1	1	21	182	2025-03-27 12:25:17.400009+00
3	1	3	1	21	182	2025-03-27 12:25:21.359148+00
4	1	4	1	21	182	2025-03-27 12:25:26.100428+00
5	1	5	1	21	182	2025-03-27 12:25:30.759083+00
6	1	6	1	21	182	2025-03-27 12:25:35.126786+00
7	1	7	1	21	182	2025-03-27 12:25:39.259034+00
8	11	50	1	23	182	2025-03-27 22:12:48.803205+00
9	11	51	1	23	182	2025-03-27 22:13:12.876816+00
10	11	52	1	23	182	2025-03-27 22:13:38.572346+00
11	11	53	1	23	182	2025-03-27 22:14:57.389855+00
12	11	54	1	23	182	2025-03-27 22:15:16.534529+00
13	11	55	1	23	182	2025-03-27 22:15:43.570357+00
14	11	56	1	23	182	2025-03-27 22:16:05.434539+00
15	11	57	1	23	182	2025-03-27 22:16:40.987172+00
16	11	58	1	23	182	2025-03-27 22:17:09.598011+00
17	11	59	1	23	182	2025-03-27 22:17:50.44563+00
18	11	60	1	23	182	2025-03-27 22:18:10.424719+00
19	11	61	1	23	182	2025-03-27 22:18:42.492658+00
20	11	62	1	23	182	2025-03-27 22:19:07.446581+00
21	11	63	1	23	182	2025-03-27 22:19:26.705267+00
22	11	64	1	23	182	2025-03-27 22:19:49.600037+00
23	11	65	1	23	182	2025-03-27 22:20:12.500716+00
24	11	66	1	23	182	2025-03-27 22:20:30.118653+00
25	11	67	1	23	182	2025-03-27 22:20:59.506925+00
26	11	68	1	23	182	2025-03-27 22:21:40.587004+00
27	11	69	1	23	182	2025-03-27 22:22:05.720076+00
28	11	70	1	23	182	2025-03-27 22:22:43.948114+00
29	11	71	1	23	182	2025-03-27 22:23:17.168717+00
30	11	72	1	23	182	2025-03-27 22:23:42.684483+00
31	11	73	1	23	182	2025-03-27 22:24:18.888397+00
32	11	74	1	23	182	2025-03-27 22:24:36.09111+00
33	11	75	1	23	182	2025-03-27 22:24:55.239645+00
34	11	76	1	23	182	2025-03-27 22:25:15.834562+00
35	12	77	1	23	185	2025-03-28 04:30:03.595672+00
36	12	78	1	23	185	2025-03-28 04:30:24.337172+00
37	12	79	1	23	185	2025-03-28 04:30:43.457039+00
38	12	80	1	23	185	2025-03-28 04:31:07.498514+00
39	8	32	1	23	214	2025-03-28 04:41:36.215943+00
40	8	33	1	23	214	2025-03-28 04:41:55.727221+00
41	8	34	1	23	214	2025-03-28 04:42:23.917007+00
42	8	35	1	23	214	2025-03-28 04:43:00.634422+00
43	8	36	1	23	214	2025-03-28 04:43:22.827445+00
44	8	37	1	23	214	2025-03-28 04:46:25.287006+00
45	8	38	1	23	214	2025-03-28 04:46:52.974624+00
46	8	39	1	23	214	2025-03-28 04:47:17.086491+00
47	8	40	1	23	214	2025-03-28 04:47:43.033619+00
48	9	41	1	23	214	2025-03-28 04:50:21.371291+00
49	9	42	1	23	214	2025-03-28 04:50:40.78901+00
50	9	43	1	23	214	2025-03-28 04:50:58.819919+00
51	9	44	1	23	214	2025-03-28 04:51:17.906253+00
52	9	45	1	23	214	2025-03-28 04:51:45.300669+00
53	9	46	1	23	214	2025-03-28 04:52:05.74923+00
54	9	47	1	23	214	2025-03-28 04:52:26.221608+00
55	13	81	1	23	208	2025-03-28 04:53:49.906031+00
56	13	82	1	23	208	2025-03-28 04:54:07.33661+00
57	13	83	1	23	208	2025-03-28 04:54:24.817453+00
58	13	84	1	23	208	2025-03-28 04:54:41.509723+00
59	13	85	1	23	208	2025-03-28 04:55:11.923838+00
60	13	86	1	23	208	2025-03-28 04:55:35.347728+00
61	5	22	1	23	241	2025-03-28 04:58:33.261107+00
62	5	23	1	23	241	2025-03-28 04:58:56.649247+00
63	26	139	1	21	129	2025-03-28 23:06:14.780468+00
64	26	140	1	21	129	2025-03-28 23:06:19.585021+00
65	26	141	1	21	129	2025-03-28 23:06:24.591982+00
66	26	143	1	21	129	2025-03-28 23:06:31.951547+00
67	26	142	1	21	129	2025-03-28 23:06:43.161465+00
68	32	169	1	21	146	2025-03-28 23:09:35.755225+00
69	32	170	1	21	146	2025-03-28 23:09:42.221467+00
70	32	171	1	21	146	2025-03-28 23:09:46.477494+00
71	32	172	1	21	146	2025-03-28 23:09:51.117423+00
72	32	173	1	21	146	2025-03-28 23:09:57.401053+00
73	32	174	1	21	146	2025-03-28 23:10:01.423984+00
74	32	175	1	21	146	2025-03-28 23:10:05.657952+00
75	34	185	1	21	228	2025-03-29 04:52:31.902621+00
76	34	186	1	21	228	2025-03-29 04:52:35.789061+00
77	34	187	1	21	228	2025-03-29 04:52:39.779934+00
78	34	188	1	21	228	2025-03-29 04:52:43.85007+00
79	34	189	1	21	228	2025-03-29 04:52:49.545764+00
80	30	160	1	21	252	2025-03-29 04:53:24.904629+00
81	30	161	1	21	252	2025-03-29 04:53:28.845285+00
82	30	162	1	21	252	2025-03-29 04:53:35.539507+00
83	30	163	1	21	252	2025-03-29 04:53:42.658562+00
84	30	164	1	21	252	2025-03-29 04:53:46.477838+00
85	27	144	1	21	186	2025-03-29 04:54:34.242771+00
86	27	145	1	21	186	2025-03-29 04:54:37.949287+00
87	27	146	1	21	186	2025-03-29 04:54:45.817362+00
88	27	147	1	21	186	2025-03-29 04:54:49.705813+00
89	27	148	1	21	186	2025-03-29 04:54:55.366641+00
90	27	149	1	21	186	2025-03-29 04:54:58.990473+00
91	27	150	1	21	186	2025-03-29 04:55:07.969112+00
92	29	154	1	21	186	2025-03-29 04:55:54.091804+00
93	29	153	1	21	186	2025-03-29 04:56:03.115399+00
94	29	155	1	21	186	2025-03-29 04:56:07.139621+00
95	29	156	1	21	186	2025-03-29 04:56:11.411311+00
96	29	157	1	21	186	2025-03-29 04:56:15.183744+00
97	29	158	1	21	186	2025-03-29 04:56:19.25222+00
98	29	159	1	21	186	2025-03-29 04:56:23.072896+00
99	35	193	1	21	220	2025-03-29 04:57:15.498709+00
100	35	190	1	21	220	2025-03-29 04:57:19.505255+00
101	35	191	1	21	220	2025-03-29 04:57:23.632941+00
102	35	192	1	21	220	2025-03-29 04:57:27.597377+00
103	36	194	1	21	241	2025-03-29 05:39:55.962845+00
104	36	195	1	21	241	2025-03-29 05:40:00.130926+00
105	36	196	1	21	241	2025-03-29 05:40:03.947544+00
106	36	197	1	21	241	2025-03-29 05:40:07.993145+00
107	37	198	1	21	246	2025-03-29 05:47:26.203823+00
108	37	199	1	21	246	2025-03-29 05:47:30.543225+00
109	37	200	1	21	246	2025-03-29 05:47:34.455061+00
110	37	201	1	21	246	2025-03-29 05:47:38.291467+00
111	24	130	1	21	218	2025-03-29 05:50:27.311385+00
112	23	129	1	21	218	2025-03-29 05:50:54.159048+00
113	28	151	1	21	210	2025-03-29 05:54:41.955915+00
114	28	152	1	21	210	2025-03-29 05:54:45.81956+00
115	51	256	1	21	201	2025-03-30 06:10:19.946783+00
116	51	257	1	21	201	2025-03-30 06:10:26.648829+00
117	51	258	1	21	201	2025-03-30 06:10:51.011011+00
118	51	259	1	21	201	2025-03-30 06:10:59.594099+00
119	51	260	1	21	201	2025-03-30 06:11:04.095735+00
120	51	261	1	21	201	2025-03-30 06:11:08.747406+00
121	55	282	1	21	208	2025-03-30 09:10:58.173145+00
122	55	281	1	21	208	2025-03-30 09:11:08.624191+00
123	55	283	1	21	208	2025-03-30 09:11:13.233612+00
124	55	284	1	21	208	2025-03-30 09:11:17.557203+00
125	55	285	1	21	208	2025-03-30 09:11:21.213115+00
126	55	286	1	21	208	2025-03-30 09:11:25.118077+00
127	55	287	1	21	208	2025-03-30 09:11:28.633291+00
128	55	288	1	21	208	2025-03-30 09:11:32.932339+00
129	53	268	1	21	208	2025-03-30 09:14:09.902152+00
130	53	269	1	21	208	2025-03-30 09:14:16.06597+00
131	53	270	1	21	208	2025-03-30 09:14:21.779318+00
132	53	271	1	21	208	2025-03-30 09:14:28.055334+00
133	53	272	1	21	208	2025-03-30 09:14:33.559962+00
134	53	273	1	21	208	2025-03-30 09:14:37.29832+00
135	53	274	1	21	208	2025-03-30 09:14:43.200792+00
136	53	275	1	21	208	2025-03-30 09:14:46.899219+00
137	53	276	1	21	208	2025-03-30 09:14:50.922322+00
138	53	277	1	21	208	2025-03-30 09:14:54.945107+00
139	53	278	1	21	208	2025-03-30 09:14:59.461039+00
140	31	165	1	21	262	2025-03-30 09:16:02.638099+00
141	31	166	1	21	262	2025-03-30 09:16:07.581082+00
142	31	167	1	21	262	2025-03-30 09:16:16.658343+00
143	31	168	1	21	262	2025-03-30 09:16:20.849663+00
144	58	303	1	21	186	2025-03-30 09:19:28.495843+00
145	58	304	1	21	186	2025-03-30 09:19:32.06401+00
146	58	305	1	21	186	2025-03-30 09:19:35.787621+00
147	58	306	1	21	186	2025-03-30 09:19:39.328449+00
148	49	246	1	15	185	2025-03-30 12:28:21.614058+00
149	49	248	1	15	185	2025-03-30 12:29:00.355547+00
150	49	249	1	15	185	2025-03-30 12:29:11.125041+00
151	49	250	1	15	185	2025-03-30 12:29:24.08541+00
152	49	251	1	15	185	2025-03-30 12:29:40.655654+00
153	52	262	1	15	214	2025-03-30 12:32:56.276001+00
154	52	263	1	15	214	2025-03-30 12:33:09.6318+00
155	52	264	1	15	214	2025-03-30 12:33:22.434849+00
156	52	265	1	15	214	2025-03-30 12:33:38.472355+00
157	52	266	1	15	214	2025-03-30 12:34:03.214619+00
158	52	267	1	15	214	2025-03-30 12:34:17.291892+00
159	50	252	1	15	131	2025-03-30 12:37:24.05451+00
160	50	255	1	15	131	2025-03-30 12:38:12.15482+00
161	91	477	1	23	236	2025-03-31 12:54:58.746706+00
162	91	478	1	23	236	2025-03-31 12:55:27.209429+00
163	90	476	1	23	238	2025-03-31 12:57:10.969274+00
164	87	462	1	23	229	2025-03-31 13:09:12.291662+00
165	80	415	1	23	214	2025-03-31 13:15:20.0838+00
166	80	416	1	23	214	2025-03-31 13:16:08.264439+00
167	80	417	1	23	214	2025-03-31 13:17:06.813955+00
168	80	418	1	23	214	2025-03-31 13:17:32.482481+00
169	80	419	1	23	214	2025-03-31 13:17:53.603682+00
170	80	420	1	23	214	2025-03-31 13:19:30.216921+00
171	80	421	1	23	214	2025-03-31 13:19:49.102592+00
172	80	422	1	23	214	2025-03-31 13:20:09.138038+00
173	86	461	1	23	229	2025-03-31 13:22:18.225492+00
174	84	443	1	23	214	2025-03-31 13:25:37.42358+00
175	84	444	1	23	214	2025-03-31 13:26:02.035629+00
176	84	445	1	23	214	2025-03-31 13:26:31.499259+00
177	84	446	1	23	214	2025-03-31 13:27:10.155811+00
178	75	379	1	23	237	2025-03-31 13:30:38.704331+00
179	75	380	1	23	237	2025-03-31 13:31:04.336016+00
180	75	381	1	23	237	2025-03-31 13:32:19.434926+00
181	75	382	1	23	237	2025-03-31 13:32:47.655593+00
182	75	383	1	23	237	2025-03-31 13:33:23.904487+00
183	75	384	1	23	237	2025-03-31 13:34:58.449002+00
184	75	385	1	23	237	2025-03-31 13:37:18.627177+00
185	75	386	1	23	237	2025-03-31 13:38:31.438164+00
186	75	387	1	23	237	2025-03-31 13:39:52.877351+00
187	75	388	1	23	237	2025-03-31 13:41:07.007563+00
188	75	389	1	23	237	2025-03-31 13:41:37.846312+00
189	75	390	1	23	237	2025-03-31 13:42:10.135793+00
190	72	345	1	23	181	2025-03-31 14:05:25.824163+00
191	72	346	1	23	181	2025-03-31 14:05:44.787292+00
192	72	347	1	23	181	2025-03-31 14:06:17.524413+00
193	72	348	1	23	181	2025-03-31 14:07:50.622042+00
194	72	349	1	23	181	2025-03-31 14:08:12.863301+00
195	72	350	1	23	181	2025-03-31 14:08:39.902841+00
196	72	351	1	23	181	2025-03-31 14:08:59.745758+00
197	72	352	1	23	181	2025-03-31 14:09:18.6549+00
198	72	353	1	23	181	2025-03-31 14:09:38.285367+00
199	60	314	1	23	129	2025-03-31 14:16:29.023363+00
200	60	315	1	23	129	2025-03-31 14:16:50.679182+00
201	60	316	1	23	129	2025-03-31 14:17:10.153842+00
202	60	317	1	23	129	2025-03-31 14:17:47.358843+00
203	60	318	1	23	129	2025-03-31 14:18:24.611444+00
204	60	319	1	23	129	2025-03-31 14:18:49.919822+00
205	60	320	1	23	129	2025-03-31 14:19:12.082351+00
206	68	338	1	23	222	2025-03-31 14:21:44.778963+00
207	68	339	1	23	222	2025-03-31 14:22:04.710954+00
208	68	340	1	23	222	2025-03-31 14:22:27.510844+00
209	99	552	1	21	188	2025-03-31 16:32:12.002504+00
210	99	553	1	21	188	2025-03-31 16:32:16.312652+00
211	99	554	1	21	188	2025-03-31 16:32:20.379162+00
212	99	555	1	21	188	2025-03-31 16:32:24.313024+00
213	99	556	1	21	188	2025-03-31 16:32:28.250662+00
214	99	557	1	21	188	2025-03-31 16:32:31.900342+00
215	99	558	1	21	188	2025-03-31 16:32:35.860527+00
216	99	559	1	21	188	2025-03-31 16:32:40.127854+00
217	96	533	1	24	221	2025-04-01 06:36:06.129858+00
218	97	535	1	24	221	2025-04-01 06:39:49.966208+00
219	97	536	1	24	221	2025-04-01 06:40:24.812318+00
220	97	537	1	24	221	2025-04-01 06:40:54.65869+00
221	97	538	1	24	221	2025-04-01 06:41:19.719448+00
222	97	539	1	24	221	2025-04-01 06:41:39.656914+00
223	96	534	1	24	221	2025-04-01 06:43:51.738312+00
224	73	354	1	24	159	2025-04-01 06:47:05.766965+00
225	73	355	3	24	159	2025-04-01 06:48:16.775112+00
226	110	619	1	24	264	2025-04-01 07:07:37.021717+00
227	109	617	1	24	147	2025-04-01 09:39:09.285205+00
228	109	618	1	24	147	2025-04-01 09:39:24.034518+00
229	109	616	1	24	147	2025-04-01 09:39:35.686188+00
230	109	615	1	24	147	2025-04-01 09:39:47.921447+00
231	109	614	1	24	147	2025-04-01 09:40:09.423092+00
232	109	613	1	24	147	2025-04-01 09:40:19.75485+00
233	106	607	1	24	147	2025-04-01 09:42:15.217535+00
234	106	608	1	24	147	2025-04-01 09:42:29.710253+00
235	106	606	1	24	147	2025-04-01 09:42:44.076132+00
236	106	605	1	24	147	2025-04-01 09:43:02.090325+00
237	106	604	1	24	147	2025-04-01 09:43:27.306952+00
238	106	603	1	24	147	2025-04-01 09:43:40.096423+00
239	110	625	1	24	264	2025-04-01 09:45:25.791925+00
240	110	626	1	24	264	2025-04-01 09:45:37.451843+00
241	110	624	1	24	264	2025-04-01 09:45:47.764023+00
242	110	623	1	24	264	2025-04-01 09:45:59.065454+00
243	110	622	1	24	264	2025-04-01 09:46:11.72507+00
244	110	621	1	24	264	2025-04-01 09:46:22.095858+00
245	110	620	1	24	264	2025-04-01 09:46:32.411824+00
246	89	474	1	24	147	2025-04-01 09:49:16.852993+00
247	89	475	1	24	147	2025-04-01 09:49:27.502793+00
248	89	473	1	24	147	2025-04-01 09:49:39.402659+00
249	89	472	1	24	147	2025-04-01 09:49:52.702965+00
250	107	609	1	16	254	2025-04-01 16:52:26.878399+00
251	107	610	1	16	254	2025-04-01 16:52:33.700016+00
252	107	611	1	16	254	2025-04-01 16:52:39.907553+00
253	108	612	1	16	254	2025-04-01 16:55:47.222059+00
254	113	632	1	16	227	2025-04-01 16:56:42.71133+00
255	113	633	1	16	227	2025-04-01 16:56:48.216469+00
256	113	634	1	16	227	2025-04-01 16:56:53.630333+00
257	113	635	1	16	227	2025-04-01 16:56:59.097908+00
258	113	636	1	16	227	2025-04-01 16:57:04.408264+00
259	113	637	1	16	227	2025-04-01 16:57:11.171223+00
260	100	560	1	16	227	2025-04-01 16:59:16.914845+00
261	100	561	1	16	227	2025-04-01 16:59:23.064849+00
262	100	562	1	16	227	2025-04-01 16:59:32.870708+00
263	119	662	1	16	199	2025-04-01 23:21:38.397511+00
264	119	661	1	16	199	2025-04-01 23:21:49.805934+00
265	119	657	1	16	199	2025-04-01 23:22:03.455505+00
266	119	658	1	16	199	2025-04-01 23:22:09.531093+00
267	119	659	1	16	199	2025-04-01 23:22:16.356139+00
268	119	660	1	16	199	2025-04-01 23:22:22.005903+00
269	112	630	1	16	160	2025-04-01 23:25:37.05975+00
270	112	631	1	16	160	2025-04-01 23:25:45.786937+00
271	112	629	1	16	160	2025-04-01 23:25:52.819159+00
272	112	628	1	16	160	2025-04-01 23:26:03.19763+00
273	117	655	1	16	218	2025-04-02 01:05:08.299376+00
274	120	663	1	17	228	2025-04-02 05:35:38.851052+00
275	120	664	1	17	228	2025-04-02 05:35:47.757992+00
276	120	665	1	17	228	2025-04-02 05:35:55.871161+00
277	123	674	1	17	241	2025-04-02 05:37:31.637019+00
278	123	675	1	17	241	2025-04-02 05:37:40.426261+00
279	123	676	1	17	241	2025-04-02 05:37:51.653955+00
280	123	677	1	17	241	2025-04-02 05:37:56.270646+00
281	123	678	1	17	241	2025-04-02 05:38:01.57026+00
282	122	669	1	17	241	2025-04-02 05:39:31.030536+00
283	122	670	1	17	241	2025-04-02 05:39:38.099259+00
284	122	671	1	17	241	2025-04-02 05:39:48.430407+00
285	122	672	1	17	241	2025-04-02 05:39:56.319087+00
286	122	673	1	17	241	2025-04-02 05:40:04.030466+00
287	121	666	1	17	241	2025-04-02 05:40:54.49266+00
288	121	667	1	17	241	2025-04-02 05:41:01.27047+00
289	121	668	1	17	241	2025-04-02 05:41:10.869817+00
290	115	642	1	17	208	2025-04-02 05:43:19.390242+00
291	115	643	1	17	208	2025-04-02 05:43:27.898102+00
292	115	644	1	17	208	2025-04-02 05:43:36.239619+00
293	115	645	1	17	208	2025-04-02 05:43:43.771737+00
294	115	646	1	17	208	2025-04-02 05:43:48.658793+00
295	115	647	1	17	208	2025-04-02 05:43:53.62983+00
296	115	648	1	17	208	2025-04-02 05:44:00.171254+00
297	115	649	1	17	208	2025-04-02 05:44:06.351958+00
298	115	650	1	17	208	2025-04-02 05:44:10.870626+00
299	115	651	1	17	208	2025-04-02 05:44:16.312685+00
300	116	652	1	21	142	2025-04-03 05:43:44.685073+00
301	116	653	1	21	142	2025-04-03 05:43:52.737612+00
302	116	654	1	21	142	2025-04-03 05:43:57.337324+00
303	128	705	1	21	186	2025-04-03 05:53:47.397346+00
304	128	706	1	21	186	2025-04-03 05:53:51.867533+00
305	128	707	1	21	186	2025-04-03 05:53:56.142421+00
306	128	708	1	21	186	2025-04-03 05:53:59.872346+00
307	128	709	1	21	186	2025-04-03 05:54:04.188121+00
308	128	710	1	21	186	2025-04-03 05:54:08.308067+00
309	128	711	1	21	186	2025-04-03 05:54:12.952575+00
310	127	704	1	21	186	2025-04-03 05:54:59.580853+00
311	127	699	1	21	186	2025-04-03 05:55:03.969303+00
312	127	700	1	21	186	2025-04-03 05:55:07.759674+00
313	127	703	1	21	186	2025-04-03 05:55:11.833443+00
314	127	702	1	21	186	2025-04-03 05:55:16.255145+00
315	127	701	1	21	186	2025-04-03 05:55:21.964184+00
316	125	693	1	21	186	2025-04-03 05:56:16.057704+00
317	125	692	1	21	186	2025-04-03 05:56:20.267506+00
318	125	691	1	21	186	2025-04-03 05:56:24.822514+00
319	125	690	1	21	186	2025-04-03 05:56:29.067924+00
320	125	689	1	21	186	2025-04-03 05:56:33.357778+00
321	125	688	1	21	186	2025-04-03 05:56:37.297652+00
322	125	687	1	21	186	2025-04-03 05:56:41.608251+00
323	129	720	1	21	129	2025-04-03 07:36:31.580846+00
324	129	719	1	21	129	2025-04-03 07:36:35.632025+00
325	129	718	1	21	129	2025-04-03 07:36:39.671207+00
326	129	717	1	21	129	2025-04-03 07:36:43.470559+00
327	129	716	1	21	129	2025-04-03 07:36:47.510638+00
328	129	715	1	21	129	2025-04-03 07:36:51.390857+00
329	129	714	1	21	129	2025-04-03 07:36:55.390644+00
330	129	713	1	21	129	2025-04-03 07:36:59.110482+00
331	129	712	1	21	129	2025-04-03 07:37:03.211138+00
332	148	835	1	23	185	2025-04-04 04:10:36.242947+00
333	148	836	1	23	185	2025-04-04 04:11:20.254955+00
334	148	837	1	23	185	2025-04-04 04:11:43.222789+00
335	148	838	1	23	185	2025-04-04 04:12:13.146438+00
336	148	839	1	23	185	2025-04-04 04:12:39.138411+00
337	148	840	1	23	185	2025-04-04 04:13:41.344235+00
338	144	785	1	23	237	2025-04-04 04:15:19.396235+00
339	144	786	1	23	237	2025-04-04 04:15:39.499966+00
340	144	787	1	23	237	2025-04-04 04:15:58.928502+00
341	144	788	1	23	237	2025-04-04 04:16:22.461394+00
342	144	789	1	23	237	2025-04-04 04:16:45.651232+00
343	142	771	1	23	227	2025-04-04 04:18:15.438315+00
344	142	772	1	23	227	2025-04-04 04:18:35.432407+00
345	142	773	1	23	227	2025-04-04 04:18:58.121293+00
346	142	774	1	23	227	2025-04-04 04:19:17.379511+00
347	142	775	1	23	227	2025-04-04 04:19:39.67861+00
348	142	776	1	23	227	2025-04-04 04:19:57.939925+00
349	142	777	1	23	227	2025-04-04 04:20:28.172228+00
350	145	790	1	23	182	2025-04-04 04:22:29.540971+00
351	145	791	1	23	182	2025-04-04 04:22:48.128426+00
352	145	792	1	23	182	2025-04-04 04:23:07.334498+00
353	145	793	1	23	182	2025-04-04 04:23:27.7218+00
354	145	794	1	23	182	2025-04-04 04:23:47.352165+00
355	145	795	1	23	182	2025-04-04 04:24:07.508397+00
356	145	796	1	23	182	2025-04-04 04:24:27.865646+00
357	145	797	1	23	182	2025-04-04 04:24:52.564186+00
358	145	798	1	23	182	2025-04-04 04:25:16.974025+00
359	147	808	1	23	182	2025-04-04 04:28:04.591909+00
360	147	809	1	23	182	2025-04-04 04:28:23.476686+00
361	147	810	1	23	182	2025-04-04 04:28:40.751063+00
364	147	813	1	23	182	2025-04-04 04:30:03.586742+00
365	147	814	1	23	182	2025-04-04 04:30:35.805936+00
371	147	820	1	23	182	2025-04-04 04:33:15.042718+00
372	147	821	1	23	182	2025-04-04 04:33:35.137625+00
374	147	823	1	23	182	2025-04-04 04:34:39.394578+00
377	147	826	1	23	182	2025-04-04 04:35:41.093429+00
378	147	827	1	23	182	2025-04-04 04:36:00.434155+00
379	147	828	1	23	182	2025-04-04 04:36:18.425917+00
382	147	831	1	23	182	2025-04-04 04:37:32.622417+00
383	147	832	1	23	182	2025-04-04 04:37:55.66568+00
384	147	833	1	23	182	2025-04-04 04:38:15.364146+00
385	147	834	1	23	182	2025-04-04 04:38:39.096389+00
387	146	799	1	23	214	2025-04-04 06:11:09.766303+00
388	146	800	1	23	214	2025-04-04 06:11:34.221141+00
389	146	801	1	23	214	2025-04-04 06:12:51.832511+00
390	146	802	1	23	214	2025-04-04 06:13:41.364315+00
391	146	803	1	23	214	2025-04-04 06:14:05.1457+00
392	146	804	1	23	214	2025-04-04 06:14:28.249857+00
393	146	805	1	23	214	2025-04-04 06:14:50.973353+00
394	146	806	1	23	214	2025-04-04 06:15:36.414452+00
395	146	807	1	23	214	2025-04-04 06:16:05.660364+00
403	141	769	1	23	210	2025-04-04 06:24:39.340819+00
362	147	811	1	23	182	2025-04-04 04:29:04.255734+00
363	147	812	1	23	182	2025-04-04 04:29:36.660713+00
366	147	815	1	23	182	2025-04-04 04:30:57.986168+00
367	147	816	1	23	182	2025-04-04 04:31:35.806927+00
368	147	817	1	23	182	2025-04-04 04:31:57.174492+00
369	147	818	1	23	182	2025-04-04 04:32:20.600451+00
370	147	819	1	23	182	2025-04-04 04:32:46.85732+00
373	147	822	1	23	182	2025-04-04 04:34:13.299895+00
375	147	824	1	23	182	2025-04-04 04:34:54.881419+00
376	147	825	1	23	182	2025-04-04 04:35:17.14554+00
380	147	829	1	23	182	2025-04-04 04:36:46.779131+00
381	147	830	1	23	182	2025-04-04 04:37:12.397953+00
386	149	841	1	23	241	2025-04-04 04:45:21.450423+00
396	141	762	1	23	210	2025-04-04 06:19:25.630636+00
397	141	763	1	23	210	2025-04-04 06:19:46.2937+00
398	141	764	1	23	210	2025-04-04 06:20:07.149154+00
399	141	765	1	23	210	2025-04-04 06:20:25.266028+00
400	141	766	1	23	210	2025-04-04 06:23:25.348248+00
401	141	767	1	23	210	2025-04-04 06:23:55.340172+00
402	141	768	1	23	210	2025-04-04 06:24:16.872431+00
404	141	770	1	23	210	2025-04-04 06:24:59.552382+00
405	150	842	1	24	169	2025-04-04 06:57:26.375394+00
406	150	843	1	24	169	2025-04-04 06:58:03.42284+00
407	143	778	1	24	221	2025-04-04 07:18:23.46896+00
408	143	779	1	24	221	2025-04-04 07:18:42.488432+00
409	143	780	1	24	221	2025-04-04 07:19:00.651983+00
410	143	781	1	24	221	2025-04-04 07:19:18.577154+00
411	143	782	1	24	221	2025-04-04 07:19:34.609776+00
412	143	783	1	24	221	2025-04-04 07:19:57.592377+00
413	143	784	1	24	221	2025-04-04 07:20:23.377357+00
414	152	851	1	24	218	2025-04-04 11:41:37.994409+00
415	152	852	1	24	218	2025-04-04 11:41:51.933434+00
416	152	850	1	24	218	2025-04-04 11:42:02.373377+00
417	152	849	1	24	218	2025-04-04 11:42:13.413523+00
418	152	848	1	24	218	2025-04-04 11:42:30.013579+00
419	152	847	1	24	218	2025-04-04 11:42:42.113156+00
420	152	846	1	24	218	2025-04-04 11:42:53.17193+00
421	152	845	1	24	218	2025-04-04 11:43:05.239657+00
422	153	861	1	24	218	2025-04-04 11:49:42.786107+00
423	153	862	1	24	218	2025-04-04 11:49:52.594255+00
424	153	860	1	24	218	2025-04-04 11:50:05.585955+00
425	153	859	1	24	218	2025-04-04 11:50:17.566213+00
426	153	858	1	24	218	2025-04-04 11:50:27.846255+00
427	153	857	1	24	218	2025-04-04 11:50:38.466107+00
428	153	856	1	24	218	2025-04-04 11:50:52.786857+00
429	153	855	1	24	218	2025-04-04 11:51:04.475339+00
430	153	854	1	24	218	2025-04-04 11:51:16.166529+00
431	153	853	1	24	218	2025-04-04 11:51:26.197532+00
432	151	844	1	24	133	2025-04-04 11:54:57.215462+00
433	157	873	1	16	170	2025-04-04 15:53:31.061511+00
434	161	897	1	21	146	2025-04-04 22:52:37.970575+00
435	161	898	1	21	146	2025-04-04 22:52:42.31347+00
436	161	899	1	21	146	2025-04-04 22:52:46.548139+00
437	161	900	1	21	146	2025-04-04 22:52:50.453151+00
438	161	901	1	21	146	2025-04-04 22:52:54.748805+00
439	161	902	1	21	146	2025-04-04 22:52:58.593955+00
440	161	903	1	21	146	2025-04-04 22:53:02.610631+00
441	161	904	1	21	146	2025-04-04 22:53:06.713451+00
442	161	905	1	21	146	2025-04-04 22:53:11.515424+00
443	161	906	1	21	146	2025-04-04 22:53:17.16859+00
444	161	907	1	21	146	2025-04-04 22:53:21.57625+00
445	172	956	1	21	237	2025-04-04 22:55:09.846921+00
446	172	957	1	21	237	2025-04-04 22:55:14.048753+00
447	172	958	1	21	237	2025-04-04 22:55:18.274451+00
448	172	959	1	21	237	2025-04-04 22:55:22.368792+00
449	172	960	1	21	237	2025-04-04 22:55:26.46216+00
450	159	889	1	21	129	2025-04-04 23:37:23.57068+00
451	159	884	1	21	129	2025-04-04 23:37:28.239245+00
452	159	886	1	21	129	2025-04-04 23:37:32.787367+00
453	159	887	1	21	129	2025-04-04 23:37:36.916641+00
454	159	888	1	21	129	2025-04-04 23:37:41.43079+00
455	159	883	1	21	129	2025-04-04 23:37:47.484048+00
456	159	882	1	21	129	2025-04-04 23:37:53.723845+00
457	159	881	1	21	129	2025-04-04 23:37:58.169534+00
458	159	880	1	21	129	2025-04-04 23:38:03.828017+00
459	159	885	1	21	129	2025-04-04 23:38:20.992226+00
460	174	972	1	21	228	2025-04-05 01:45:52.907226+00
461	174	973	1	21	228	2025-04-05 01:45:57.846604+00
462	174	974	1	21	228	2025-04-05 01:46:03.156015+00
463	174	975	1	21	228	2025-04-05 01:46:07.835078+00
464	174	976	1	21	228	2025-04-05 01:46:13.038542+00
465	175	977	1	21	228	2025-04-05 01:47:09.114327+00
466	175	978	1	21	228	2025-04-05 01:47:14.102821+00
467	171	955	1	21	220	2025-04-05 03:22:22.300748+00
468	171	954	1	21	220	2025-04-05 03:22:28.315757+00
469	171	953	1	21	220	2025-04-05 03:22:37.356958+00
470	171	952	1	21	220	2025-04-05 03:22:42.51265+00
471	160	890	1	21	252	2025-04-05 03:34:20.378723+00
472	160	891	1	21	252	2025-04-05 03:34:25.102346+00
473	160	892	1	21	252	2025-04-05 03:34:29.511143+00
474	160	893	1	21	252	2025-04-05 03:34:34.098061+00
475	160	894	1	21	252	2025-04-05 03:34:38.435487+00
476	160	895	1	21	252	2025-04-05 03:34:42.579195+00
477	160	896	1	21	252	2025-04-05 03:34:47.523087+00
478	167	934	1	21	186	2025-04-05 03:38:35.579743+00
479	167	935	1	21	186	2025-04-05 03:38:39.829955+00
480	167	936	1	21	186	2025-04-05 03:38:44.370844+00
481	167	937	1	21	186	2025-04-05 03:38:48.799098+00
482	167	938	1	21	186	2025-04-05 03:38:53.274077+00
483	167	939	1	21	186	2025-04-05 03:38:57.431319+00
484	167	940	1	21	186	2025-04-05 03:39:02.077337+00
485	166	933	1	21	186	2025-04-05 03:39:59.886501+00
486	166	928	1	21	186	2025-04-05 03:40:04.208119+00
487	166	929	1	21	186	2025-04-05 03:40:08.627963+00
488	166	930	1	21	186	2025-04-05 03:40:12.629057+00
489	166	931	1	21	186	2025-04-05 03:40:16.934948+00
490	166	932	1	21	186	2025-04-05 03:40:21.168554+00
491	168	941	1	21	241	2025-04-05 04:13:45.600161+00
492	168	942	1	21	241	2025-04-05 04:13:50.228709+00
493	169	943	1	21	241	2025-04-05 04:15:12.420248+00
494	169	944	1	21	241	2025-04-05 04:15:17.896117+00
495	169	945	1	21	241	2025-04-05 04:15:24.075612+00
496	169	946	1	21	241	2025-04-05 04:15:30.380658+00
497	164	910	1	21	174	2025-04-05 04:21:39.601216+00
498	164	911	1	21	174	2025-04-05 04:21:43.715807+00
499	164	912	1	21	174	2025-04-05 04:21:48.651065+00
500	164	913	1	21	174	2025-04-05 04:21:56.100617+00
501	164	914	1	21	174	2025-04-05 04:22:00.355945+00
502	164	915	1	21	174	2025-04-05 04:22:04.191202+00
503	164	916	1	21	174	2025-04-05 04:22:08.640984+00
504	164	917	1	21	174	2025-04-05 04:22:13.196392+00
505	164	918	1	21	174	2025-04-05 04:22:17.335702+00
506	173	971	1	21	208	2025-04-05 07:14:16.774455+00
507	173	970	1	21	208	2025-04-05 07:14:21.59178+00
508	173	969	1	21	208	2025-04-05 07:14:26.700144+00
509	173	968	1	21	208	2025-04-05 07:14:30.742436+00
510	173	967	1	21	208	2025-04-05 07:14:35.183768+00
511	173	966	1	21	208	2025-04-05 07:14:39.240275+00
512	173	965	1	21	208	2025-04-05 07:14:43.194449+00
513	173	964	1	21	208	2025-04-05 07:14:47.058443+00
514	173	963	1	21	208	2025-04-05 07:14:52.359334+00
515	173	962	1	21	208	2025-04-05 07:14:56.810641+00
516	173	961	1	21	208	2025-04-05 07:15:02.979207+00
\.


--
