-- Data for Name: qcp4_recommendations; Type: TABLE DATA; Schema: public; Owner: -
--

COPY public.qcp4_recommendations (id, qcp4_id, status, qcp4_product_id, reason, weight_rejected, weight_passed, user_id, exportcompany_id, created_at) FROM stdin;
1	1	FitForExport	1		0	1155	320	206	2025-03-26 16:17:39.03556+00
2	1	FitForExport	2		0	220	320	206	2025-03-26 16:18:02.878471+00
3	1	FitForExport	3		0	270	320	206	2025-03-26 16:18:44.259926+00
4	1	FitForExport	4		0	430	320	206	2025-03-26 16:18:53.983596+00
5	1	FitForExport	5		0	400	320	206	2025-03-26 16:21:02.494212+00
6	1	FitForExport	6		0	160	320	206	2025-03-26 16:21:14.172845+00
7	1	FitForExport	7		0	450	320	206	2025-03-26 16:21:23.686188+00
8	3	FitForExport	15		0	100	322	147	2025-03-27 06:33:25.136738+00
9	3	FitForExport	16		0	450	322	147	2025-03-27 06:33:37.859328+00
10	3	FitForExport	17		0	450	322	147	2025-03-27 06:35:56.317548+00
11	3	FitForExport	18		0	950	322	147	2025-03-27 06:36:03.37435+00
12	3	FitForExport	19		0	950	322	147	2025-03-27 06:36:08.675195+00
13	3	FitForExport	20		0	950	322	147	2025-03-27 06:36:13.525564+00
14	3	FitForExport	21		0	950	322	147	2025-03-27 06:36:19.159622+00
15	3	FitForExport	22		0	950	322	147	2025-03-27 06:36:23.385857+00
16	2	FitForExport	8		0	150	319	182	2025-03-27 09:34:33.111753+00
17	2	FitForExport	9		0	50	319	182	2025-03-27 09:34:45.360373+00
18	2	FitForExport	10		0	300	319	182	2025-03-27 09:34:56.562029+00
19	2	FitForExport	11		0	315	319	182	2025-03-27 09:35:07.884367+00
20	2	FitForExport	12		0	75	319	182	2025-03-27 09:35:17.16499+00
21	2	FitForExport	13		0	16.4	319	182	2025-03-27 09:35:26.995476+00
22	2	FitForExport	14		0	25	319	182	2025-03-27 09:35:40.074607+00
23	4	FitForExport	23		0	30	325	217	2025-03-27 10:08:58.703579+00
24	4	FitForExport	24		0	170	325	217	2025-03-27 10:09:12.778426+00
25	4	FitForExport	25		0	126	325	217	2025-03-27 10:09:31.743736+00
26	4	FitForExport	26		0	40	325	217	2025-03-27 10:09:48.152633+00
27	4	FitForExport	27		0	720	325	217	2025-03-27 10:09:58.849929+00
28	6	FitForExport	34		0	450	322	220	2025-03-27 13:19:08.58706+00
29	6	FitForExport	35		0	2000	322	220	2025-03-27 13:19:20.181271+00
30	9	FitForExport	45		0	240	316	254	2025-03-27 14:34:36.192695+00
31	9	FitForExport	46		0	256	316	254	2025-03-27 14:34:45.288522+00
32	9	FitForExport	47		0	400	316	254	2025-03-27 14:34:55.1756+00
33	9	FitForExport	48		0	472	316	254	2025-03-27 14:35:04.245557+00
34	9	FitForExport	49		0	315	316	254	2025-03-27 14:35:14.630935+00
35	9	FitForExport	50		0	250	316	254	2025-03-27 14:35:24.686154+00
36	9	FitForExport	51		0	90	316	254	2025-03-27 14:35:35.244055+00
37	8	FitForExport	43		0	800	320	241	2025-03-27 16:22:53.782456+00
38	8	FitForExport	44		0	204	320	241	2025-03-27 16:23:04.065901+00
39	10	FitForExport	52		0	3500	322	221	2025-03-27 16:37:05.147832+00
40	7	FitForExport	36		0	200	322	221	2025-03-27 16:43:12.295992+00
41	7	FitForExport	37		0	300	322	221	2025-03-27 16:43:26.665917+00
42	7	FitForExport	38		0	50	322	221	2025-03-27 16:43:36.964942+00
43	7	FitForExport	39		0	100	322	221	2025-03-27 16:43:48.674567+00
44	7	FitForExport	40		0	400	322	221	2025-03-27 16:43:58.117043+00
45	7	FitForExport	41		0	100	322	221	2025-03-27 16:44:06.231443+00
46	7	FitForExport	42		0	630	322	221	2025-03-27 16:44:16.634038+00
47	12	FitForExport	59		0	800	326	214	2025-03-27 17:16:39.485501+00
48	12	FitForExport	61		0	1200	326	214	2025-03-27 17:18:23.148552+00
49	12	FitForExport	62		0	330	326	214	2025-03-27 17:19:24.570234+00
50	12	FitForExport	63		0	330	326	214	2025-03-27 17:20:58.435292+00
51	12	FitForExport	60		0	560	326	214	2025-03-27 17:22:47.79969+00
52	12	FitForExport	57		0	250	326	214	2025-03-27 17:24:41.504791+00
53	12	FitForExport	55		0	330	326	214	2025-03-27 17:26:46.870033+00
54	12	FitForExport	58		0	550	326	214	2025-03-27 17:28:19.396242+00
55	12	FitForExport	56		0	240	326	214	2025-03-27 17:31:44.325051+00
56	13	FitForExport	68		0	600	326	214	2025-03-27 17:57:57.260681+00
57	13	FitForExport	67		0	140	326	214	2025-03-27 18:00:52.315174+00
58	13	FitForExport	70		0	200	326	214	2025-03-27 18:06:35.28133+00
59	13	FitForExport	66		0	230	326	214	2025-03-27 18:07:22.814553+00
60	13	FitForExport	69		0	42	326	214	2025-03-27 18:09:21.260416+00
61	13	FitForExport	65		0	100	326	214	2025-03-27 18:10:17.771609+00
62	13	FitForExport	64		0	60	326	214	2025-03-27 18:15:30.885723+00
63	11	FitForExport	53		0	600	323	236	2025-03-27 18:30:42.751032+00
64	11	FitForExport	54		0	200	323	236	2025-03-27 18:31:57.81329+00
65	14	FitForExport	71		0	1065	319	182	2025-03-27 18:58:59.394391+00
66	14	FitForExport	72		0	2430	319	182	2025-03-27 18:59:06.199208+00
67	14	FitForExport	73		0	2167.5	319	182	2025-03-27 18:59:13.831229+00
68	14	FitForExport	74		0	727.5	319	182	2025-03-27 18:59:20.213559+00
69	14	FitForExport	75		0	150	319	182	2025-03-27 18:59:26.630792+00
70	14	FitForExport	76		0	192.5	319	182	2025-03-27 18:59:32.674073+00
71	14	FitForExport	77		0	157.5	319	182	2025-03-27 18:59:39.149508+00
72	14	FitForExport	78		0	37.5	319	182	2025-03-27 18:59:46.909502+00
73	14	FitForExport	79		0	560	319	182	2025-03-27 18:59:54.476769+00
74	14	FitForExport	80		0	155	319	182	2025-03-27 19:00:04.112001+00
75	14	FitForExport	81		0	500	319	182	2025-03-27 19:00:14.765645+00
76	14	FitForExport	82		0	157.5	319	182	2025-03-27 19:00:21.519588+00
77	14	FitForExport	83		0	3750	319	182	2025-03-27 19:00:28.274961+00
78	14	FitForExport	84		0	365	319	182	2025-03-27 19:00:35.032236+00
79	14	FitForExport	85		0	1377.6	319	182	2025-03-27 19:00:42.389385+00
80	14	FitForExport	86		0	835	319	182	2025-03-27 19:00:49.266205+00
81	14	FitForExport	87		0	1250	319	182	2025-03-27 19:00:56.442618+00
82	14	FitForExport	88		0	1192.5	319	182	2025-03-27 19:01:03.679024+00
83	14	FitForExport	89		0	241.5	319	182	2025-03-27 19:01:10.676639+00
85	14	FitForExport	91		0	56	319	182	2025-03-27 19:01:27.26067+00
86	14	FitForExport	92		0	73.5	319	182	2025-03-27 19:01:38.8462+00
87	14	FitForExport	93		0	205	319	182	2025-03-27 19:02:08.220231+00
90	14	FitForExport	96		0	135	319	182	2025-03-27 19:02:35.466179+00
91	14	FitForExport	97		0	100	319	182	2025-03-27 19:02:44.162792+00
84	14	FitForExport	90		0	147	319	182	2025-03-27 19:01:18.168409+00
88	14	FitForExport	94		0	185	319	182	2025-03-27 19:02:19.483803+00
89	14	FitForExport	95		0	130	319	182	2025-03-27 19:02:28.353536+00
92	16	FitForExport	103		0	165	324	185	2025-03-27 19:13:43.740298+00
93	16	FitForExport	102		0	350	324	185	2025-03-27 19:13:50.720376+00
94	16	FitForExport	101		0	350	324	185	2025-03-27 19:13:57.552701+00
95	16	FitForExport	100		0	230	324	185	2025-03-27 19:14:30.110512+00
96	5	FitForExport	28		0	420	326	208	2025-03-27 19:27:39.003407+00
97	17	FitForExport	104		0	1600	323	224	2025-03-27 19:27:46.274568+00
98	5	FitForExport	29		0	30	326	208	2025-03-27 19:27:52.644114+00
99	5	FitForExport	31		0	25	326	208	2025-03-27 19:28:09.352277+00
100	17	FitForExport	105		0	1395	323	224	2025-03-27 19:28:12.850994+00
101	5	FitForExport	32		0	200	326	208	2025-03-27 19:28:23.017533+00
102	5	FitForExport	30		0	350	326	208	2025-03-27 19:30:36.524622+00
103	5	FitForExport	33		0	50	326	208	2025-03-27 19:34:10.957323+00
104	18	FitForExport	106		0	1110	321	159	2025-03-27 20:57:13.534976+00
105	20	FitForExport	114		0	16	316	254	2025-03-28 05:27:22.004612+00
106	20	FitForExport	115		0	16	316	254	2025-03-28 05:27:28.555447+00
107	20	FitForExport	116		0	16	316	254	2025-03-28 05:27:37.875942+00
108	21	FitForExport	117		0	200	316	254	2025-03-28 06:00:40.628197+00
109	21	FitForExport	118		0	180	316	254	2025-03-28 06:00:47.641961+00
110	21	FitForExport	119		0	80	316	254	2025-03-28 06:01:13.977004+00
111	21	FitForExport	120		0	120	316	254	2025-03-28 06:01:33.430166+00
112	22	FitForExport	121		0	300	316	254	2025-03-28 06:06:14.71635+00
113	22	FitForExport	122		0	225	316	254	2025-03-28 06:06:21.145686+00
114	19	FitForExport	107		0	450	322	147	2025-03-28 06:38:48.306453+00
115	19	FitForExport	108		0	950	322	147	2025-03-28 06:38:58.057212+00
116	19	FitForExport	109		0	450	322	147	2025-03-28 06:39:03.030378+00
117	19	FitForExport	110		0	1045	322	147	2025-03-28 06:39:09.156518+00
118	19	FitForExport	111		0	1140	322	147	2025-03-28 06:39:15.047084+00
119	19	FitForExport	112		0	1140	322	147	2025-03-28 06:39:21.208905+00
120	19	FitForExport	113		0	210	322	147	2025-03-28 06:39:26.79841+00
121	23	FitForExport	128		0	2000	326	218	2025-03-28 07:30:24.576105+00
122	23	FitForExport	123		0	200	326	218	2025-03-28 07:32:23.730528+00
123	23	FitForExport	127		0	80	326	218	2025-03-28 07:33:42.050151+00
124	23	FitForExport	125		0	65	326	218	2025-03-28 07:34:28.750894+00
125	23	FitForExport	126		0	50	326	218	2025-03-28 07:36:28.85469+00
126	23	FitForExport	124		0	30	326	218	2025-03-28 07:40:40.449974+00
127	24	FitForExport	135		0	175	326	218	2025-03-28 07:46:31.923831+00
128	24	FitForExport	139		0	354	326	218	2025-03-28 07:49:48.086341+00
129	24	FitForExport	138		0	560	326	218	2025-03-28 07:51:34.228244+00
130	24	FitForExport	129		0	40	326	218	2025-03-28 07:52:50.498002+00
131	24	FitForExport	134		0	240	326	218	2025-03-28 07:54:00.276692+00
132	24	FitForExport	130		0	560	326	218	2025-03-28 07:55:01.200261+00
133	24	FitForExport	132		0	35	326	218	2025-03-28 07:56:28.941814+00
134	24	FitForExport	136		0	175	326	218	2025-03-28 07:57:43.310853+00
135	24	FitForExport	131		0	200	326	218	2025-03-28 07:58:50.411352+00
136	24	FitForExport	133		0	126	326	218	2025-03-28 07:59:55.184381+00
137	24	FitForExport	137		0	95	326	218	2025-03-28 08:02:04.221271+00
138	29	FitForExport	152		0	50	320	192	2025-03-28 13:47:02.411292+00
139	29	FitForExport	153		0	1000	320	192	2025-03-28 13:47:12.650161+00
140	29	FitForExport	154		0	500	320	192	2025-03-28 13:47:22.602228+00
141	29	FitForExport	155		0	1000	320	192	2025-03-28 13:47:32.913912+00
142	29	FitForExport	156		0	200	320	192	2025-03-28 13:47:41.946056+00
143	29	FitForExport	157		0	300	320	192	2025-03-28 13:47:50.429071+00
144	26	FitForExport	141		0	2730	326	218	2025-03-28 14:05:50.104712+00
145	25	FitForExport	140		0	2020	326	218	2025-03-28 14:16:23.64252+00
146	32	FitForExport	176		0	80	326	218	2025-03-28 14:38:49.421136+00
147	32	FitForExport	178		0	240	326	218	2025-03-28 14:40:34.655922+00
148	32	FitForExport	175		0	50	326	218	2025-03-28 14:42:32.830049+00
149	32	FitForExport	177		0	150	326	218	2025-03-28 14:43:49.932182+00
150	32	FitForExport	180		0	560	326	218	2025-03-28 14:45:32.042916+00
151	32	FitForExport	181		0	50	326	218	2025-03-28 14:47:01.249839+00
152	32	FitForExport	179		0	100	326	218	2025-03-28 14:49:23.015174+00
153	32	FitForExport	174		0	75	326	218	2025-03-28 15:02:00.688074+00
154	37	FitForExport	202		0	1600	319	129	2025-03-28 16:29:36.112859+00
155	37	FitForExport	203		0	800	319	129	2025-03-28 16:29:45.88607+00
156	37	FitForExport	204		0	100	319	129	2025-03-28 16:29:57.93394+00
157	37	FitForExport	205		0	140	319	129	2025-03-28 16:30:05.880264+00
158	37	FitForExport	206		0	250	319	129	2025-03-28 16:30:13.762694+00
159	38	FitForExport	207		0	50	327	186	2025-03-28 17:03:05.127267+00
160	38	FitForExport	208		0	140	327	186	2025-03-28 17:03:10.636927+00
161	38	FitForExport	209		0	300	327	186	2025-03-28 17:03:15.081161+00
162	38	FitForExport	210		0	105	327	186	2025-03-28 17:03:19.503225+00
163	38	FitForExport	211		0	180	327	186	2025-03-28 17:03:24.067085+00
164	38	FitForExport	212		0	210	327	186	2025-03-28 17:03:29.909749+00
165	38	FitForExport	213		0	75	327	186	2025-03-28 17:03:36.910195+00
166	36	FitForExport	195		0	540	327	186	2025-03-28 17:17:38.171383+00
167	36	FitForExport	196		0	500	327	186	2025-03-28 17:17:48.755696+00
168	36	FitForExport	197		0	140	327	186	2025-03-28 17:17:57.380682+00
169	36	FitForExport	198		0	100	327	186	2025-03-28 17:18:02.040714+00
170	36	FitForExport	199		0	840	327	186	2025-03-28 17:18:07.172694+00
171	36	FitForExport	200		0	390	327	186	2025-03-28 17:18:12.926334+00
172	36	FitForExport	201		0	1050	327	186	2025-03-28 17:18:18.731728+00
173	33	FitForExport	182		0	800	319	210	2025-03-28 17:23:27.91165+00
174	33	FitForExport	183		0	200	319	210	2025-03-28 17:23:41.395123+00
175	39	FitForExport	214		0	50	323	146	2025-03-28 17:28:36.597512+00
176	39	FitForExport	215		0	68	323	146	2025-03-28 17:28:48.207008+00
177	39	FitForExport	216		0	160	323	146	2025-03-28 17:28:59.413106+00
178	39	FitForExport	217		0	64	323	146	2025-03-28 17:29:10.93974+00
179	39	FitForExport	218		0	48	323	146	2025-03-28 17:29:19.645533+00
180	39	FitForExport	219		0	24	323	146	2025-03-28 17:29:30.759341+00
181	39	FitForExport	220		0	16	323	146	2025-03-28 17:29:39.596519+00
182	40	FitForExport	225		0	1500	317	252	2025-03-28 17:43:53.347486+00
183	40	FitForExport	224		0	52.5	317	252	2025-03-28 17:44:02.253931+00
184	40	FitForExport	223		0	240	317	252	2025-03-28 17:44:08.485716+00
185	40	FitForExport	222		0	1000	317	252	2025-03-28 17:44:14.42577+00
186	40	FitForExport	221		0	2500	317	252	2025-03-28 17:44:21.488061+00
187	41	FitForExport	226		0	80	324	262	2025-03-28 17:48:24.428295+00
188	41	FitForExport	227		0	640	324	262	2025-03-28 17:48:34.353775+00
189	41	FitForExport	228		0	28	324	262	2025-03-28 17:48:42.385678+00
190	41	FitForExport	229		0	68	324	262	2025-03-28 17:48:52.668353+00
191	31	FitForExport	166		0	1000	326	208	2025-03-28 18:06:54.857459+00
192	31	FitForExport	167		0	1000	326	208	2025-03-28 18:07:13.05341+00
193	31	FitForExport	172		0	500	326	208	2025-03-28 18:08:27.199619+00
194	31	FitForExport	170		0	10	326	208	2025-03-28 18:10:09.122573+00
195	31	FitForExport	169		0	350	326	208	2025-03-28 18:13:50.244662+00
196	31	FitForExport	171		0	700	326	208	2025-03-28 18:15:13.00039+00
197	31	FitForExport	173		0	250	326	208	2025-03-28 18:16:35.493808+00
198	31	FitForExport	165		0	1190	326	208	2025-03-28 18:16:56.73405+00
199	31	FitForExport	168		0	300	326	208	2025-03-28 18:18:29.635013+00
200	42	FitForExport	230		0	980	322	228	2025-03-28 18:44:15.677684+00
201	42	FitForExport	231		0	200	322	228	2025-03-28 18:44:23.72515+00
202	42	FitForExport	232		0	1000	322	228	2025-03-28 18:44:29.660493+00
203	42	FitForExport	233		0	900	322	228	2025-03-28 18:44:37.591086+00
204	42	FitForExport	235		0	4.5	322	228	2025-03-28 18:44:45.776319+00
205	43	FitForExport	236		0	900	322	228	2025-03-28 19:26:39.368271+00
206	43	FitForExport	237		0	980	322	228	2025-03-28 19:26:46.572007+00
207	43	FitForExport	238		0	1000	322	228	2025-03-28 19:26:53.410818+00
208	43	FitForExport	239		0	50	322	228	2025-03-28 19:27:02.714498+00
209	43	FitForExport	240		0	200	322	228	2025-03-28 19:27:10.334195+00
210	28	FitForExport	148		0	1400	322	220	2025-03-29 00:14:31.298487+00
211	28	FitForExport	149		0	5000	322	220	2025-03-29 00:14:38.841299+00
212	28	FitForExport	150		0	400	322	220	2025-03-29 00:14:49.963915+00
213	28	FitForExport	151		0	1000	322	220	2025-03-29 00:14:56.940192+00
214	44	FitForExport	241		0	120	320	241	2025-03-29 00:19:49.214733+00
215	44	FitForExport	242		0	100	320	241	2025-03-29 00:20:05.024308+00
216	44	FitForExport	243		0	200	320	241	2025-03-29 00:20:20.924377+00
217	44	FitForExport	244		0	704	320	241	2025-03-29 00:20:38.139895+00
218	35	FitForExport	194		0	1600	326	246	2025-03-29 03:39:24.705916+00
219	35	FitForExport	193		0	1008	326	246	2025-03-29 03:39:28.390505+00
220	35	FitForExport	192		0	400	326	246	2025-03-29 03:39:32.075748+00
221	35	FitForExport	191		0	800	326	246	2025-03-29 03:39:36.364959+00
222	27	FitForExport	142		0	675	322	147	2025-03-29 06:08:59.182668+00
223	27	FitForExport	143		0	750	322	147	2025-03-29 06:09:03.9977+00
224	27	FitForExport	144		0	300	322	147	2025-03-29 06:09:08.891814+00
225	27	FitForExport	145		0	450	322	147	2025-03-29 06:09:13.348483+00
226	27	FitForExport	146		0	120	322	147	2025-03-29 06:09:18.099491+00
227	27	FitForExport	147		0	60	322	147	2025-03-29 06:09:22.807918+00
228	30	FitForExport	158		0	80	322	147	2025-03-29 06:12:35.252716+00
229	30	FitForExport	159		0	475	322	147	2025-03-29 06:12:40.064091+00
230	30	FitForExport	160		0	475	322	147	2025-03-29 06:12:44.491971+00
231	30	FitForExport	161		0	950	322	147	2025-03-29 06:12:48.628121+00
232	30	FitForExport	162		0	950	322	147	2025-03-29 06:12:54.367238+00
233	30	FitForExport	163		0	760	322	147	2025-03-29 06:12:59.026821+00
234	30	FitForExport	164		0	30	322	147	2025-03-29 06:13:03.608317+00
235	45	FitForExport	245		0	925	322	147	2025-03-29 06:15:23.065228+00
236	45	FitForExport	246		0	925	322	147	2025-03-29 06:15:27.775134+00
237	47	FitForExport	252		0	959.5	325	227	2025-03-29 07:36:39.664864+00
238	47	FitForExport	253		0	2240	325	227	2025-03-29 07:36:54.510237+00
239	46	FitForExport	247		0	50	320	192	2025-03-29 08:41:47.55359+00
240	46	FitForExport	248		0	350	320	192	2025-03-29 08:42:00.293447+00
241	46	FitForExport	249		0	30	320	192	2025-03-29 08:42:10.312675+00
242	46	FitForExport	250		0	300	320	192	2025-03-29 08:42:29.01596+00
243	46	FitForExport	251		0	100	320	192	2025-03-29 08:42:39.167025+00
244	34	FitForExport	184		0	110	320	223	2025-03-29 11:04:33.934393+00
245	34	FitForExport	185		0	405	320	223	2025-03-29 11:04:41.981013+00
246	34	FitForExport	186		0	135	320	223	2025-03-29 11:04:51.575412+00
247	34	FitForExport	187		0	750	320	223	2025-03-29 11:04:59.692201+00
248	34	FitForExport	188		0	292.5	320	223	2025-03-29 11:05:07.138899+00
249	34	FitForExport	189		0	975	320	223	2025-03-29 11:05:13.634507+00
250	34	FitForExport	190		0	440.09999999999997	320	223	2025-03-29 11:05:24.465912+00
251	49	FitForExport	265		0	280	320	241	2025-03-29 13:05:49.779264+00
252	49	FitForExport	266		0	30	320	241	2025-03-29 13:05:59.933829+00
253	49	FitForExport	267		0	104	320	241	2025-03-29 13:06:09.966637+00
254	49	FitForExport	268		0	400	320	241	2025-03-29 13:06:20.016668+00
255	49	FitForExport	269		0	144	320	241	2025-03-29 13:06:30.333282+00
256	50	FitForExport	270		0	1000	320	241	2025-03-29 13:09:06.608146+00
257	51	FitForExport	272		0	120	324	235	2025-03-29 14:38:51.414368+00
258	51	FitForExport	271		0	120	324	235	2025-03-29 14:39:19.645709+00
259	52	FitForExport	273		0	135	324	235	2025-03-29 14:48:50.092667+00
260	53	FitForExport	279		0	20	317	136	2025-03-29 17:26:20.700362+00
261	53	FitForExport	278		0	30	317	136	2025-03-29 17:26:25.35009+00
262	53	FitForExport	277		0	50	317	136	2025-03-29 17:26:31.448413+00
263	53	FitForExport	276		0	500	317	136	2025-03-29 17:26:35.660597+00
264	53	FitForExport	275		0	10	317	136	2025-03-29 17:26:41.298182+00
265	53	FitForExport	274		0	200	317	136	2025-03-29 17:26:45.858321+00
266	60	FitForExport	333		0	110	324	185	2025-03-29 18:38:46.71358+00
267	60	FitForExport	332		0	210	324	185	2025-03-29 18:38:53.586434+00
268	60	FitForExport	331		0	350	324	185	2025-03-29 18:39:03.372106+00
269	60	FitForExport	330		0	150	324	185	2025-03-29 18:39:12.892088+00
270	60	FitForExport	329		0	350	324	185	2025-03-29 18:39:19.389707+00
271	60	FitForExport	328		0	110	324	185	2025-03-29 18:39:28.414201+00
272	54	FitForExport	280		0	800	321	131	2025-03-29 19:06:49.750943+00
273	54	FitForExport	281		0	6	321	131	2025-03-29 19:07:01.320451+00
274	54	FitForExport	282		0	550	321	131	2025-03-29 19:16:20.480711+00
275	54	FitForExport	283		0	215	321	131	2025-03-29 19:25:53.502973+00
276	62	FitForExport	339		0	204	321	201	2025-03-30 00:59:06.734389+00
277	62	FitForExport	337		0	350	321	201	2025-03-30 01:01:56.450445+00
278	62	FitForExport	336		0	497	321	201	2025-03-30 01:05:36.33843+00
279	62	FitForExport	335		0	84	321	201	2025-03-30 01:09:37.469649+00
280	62	FitForExport	338		0	217	321	201	2025-03-30 01:12:30.276452+00
281	62	FitForExport	340		0	150	321	201	2025-03-30 01:14:12.097034+00
282	58	FitForExport	310		0	700	326	214	2025-03-30 02:05:49.55429+00
283	58	FitForExport	311		0	700	326	214	2025-03-30 02:06:34.578491+00
284	58	FitForExport	312		0	700	326	214	2025-03-30 02:07:54.674191+00
285	58	FitForExport	313		0	800	326	214	2025-03-30 02:08:50.924934+00
286	58	FitForExport	314		0	1000	326	214	2025-03-30 02:10:10.178334+00
287	58	FitForExport	315		0	500	326	214	2025-03-30 02:11:10.2827+00
288	55	FitForExport	287		0	150	326	208	2025-03-30 02:41:41.535675+00
289	55	FitForExport	285		0	100	326	208	2025-03-30 02:43:34.843069+00
290	55	FitForExport	286		0	50	326	208	2025-03-30 02:44:53.067557+00
291	55	FitForExport	284		0	84	326	208	2025-03-30 02:45:04.740205+00
292	55	FitForExport	289		0	100	326	208	2025-03-30 02:46:50.334645+00
293	55	FitForExport	290		0	75	326	208	2025-03-30 02:47:02.08772+00
294	55	FitForExport	293		0	80	326	208	2025-03-30 02:48:05.597624+00
295	55	FitForExport	288		0	10	326	208	2025-03-30 02:49:50.05009+00
296	55	FitForExport	291		0	50	326	208	2025-03-30 02:51:06.529453+00
297	55	FitForExport	294		0	250	326	208	2025-03-30 02:53:34.038068+00
298	55	FitForExport	292		0	80	326	208	2025-03-30 02:53:49.545009+00
299	63	FitForExport	341		0	204	320	241	2025-03-30 02:58:07.778393+00
300	63	FitForExport	342		0	750	320	241	2025-03-30 02:58:26.362578+00
301	57	FitForExport	302		0	280	326	208	2025-03-30 02:58:33.633135+00
302	57	FitForExport	305		0	30	326	208	2025-03-30 02:58:48.259463+00
303	57	FitForExport	307		0	150	326	208	2025-03-30 02:59:02.589455+00
304	57	FitForExport	309		0	20	326	208	2025-03-30 02:59:15.954227+00
305	57	FitForExport	306		0	160	326	208	2025-03-30 03:01:40.269986+00
306	57	FitForExport	304		0	400	326	208	2025-03-30 03:02:25.573937+00
307	57	FitForExport	303		0	10	326	208	2025-03-30 03:03:03.216807+00
308	57	FitForExport	308		0	70	326	208	2025-03-30 03:05:41.998462+00
309	56	FitForExport	295		0	100	324	261	2025-03-30 05:43:36.863999+00
310	56	FitForExport	296		0	120	324	261	2025-03-30 05:43:47.81694+00
311	56	FitForExport	297		0	500	324	261	2025-03-30 05:43:58.294065+00
312	56	FitForExport	298		0	80	324	261	2025-03-30 05:44:09.994249+00
313	56	FitForExport	299		0	70	324	261	2025-03-30 05:44:18.561687+00
314	56	FitForExport	300		0	100	324	261	2025-03-30 05:44:29.335166+00
315	56	FitForExport	301		0	320	324	261	2025-03-30 05:44:41.62825+00
316	66	FitForExport	354		0	200	327	186	2025-03-30 07:54:53.887948+00
317	66	FitForExport	355		0	100	327	186	2025-03-30 07:54:58.860742+00
318	66	FitForExport	356		0	270	327	186	2025-03-30 07:55:02.853804+00
319	66	FitForExport	357		0	280	327	186	2025-03-30 07:55:08.127795+00
320	66	FitForExport	358		0	300	327	186	2025-03-30 07:55:12.859978+00
321	66	FitForExport	359		0	140	327	186	2025-03-30 07:55:17.126435+00
322	66	FitForExport	360		0	560	327	186	2025-03-30 07:55:20.911251+00
323	65	FitForExport	350		0	388	327	186	2025-03-30 07:58:15.840635+00
324	65	FitForExport	351		0	448	327	186	2025-03-30 07:58:24.127431+00
325	65	FitForExport	352		0	1024	327	186	2025-03-30 07:58:29.820421+00
326	65	FitForExport	353		0	188	327	186	2025-03-30 07:58:36.126649+00
327	64	FitForExport	343		0	500	327	186	2025-03-30 08:01:11.251747+00
328	64	FitForExport	344		0	1120	327	186	2025-03-30 08:01:16.927399+00
329	64	FitForExport	345		0	200	327	186	2025-03-30 08:01:23.04658+00
330	64	FitForExport	346		0	280	327	186	2025-03-30 08:01:29.377167+00
331	64	FitForExport	347		0	300	327	186	2025-03-30 08:01:34.137937+00
332	64	FitForExport	348		0	200	327	186	2025-03-30 08:01:39.330116+00
333	64	FitForExport	349		0	700	327	186	2025-03-30 08:01:45.090066+00
334	70	FitForExport	367		0	300	319	129	2025-03-30 10:26:33.09105+00
335	70	FitForExport	368		0	360	319	129	2025-03-30 10:26:41.192951+00
336	70	FitForExport	369		0	400	319	129	2025-03-30 10:26:49.31082+00
337	70	FitForExport	370		0	1000	319	129	2025-03-30 10:26:58.110031+00
338	70	FitForExport	371		0	400	319	129	2025-03-30 10:27:06.650012+00
339	70	FitForExport	372		0	250	319	129	2025-03-30 10:27:16.658401+00
340	70	FitForExport	373		0	480	319	129	2025-03-30 10:27:38.438023+00
341	72	FitForExport	378		0	1200	320	241	2025-03-30 12:05:19.397288+00
342	73	FitForExport	379		0	1000	320	241	2025-03-30 12:07:18.296574+00
343	71	FitForExport	374		0	900	320	241	2025-03-30 12:09:14.751721+00
344	71	FitForExport	375		0	80	320	241	2025-03-30 12:09:27.296164+00
345	71	FitForExport	376		0	36	320	241	2025-03-30 12:09:44.575579+00
346	71	FitForExport	377		0	200	320	241	2025-03-30 12:10:02.921097+00
347	69	FitForExport	365		0	800	320	241	2025-03-30 12:11:57.510277+00
348	69	FitForExport	366		0	204	320	241	2025-03-30 12:12:14.533809+00
349	68	FitForExport	364		0	600	320	241	2025-03-30 12:14:27.301006+00
350	75	FitForExport	392		0	460	316	149	2025-03-30 14:27:14.938845+00
351	75	FitForExport	393		0	220	316	149	2025-03-30 14:27:22.088059+00
352	75	FitForExport	394		0	30	316	149	2025-03-30 14:27:29.683336+00
353	75	FitForExport	395		0	70	316	149	2025-03-30 14:27:36.234435+00
354	75	FitForExport	389		0	80	316	149	2025-03-30 14:29:28.212111+00
355	75	FitForExport	390		0	84	316	149	2025-03-30 14:29:41.231861+00
356	75	FitForExport	391		0	830	316	149	2025-03-30 14:29:49.851237+00
357	76	FitForExport	396		0	285	325	227	2025-03-30 14:44:13.998222+00
358	67	FitForExport	361		0	208	316	222	2025-03-30 17:16:26.237533+00
359	67	FitForExport	362		0	150	316	222	2025-03-30 17:16:35.258064+00
360	67	FitForExport	363		0	600	316	222	2025-03-30 17:16:54.577541+00
361	80	FitForExport	407		0	940	321	159	2025-03-30 17:56:10.573432+00
362	82	FitForExport	417		0	100	321	159	2025-03-30 18:13:16.698015+00
363	82	FitForExport	418		0	260	321	159	2025-03-30 18:21:25.68791+00
364	79	FitForExport	406		0	290	321	159	2025-03-30 18:37:34.574973+00
365	86	FitForExport	431		0	1102.5	319	182	2025-03-30 18:42:32.887912+00
366	86	FitForExport	432		0	1500	319	182	2025-03-30 18:42:40.827211+00
367	86	FitForExport	433		0	1440	319	182	2025-03-30 18:42:48.610059+00
368	86	FitForExport	434		0	1372.5	319	182	2025-03-30 18:42:55.368965+00
369	86	FitForExport	435		0	375	319	182	2025-03-30 18:43:02.889073+00
370	86	FitForExport	436		0	225	319	182	2025-03-30 18:43:21.990328+00
371	86	FitForExport	437		0	8.100000000000001	319	182	2025-03-30 18:43:55.377449+00
372	86	FitForExport	438		0	409.99999999999994	319	182	2025-03-30 18:44:56.407428+00
373	86	FitForExport	439		0	247.5	319	182	2025-03-30 18:45:03.37155+00
374	86	FitForExport	440		0	65	319	182	2025-03-30 18:45:18.894897+00
375	86	FitForExport	441		0	149.60000000000002	319	182	2025-03-30 18:45:27.023503+00
376	86	FitForExport	442		0	17.6	319	182	2025-03-30 18:45:34.40336+00
377	86	FitForExport	443		0	318.6	319	182	2025-03-30 18:45:41.667997+00
378	86	FitForExport	444		0	122.5	319	182	2025-03-30 18:45:48.564315+00
379	86	FitForExport	445		0	203	319	182	2025-03-30 18:45:55.369571+00
380	86	FitForExport	446		0	63	319	182	2025-03-30 18:46:03.580152+00
381	86	FitForExport	447		0	70	319	182	2025-03-30 18:46:10.542356+00
382	86	FitForExport	448		0	250	319	182	2025-03-30 18:46:17.609849+00
383	86	FitForExport	449		0	195	319	182	2025-03-30 18:46:24.81704+00
384	86	FitForExport	450		0	275	319	182	2025-03-30 18:46:31.739349+00
385	86	FitForExport	451		0	175	319	182	2025-03-30 18:46:41.983557+00
386	86	FitForExport	452		0	325	319	182	2025-03-30 18:46:50.784289+00
387	86	FitForExport	453		0	85	319	182	2025-03-30 18:46:58.53984+00
388	83	FitForExport	419		0	240	323	181	2025-03-30 18:52:16.946843+00
389	83	FitForExport	420		0	560	323	181	2025-03-30 18:52:34.263552+00
390	83	FitForExport	421		0	30	323	181	2025-03-30 18:52:45.869368+00
391	83	FitForExport	422		0	2080	323	181	2025-03-30 18:53:02.11777+00
392	83	FitForExport	423		0	360	323	181	2025-03-30 18:53:16.267595+00
393	83	FitForExport	424		0	410	323	181	2025-03-30 18:53:29.001195+00
394	83	FitForExport	425		0	48	323	181	2025-03-30 18:53:38.039567+00
395	83	FitForExport	426		0	1000	323	181	2025-03-30 18:53:49.362153+00
396	83	FitForExport	427		0	80	323	181	2025-03-30 18:53:57.677113+00
397	85	FitForExport	430		0	2597	321	159	2025-03-30 18:55:40.259746+00
398	85	FitForExport	429		0	510	321	159	2025-03-30 18:58:41.514553+00
399	88	FitForExport	477		0	189	317	237	2025-03-30 19:03:39.689281+00
400	88	FitForExport	476		0	920	317	237	2025-03-30 19:03:45.43897+00
401	88	FitForExport	475		0	292.5	317	237	2025-03-30 19:03:49.848413+00
402	88	FitForExport	474		0	160	317	237	2025-03-30 19:03:54.808092+00
403	78	FitForExport	401		0	200	323	146	2025-03-30 19:03:56.371419+00
404	88	FitForExport	473		0	100	317	237	2025-03-30 19:03:59.299831+00
405	78	FitForExport	402		0	150	323	146	2025-03-30 19:04:06.496225+00
406	88	FitForExport	471		0	862.5	317	237	2025-03-30 19:04:07.30943+00
407	88	FitForExport	470		0	200	317	237	2025-03-30 19:04:13.215316+00
408	88	FitForExport	469		0	736	317	237	2025-03-30 19:04:22.896512+00
409	78	FitForExport	403		0	355	323	146	2025-03-30 19:04:23.24151+00
410	88	FitForExport	468		0	50	317	237	2025-03-30 19:04:27.484004+00
411	78	FitForExport	404		0	55	323	146	2025-03-30 19:04:32.958638+00
412	88	FitForExport	467		0	75	317	237	2025-03-30 19:04:34.33065+00
413	88	FitForExport	466		0	144	317	237	2025-03-30 19:04:40.012146+00
414	78	FitForExport	405		0	80	323	146	2025-03-30 19:04:44.373184+00
415	88	FitForExport	472		0	50	317	237	2025-03-30 19:04:56.812389+00
416	90	FitForExport	488		0	640	319	188	2025-03-30 19:15:37.63427+00
417	90	FitForExport	489		0	200	319	188	2025-03-30 19:15:41.870085+00
418	90	FitForExport	490		0	10	319	188	2025-03-30 19:15:45.414419+00
419	90	FitForExport	491		0	100	319	188	2025-03-30 19:15:48.473899+00
420	90	FitForExport	492		0	350	319	188	2025-03-30 19:15:53.202617+00
421	90	FitForExport	493		0	160	319	188	2025-03-30 19:15:57.352344+00
422	90	FitForExport	494		0	185	319	188	2025-03-30 19:16:03.231486+00
423	90	FitForExport	495		0	960	319	188	2025-03-30 19:16:06.466656+00
424	90	FitForExport	496		0	400	319	188	2025-03-30 19:16:09.876512+00
425	81	FitForExport	408		0	2300	323	146	2025-03-30 20:57:50.148652+00
426	81	FitForExport	409		0	160	323	146	2025-03-30 20:58:06.600711+00
427	81	FitForExport	410		0	90	323	146	2025-03-30 20:58:24.143542+00
428	81	FitForExport	411		0	80	323	146	2025-03-30 20:58:33.229291+00
429	81	FitForExport	412		0	110	323	146	2025-03-30 20:58:43.014365+00
430	81	FitForExport	413		0	610	323	146	2025-03-30 20:58:55.262319+00
431	81	FitForExport	414		0	24	323	146	2025-03-30 20:59:04.297536+00
432	81	FitForExport	415		0	160	323	146	2025-03-30 20:59:21.073228+00
433	81	FitForExport	416		0	80	323	146	2025-03-30 20:59:31.952028+00
434	92	FitForExport	504		0	350	326	214	2025-03-30 21:33:55.740305+00
435	87	FitForExport	454		0	220	326	174	2025-03-30 21:46:05.714242+00
436	87	FitForExport	455		0	2400	326	174	2025-03-30 21:46:19.128611+00
437	87	FitForExport	456		0	550	326	174	2025-03-30 21:46:29.759474+00
438	87	FitForExport	457		0	560	326	174	2025-03-30 21:46:41.090109+00
439	87	FitForExport	458		0	165	326	174	2025-03-30 21:46:51.329743+00
440	87	FitForExport	459		0	700	326	174	2025-03-30 21:47:06.432687+00
441	87	FitForExport	460		0	700	326	174	2025-03-30 21:47:16.46981+00
442	87	FitForExport	461		0	456.5	326	174	2025-03-30 21:47:29.784808+00
443	87	FitForExport	462		0	2100	326	174	2025-03-30 21:47:41.80486+00
444	87	FitForExport	463		0	456.5	326	174	2025-03-30 21:47:54.56903+00
445	87	FitForExport	464		0	462	326	174	2025-03-30 21:48:04.592291+00
446	87	FitForExport	465		0	1400	326	174	2025-03-30 21:48:20.320044+00
447	84	FitForExport	428		0	810	318	197	2025-03-30 21:49:13.29998+00
448	94	FitForExport	520		0	800	326	214	2025-03-30 21:55:52.918987+00
449	94	FitForExport	519		0	1200	326	214	2025-03-30 21:57:24.3241+00
450	94	FitForExport	518		0	220	326	214	2025-03-30 21:58:11.125195+00
451	94	FitForExport	513		0	220	326	214	2025-03-30 21:59:15.844281+00
452	94	FitForExport	514		0	560	326	214	2025-03-30 22:00:51.004369+00
453	94	FitForExport	515		0	440	326	214	2025-03-30 22:03:30.68481+00
454	94	FitForExport	516		0	165	326	214	2025-03-30 22:05:34.107483+00
455	94	FitForExport	517		0	240	326	214	2025-03-30 22:06:56.50447+00
456	93	FitForExport	511		0	275	326	214	2025-03-30 22:15:46.23495+00
457	93	FitForExport	512		0	275	326	214	2025-03-30 22:17:32.909279+00
458	93	FitForExport	510		0	550	326	214	2025-03-30 22:19:10.508442+00
459	93	FitForExport	507		0	400	326	214	2025-03-30 22:20:47.624668+00
460	91	FitForExport	497		0	592	318	197	2025-03-30 22:21:34.768302+00
461	91	FitForExport	498		0	225	318	197	2025-03-30 22:21:44.031081+00
462	91	FitForExport	499		0	1560	318	197	2025-03-30 22:21:53.616156+00
463	91	FitForExport	500		0	120	318	197	2025-03-30 22:22:02.383892+00
464	91	FitForExport	501		0	1080	318	197	2025-03-30 22:22:11.60904+00
465	91	FitForExport	502		0	800	318	197	2025-03-30 22:22:21.619717+00
466	93	FitForExport	508		0	800	326	214	2025-03-30 22:22:30.073734+00
467	91	FitForExport	503		0	40	318	197	2025-03-30 22:22:31.695288+00
468	93	FitForExport	505		0	500	326	214	2025-03-30 22:23:18.333805+00
469	93	FitForExport	506		0	500	326	214	2025-03-30 22:23:53.202285+00
470	93	FitForExport	509		0	400	326	214	2025-03-30 22:27:26.119309+00
471	89	FitForExport	481		0	1280	326	174	2025-03-30 23:18:41.055439+00
472	89	FitForExport	482		0	800	326	174	2025-03-30 23:19:54.354892+00
473	89	FitForExport	480		0	500	326	174	2025-03-30 23:21:28.808377+00
474	89	FitForExport	486		0	150	326	174	2025-03-30 23:23:36.070557+00
475	89	FitForExport	478		0	240	326	174	2025-03-30 23:25:21.759995+00
476	89	FitForExport	487		0	250	326	174	2025-03-30 23:26:46.104924+00
477	89	FitForExport	485		0	250	326	174	2025-03-30 23:26:58.918816+00
478	89	FitForExport	484		0	250	326	174	2025-03-30 23:27:09.908731+00
479	89	FitForExport	483		0	560	326	174	2025-03-30 23:28:09.933645+00
480	89	FitForExport	479		0	400	326	174	2025-03-30 23:31:10.599097+00
481	96	FitForExport	522		0	50	324	229	2025-03-31 01:25:17.483742+00
482	97	FitForExport	523		0	200	324	229	2025-03-31 01:41:17.519747+00
483	74	FitForExport	380		0	40	327	238	2025-03-31 05:33:59.266792+00
484	74	FitForExport	381		0	200	327	238	2025-03-31 05:34:10.492718+00
485	74	FitForExport	382		0	350	327	238	2025-03-31 05:34:19.693968+00
486	74	FitForExport	383		0	160	327	238	2025-03-31 05:34:27.250559+00
487	74	FitForExport	384		0	650	327	238	2025-03-31 05:34:31.79023+00
488	74	FitForExport	385		0	300	327	238	2025-03-31 05:34:36.449955+00
489	74	FitForExport	386		0	10	327	238	2025-03-31 05:34:42.151117+00
490	74	FitForExport	387		0	10	327	238	2025-03-31 05:34:46.428812+00
491	74	FitForExport	388		0	40	327	238	2025-03-31 05:34:55.067899+00
492	77	FitForExport	397		0	950	322	147	2025-03-31 05:36:19.231049+00
493	77	FitForExport	398		0	950	322	147	2025-03-31 05:36:27.253659+00
494	77	FitForExport	399		0	475	322	147	2025-03-31 05:36:35.45383+00
495	77	FitForExport	400		0	600	322	147	2025-03-31 05:36:43.956619+00
496	98	FitForExport	524		0	180	327	238	2025-03-31 05:44:49.086242+00
497	101	FitForExport	556		0	1050	318	236	2025-03-31 09:29:04.990574+00
498	101	FitForExport	557		0	1000	318	236	2025-03-31 09:29:15.443704+00
499	99	FitForExport	532		0	50	317	183	2025-03-31 09:49:35.42727+00
500	99	FitForExport	531		0	54	317	183	2025-03-31 09:49:40.295955+00
501	99	FitForExport	530		0	126	317	183	2025-03-31 09:49:44.165426+00
502	99	FitForExport	529		0	88	317	183	2025-03-31 09:49:47.736286+00
503	99	FitForExport	528		0	105	317	183	2025-03-31 09:49:54.265262+00
504	99	FitForExport	527		0	160	317	183	2025-03-31 09:49:59.005813+00
505	99	FitForExport	526		0	250	317	183	2025-03-31 09:50:03.439956+00
506	99	FitForExport	525		0	400	317	183	2025-03-31 09:50:06.86527+00
507	103	FitForExport	570		0	815	319	182	2025-03-31 10:46:53.952761+00
508	103	FitForExport	571		0	1566.1999999999998	319	182	2025-03-31 10:47:01.315571+00
509	103	FitForExport	572		0	3648.9999999999995	319	182	2025-03-31 10:47:08.026029+00
510	103	FitForExport	573		0	2460	319	182	2025-03-31 10:47:15.181818+00
511	103	FitForExport	574		0	600	319	182	2025-03-31 10:47:22.114976+00
512	103	FitForExport	575		0	51	319	182	2025-03-31 10:47:32.685122+00
513	103	FitForExport	576		0	60	319	182	2025-03-31 10:47:40.490106+00
514	103	FitForExport	577		0	160	319	182	2025-03-31 10:47:49.932433+00
515	103	FitForExport	578		0	2182.5	319	182	2025-03-31 10:47:56.982275+00
516	103	FitForExport	579		0	937.5	319	182	2025-03-31 10:48:05.964446+00
517	103	FitForExport	580		0	375	319	182	2025-03-31 10:48:13.394651+00
518	100	FitForExport	555		0	220	317	232	2025-03-31 11:43:12.690523+00
519	100	FitForExport	554		0	180	317	232	2025-03-31 11:43:18.873236+00
520	100	FitForExport	553		0	4	317	232	2025-03-31 11:43:26.26709+00
521	100	FitForExport	552		0	5	317	232	2025-03-31 11:43:30.376231+00
522	100	FitForExport	551		0	30	317	232	2025-03-31 11:43:36.585456+00
523	100	FitForExport	550		0	220	317	232	2025-03-31 11:43:49.019186+00
524	100	FitForExport	549		0	240	317	232	2025-03-31 11:44:06.504553+00
525	100	FitForExport	548		0	1025	317	232	2025-03-31 11:44:12.109101+00
526	100	FitForExport	547		0	500	317	232	2025-03-31 11:44:16.08916+00
527	100	FitForExport	546		0	100	317	232	2025-03-31 11:44:20.425309+00
528	100	FitForExport	545		0	2	317	232	2025-03-31 11:44:27.100385+00
529	100	FitForExport	544		0	2100	317	232	2025-03-31 11:44:37.259388+00
530	100	FitForExport	543		0	195	317	232	2025-03-31 11:44:44.90379+00
531	100	FitForExport	542		0	15	317	232	2025-03-31 11:44:56.0394+00
532	100	FitForExport	541		0	135	317	232	2025-03-31 11:45:04.199849+00
533	100	FitForExport	540		0	40	317	232	2025-03-31 11:45:57.79478+00
534	100	FitForExport	539		0	90	317	232	2025-03-31 11:46:02.054351+00
535	100	FitForExport	538		0	140	317	232	2025-03-31 11:46:09.654923+00
536	100	FitForExport	537		0	300	317	232	2025-03-31 11:46:16.46617+00
537	100	FitForExport	536		0	1092	317	232	2025-03-31 11:46:20.114349+00
538	100	FitForExport	535		0	100	317	232	2025-03-31 11:46:24.149579+00
539	100	FitForExport	534		0	198	317	232	2025-03-31 11:46:27.724+00
540	100	FitForExport	533		0	460	317	232	2025-03-31 11:46:31.788767+00
541	102	FitForExport	569		0	3300	317	232	2025-03-31 12:00:47.651398+00
542	102	FitForExport	568		0	1560	317	232	2025-03-31 12:01:05.198692+00
543	102	FitForExport	567		0	500	317	232	2025-03-31 12:01:09.239088+00
544	102	FitForExport	566		0	3400	317	232	2025-03-31 12:01:14.073325+00
545	102	FitForExport	565		0	280	317	232	2025-03-31 12:01:18.843009+00
546	102	FitForExport	564		0	400	317	232	2025-03-31 12:01:23.481784+00
547	102	FitForExport	563		0	600	317	232	2025-03-31 12:01:28.749896+00
548	102	FitForExport	562		0	1500	317	232	2025-03-31 12:01:33.666459+00
549	102	FitForExport	561		0	850	317	232	2025-03-31 12:01:37.503272+00
550	102	FitForExport	560		0	300	317	232	2025-03-31 12:01:41.399331+00
551	102	FitForExport	559		0	700	317	232	2025-03-31 12:01:47.205192+00
552	102	FitForExport	558		0	850	317	232	2025-03-31 12:01:50.600499+00
553	104	FitForExport	581		0	240	316	127	2025-03-31 13:38:15.849314+00
554	104	FitForExport	582		0	1160	316	127	2025-03-31 13:39:02.045357+00
555	104	FitForExport	583		0	2064	316	127	2025-03-31 13:40:40.740622+00
556	104	FitForExport	584		0	120	316	127	2025-03-31 13:40:57.687152+00
557	104	FitForExport	585		0	630	316	127	2025-03-31 13:41:32.747734+00
558	104	FitForExport	586		0	300	316	127	2025-03-31 13:44:02.368204+00
559	104	FitForExport	587		0	340	316	127	2025-03-31 13:44:27.756271+00
560	104	FitForExport	592		0	84	316	127	2025-03-31 13:45:47.497331+00
561	104	FitForExport	591		0	400	316	127	2025-03-31 13:46:20.398958+00
562	104	FitForExport	590		0	60	316	127	2025-03-31 13:47:28.737328+00
563	104	FitForExport	589		0	35	316	127	2025-03-31 13:48:00.652598+00
564	104	FitForExport	588		0	180	316	127	2025-03-31 13:48:37.114288+00
565	106	FitForExport	598		0	400	322	221	2025-03-31 13:50:09.62724+00
566	106	FitForExport	599		0	1200	322	221	2025-03-31 13:50:29.205312+00
567	105	FitForExport	593		0	450	322	221	2025-03-31 13:53:18.419206+00
568	105	FitForExport	594		0	630	322	221	2025-03-31 13:53:23.68152+00
569	105	FitForExport	595		0	100	322	221	2025-03-31 13:53:33.313047+00
570	105	FitForExport	596		0	250	322	221	2025-03-31 13:53:45.364317+00
571	105	FitForExport	597		0	100	322	221	2025-03-31 13:53:52.814444+00
572	107	FitForExport	600		0	40	319	188	2025-03-31 14:07:52.986917+00
573	107	FitForExport	601		0	665	319	188	2025-03-31 14:07:56.82296+00
574	107	FitForExport	602		0	150	319	188	2025-03-31 14:08:01.186278+00
575	107	FitForExport	603		0	20	319	188	2025-03-31 14:08:04.806743+00
576	107	FitForExport	604		0	15	319	188	2025-03-31 14:08:08.86706+00
577	107	FitForExport	605		0	40	319	188	2025-03-31 14:08:12.371582+00
578	107	FitForExport	606		0	40	319	188	2025-03-31 14:08:17.067021+00
579	107	FitForExport	607		0	60	319	188	2025-03-31 14:08:20.355481+00
580	108	FitForExport	608		0	15	325	227	2025-03-31 14:22:41.131848+00
581	108	FitForExport	609		0	215	325	227	2025-03-31 14:22:55.376005+00
582	108	FitForExport	610		0	30	325	227	2025-03-31 14:23:06.996243+00
583	111	FitForExport	623		0	820	324	229	2025-03-31 17:06:48.588311+00
584	111	FitForExport	624		0	200	324	229	2025-03-31 17:06:55.911013+00
585	61	FitForExport	334		0	925	320	133	2025-03-31 18:09:09.906561+00
586	48	FitForExport	263		0	2000	322	190	2025-03-31 18:33:09.79671+00
587	48	FitForExport	260		0	600	322	190	2025-03-31 18:34:27.556383+00
588	48	FitForExport	259		0	1000	322	190	2025-03-31 18:37:34.624541+00
589	48	FitForExport	255		0	500	322	190	2025-03-31 18:38:58.659508+00
590	48	FitForExport	261		0	100	322	190	2025-03-31 18:40:11.348257+00
591	48	FitForExport	262		0	30	322	190	2025-03-31 18:42:24.181171+00
592	48	FitForExport	258		0	50	322	190	2025-03-31 18:46:50.967504+00
593	48	FitForExport	257		0	24	322	190	2025-03-31 18:48:21.769978+00
594	48	FitForExport	254		0	120	322	190	2025-03-31 18:49:49.377286+00
595	48	FitForExport	264		0	100	322	190	2025-03-31 18:52:19.680022+00
596	48	FitForExport	256		0	36	322	190	2025-03-31 19:05:14.488133+00
597	112	FitForExport	625		0	120	318	141	2025-03-31 19:08:31.278931+00
598	112	FitForExport	626		0	180	318	141	2025-03-31 19:08:37.189523+00
599	112	FitForExport	627		0	250	318	141	2025-03-31 19:08:42.817235+00
600	112	FitForExport	628		0	69	318	141	2025-03-31 19:08:49.447415+00
601	112	FitForExport	629		0	140	318	141	2025-03-31 19:08:57.039972+00
602	112	FitForExport	630		0	100	318	141	2025-03-31 19:09:04.992645+00
603	112	FitForExport	631		0	49.800000000000004	318	141	2025-03-31 19:09:12.352146+00
604	112	FitForExport	632		0	70	318	141	2025-03-31 19:09:18.595191+00
605	112	FitForExport	633		0	63	318	141	2025-03-31 19:09:25.471148+00
606	112	FitForExport	634		0	5	318	141	2025-03-31 19:09:34.875081+00
607	113	FitForExport	635		0	100	318	128	2025-03-31 20:37:35.424181+00
608	113	FitForExport	636		0	49	318	128	2025-03-31 20:37:49.327015+00
609	113	FitForExport	637		0	60	318	128	2025-03-31 20:38:00.525998+00
610	113	FitForExport	638		0	30	318	128	2025-03-31 20:38:08.52615+00
611	113	FitForExport	639		0	60	318	128	2025-03-31 20:38:15.326164+00
612	113	FitForExport	640		0	182	318	128	2025-03-31 20:38:21.3643+00
613	113	FitForExport	641		0	105	318	128	2025-03-31 20:38:30.206421+00
614	113	FitForExport	642		0	64	318	128	2025-03-31 20:38:37.526009+00
615	113	FitForExport	643		0	90	318	128	2025-03-31 20:38:43.404334+00
616	113	FitForExport	644		0	20	318	128	2025-03-31 20:38:50.606167+00
617	113	FitForExport	645		0	100	318	128	2025-03-31 20:39:00.06511+00
618	113	FitForExport	646		0	100	318	128	2025-03-31 20:39:08.40354+00
619	113	FitForExport	647		0	70	318	128	2025-03-31 20:39:15.385511+00
620	113	FitForExport	648		0	30	318	128	2025-03-31 20:39:21.481164+00
621	113	FitForExport	649		0	80	318	128	2025-03-31 20:39:28.145564+00
622	113	FitForExport	650		0	60	318	128	2025-03-31 20:39:35.325591+00
623	115	FitForExport	652		0	20	316	254	2025-04-01 06:16:05.692084+00
624	115	FitForExport	653		0	16	316	254	2025-04-01 06:16:15.604669+00
625	115	FitForExport	654		0	18	316	254	2025-04-01 06:16:24.249283+00
626	109	FitForExport	611		0	475	322	147	2025-04-01 06:17:26.853779+00
627	109	FitForExport	612		0	950	322	147	2025-04-01 06:17:32.274155+00
628	109	FitForExport	613		0	950	322	147	2025-04-01 06:17:36.910079+00
629	109	FitForExport	614		0	950	322	147	2025-04-01 06:17:42.103655+00
630	109	FitForExport	615		0	420	322	147	2025-04-01 06:17:46.658745+00
631	109	FitForExport	616		0	600	322	147	2025-04-01 06:17:52.243977+00
632	116	FitForExport	655		0	640	316	254	2025-04-01 06:22:03.620927+00
633	110	FitForExport	617		0	825	322	147	2025-04-01 06:22:11.278284+00
634	110	FitForExport	618		0	900	322	147	2025-04-01 06:22:17.054336+00
635	110	FitForExport	619		0	450	322	147	2025-04-01 06:22:22.266475+00
636	110	FitForExport	620		0	225	322	147	2025-04-01 06:22:27.485903+00
637	110	FitForExport	621		0	200	322	147	2025-04-01 06:22:32.918113+00
638	110	FitForExport	622		0	250	322	147	2025-04-01 06:22:38.233669+00
639	117	FitForExport	656		0	120	324	264	2025-04-01 06:44:46.631169+00
640	117	FitForExport	657		0	70	324	264	2025-04-01 06:45:06.489655+00
641	117	FitForExport	658		0	5	324	264	2025-04-01 06:45:20.603169+00
642	117	FitForExport	659		0	200	324	264	2025-04-01 06:45:42.979066+00
643	117	FitForExport	660		0	50	324	264	2025-04-01 06:46:02.819932+00
644	117	FitForExport	661		0	300	324	264	2025-04-01 06:46:22.316528+00
645	117	FitForExport	662		0	200	324	264	2025-04-01 06:46:38.154161+00
646	117	FitForExport	663		0	100	324	264	2025-04-01 06:47:16.924213+00
647	114	FitForExport	651		0	4200	326	246	2025-04-01 09:39:44.575024+00
648	118	FitForExport	664		0	120	318	160	2025-04-01 12:41:06.155801+00
649	118	FitForExport	665		0	192	318	160	2025-04-01 12:41:14.438021+00
650	118	FitForExport	666		0	1125	318	160	2025-04-01 12:41:24.558391+00
651	118	FitForExport	667		0	30	318	160	2025-04-01 12:41:33.334447+00
652	120	FitForExport	669		0	200	325	227	2025-04-01 14:15:12.118084+00
653	120	FitForExport	670		0	160	325	227	2025-04-01 14:15:23.460066+00
654	120	FitForExport	671		0	224	325	227	2025-04-01 14:15:35.835028+00
655	120	FitForExport	672		0	85	325	227	2025-04-01 14:15:46.865212+00
656	120	FitForExport	673		0	30	325	227	2025-04-01 14:15:58.738137+00
657	120	FitForExport	674		0	330	325	227	2025-04-01 14:16:11.218611+00
658	121	FitForExport	675		0	3500	322	221	2025-04-01 16:08:30.163714+00
659	121	FitForExport	676		0	60	322	221	2025-04-01 16:08:38.747947+00
660	121	FitForExport	677		0	1000	322	221	2025-04-01 16:08:48.574716+00
661	121	FitForExport	678		0	140	322	221	2025-04-01 16:08:58.122157+00
662	122	FitForExport	683		0	750	326	208	2025-04-01 17:24:08.917737+00
663	122	FitForExport	682		0	400	326	208	2025-04-01 17:25:44.468561+00
664	122	FitForExport	681		0	50	326	208	2025-04-01 17:26:47.244588+00
665	122	FitForExport	688		0	120	326	208	2025-04-01 17:28:50.63493+00
666	122	FitForExport	679		0	770	326	208	2025-04-01 17:29:09.637295+00
667	125	FitForExport	698		0	3730	326	218	2025-04-01 17:29:51.689141+00
668	122	FitForExport	685		0	25	326	208	2025-04-01 17:35:49.750268+00
669	122	FitForExport	686		0	150	326	208	2025-04-01 17:36:01.414584+00
670	122	FitForExport	684		0	400	326	208	2025-04-01 17:38:35.476204+00
671	122	FitForExport	680		0	250	326	208	2025-04-01 17:45:27.920893+00
672	122	FitForExport	687		0	200	326	208	2025-04-01 17:45:47.620255+00
673	123	FitForExport	691		0	12	317	142	2025-04-01 17:51:02.067433+00
674	123	FitForExport	690		0	2200	317	142	2025-04-01 17:51:14.370457+00
675	123	FitForExport	689		0	20	317	142	2025-04-01 17:51:21.408821+00
676	128	FitForExport	714		0	1500	322	228	2025-04-01 18:47:39.715788+00
677	128	FitForExport	715		0	800	322	228	2025-04-01 18:47:45.590467+00
678	128	FitForExport	716		0	1750	322	228	2025-04-01 18:47:52.614434+00
679	129	FitForExport	717		0	1202.5	321	159	2025-04-01 19:37:13.759036+00
680	124	FitForExport	692		0	1120	323	199	2025-04-01 20:03:24.628566+00
681	124	FitForExport	693		0	360	323	199	2025-04-01 20:03:59.355388+00
682	124	FitForExport	694		0	676	323	199	2025-04-01 20:04:31.912969+00
683	124	FitForExport	695		0	375	323	199	2025-04-01 20:04:58.322109+00
684	124	FitForExport	696		0	570	323	199	2025-04-01 20:05:38.077179+00
685	124	FitForExport	697		0	1125	323	199	2025-04-01 20:06:04.911458+00
686	131	FitForExport	723		0	400	320	241	2025-04-02 03:32:30.23826+00
687	131	FitForExport	724		0	1000	320	241	2025-04-02 03:32:41.605815+00
688	131	FitForExport	725		0	252	320	241	2025-04-02 03:32:52.761153+00
689	132	FitForExport	726		0	264	320	241	2025-04-02 03:35:50.024032+00
690	132	FitForExport	727		0	200	320	241	2025-04-02 03:35:59.653365+00
691	132	FitForExport	728		0	36	320	241	2025-04-02 03:36:13.37219+00
692	132	FitForExport	729		0	96	320	241	2025-04-02 03:36:24.843056+00
693	132	FitForExport	730		0	152	320	241	2025-04-02 03:36:41.31409+00
694	130	FitForExport	718		0	252	320	241	2025-04-02 03:38:10.315116+00
695	130	FitForExport	719		0	600	320	241	2025-04-02 03:38:21.569224+00
696	130	FitForExport	720		0	16	320	241	2025-04-02 03:38:34.186974+00
697	130	FitForExport	721		0	120	320	241	2025-04-02 03:38:45.227861+00
698	130	FitForExport	722		0	600	320	241	2025-04-02 03:38:57.618802+00
699	127	FitForExport	713		0	640	326	246	2025-04-02 04:24:07.069204+00
700	127	FitForExport	712		0	640	326	246	2025-04-02 04:24:27.645565+00
701	127	FitForExport	711		0	1200	326	246	2025-04-02 04:24:32.156525+00
702	127	FitForExport	710		0	400	326	246	2025-04-02 04:24:41.398562+00
703	127	FitForExport	709		0	180	326	246	2025-04-02 04:24:52.707177+00
704	127	FitForExport	708		0	880	326	246	2025-04-02 04:24:57.648417+00
705	127	FitForExport	706		0	400	326	246	2025-04-02 04:25:04.942406+00
706	127	FitForExport	707		0	90	326	246	2025-04-02 04:25:20.136134+00
707	126	FitForExport	699		0	250	327	186	2025-04-02 06:08:54.068173+00
708	126	FitForExport	700		0	770	327	186	2025-04-02 06:09:04.04192+00
709	126	FitForExport	701		0	1260	327	186	2025-04-02 06:09:17.098578+00
710	126	FitForExport	702		0	280	327	186	2025-04-02 06:09:25.952812+00
711	126	FitForExport	703		0	360	327	186	2025-04-02 06:09:30.627783+00
712	126	FitForExport	704		0	150	327	186	2025-04-02 06:09:35.45443+00
713	126	FitForExport	705		0	350	327	186	2025-04-02 06:09:41.211036+00
714	133	FitForExport	731		0	490	320	166	2025-04-02 06:50:00.846673+00
715	133	FitForExport	732		0	350	320	166	2025-04-02 06:50:08.985841+00
716	133	FitForExport	733		0	150	320	166	2025-04-02 06:50:16.351461+00
717	133	FitForExport	734		0	250	320	166	2025-04-02 06:50:24.447644+00
718	133	FitForExport	735		0	780	320	166	2025-04-02 06:50:37.063426+00
719	134	FitForExport	736		0	600	327	186	2025-04-02 07:02:08.56553+00
720	134	FitForExport	737		0	250	327	186	2025-04-02 07:02:15.766735+00
721	134	FitForExport	738		0	280	327	186	2025-04-02 07:02:20.224397+00
722	134	FitForExport	739		0	360	327	186	2025-04-02 07:02:24.587365+00
723	134	FitForExport	740		0	840	327	186	2025-04-02 07:02:28.360191+00
724	134	FitForExport	741		0	1120	327	186	2025-04-02 07:02:33.454739+00
725	135	FitForExport	742		0	32	327	186	2025-04-02 07:48:23.341996+00
726	135	FitForExport	743		0	20	327	186	2025-04-02 07:48:33.931067+00
727	135	FitForExport	744		0	16	327	186	2025-04-02 07:48:43.14342+00
728	135	FitForExport	745		0	240	327	186	2025-04-02 07:48:51.103411+00
729	135	FitForExport	746		0	5	327	186	2025-04-02 07:48:55.683559+00
730	135	FitForExport	747		0	1400	327	186	2025-04-02 07:48:59.70385+00
731	135	FitForExport	748		0	10	327	186	2025-04-02 07:49:05.892229+00
732	137	FitForExport	754		0	120	319	129	2025-04-02 11:20:53.458135+00
733	137	FitForExport	755		0	1600	319	129	2025-04-02 11:21:06.518507+00
734	137	FitForExport	756		0	175	319	129	2025-04-02 11:21:17.080264+00
735	137	FitForExport	757		0	160	319	129	2025-04-02 11:21:27.360383+00
736	137	FitForExport	758		0	480	319	129	2025-04-02 11:21:37.158283+00
737	137	FitForExport	759		0	160	319	129	2025-04-02 11:21:50.314149+00
738	137	FitForExport	760		0	120	319	129	2025-04-02 11:21:59.619307+00
739	137	FitForExport	761		0	140	319	129	2025-04-02 11:22:10.760953+00
740	137	FitForExport	762		0	30	319	129	2025-04-02 11:22:21.441538+00
741	138	FitForExport	767		0	180.5	320	239	2025-04-02 12:02:49.897744+00
742	138	FitForExport	768		0	136.5	320	239	2025-04-02 12:02:54.452057+00
743	138	FitForExport	766		0	294.5	320	239	2025-04-02 12:02:59.308004+00
744	138	FitForExport	765		0	2394	320	239	2025-04-02 12:03:05.049904+00
745	138	FitForExport	764		0	95	320	239	2025-04-02 12:03:09.19118+00
746	138	FitForExport	763		0	532	320	239	2025-04-02 12:03:15.947583+00
747	136	FitForExport	749		0	490	316	249	2025-04-02 13:16:06.698073+00
748	136	FitForExport	750		0	300	316	249	2025-04-02 13:17:11.286982+00
749	136	FitForExport	751		0	100	316	249	2025-04-02 13:17:28.835431+00
750	136	FitForExport	752		0	450	316	249	2025-04-02 13:17:39.674326+00
751	136	FitForExport	753		0	400	316	249	2025-04-02 13:17:52.113204+00
752	139	FitForExport	769		0	280	320	206	2025-04-02 15:23:57.538476+00
753	139	FitForExport	770		0	350	320	206	2025-04-02 15:24:07.259957+00
754	139	FitForExport	771		0	1120	320	206	2025-04-02 15:24:17.472721+00
755	139	FitForExport	772		0	170	320	206	2025-04-02 15:24:29.789027+00
756	139	FitForExport	773		0	400	320	206	2025-04-02 15:24:40.641331+00
757	139	FitForExport	774		0	150	320	206	2025-04-02 15:24:52.929637+00
758	141	FitForExport	779		0	3852.8	326	246	2025-04-02 16:35:30.157799+00
759	140	FitForExport	775		0	18	321	131	2025-04-02 17:06:59.944505+00
760	140	FitForExport	776		0	81.6	321	131	2025-04-02 17:07:14.606098+00
761	140	FitForExport	777		0	195.6	321	131	2025-04-02 17:07:37.906269+00
762	140	FitForExport	778		0	84	321	131	2025-04-02 17:07:48.37845+00
763	143	FitForExport	782		0	900	320	241	2025-04-02 17:58:04.363452+00
764	143	FitForExport	783		0	100	320	241	2025-04-02 17:58:12.856157+00
765	142	FitForExport	780		0	1000	320	241	2025-04-02 18:00:08.893043+00
766	142	FitForExport	781		0	60	320	241	2025-04-02 18:00:17.385172+00
767	144	FitForExport	784		0	1500	322	228	2025-04-02 19:07:51.389224+00
768	144	FitForExport	785		0	1260	322	228	2025-04-02 19:09:07.874101+00
769	145	FitForExport	787		0	150	326	218	2025-04-02 20:20:31.185208+00
770	145	FitForExport	788		0	4000	326	218	2025-04-02 20:22:34.087481+00
771	145	FitForExport	789		0	700	326	218	2025-04-02 20:24:11.415433+00
772	145	FitForExport	786		0	60	326	218	2025-04-02 20:26:54.672276+00
773	146	FitForExport	795		0	530	324	235	2025-04-02 20:30:28.622435+00
774	146	FitForExport	794		0	100	324	235	2025-04-02 20:30:35.215098+00
775	146	FitForExport	793		0	220	324	235	2025-04-02 20:30:41.039154+00
776	146	FitForExport	792		0	640	324	235	2025-04-02 20:30:46.534233+00
777	146	FitForExport	791		0	100	324	235	2025-04-02 20:30:54.627514+00
778	145	FitForExport	790		0	50	326	218	2025-04-02 20:31:17.889129+00
\.


--
-- Data for Name: qcp5; Type: TABLE DATA; Schema: public; Owner: -
--

COPY public.qcp5 (id, packinglist_id, user_id, status, exportcompany_id, created_at) FROM stdin;
1	2	1038	Pending	182	2025-03-27 10:24:29.730547+00
2	5	1078	Pending	217	2025-03-27 10:53:13.289589+00
3	7	1080	Pending	220	2025-03-27 13:41:05.785657+00
4	8	1031	Pending	254	2025-03-27 14:37:57.304064+00
5	10	1070	Pending	241	2025-03-27 16:27:38.074601+00
6	11	1033	Pending	221	2025-03-27 16:39:23.864703+00
7	9	1033	Pending	221	2025-03-27 16:46:07.465144+00
8	14	1031	Pending	214	2025-03-27 17:36:23.274586+00
9	13	1031	Pending	214	2025-03-27 18:29:18.948963+00
10	12	1082	Pending	236	2025-03-27 18:57:11.629529+00
11	4	1038	Pending	182	2025-03-27 19:17:23.574386+00
12	19	1002	Pending	185	2025-03-27 19:25:03.908652+00
13	6	1054	Pending	208	2025-03-27 19:38:16.395066+00
14	20	1082	Pending	224	2025-03-27 19:44:06.811236+00
15	21	1023	Pending	159	2025-03-27 20:59:30.472893+00
16	23	1031	Pending	254	2025-03-28 05:58:12.0372+00
17	24	1031	Pending	254	2025-03-28 06:04:43.886201+00
18	25	1031	Pending	254	2025-03-28 06:08:13.607463+00
19	22	1012	Pending	147	2025-03-28 06:43:20.900284+00
20	26	1081	Pending	218	2025-03-28 07:42:24.113974+00
21	27	1081	Pending	218	2025-03-28 08:03:58.072598+00
22	30	1029	Pending	192	2025-03-28 13:49:35.522479+00
23	28	1081	Pending	218	2025-03-28 14:12:06.747601+00
24	29	1081	Pending	218	2025-03-28 14:23:41.850759+00
25	32	1081	Pending	218	2025-03-28 15:07:49.342541+00
26	42	1081	Pending	129	2025-03-28 16:52:51.797526+00
27	44	1034	Pending	186	2025-03-28 17:12:33.186768+00
28	38	1081	Pending	210	2025-03-28 17:27:34.079172+00
29	40	1034	Pending	186	2025-03-28 17:40:00.335479+00
30	45	1055	Pending	252	2025-03-28 17:50:29.855888+00
31	46	1044	Pending	262	2025-03-28 17:51:43.269631+00
32	43	1011	Pending	146	2025-03-28 17:57:09.456359+00
33	36	1054	Pending	208	2025-03-28 18:25:30.93477+00
34	48	1037	Pending	228	2025-03-28 19:54:09.528762+00
35	34	1080	Pending	220	2025-03-29 00:23:08.405282+00
36	49	1070	Pending	241	2025-03-29 00:30:12.327849+00
37	41	1044	Pending	246	2025-03-29 03:46:04.980894+00
38	31	1012	Pending	147	2025-03-29 06:11:16.203917+00
39	33	1012	Pending	147	2025-03-29 06:14:36.326102+00
40	50	1012	Pending	147	2025-03-29 06:16:52.135678+00
41	51	1059	Pending	227	2025-03-29 07:52:21.551345+00
42	35	1029	Pending	192	2025-03-29 09:00:14.129371+00
43	39	1092	Pending	223	2025-03-29 11:49:52.057385+00
44	55	1070	Pending	241	2025-03-29 13:07:38.882966+00
45	53	1070	Pending	241	2025-03-29 13:10:06.745688+00
46	59	1061	Pending	235	2025-03-29 14:45:00.761658+00
47	54	1061	Pending	235	2025-03-29 14:53:42.656482+00
48	56	1082	Pending	136	2025-03-29 17:40:15.398748+00
49	63	1002	Pending	185	2025-03-29 18:45:25.82435+00
50	61	1000	Pending	131	2025-03-29 19:38:32.069007+00
51	65	1103	Pending	201	2025-03-30 01:25:01.266138+00
52	16	1031	Pending	214	2025-03-30 02:14:20.072727+00
53	58	1054	Pending	208	2025-03-30 02:55:35.81863+00
54	66	1070	Pending	241	2025-03-30 03:00:43.55292+00
55	57	1054	Pending	208	2025-03-30 03:12:13.406433+00
56	60	1044	Pending	261	2025-03-30 05:48:14.09558+00
57	69	1034	Pending	186	2025-03-30 07:57:12.459955+00
58	68	1034	Pending	186	2025-03-30 08:00:10.678404+00
59	67	1034	Pending	186	2025-03-30 08:03:12.820996+00
60	72	1081	Pending	129	2025-03-30 10:33:13.530537+00
61	76	1070	Pending	241	2025-03-30 12:06:43.567259+00
62	77	1070	Pending	241	2025-03-30 12:08:40.298114+00
63	75	1070	Pending	241	2025-03-30 12:11:32.476099+00
64	74	1070	Pending	241	2025-03-30 12:13:54.36525+00
65	71	1070	Pending	241	2025-03-30 12:16:02.201543+00
66	82	995	Pending	149	2025-03-30 14:41:07.252081+00
67	83	1031	Pending	227	2025-03-30 14:58:05.474638+00
68	70	1081	Pending	222	2025-03-30 17:27:43.228419+00
69	88	1023	Pending	159	2025-03-30 17:59:49.175342+00
70	91	1023	Pending	159	2025-03-30 18:24:19.725003+00
71	87	1023	Pending	159	2025-03-30 18:40:46.243275+00
72	93	1011	Pending	181	2025-03-30 18:56:40.569008+00
73	94	1023	Pending	159	2025-03-30 19:01:19.982826+00
74	80	1038	Pending	182	2025-03-30 19:01:24.056007+00
75	85	1088	Pending	237	2025-03-30 19:11:42.338579+00
76	79	1021	Pending	188	2025-03-30 19:18:38.61005+00
77	86	1011	Pending	146	2025-03-30 20:31:24.040866+00
78	89	1011	Pending	146	2025-03-30 21:02:29.216353+00
79	100	1031	Pending	214	2025-03-30 21:38:17.358136+00
80	98	1031	Pending	214	2025-03-30 22:12:03.103004+00
81	92	1048	Pending	197	2025-03-30 22:15:24.02195+00
82	90	1048	Pending	197	2025-03-30 22:25:26.233943+00
83	96	1031	Pending	174	2025-03-30 22:59:10.227451+00
84	99	1031	Pending	214	2025-03-30 23:10:05.375192+00
85	95	1031	Pending	174	2025-03-30 23:33:18.74367+00
86	101	1061	Pending	229	2025-03-31 01:31:05.460333+00
87	102	1061	Pending	229	2025-03-31 01:45:03.351524+00
88	78	1068	Pending	238	2025-03-31 05:39:32.832364+00
89	84	1012	Pending	147	2025-03-31 05:44:23.363616+00
90	103	1068	Pending	238	2025-03-31 05:46:53.055444+00
91	106	1082	Pending	236	2025-03-31 09:32:27.065356+00
92	105	1078	Pending	183	2025-03-31 10:01:43.68969+00
93	104	1038	Pending	182	2025-03-31 11:13:20.186763+00
94	73	1063	Pending	232	2025-03-31 11:54:45.491114+00
95	81	1063	Pending	232	2025-03-31 12:05:10.578471+00
96	111	1033	Pending	221	2025-03-31 13:52:16.196503+00
97	110	1033	Pending	221	2025-03-31 13:56:09.638859+00
98	109	1033	Pending	127	2025-03-31 14:13:49.573275+00
99	107	1021	Pending	188	2025-03-31 14:15:18.169757+00
100	112	1031	Pending	227	2025-03-31 14:34:26.197088+00
101	115	1061	Pending	229	2025-03-31 17:10:03.148653+00
102	64	1090	Pending	133	2025-03-31 18:10:58.062435+00
103	118	1010	Pending	141	2025-03-31 19:11:36.754722+00
104	52	1100	Pending	190	2025-03-31 19:12:45.430132+00
105	108	1106	Pending	128	2025-03-31 20:46:40.650503+00
106	113	1012	Pending	147	2025-04-01 06:20:59.016256+00
107	116	1031	Pending	254	2025-04-01 06:21:12.562606+00
108	117	1031	Pending	254	2025-04-01 06:23:47.689281+00
109	114	1012	Pending	147	2025-04-01 06:26:13.377434+00
110	120	1082	Pending	264	2025-04-01 06:53:44.045057+00
111	119	1044	Pending	246	2025-04-01 09:42:41.526398+00
112	121	1024	Pending	160	2025-04-01 12:52:08.209801+00
113	124	1031	Pending	227	2025-04-01 14:20:54.259395+00
114	125	1033	Pending	221	2025-04-01 16:10:37.375317+00
115	122	1054	Pending	208	2025-04-01 17:50:15.670614+00
116	126	1081	Pending	142	2025-04-01 17:56:21.259624+00
117	128	1081	Pending	218	2025-04-01 18:13:05.275293+00
118	132	1023	Pending	159	2025-04-01 19:53:42.34971+00
119	127	1110	Pending	199	2025-04-01 20:09:38.477961+00
120	131	1037	Pending	228	2025-04-01 20:29:38.293645+00
121	135	1070	Pending	241	2025-04-02 03:34:07.211405+00
122	134	1070	Pending	241	2025-04-02 03:37:43.094621+00
123	133	1070	Pending	241	2025-04-02 03:40:12.081106+00
124	130	1044	Pending	246	2025-04-02 04:29:19.174357+00
125	129	1034	Pending	186	2025-04-02 06:11:32.225761+00
126	136	1029	Pending	166	2025-04-02 06:52:03.302521+00
127	137	1034	Pending	186	2025-04-02 07:05:12.882415+00
128	138	1034	Pending	186	2025-04-02 07:52:50.866562+00
129	140	1081	Pending	129	2025-04-02 11:24:12.447589+00
130	141	995	Pending	239	2025-04-02 12:25:37.167284+00
131	139	1005	Pending	249	2025-04-02 13:21:48.073935+00
132	142	1053	Pending	206	2025-04-02 15:26:13.030006+00
133	144	1044	Pending	246	2025-04-02 16:37:46.178778+00
134	143	1000	Pending	131	2025-04-02 17:09:59.108238+00
135	146	1070	Pending	241	2025-04-02 17:59:30.1216+00
136	145	1070	Pending	241	2025-04-02 18:01:22.911333+00
137	147	1037	Pending	228	2025-04-02 19:49:18.405468+00
138	148	1081	Pending	218	2025-04-02 20:34:09.576313+00
139	149	1061	Pending	235	2025-04-02 20:34:40.87774+00
\.


--
-- Data for Name: qcp5_attributes; Type: TABLE DATA; Schema: public; Owner: -
--

COPY public.qcp5_attributes (id, qcp5_id, qcp5_product_id, qualityattributes_id, user_id, exportcompany_id, created_at) FROM stdin;
1	1	2	1	21	182	2025-03-27 12:25:10.884466+00
2	1	1	1	21	182	2025-03-27 12:25:17.400009+00
3	1	3	1	21	182	2025-03-27 12:25:21.359148+00
4	1	4	1	21	182	2025-03-27 12:25:26.100428+00
5	1	5	1	21	182	2025-03-27 12:25:30.759083+00
6	1	6	1	21	182	2025-03-27 12:25:35.126786+00
7	1	7	1	21	182	2025-03-27 12:25:39.259034+00
8	11	50	1	23	182	2025-03-27 22:12:48.803205+00
9	11	51	1	23	182	2025-03-27 22:13:12.876816+00
10	11	52	1	23	182	2025-03-27 22:13:38.572346+00
11	11	53	1	23	182	2025-03-27 22:14:57.389855+00
12	11	54	1	23	182	2025-03-27 22:15:16.534529+00
13	11	55	1	23	182	2025-03-27 22:15:43.570357+00
14	11	56	1	23	182	2025-03-27 22:16:05.434539+00
15	11	57	1	23	182	2025-03-27 22:16:40.987172+00
16	11	58	1	23	182	2025-03-27 22:17:09.598011+00
17	11	59	1	23	182	2025-03-27 22:17:50.44563+00
18	11	60	1	23	182	2025-03-27 22:18:10.424719+00
19	11	61	1	23	182	2025-03-27 22:18:42.492658+00
20	11	62	1	23	182	2025-03-27 22:19:07.446581+00
21	11	63	1	23	182	2025-03-27 22:19:26.705267+00
22	11	64	1	23	182	2025-03-27 22:19:49.600037+00
23	11	65	1	23	182	2025-03-27 22:20:12.500716+00
24	11	66	1	23	182	2025-03-27 22:20:30.118653+00
25	11	67	1	23	182	2025-03-27 22:20:59.506925+00
26	11	68	1	23	182	2025-03-27 22:21:40.587004+00
27	11	69	1	23	182	2025-03-27 22:22:05.720076+00
28	11	70	1	23	182	2025-03-27 22:22:43.948114+00
29	11	71	1	23	182	2025-03-27 22:23:17.168717+00
30	11	72	1	23	182	2025-03-27 22:23:42.684483+00
31	11	73	1	23	182	2025-03-27 22:24:18.888397+00
32	11	74	1	23	182	2025-03-27 22:24:36.09111+00
33	11	75	1	23	182	2025-03-27 22:24:55.239645+00
34	11	76	1	23	182	2025-03-27 22:25:15.834562+00
35	12	77	1	23	185	2025-03-28 04:30:03.595672+00
36	12	78	1	23	185	2025-03-28 04:30:24.337172+00
37	12	79	1	23	185	2025-03-28 04:30:43.457039+00
38	12	80	1	23	185	2025-03-28 04:31:07.498514+00
39	8	32	1	23	214	2025-03-28 04:41:36.215943+00
40	8	33	1	23	214	2025-03-28 04:41:55.727221+00
41	8	34	1	23	214	2025-03-28 04:42:23.917007+00
42	8	35	1	23	214	2025-03-28 04:43:00.634422+00
43	8	36	1	23	214	2025-03-28 04:43:22.827445+00
44	8	37	1	23	214	2025-03-28 04:46:25.287006+00
45	8	38	1	23	214	2025-03-28 04:46:52.974624+00
46	8	39	1	23	214	2025-03-28 04:47:17.086491+00
47	8	40	1	23	214	2025-03-28 04:47:43.033619+00
48	9	41	1	23	214	2025-03-28 04:50:21.371291+00
49	9	42	1	23	214	2025-03-28 04:50:40.78901+00
50	9	43	1	23	214	2025-03-28 04:50:58.819919+00
51	9	44	1	23	214	2025-03-28 04:51:17.906253+00
52	9	45	1	23	214	2025-03-28 04:51:45.300669+00
53	9	46	1	23	214	2025-03-28 04:52:05.74923+00
54	9	47	1	23	214	2025-03-28 04:52:26.221608+00
55	13	81	1	23	208	2025-03-28 04:53:49.906031+00
56	13	82	1	23	208	2025-03-28 04:54:07.33661+00
57	13	83	1	23	208	2025-03-28 04:54:24.817453+00
58	13	84	1	23	208	2025-03-28 04:54:41.509723+00
59	13	85	1	23	208	2025-03-28 04:55:11.923838+00
60	13	86	1	23	208	2025-03-28 04:55:35.347728+00
61	5	22	1	23	241	2025-03-28 04:58:33.261107+00
62	5	23	1	23	241	2025-03-28 04:58:56.649247+00
63	26	139	1	21	129	2025-03-28 23:06:14.780468+00
64	26	140	1	21	129	2025-03-28 23:06:19.585021+00
65	26	141	1	21	129	2025-03-28 23:06:24.591982+00
66	26	143	1	21	129	2025-03-28 23:06:31.951547+00
67	26	142	1	21	129	2025-03-28 23:06:43.161465+00
68	32	169	1	21	146	2025-03-28 23:09:35.755225+00
69	32	170	1	21	146	2025-03-28 23:09:42.221467+00
70	32	171	1	21	146	2025-03-28 23:09:46.477494+00
71	32	172	1	21	146	2025-03-28 23:09:51.117423+00
72	32	173	1	21	146	2025-03-28 23:09:57.401053+00
73	32	174	1	21	146	2025-03-28 23:10:01.423984+00
74	32	175	1	21	146	2025-03-28 23:10:05.657952+00
75	34	185	1	21	228	2025-03-29 04:52:31.902621+00
76	34	186	1	21	228	2025-03-29 04:52:35.789061+00
77	34	187	1	21	228	2025-03-29 04:52:39.779934+00
78	34	188	1	21	228	2025-03-29 04:52:43.85007+00
79	34	189	1	21	228	2025-03-29 04:52:49.545764+00
80	30	160	1	21	252	2025-03-29 04:53:24.904629+00
81	30	161	1	21	252	2025-03-29 04:53:28.845285+00
82	30	162	1	21	252	2025-03-29 04:53:35.539507+00
83	30	163	1	21	252	2025-03-29 04:53:42.658562+00
84	30	164	1	21	252	2025-03-29 04:53:46.477838+00
85	27	144	1	21	186	2025-03-29 04:54:34.242771+00
86	27	145	1	21	186	2025-03-29 04:54:37.949287+00
87	27	146	1	21	186	2025-03-29 04:54:45.817362+00
88	27	147	1	21	186	2025-03-29 04:54:49.705813+00
89	27	148	1	21	186	2025-03-29 04:54:55.366641+00
90	27	149	1	21	186	2025-03-29 04:54:58.990473+00
91	27	150	1	21	186	2025-03-29 04:55:07.969112+00
92	29	154	1	21	186	2025-03-29 04:55:54.091804+00
93	29	153	1	21	186	2025-03-29 04:56:03.115399+00
94	29	155	1	21	186	2025-03-29 04:56:07.139621+00
95	29	156	1	21	186	2025-03-29 04:56:11.411311+00
96	29	157	1	21	186	2025-03-29 04:56:15.183744+00
97	29	158	1	21	186	2025-03-29 04:56:19.25222+00
98	29	159	1	21	186	2025-03-29 04:56:23.072896+00
99	35	193	1	21	220	2025-03-29 04:57:15.498709+00
100	35	190	1	21	220	2025-03-29 04:57:19.505255+00
101	35	191	1	21	220	2025-03-29 04:57:23.632941+00
102	35	192	1	21	220	2025-03-29 04:57:27.597377+00
103	36	194	1	21	241	2025-03-29 05:39:55.962845+00
104	36	195	1	21	241	2025-03-29 05:40:00.130926+00
105	36	196	1	21	241	2025-03-29 05:40:03.947544+00
106	36	197	1	21	241	2025-03-29 05:40:07.993145+00
107	37	198	1	21	246	2025-03-29 05:47:26.203823+00
108	37	199	1	21	246	2025-03-29 05:47:30.543225+00
109	37	200	1	21	246	2025-03-29 05:47:34.455061+00
110	37	201	1	21	246	2025-03-29 05:47:38.291467+00
111	24	130	1	21	218	2025-03-29 05:50:27.311385+00
112	23	129	1	21	218	2025-03-29 05:50:54.159048+00
113	28	151	1	21	210	2025-03-29 05:54:41.955915+00
114	28	152	1	21	210	2025-03-29 05:54:45.81956+00
115	51	256	1	21	201	2025-03-30 06:10:19.946783+00
116	51	257	1	21	201	2025-03-30 06:10:26.648829+00
117	51	258	1	21	201	2025-03-30 06:10:51.011011+00
118	51	259	1	21	201	2025-03-30 06:10:59.594099+00
119	51	260	1	21	201	2025-03-30 06:11:04.095735+00
120	51	261	1	21	201	2025-03-30 06:11:08.747406+00
121	55	282	1	21	208	2025-03-30 09:10:58.173145+00
122	55	281	1	21	208	2025-03-30 09:11:08.624191+00
123	55	283	1	21	208	2025-03-30 09:11:13.233612+00
124	55	284	1	21	208	2025-03-30 09:11:17.557203+00
125	55	285	1	21	208	2025-03-30 09:11:21.213115+00
126	55	286	1	21	208	2025-03-30 09:11:25.118077+00
127	55	287	1	21	208	2025-03-30 09:11:28.633291+00
128	55	288	1	21	208	2025-03-30 09:11:32.932339+00
129	53	268	1	21	208	2025-03-30 09:14:09.902152+00
130	53	269	1	21	208	2025-03-30 09:14:16.06597+00
131	53	270	1	21	208	2025-03-30 09:14:21.779318+00
132	53	271	1	21	208	2025-03-30 09:14:28.055334+00
133	53	272	1	21	208	2025-03-30 09:14:33.559962+00
134	53	273	1	21	208	2025-03-30 09:14:37.29832+00
135	53	274	1	21	208	2025-03-30 09:14:43.200792+00
136	53	275	1	21	208	2025-03-30 09:14:46.899219+00
137	53	276	1	21	208	2025-03-30 09:14:50.922322+00
138	53	277	1	21	208	2025-03-30 09:14:54.945107+00
139	53	278	1	21	208	2025-03-30 09:14:59.461039+00
140	31	165	1	21	262	2025-03-30 09:16:02.638099+00
141	31	166	1	21	262	2025-03-30 09:16:07.581082+00
142	31	167	1	21	262	2025-03-30 09:16:16.658343+00
143	31	168	1	21	262	2025-03-30 09:16:20.849663+00
144	58	303	1	21	186	2025-03-30 09:19:28.495843+00
145	58	304	1	21	186	2025-03-30 09:19:32.06401+00
146	58	305	1	21	186	2025-03-30 09:19:35.787621+00
147	58	306	1	21	186	2025-03-30 09:19:39.328449+00
148	49	246	1	15	185	2025-03-30 12:28:21.614058+00
149	49	248	1	15	185	2025-03-30 12:29:00.355547+00
150	49	249	1	15	185	2025-03-30 12:29:11.125041+00
151	49	250	1	15	185	2025-03-30 12:29:24.08541+00
152	49	251	1	15	185	2025-03-30 12:29:40.655654+00
153	52	262	1	15	214	2025-03-30 12:32:56.276001+00
154	52	263	1	15	214	2025-03-30 12:33:09.6318+00
155	52	264	1	15	214	2025-03-30 12:33:22.434849+00
156	52	265	1	15	214	2025-03-30 12:33:38.472355+00
157	52	266	1	15	214	2025-03-30 12:34:03.214619+00
158	52	267	1	15	214	2025-03-30 12:34:17.291892+00
159	50	252	1	15	131	2025-03-30 12:37:24.05451+00
160	50	255	1	15	131	2025-03-30 12:38:12.15482+00
161	91	477	1	23	236	2025-03-31 12:54:58.746706+00
162	91	478	1	23	236	2025-03-31 12:55:27.209429+00
163	90	476	1	23	238	2025-03-31 12:57:10.969274+00
164	87	462	1	23	229	2025-03-31 13:09:12.291662+00
165	80	415	1	23	214	2025-03-31 13:15:20.0838+00
166	80	416	1	23	214	2025-03-31 13:16:08.264439+00
167	80	417	1	23	214	2025-03-31 13:17:06.813955+00
168	80	418	1	23	214	2025-03-31 13:17:32.482481+00
169	80	419	1	23	214	2025-03-31 13:17:53.603682+00
170	80	420	1	23	214	2025-03-31 13:19:30.216921+00
171	80	421	1	23	214	2025-03-31 13:19:49.102592+00
172	80	422	1	23	214	2025-03-31 13:20:09.138038+00
173	86	461	1	23	229	2025-03-31 13:22:18.225492+00
174	84	443	1	23	214	2025-03-31 13:25:37.42358+00
175	84	444	1	23	214	2025-03-31 13:26:02.035629+00
176	84	445	1	23	214	2025-03-31 13:26:31.499259+00
177	84	446	1	23	214	2025-03-31 13:27:10.155811+00
178	75	379	1	23	237	2025-03-31 13:30:38.704331+00
179	75	380	1	23	237	2025-03-31 13:31:04.336016+00
180	75	381	1	23	237	2025-03-31 13:32:19.434926+00
181	75	382	1	23	237	2025-03-31 13:32:47.655593+00
182	75	383	1	23	237	2025-03-31 13:33:23.904487+00
183	75	384	1	23	237	2025-03-31 13:34:58.449002+00
184	75	385	1	23	237	2025-03-31 13:37:18.627177+00
185	75	386	1	23	237	2025-03-31 13:38:31.438164+00
186	75	387	1	23	237	2025-03-31 13:39:52.877351+00
187	75	388	1	23	237	2025-03-31 13:41:07.007563+00
188	75	389	1	23	237	2025-03-31 13:41:37.846312+00
189	75	390	1	23	237	2025-03-31 13:42:10.135793+00
190	72	345	1	23	181	2025-03-31 14:05:25.824163+00
191	72	346	1	23	181	2025-03-31 14:05:44.787292+00
192	72	347	1	23	181	2025-03-31 14:06:17.524413+00
193	72	348	1	23	181	2025-03-31 14:07:50.622042+00
194	72	349	1	23	181	2025-03-31 14:08:12.863301+00
195	72	350	1	23	181	2025-03-31 14:08:39.902841+00
196	72	351	1	23	181	2025-03-31 14:08:59.745758+00
197	72	352	1	23	181	2025-03-31 14:09:18.6549+00
198	72	353	1	23	181	2025-03-31 14:09:38.285367+00
199	60	314	1	23	129	2025-03-31 14:16:29.023363+00
200	60	315	1	23	129	2025-03-31 14:16:50.679182+00
201	60	316	1	23	129	2025-03-31 14:17:10.153842+00
202	60	317	1	23	129	2025-03-31 14:17:47.358843+00
203	60	318	1	23	129	2025-03-31 14:18:24.611444+00
204	60	319	1	23	129	2025-03-31 14:18:49.919822+00
205	60	320	1	23	129	2025-03-31 14:19:12.082351+00
206	68	338	1	23	222	2025-03-31 14:21:44.778963+00
207	68	339	1	23	222	2025-03-31 14:22:04.710954+00
208	68	340	1	23	222	2025-03-31 14:22:27.510844+00
209	99	552	1	21	188	2025-03-31 16:32:12.002504+00
210	99	553	1	21	188	2025-03-31 16:32:16.312652+00
211	99	554	1	21	188	2025-03-31 16:32:20.379162+00
212	99	555	1	21	188	2025-03-31 16:32:24.313024+00
213	99	556	1	21	188	2025-03-31 16:32:28.250662+00
214	99	557	1	21	188	2025-03-31 16:32:31.900342+00
215	99	558	1	21	188	2025-03-31 16:32:35.860527+00
216	99	559	1	21	188	2025-03-31 16:32:40.127854+00
217	96	533	1	24	221	2025-04-01 06:36:06.129858+00
218	97	535	1	24	221	2025-04-01 06:39:49.966208+00
219	97	536	1	24	221	2025-04-01 06:40:24.812318+00
220	97	537	1	24	221	2025-04-01 06:40:54.65869+00
221	97	538	1	24	221	2025-04-01 06:41:19.719448+00
222	97	539	1	24	221	2025-04-01 06:41:39.656914+00
223	96	534	1	24	221	2025-04-01 06:43:51.738312+00
224	73	354	1	24	159	2025-04-01 06:47:05.766965+00
225	73	355	3	24	159	2025-04-01 06:48:16.775112+00
226	110	619	1	24	264	2025-04-01 07:07:37.021717+00
227	109	617	1	24	147	2025-04-01 09:39:09.285205+00
228	109	618	1	24	147	2025-04-01 09:39:24.034518+00
229	109	616	1	24	147	2025-04-01 09:39:35.686188+00
230	109	615	1	24	147	2025-04-01 09:39:47.921447+00
231	109	614	1	24	147	2025-04-01 09:40:09.423092+00
232	109	613	1	24	147	2025-04-01 09:40:19.75485+00
233	106	607	1	24	147	2025-04-01 09:42:15.217535+00
234	106	608	1	24	147	2025-04-01 09:42:29.710253+00
235	106	606	1	24	147	2025-04-01 09:42:44.076132+00
236	106	605	1	24	147	2025-04-01 09:43:02.090325+00
237	106	604	1	24	147	2025-04-01 09:43:27.306952+00
238	106	603	1	24	147	2025-04-01 09:43:40.096423+00
239	110	625	1	24	264	2025-04-01 09:45:25.791925+00
240	110	626	1	24	264	2025-04-01 09:45:37.451843+00
241	110	624	1	24	264	2025-04-01 09:45:47.764023+00
242	110	623	1	24	264	2025-04-01 09:45:59.065454+00
243	110	622	1	24	264	2025-04-01 09:46:11.72507+00
244	110	621	1	24	264	2025-04-01 09:46:22.095858+00
245	110	620	1	24	264	2025-04-01 09:46:32.411824+00
246	89	474	1	24	147	2025-04-01 09:49:16.852993+00
247	89	475	1	24	147	2025-04-01 09:49:27.502793+00
248	89	473	1	24	147	2025-04-01 09:49:39.402659+00
249	89	472	1	24	147	2025-04-01 09:49:52.702965+00
250	107	609	1	16	254	2025-04-01 16:52:26.878399+00
251	107	610	1	16	254	2025-04-01 16:52:33.700016+00
252	107	611	1	16	254	2025-04-01 16:52:39.907553+00
253	108	612	1	16	254	2025-04-01 16:55:47.222059+00
254	113	632	1	16	227	2025-04-01 16:56:42.71133+00
255	113	633	1	16	227	2025-04-01 16:56:48.216469+00
256	113	634	1	16	227	2025-04-01 16:56:53.630333+00
257	113	635	1	16	227	2025-04-01 16:56:59.097908+00
258	113	636	1	16	227	2025-04-01 16:57:04.408264+00
259	113	637	1	16	227	2025-04-01 16:57:11.171223+00
260	100	560	1	16	227	2025-04-01 16:59:16.914845+00
261	100	561	1	16	227	2025-04-01 16:59:23.064849+00
262	100	562	1	16	227	2025-04-01 16:59:32.870708+00
263	119	662	1	16	199	2025-04-01 23:21:38.397511+00
264	119	661	1	16	199	2025-04-01 23:21:49.805934+00
265	119	657	1	16	199	2025-04-01 23:22:03.455505+00
266	119	658	1	16	199	2025-04-01 23:22:09.531093+00
267	119	659	1	16	199	2025-04-01 23:22:16.356139+00
268	119	660	1	16	199	2025-04-01 23:22:22.005903+00
269	112	630	1	16	160	2025-04-01 23:25:37.05975+00
270	112	631	1	16	160	2025-04-01 23:25:45.786937+00
271	112	629	1	16	160	2025-04-01 23:25:52.819159+00
272	112	628	1	16	160	2025-04-01 23:26:03.19763+00
273	117	655	1	16	218	2025-04-02 01:05:08.299376+00
274	120	663	1	17	228	2025-04-02 05:35:38.851052+00
275	120	664	1	17	228	2025-04-02 05:35:47.757992+00
276	120	665	1	17	228	2025-04-02 05:35:55.871161+00
277	123	674	1	17	241	2025-04-02 05:37:31.637019+00
278	123	675	1	17	241	2025-04-02 05:37:40.426261+00
279	123	676	1	17	241	2025-04-02 05:37:51.653955+00
280	123	677	1	17	241	2025-04-02 05:37:56.270646+00
281	123	678	1	17	241	2025-04-02 05:38:01.57026+00
282	122	669	1	17	241	2025-04-02 05:39:31.030536+00
283	122	670	1	17	241	2025-04-02 05:39:38.099259+00
284	122	671	1	17	241	2025-04-02 05:39:48.430407+00
285	122	672	1	17	241	2025-04-02 05:39:56.319087+00
286	122	673	1	17	241	2025-04-02 05:40:04.030466+00
287	121	666	1	17	241	2025-04-02 05:40:54.49266+00
288	121	667	1	17	241	2025-04-02 05:41:01.27047+00
289	121	668	1	17	241	2025-04-02 05:41:10.869817+00
290	115	642	1	17	208	2025-04-02 05:43:19.390242+00
291	115	643	1	17	208	2025-04-02 05:43:27.898102+00
292	115	644	1	17	208	2025-04-02 05:43:36.239619+00
293	115	645	1	17	208	2025-04-02 05:43:43.771737+00
294	115	646	1	17	208	2025-04-02 05:43:48.658793+00
295	115	647	1	17	208	2025-04-02 05:43:53.62983+00
296	115	648	1	17	208	2025-04-02 05:44:00.171254+00
297	115	649	1	17	208	2025-04-02 05:44:06.351958+00
298	115	650	1	17	208	2025-04-02 05:44:10.870626+00
299	115	651	1	17	208	2025-04-02 05:44:16.312685+00
\.


--
-- Data for Name: qcp5_other_attributes; Type: TABLE DATA; Schema: public; Owner: -
--

COPY public.qcp5_other_attributes (id, qcp5_id, qcp5_other_id, other, qualityattributes_id, user_id, exportcompany_id, created_at) FROM stdin;
\.


--
-- Data for Name: qcp5_otherrecommendations; Type: TABLE DATA; Schema: public; Owner: -
--

COPY public.qcp5_otherrecommendations (id, qcp5_id, qcp5_others_id, status, reason, weight_rejected, weight_passed, user_id, exportcompany_id, created_at) FROM stdin;
\.


--
-- Data for Name: qcp5_others; Type: TABLE DATA; Schema: public; Owner: -
--

COPY public.qcp5_others (id, qcp5_id, packinglist_id, product_name, noofboxes, boxweight, productnetweight, totalproductnetweight, totalproductgrossweight, sampledboxes, status, user_id, exportcompany_id, created_at) FROM stdin;
1	2	5	Tumeric	1	0	7	7	7	\N	Pending	1078	217	2025-03-27 10:53:13.299096+00
2	8	14	Raw mangoes	30	0.5	5.5	165	180	\N	Pending	1031	214	2025-03-27 17:36:23.286775+00
3	8	14	soursop	30	0.5	5.5	165	180	\N	Pending	1031	214	2025-03-27 17:36:23.288951+00
4	9	13	Beans	15	0.5	10	150	157.5	\N	Pending	1031	214	2025-03-27 18:29:18.958689+00
5	9	13	cassava	5	0.5	10	50	52.5	\N	Pending	1031	214	2025-03-27 18:29:18.960693+00
6	27	44	yams	12	0.5	7	84	90	\N	Pending	1034	186	2025-03-28 17:12:33.196002+00
7	27	44	yams	15	0.5	7	105	112.5	\N	Pending	1034	186	2025-03-28 17:12:33.197542+00
8	29	40	yams	51	0.5	7	357	382.5	\N	Pending	1034	186	2025-03-28 17:40:00.348938+00
9	29	40	yams	15	0.5	7	105	112.5	\N	Pending	1034	186	2025-03-28 17:40:00.350132+00
10	30	45	BEANS	20	0.5	12	240	250	\N	Pending	1055	252	2025-03-28 17:50:29.863589+00
11	43	39	Sugarcane	25	0.1	-28.1	-702.5	-700	\N	Pending	1092	223	2025-03-29 11:49:52.066161+00
12	46	59	Matooke	30	0.5	10	300	315	\N	Pending	1061	235	2025-03-29 14:45:00.767222+00
13	46	59	Peanuts	25	0.3	5	125	132.5	\N	Pending	1061	235	2025-03-29 14:45:00.768837+00
14	46	59	Garden eggs	40	0.5	6	240	260	\N	Pending	1061	235	2025-03-29 14:45:00.770051+00
15	46	59	Sweet potatoes	52	0.5	10	520	546	\N	Pending	1061	235	2025-03-29 14:45:00.771213+00
16	46	59	Apple Bananas	10	0.5	10	100	105	\N	Pending	1061	235	2025-03-29 14:45:00.772315+00
17	47	54	Peanuts	32	0.3	10	320	329.6	\N	Pending	1061	235	2025-03-29 14:53:42.660549+00
18	47	54	Antroewa	11	0.5	8	88	93.5	\N	Pending	1061	235	2025-03-29 14:53:42.662028+00
19	47	54	Garden eggs	84	0.5	8	672	714	\N	Pending	1061	235	2025-03-29 14:53:42.662971+00
20	47	54	Matooke	30	0.5	8	240	255	\N	Pending	1061	235	2025-03-29 14:53:42.663716+00
21	48	56	royco	1	0.5	2	2	2.5	\N	Pending	1082	136	2025-03-29 17:40:15.408183+00
22	48	56	g nut paste	1	0.5	10	10	10.5	\N	Pending	1082	136	2025-03-29 17:40:15.4096+00
23	48	56	sugarcane	3	0.5	10	30	31.5	\N	Pending	1082	136	2025-03-29 17:40:15.410433+00
24	57	69	yams	40	0.5	7	280	300	\N	Pending	1034	186	2025-03-30 07:57:12.468024+00
25	59	67	yams	60	0.5	7	420	450	\N	Pending	1034	186	2025-03-30 08:03:12.83018+00
26	66	82	Sorghum flour 	3	0.5	10	30	31.5	\N	Pending	995	149	2025-03-30 14:41:07.271297+00
27	69	88	Matooke	60	0.4	10	600	624	\N	Pending	1023	159	2025-03-30 17:59:49.178809+00
28	69	88	Uganda Yam	24	0.4	10	240	249.6	\N	Pending	1023	159	2025-03-30 17:59:49.179963+00
29	69	88	Sukuma Wiki	2	0.2	1	2	2.4	\N	Pending	1023	159	2025-03-30 17:59:49.18079+00
30	69	88	Sweet poteto	46	0.4	10	460	478.4	\N	Pending	1023	159	2025-03-30 17:59:49.181565+00
31	70	91	raw mango	4	0.4	10	40	41.6	\N	Pending	1023	159	2025-03-30 18:24:19.731637+00
32	70	91	AVOCADO	218	0.4	10	2180	2267.2	\N	Pending	1023	159	2025-03-30 18:24:19.733849+00
33	70	91	Sweet poteto	80	4	10	800	1120	\N	Pending	1023	159	2025-03-30 18:24:19.73501+00
34	70	91	matooke	56	0.4	9	504	526.4	\N	Pending	1023	159	2025-03-30 18:24:19.736131+00
35	70	91	curry 	120	1	4	480	600	\N	Pending	1023	159	2025-03-30 18:24:19.737001+00
36	70	91	sugaecane	2	0.1	10	20	20.2	\N	Pending	1023	159	2025-03-30 18:24:19.737955+00
37	71	87	curry leaves	20	1	5	100	120	\N	Pending	1023	159	2025-03-30 18:40:46.24863+00
38	71	87	ginger	5	0.4	10	50	52	\N	Pending	1023	159	2025-03-30 18:40:46.250225+00
39	71	87	Sweet poteto	51	0.4	10	510	530.4	\N	Pending	1023	159	2025-03-30 18:40:46.251237+00
40	71	87	AVOCADO	81	0.4	10	810	842.4	\N	Pending	1023	159	2025-03-30 18:40:46.252185+00
41	79	100	Passion friut	250	0.5	2.5	625	750	\N	Pending	1031	214	2025-03-30 21:38:17.362836+00
42	80	98	Raw mangoes	30	0	5.5	165	165	\N	Pending	1031	214	2025-03-30 22:12:03.112212+00
43	80	98	COCOYAM	60	0.5	5.5	330	360	\N	Pending	1031	214	2025-03-30 22:12:03.113708+00
44	80	98	Peanuts	50	0.1	5	250	255	\N	Pending	1031	214	2025-03-30 22:12:03.114587+00
45	83	96	Cocoyam	60	0.5	5.5	330	360	\N	Pending	1031	174	2025-03-30 22:59:10.239527+00
46	86	101	Matooke (Kawanda)	10	0.5	10	100	105	\N	Pending	1061	229	2025-03-31 01:31:05.464999+00
47	86	101	Yellow Banana	3	0.5	8	24	25.5	\N	Pending	1061	229	2025-03-31 01:31:05.466513+00
48	86	101	Okra	10	0.5	5	50	55	\N	Pending	1061	229	2025-03-31 01:31:05.467727+00
49	86	101	Sugarcane	6	0.5	10	60	63	\N	Pending	1061	229	2025-03-31 01:31:05.46899+00
50	86	101	Pineapples	5	0.5	12	60	62.5	\N	Pending	1061	229	2025-03-31 01:31:05.470491+00
51	86	101	Sweet Potatoes	5	0.5	10	50	52.5	\N	Pending	1061	229	2025-03-31 01:31:05.471777+00
52	86	101	Avocado	25	0.5	10	250	262.5	\N	Pending	1061	229	2025-03-31 01:31:05.472825+00
53	86	101	Plantain	12	0.5	10	120	126	\N	Pending	1061	229	2025-03-31 01:31:05.473719+00
54	86	101	Matooke	10	0.5	10	100	105	\N	Pending	1061	229	2025-03-31 01:31:05.474647+00
55	86	101	Garden Eggs	10	0.5	5	50	55	\N	Pending	1061	229	2025-03-31 01:31:05.475584+00
56	86	101	Cocoyams	5	0.5	10	50	52.5	\N	Pending	1061	229	2025-03-31 01:31:05.476522+00
57	86	101	Cassava	5	0.5	10	50	52.5	\N	Pending	1061	229	2025-03-31 01:31:05.477414+00
58	87	102	Cassava	6	0.5	10	60	63	\N	Pending	1061	229	2025-03-31 01:45:03.355573+00
59	87	102	Okra	13	0.5	5	65	71.5	\N	Pending	1061	229	2025-03-31 01:45:03.356985+00
60	87	102	Avocado	17	0.5	10	170	178.5	\N	Pending	1061	229	2025-03-31 01:45:03.35778+00
61	87	102	Ginger	2	0.5	10	20	21	\N	Pending	1061	229	2025-03-31 01:45:03.358581+00
62	87	102	Matooke	14	0.5	10	140	147	\N	Pending	1061	229	2025-03-31 01:45:03.359502+00
63	87	102	Garden eggs	6	0.5	10	60	63	\N	Pending	1061	229	2025-03-31 01:45:03.360356+00
64	87	102	Cocoyams	25	0.5	10	250	262.5	\N	Pending	1061	229	2025-03-31 01:45:03.361093+00
65	98	109	Pilawo Masala	4	0.5	3	12	14	\N	Pending	1033	127	2025-03-31 14:13:49.589395+00
66	98	109	Tea Masala	2	0.5	3	6	7	\N	Pending	1033	127	2025-03-31 14:13:49.590838+00
67	101	115	Yams	6	0.5	10	60	63	\N	Pending	1061	229	2025-03-31 17:10:03.157031+00
68	101	115	Millet Flour	10	0.5	10	100	105	\N	Pending	1061	229	2025-03-31 17:10:03.159051+00
69	116	126	yams	1	0	3	3	3	\N	Pending	1081	142	2025-04-01 17:56:21.267527+00
70	123	133	Bird Eye Chilli	30	0.4	2.5	75	87	\N	Pending	1070	241	2025-04-02 03:40:12.088519+00
71	125	129	yams	40	0.5	7	280	300	\N	Pending	1034	186	2025-04-02 06:11:32.23738+00
72	126	136	pea nut	28	0.35	10	280	289.8	\N	Pending	1029	166	2025-04-02 06:52:03.311457+00
73	126	136	ash plantaine	16	0.35	9	144	149.6	\N	Pending	1029	166	2025-04-02 06:52:03.312914+00
74	127	137	yams	60	0.5	7	420	450	\N	Pending	1034	186	2025-04-02 07:05:12.891829+00
75	139	149	Garden eggs	61	0.5	7	427	457.5	\N	Pending	1061	235	2025-04-02 20:34:40.883464+00
\.


--
-- Data for Name: qcp5_products; Type: TABLE DATA; Schema: public; Owner: -
--

COPY public.qcp5_products (id, qcp5_id, traceability_code, status, product_id, totalboxes, boxweight, productnetweight, totalproductnetweight, totalproductgrossweight, sampledboxes, created_at) FROM stdin;
8	2	UG/121/05/25011	Pending	6	5	0.5	6	30	32.5	\N	2025-03-27 10:53:13.291489+00
9	2	UG/405/07/45080	Pending	8	17	0.5	10	170	178.5	\N	2025-03-27 10:53:13.292966+00
10	2	UG/418/08/80055	Pending	9	21	0.56	6	126	137.76	\N	2025-03-27 10:53:13.293912+00
11	2	UG/122/013/45101	Pending	16	4	0.5	10	40	42	\N	2025-03-27 10:53:13.294671+00
12	2	UG/104/026/2512872	Pending	40	60	1	12	720	780	\N	2025-03-27 10:53:13.295785+00
2	1	UG/235/022/265001	FitForExport	36	15	0	5	75	75	15	2025-03-27 10:24:29.734944+00
1	1	UG/122/013/2522884	FitForExport	16	42	0.5	7.5	315	336	10	2025-03-27 10:24:29.733231+00
3	1	UG/108/032/40006	FitForExport	47	2	0	8.2	16.4	16.4	2	2025-03-27 10:24:29.735888+00
4	1	UG/105/033/24102416	FitForExport	48	5	0.5	5	25	27.5	5	2025-03-27 10:24:29.736642+00
5	1	UG/113/01/101	FitForExport	1	30	0.5	5	150	165	30	2025-03-27 10:24:29.737401+00
6	1	UG/418/08/240001	FitForExport	9	10	0.5	5	50	55	10	2025-03-27 10:24:29.738317+00
87	14	UG/122/07/24112572	Pending	8	400	0.5	4	1600	1800	\N	2025-03-27 19:44:06.813081+00
7	1	UG/418/09/240001	FitForExport	10	40	0.5	7.5	300	320	40	2025-03-27 10:24:29.739282+00
13	3	UG/106/05/35041	Pending	6	75	0.5	6	450	487.5	\N	2025-03-27 13:41:05.787745+00
14	3	UG/106/07/24112530	Pending	8	200	0.5	10	2000	2100	\N	2025-03-27 13:41:05.789227+00
15	4	UG/104/01/24102378	Pending	1	30	0.5	8	240	255	\N	2025-03-27 14:37:57.306908+00
16	4	UG/117/033/110004	Pending	48	25	0.5	10	250	262.5	\N	2025-03-27 14:37:57.308765+00
17	4	UG/415/07/24102380	Pending	8	59	0.5	8	472	501.5	\N	2025-03-27 14:37:57.309864+00
18	4	UG/117/01/24102375	Pending	1	32	0.5	8	256	272	\N	2025-03-27 14:37:57.310939+00
19	4	UG/104/01/24102374	Pending	1	50	0.5	8	400	425	\N	2025-03-27 14:37:57.312334+00
20	4	UG/406/014/24102379	Pending	17	63	0.5	5	315	346.5	\N	2025-03-27 14:37:57.313493+00
21	4	UG/117/051/24102409	Pending	73	18	0.5	5	90	99	\N	2025-03-27 14:37:57.314562+00
24	6	UG/122/007/45033	Pending	8	350	0.5	10	3500	3675	\N	2025-03-27 16:39:23.866955+00
25	7	UG/122/09/100037	Pending	10	20	0.5	10	200	210	\N	2025-03-27 16:46:07.466668+00
26	7	UG/122/94/45033	Pending	115	5	0.5	10	50	52.5	\N	2025-03-27 16:46:07.468656+00
27	7	UG/104/032/24112582	Pending	47	10	0.5	10	100	105	\N	2025-03-27 16:46:07.470259+00
28	7	UG/105/013/24102398	Pending	16	40	0.5	10	400	420	\N	2025-03-27 16:46:07.471253+00
29	7	UG/122/007/45033	Pending	8	10	0.5	10	100	105	\N	2025-03-27 16:46:07.472295+00
30	7	UG/106/01/24102398	Pending	1	90	0.5	7	630	675	\N	2025-03-27 16:46:07.47319+00
31	7	UG/409/025/24112670	Pending	39	30	0.5	10	300	315	\N	2025-03-27 16:46:07.474029+00
48	10	UG/116/026/24112787	Pending	40	40	0.3	15	600	612	\N	2025-03-27 18:57:11.63185+00
49	10	UG/405/07/24102427	Pending	8	20	0.3	10	200	206	\N	2025-03-27 18:57:11.63411+00
88	14	UG/122/07/24112572	Pending	8	186	0.5	7.5	1395	1488	\N	2025-03-27 19:44:06.814197+00
50	11	UG/105/02/5041	FitForExport	2	69	0.5	3.5	241.5	276	15	2025-03-27 19:17:23.576461+00
51	11	UG/122/013/45101	FitForExport	16	324	0.5	7.5	2430	2592	8	2025-03-27 19:17:23.577673+00
32	8	UG/105/09/24102453	FitForExport	10	100	0.5	8	800	850	8	2025-03-27 17:36:23.276647+00
33	8	UG/105/013/24102453	FitForExport	16	150	0.5	8	1200	1275	10	2025-03-27 17:36:23.278191+00
34	8	UG/106/01/24102455	FitForExport	1	60	0.5	5.5	330	360	10	2025-03-27 17:36:23.279193+00
35	8	UG/124/07/24102449	FitForExport	8	70	0.5	8	560	595	7	2025-03-27 17:36:23.280412+00
36	8	UG/204/022/130010	FitForExport	36	50	0.1	5	250	255	5	2025-03-27 17:36:23.281522+00
37	8	UG/119/012/25069	FitForExport	13	100	0.5	5.5	550	600	10	2025-03-27 17:36:23.282531+00
38	8	UG/113/032/24102456	FitForExport	47	30	0.5	8	240	255	5	2025-03-27 17:36:23.283546+00
39	8	UG/119/01/24102454	FitForExport	1	60	0.5	5.5	330	360	10	2025-03-27 17:36:23.284431+00
40	8	UG/105/033/24102453	FitForExport	48	60	0.5	5.5	330	360	5	2025-03-27 17:36:23.285334+00
41	9	UG/105/09/24102453	FitForExport	10	60	0.5	10	600	630	7	2025-03-27 18:29:18.950984+00
42	9	UG/105/013/24102453	FitForExport	16	14	0.5	10	140	147	4	2025-03-27 18:29:18.952509+00
43	9	UG/124/07/24102449	FitForExport	8	20	0.5	10	200	210	4	2025-03-27 18:29:18.953313+00
44	9	UG/204/022/24102443	FitForExport	36	23	0.5	10	230	241.5	4	2025-03-27 18:29:18.954215+00
45	9	UG/106/08/24102449	FitForExport	9	6	0.5	7	42	45	2	2025-03-27 18:29:18.955149+00
46	9	UG/105/033/24102453	FitForExport	48	10	0.5	10	100	105	3	2025-03-27 18:29:18.956049+00
47	9	UG/307/0407/24102443	FitForExport	420	6	0.5	10	60	63	2	2025-03-27 18:29:18.956912+00
81	13	UG/104/01/5016	FitForExport	1	60	0.5	7	420	450	10	2025-03-27 19:38:16.396752+00
82	13	UG/113/07/25	FitForExport	8	3	0.5	10	30	31.5	3	2025-03-27 19:38:16.397902+00
83	13	UG/113/032/24102472	FitForExport	47	5	0.5	5	25	27.5	5	2025-03-27 19:38:16.398736+00
84	13	UG/113/033/25	FitForExport	48	20	0.5	10	200	210	5	2025-03-27 19:38:16.399551+00
85	13	UG/117/09/110065	FitForExport	10	35	0.5	10	350	367.5	5	2025-03-27 19:38:16.400756+00
86	13	UG/106/094/35262	FitForExport	115	5	0.5	10	50	52.5	5	2025-03-27 19:38:16.401852+00
22	5	UG/105/09/24112603	FitForExport	10	34	0.5	6	204	221	7	2025-03-27 16:27:38.076591+00
23	5	UG/105/07/24112604	FitForExport	8	80	0.5	10	800	840	10	2025-03-27 16:27:38.077825+00
89	15	UG/115/007/24112740	Pending	8	300	0.4	3.7	1110	1230	\N	2025-03-27 20:59:30.474746+00
66	11	UG/108/02/40260	FitForExport	2	16	0.5	3.5	56	64	5	2025-03-27 19:17:23.588923+00
52	11	UG/235/022/265001	FitForExport	36	100	0	5	500	500	5	2025-03-27 19:17:23.578338+00
80	12	UG/106/01/35061	FitForExport	1	46	0.5	5	230	253	10	2025-03-27 19:25:03.913059+00
53	11	UG/105/013/24102398	FitForExport	16	289	0.5	7.5	2167.5	2312	9	2025-03-27 19:17:23.579492+00
67	11	UG/106/01/35074	FitForExport	1	31	0.5	5	155	170.5	7	2025-03-27 19:17:23.589565+00
54	11	UG/113/01/24102397	FitForExport	1	20	0.5	5	100	110	5	2025-03-27 19:17:23.5803+00
90	16	UG/104/026/2512869	Pending	40	2	0.5	8	16	17	\N	2025-03-28 05:58:12.038837+00
55	11	UG/122/013/2522884	FitForExport	16	97	0.5	7.5	727.5	776	8	2025-03-27 19:17:23.581017+00
68	11	UG/108/032/40006	FitForExport	47	168	0.5	8.2	1377.6	1461.6	12	2025-03-27 19:17:23.590161+00
56	11	UG/204/0463/2492370	FitForExport	478	35	0.5	4.5	157.5	175	5	2025-03-27 19:17:23.581673+00
91	16	UG/418/09/24102500	Pending	10	2	0.5	8	16	17	\N	2025-03-28 05:58:12.040008+00
57	11	UG/224/050/2492370	FitForExport	72	150	0.5	1	150	225	9	2025-03-27 19:17:23.582276+00
69	11	UG/106/012/35074	FitForExport	13	167	0.5	5	835	918.5	12	2025-03-27 19:17:23.590724+00
58	11	UG/117/02/110021	FitForExport	2	42	0.5	3.5	147	168	10	2025-03-27 19:17:23.583056+00
92	16	UG/415/07/24102380	Pending	8	2	0.5	8	16	17	\N	2025-03-28 05:58:12.040661+00
59	11	UG/105/013/24102419	FitForExport	16	142	0.5	7.5	1065	1136	8	2025-03-27 19:17:23.583739+00
70	11	UG/126/02/3018	FitForExport	2	21	0.5	3.5	73.5	84	5	2025-03-27 19:17:23.591302+00
60	11	UG/224/050/2492370	FitForExport	72	35	0.5	5.5	192.5	210	5	2025-03-27 19:17:23.584431+00
93	17	UG/122/013/24102381	Pending	16	10	0.5	8	80	85	\N	2025-03-28 06:04:43.888354+00
61	11	UG/418/09/240001	FitForExport	10	500	0.5	7.5	3750	4000	13	2025-03-27 19:17:23.585037+00
71	11	UG/418/08/240001	FitForExport	9	250	0.5	5	1250	1375	12	2025-03-27 19:17:23.59193+00
62	11	UG/204/04/2492370	FitForExport	5	35	0.5	4.5	157.5	175	5	2025-03-27 19:17:23.585642+00
94	17	UG/415/07/24102380	Pending	8	15	0.5	8	120	127.5	\N	2025-03-28 06:04:43.889632+00
63	11	UG/330/300/2522886	FitForExport	316	5	0.5	7.5	37.5	40	5	2025-03-27 19:17:23.586497+00
72	11	UG/418/07/240001	FitForExport	8	159	0.5	7.5	1192.5	1272	8	2025-03-27 19:17:23.592587+00
64	11	UG/104/01/24102405	FitForExport	1	73	0.5	5	365	401.5	8	2025-03-27 19:17:23.587364+00
95	17	UG/406/014/24102379	Pending	17	40	0.5	5	200	220	\N	2025-03-28 06:04:43.890387+00
65	11	UG/105/033/24102416	FitForExport	48	112	0.5	5	560	616	8	2025-03-27 19:17:23.588236+00
96	17	UG/117/051/24102409	Pending	73	36	0.5	5	180	198	\N	2025-03-28 06:04:43.891215+00
73	11	UG/113/01/101	FitForExport	1	41	0.5	5	205	225.5	8	2025-03-27 19:17:23.593189+00
74	11	UG/106/01/24102506	FitForExport	1	37	0.5	5	185	203.5	7	2025-03-27 19:17:23.593773+00
75	11	UG/104/01/5036	FitForExport	1	26	0.5	5	130	143	5	2025-03-27 19:17:23.594366+00
99	19	UG/119/0444/24112812	Pending	458	75	0.5	6	450	487.5	\N	2025-03-28 06:43:20.902645+00
76	11	UG/106/01/24102505	FitForExport	1	27	0.5	5	135	148.5	5	2025-03-27 19:17:23.594999+00
100	19	UG/405/07/24102480	Pending	8	100	0.5	9.5	950	1000	\N	2025-03-28 06:43:20.904117+00
77	12	UG/204/034/75013	FitForExport	49	33	0.5	5	165	181.5	7	2025-03-27 19:25:03.910406+00
101	19	UG/119/0444/24112813	Pending	458	75	0.5	6	450	487.5	\N	2025-03-28 06:43:20.905378+00
78	12	UG/204/014/75013	FitForExport	17	70	0.5	5	350	385	14	2025-03-27 19:25:03.911461+00
102	19	UG/121/07/24102461	Pending	8	110	0.5	9.5	1045	1100	\N	2025-03-28 06:43:20.90624+00
79	12	UG/115/009/24112777	FitForExport	10	70	0.5	5	350	385	7	2025-03-27 19:25:03.912349+00
103	19	UG/405/07/65010	Pending	8	120	0.5	9.5	1140	1200	\N	2025-03-28 06:43:20.907066+00
104	19	UG/105/07/45070	Pending	8	120	0.5	9.5	1140	1200	\N	2025-03-28 06:43:20.907932+00
105	19	UG/119/012/24102467	Pending	13	35	0.5	6	210	227.5	\N	2025-03-28 06:43:20.908638+00
106	20	UG/122/07/24112562	Pending	8	200	0	10	2000	2000	\N	2025-03-28 07:42:24.115965+00
107	20	UG/105/013/24102453	Pending	16	20	0	10	200	200	\N	2025-03-28 07:42:24.117199+00
108	20	UG/110/09/45088	Pending	10	8	0	10	80	80	\N	2025-03-28 07:42:24.117969+00
109	20	UG/104/026/5040	Pending	40	5	0	13	65	65	\N	2025-03-28 07:42:24.118714+00
110	20	UG/122/038/45018	Pending	53	5	0	10	50	50	\N	2025-03-28 07:42:24.119433+00
111	20	UG/106/005/24102520	Pending	6	5	0	6	30	30	\N	2025-03-28 07:42:24.120156+00
112	21	UG/224/025/24112525	Pending	39	19	0	5	95	95	\N	2025-03-28 08:03:58.074828+00
113	21	UG/110/08/45088	Pending	9	35	0	5	175	175	\N	2025-03-28 08:03:58.076227+00
114	21	UG/106/012/35074	Pending	13	59	0	6	354	354	\N	2025-03-28 08:03:58.076992+00
115	21	UG/105/013/24102453	Pending	16	70	0	8	560	560	\N	2025-03-28 08:03:58.077595+00
116	21	UG/224/050/2492370	Pending	72	40	0	1	40	40	\N	2025-03-28 08:03:58.078237+00
117	21	UG/113/032/24112533	Pending	47	30	0	8	240	240	\N	2025-03-28 08:03:58.079206+00
118	21	UG/110/09/45088	Pending	10	70	0	8	560	560	\N	2025-03-28 08:03:58.080049+00
119	21	UG/204/0463/2492370	Pending	478	7	0	5	35	35	\N	2025-03-28 08:03:58.08097+00
120	21	UG/204/04/2492370	Pending	5	35	0	5	175	175	\N	2025-03-28 08:03:58.081693+00
121	21	UG/122/07/24112562	Pending	8	25	0	8	200	200	\N	2025-03-28 08:03:58.082383+00
97	18	UG/117/01/24102375	FitForExport	1	40	0.5	7.5	300	320	15	2025-03-28 06:08:13.610698+00
122	21	UG/106/01/35075	Pending	1	21	0	6	126	126	\N	2025-03-28 08:03:58.08313+00
123	22	UG/106/5/24112638	Pending	6	5	0.35	10	50	51.75	\N	2025-03-28 13:49:35.525908+00
124	22	UG/110/09/24112639	Pending	10	50	0.35	10	500	517.5	\N	2025-03-28 13:49:35.527647+00
125	22	UG/106/07/24112638	Pending	8	100	0.35	10	1000	1035	\N	2025-03-28 13:49:35.528653+00
126	22	UG/106/013/24112638	Pending	16	100	0.35	10	1000	1035	\N	2025-03-28 13:49:35.529591+00
127	22	UG/106/033/24112638	Pending	48	20	0.35	10	200	207	\N	2025-03-28 13:49:35.53047+00
128	22	UG/106/38/24112638	Pending	53	30	0.35	10	300	310.5	\N	2025-03-28 13:49:35.531346+00
140	26	UG/119/013/24112611	FitForExport	16	100	0	8	800	800	100	2025-03-28 16:52:51.801839+00
141	26	UG/124/08/24112611	FitForExport	9	20	0	5	100	100	20	2025-03-28 16:52:51.802796+00
143	26	UG/122/025/24102423	FitForExport	39	50	0	5	250	250	50	2025-03-28 16:52:51.804685+00
142	26	UG/122/033/24102423	FitForExport	48	20	0	7	140	140	20	2025-03-28 16:52:51.803708+00
169	32	UG/122/035/60	FitForExport	50	16	0.5	4	64	72	10	2025-03-28 17:57:09.458603+00
170	32	UG/113/038/60	FitForExport	53	12	0.5	4	48	54	12	2025-03-28 17:57:09.460025+00
171	32	UG/119/049/24112551	FitForExport	71	6	0.5	4	24	27	6	2025-03-28 17:57:09.460817+00
172	32	UG/113/01/110005	FitForExport	1	10	0.5	5	50	55	10	2025-03-28 17:57:09.461699+00
173	32	UG/122/09/45018	FitForExport	10	17	0.5	4	68	76.5	17	2025-03-28 17:57:09.462391+00
174	32	UG/104/467/24112584	FitForExport	482	4	0.5	4	16	18	4	2025-03-28 17:57:09.463305+00
185	34	UG/106/01/65011	FitForExport	1	140	0.5	7	980	1050	20	2025-03-28 19:54:09.530704+00
186	34	UG/106/012/24112530	FitForExport	13	100	0.5	10	1000	1050	100	2025-03-28 19:54:09.532163+00
160	30	UG/118/024/2512870	FitForExport	38	5	0	10.5	52.5	52.5	5	2025-03-28 17:50:29.85784+00
161	30	UG/404/022/24112709	FitForExport	36	20	0.5	12	240	250	10	2025-03-28 17:50:29.859296+00
162	30	UG/106/013/24112707	FitForExport	16	100	0.5	10	1000	1050	100	2025-03-28 17:50:29.860127+00
163	30	UG/104/01/5016	FitForExport	1	150	0.5	10	1500	1575	100	2025-03-28 17:50:29.861107+00
164	30	UG/118/09/24112681	FitForExport	10	250	0.5	10	2500	2625	180	2025-03-28 17:50:29.86207+00
144	27	UG/124/08/2482358	FitForExport	9	60	0.5	5	300	330	1	2025-03-28 17:12:33.188795+00
145	27	UG/124/09/2482358	FitForExport	10	15	0.5	7	105	112.5	15	2025-03-28 17:12:33.190376+00
146	27	UG/106/012/35083	FitForExport	13	30	0.5	6	180	195	30	2025-03-28 17:12:33.191175+00
148	27	UG/104/01/80010	FitForExport	1	10	0.5	5	50	55	10	2025-03-28 17:12:33.192834+00
149	27	UG/124/07/2482358	FitForExport	8	20	0.5	7	140	150	20	2025-03-28 17:12:33.193715+00
150	27	UG/235/025/24112774	FitForExport	39	15	0.5	5	75	82.5	15	2025-03-28 17:12:33.194584+00
154	29	UG/106/012/35083	FitForExport	13	65	0.5	6	390	422.5	65	2025-03-28 17:40:00.34064+00
153	29	UG/124/09/2482358	FitForExport	10	120	0.5	7	840	900	10	2025-03-28 17:40:00.338497+00
155	29	UG/122/013/2482358	FitForExport	16	150	0.5	7	1050	1125	150	2025-03-28 17:40:00.344219+00
156	29	UG/122/032/45043	FitForExport	47	60	0.5	9	540	570	60	2025-03-28 17:40:00.345359+00
157	29	UG/104/01/24102384	FitForExport	1	100	0.5	5	500	550	100	2025-03-28 17:40:00.34618+00
158	29	UG/124/07/2482358	FitForExport	8	20	0.5	7	140	150	20	2025-03-28 17:40:00.347117+00
159	29	UG/124/08/2482358	FitForExport	9	20	0.5	5	100	110	20	2025-03-28 17:40:00.347926+00
129	23	UG/122/07/24112562	FitForExport	8	273	0	10	2730	2730	1	2025-03-28 14:12:06.749845+00
151	28	UG/121/02/25026	FitForExport	2	200	0	4	800	800	20	2025-03-28 17:27:34.081351+00
152	28	UG/115/02/20001	FitForExport	2	50	0	4	200	200	20	2025-03-28 17:27:34.082987+00
176	33	UG/106/09/24102460	FitForExport	10	100	0.5	10	1000	1050	20	2025-03-28 18:25:30.936695+00
177	33	UG/105/013/24102502	FitForExport	16	100	0.5	10	1000	1050	20	2025-03-28 18:25:30.937768+00
178	33	UG/106/094/35262	FitForExport	115	50	0.5	10	500	525	15	2025-03-28 18:25:30.938462+00
179	33	UG/113/032/24102472	FitForExport	47	35	0.5	10	350	367.5	8	2025-03-28 18:25:30.939268+00
180	33	UG/215/022/5275	FitForExport	36	70	0.5	10	700	735	10	2025-03-28 18:25:30.940038+00
181	33	UG/113/07/25	FitForExport	8	25	0.5	10	250	262.5	10	2025-03-28 18:25:30.940716+00
182	33	UG/104/01/5016	FitForExport	1	170	0.5	7	1190	1275	20	2025-03-28 18:25:30.941364+00
183	33	UG/113/033/25	FitForExport	48	30	0.5	10	300	315	10	2025-03-28 18:25:30.942031+00
184	33	UG/106/08/24102460	FitForExport	9	2	0.5	5	10	11	2	2025-03-28 18:25:30.942764+00
132	25	UG/110/08/45088	FitForExport	9	10	0	5	50	50	6	2025-03-28 15:07:49.346521+00
133	25	UG/106/012/35074	FitForExport	13	25	0	6	150	150	8	2025-03-28 15:07:49.347317+00
134	25	UG/113/032/24112533	FitForExport	47	70	0	8	560	560	10	2025-03-28 15:07:49.34821+00
135	25	UG/113/025/24112533	FitForExport	39	20	0	5	100	100	8	2025-03-28 15:07:49.348921+00
136	25	UG/204/04/2492370	FitForExport	5	15	0	5	75	75	8	2025-03-28 15:07:49.349984+00
137	25	UG/110/09/45088	FitForExport	10	10	0	8	80	80	8	2025-03-28 15:07:49.350709+00
138	25	UG/204/0463/2492370	FitForExport	478	10	0	5	50	50	6	2025-03-28 15:07:49.3514+00
165	31	UG/108/02/2021	FitForExport	2	20	0.5	4	80	90	20	2025-03-28 17:51:43.272121+00
166	31	UG/105/09/24112695	FitForExport	10	17	0.5	4	68	76.5	11	2025-03-28 17:51:43.27367+00
167	31	UG/108/003/2021	FitForExport	3	160	0.5	4	640	720	100	2025-03-28 17:51:43.274907+00
168	31	UG/410/08/24112539	FitForExport	9	7	0.5	4	28	31.5	7	2025-03-28 17:51:43.276187+00
139	26	UG/124/09/24112611	FitForExport	10	200	0	8	1600	1600	10	2025-03-28 16:52:51.800284+00
175	32	UG/122/034/60	FitForExport	49	40	0.5	4	160	180	40	2025-03-28 17:57:09.464103+00
187	34	UG/106/094/24112586	FitForExport	115	5	0.9	10	50	54.5	5	2025-03-28 19:54:09.532974+00
202	38	UG/105/07/45070	FitForExport	8	90	0.5	7.5	675	720	12	2025-03-29 06:11:16.206532+00
188	34	UG/126/013/24112640	FitForExport	16	90	0.5	10	900	945	90	2025-03-28 19:54:09.534152+00
189	34	UG/418/009/80055	FitForExport	10	20	0.9	10	200	218	20	2025-03-28 19:54:09.534938+00
147	27	UG/122/013/2482358	FitForExport	16	30	0.5	7	210	225	30	2025-03-28 17:12:33.192047+00
203	38	UG/110/033/45089	FitForExport	48	40	0.5	7.5	300	320	10	2025-03-29 06:11:16.208214+00
193	35	UG/121/033/24112530	FitForExport	48	100	0.5	10	1000	1050	100	2025-03-29 00:23:08.41115+00
190	35	UG/106/01/35001	FitForExport	1	200	0.5	7	1400	1500	10	2025-03-29 00:23:08.407648+00
204	38	UG/110/08/45089	FitForExport	9	90	0.5	5	450	495	12	2025-03-29 06:11:16.209299+00
191	35	UG/106/012/24112530	FitForExport	13	1000	0.1	5	5000	5100	100	2025-03-29 00:23:08.409193+00
192	35	UG/106/07/24112530	FitForExport	8	100	0.2	4	400	420	100	2025-03-29 00:23:08.410199+00
205	38	UG/102/025/24112687	FitForExport	39	24	0.5	5	120	132	8	2025-03-29 06:11:16.210381+00
194	36	UG/107/02/24112608	FitForExport	2	30	0.5	4	120	135	20	2025-03-29 00:30:12.329699+00
195	36	UG/116/03/50035	FitForExport	3	20	0.5	5	100	110	19	2025-03-29 00:30:12.330901+00
206	38	UG/119/0444/24112813	FitForExport	458	10	0.5	6	60	65	6	2025-03-29 06:11:16.211375+00
196	36	UG/105/07/24112604	FitForExport	8	50	0.3	4	200	215	50	2025-03-29 00:30:12.331651+00
197	36	UG/105/013/24112603	FitForExport	16	88	0.5	8	704	748	88	2025-03-29 00:30:12.332275+00
207	38	UG/104/013/24102481	FitForExport	16	100	0.5	7.5	750	800	20	2025-03-29 06:11:16.212203+00
198	37	UG/105/013/24112695	FitForExport	16	200	0.5	8	1600	1700	10	2025-03-29 03:46:04.983+00
199	37	UG/410/09/24112539	FitForExport	10	63	0.8	16	1008	1058.4	63	2025-03-29 03:46:04.984346+00
200	37	UG/104/01/80010	FitForExport	1	100	0.5	8	800	850	100	2025-03-29 03:46:04.985148+00
201	37	UG/410/07/35072	FitForExport	8	50	0.5	8	400	425	50	2025-03-29 03:46:04.985914+00
130	24	UG/122/07/24112562	FitForExport	8	202	0	10	2020	2020	1	2025-03-28 14:23:41.852899+00
208	39	UG/106/02/2492362	Pending	2	20	0.5	4	80	90	\N	2025-03-29 06:14:36.329795+00
209	39	UG/105/07/24102465	Pending	8	50	0.5	9.5	475	500	\N	2025-03-29 06:14:36.331415+00
210	39	UG/405/07/24102480	Pending	8	50	0.5	9.5	475	500	\N	2025-03-29 06:14:36.332348+00
211	39	UG/121/07/45091	Pending	8	100	0.5	9.5	950	1000	\N	2025-03-29 06:14:36.333305+00
212	39	UG/423/007/325001	Pending	8	100	0.5	9.5	950	1000	\N	2025-03-29 06:14:36.334072+00
213	39	UG/121/07/24102461	Pending	8	80	0.5	9.5	760	800	\N	2025-03-29 06:14:36.334835+00
214	39	UG/119/0444/24112813	Pending	458	5	0.5	6	30	32.5	\N	2025-03-29 06:14:36.335577+00
219	42	UG/113/01/215	Pending	1	5	0.35	10	50	51.75	\N	2025-03-29 09:00:14.131798+00
220	42	UG/113/03/58	Pending	3	35	0.35	10	350	362.25	\N	2025-03-29 09:00:14.133496+00
221	42	UG/110/09/24112639	Pending	10	3	0.35	10	30	31.05	\N	2025-03-29 09:00:14.134421+00
222	42	UG/105/013/24102398	Pending	16	30	0.35	10	300	310.5	\N	2025-03-29 09:00:14.135226+00
223	42	UG/110/033/24112639	Pending	48	10	0.35	10	100	103.5	\N	2025-03-29 09:00:14.136185+00
131	25	UG/105/013/24102453	FitForExport	16	30	0	8	240	240	11	2025-03-28 15:07:49.345081+00
224	43	UG/106/01/35001	Pending	1	20	0.5	5.5	110	120	\N	2025-03-29 11:49:52.059406+00
225	43	UG/106/01/35001	Pending	1	90	0.5	4.5	405	450	\N	2025-03-29 11:49:52.060697+00
226	43	UG/122/08/24112566	Pending	9	30	0.5	4.5	135	150	\N	2025-03-29 11:49:52.061529+00
227	43	UG/122/09/24112566	Pending	10	100	0.5	7.5	750	800	\N	2025-03-29 11:49:52.062266+00
228	43	UG/106/012/24112563	Pending	13	65	0.5	4.5	292.5	325	\N	2025-03-29 11:49:52.06326+00
229	43	UG/122/013/24112559	Pending	16	130	0.5	7.5	975	1040	\N	2025-03-29 11:49:52.064034+00
230	43	UG/113/022/24112561	Pending	36	90	0.1	4.89	440.09999999999997	449.09999999999997	\N	2025-03-29 11:49:52.064852+00
231	44	UG/105/038/24112603	Pending	53	35	1	8	280	315	\N	2025-03-29 13:07:38.885216+00
232	44	UG/105/008/24112603	Pending	9	5	0.5	6	30	32.5	\N	2025-03-29 13:07:38.886538+00
233	44	UG/105/013/24112603	Pending	16	13	0.5	8	104	110.5	\N	2025-03-29 13:07:38.887319+00
234	44	UG/116/03/50035	Pending	3	80	0.5	5	400	440	\N	2025-03-29 13:07:38.88805+00
235	44	UG/105/09/24112603	Pending	10	18	0.5	8	144	153	\N	2025-03-29 13:07:38.888686+00
236	45	UG/105/038/24112603	Pending	53	125	1	8	1000	1125	\N	2025-03-29 13:10:06.747792+00
237	46	UG/204/014/235002	Pending	17	24	0.5	5	120	132	\N	2025-03-29 14:45:00.764059+00
238	46	UG/106/07/35249	Pending	8	12	0.5	10	120	126	\N	2025-03-29 14:45:00.765573+00
239	47	UG/106/07/35249	Pending	8	15	0.5	9	135	142.5	\N	2025-03-29 14:53:42.658736+00
215	40	UG/121/07/45091	FitForExport	8	250	0.3	3.7	925	1000	20	2025-03-29 06:16:52.137511+00
256	51	UG/124/09/270025	FitForExport	10	50	0.5	7	350	375	10	2025-03-30 01:25:01.268765+00
216	40	UG/423/007/325001	FitForExport	8	250	0.3	3.7	925	1000	20	2025-03-29 06:16:52.138992+00
257	51	UG/124/013/270025	FitForExport	16	71	0.5	7	497	532.5	71	2025-03-30 01:25:01.270532+00
217	41	UG/122/013/24102381	FitForExport	16	101	0.5	9.5	959.5	1010	15	2025-03-29 07:52:21.553209+00
258	51	UG/104/002/2452329	FitForExport	2	21	0.5	4	84	94.5	21	2025-03-30 01:25:01.271623+00
218	41	UG/117/09/24102412	FitForExport	10	140	1	16	2240	2380	15	2025-03-29 07:52:21.554226+00
98	18	UG/117/01/24102408	FitForExport	1	30	0.5	7.5	225	240	10	2025-03-28 06:08:13.612273+00
240	48	UG/106/033/24102410	Pending	48	3	0.5	10	30	31.5	\N	2025-03-29 17:40:15.401501+00
241	48	UG/115/013/24122840	Pending	16	5	0.5	10	50	52.5	\N	2025-03-29 17:40:15.403148+00
242	48	UG/405/008/24122841	Pending	9	1	0.5	10	10	10.5	\N	2025-03-29 17:40:15.404156+00
243	48	UG/122/07/24112572	Pending	8	20	0.5	10	200	210	\N	2025-03-29 17:40:15.405035+00
244	48	UG/115/0443/24122840	Pending	457	2	0.5	10	20	21	\N	2025-03-29 17:40:15.405707+00
245	48	UG/405/009/24122841	Pending	10	50	0.5	10	500	525	\N	2025-03-29 17:40:15.406899+00
259	51	UG/104/01/2452329	FitForExport	1	34	0.5	6	204	221	34	2025-03-30 01:25:01.272742+00
260	51	UG/124/07/270025	FitForExport	8	31	0.5	7	217	232.5	31	2025-03-30 01:25:01.273584+00
261	51	UG/320/023/24112552	FitForExport	37	25	0.5	6	150	162.5	25	2025-03-30 01:25:01.274381+00
268	53	UG/113/013/24102504	FitForExport	16	15	0.5	10	150	157.5	10	2025-03-30 02:55:35.821681+00
269	53	UG/117/09/110065	FitForExport	10	10	0.5	10	100	105	10	2025-03-30 02:55:35.823705+00
246	49	UG/122/033/45067	FitForExport	48	22	0.5	5	110	121	12	2025-03-29 18:45:25.826633+00
247	49	UG/106/01/35061	FitForExport	1	42	0.5	5	210	231	18	2025-03-29 18:45:25.828007+00
248	49	UG/115/009/24112777	FitForExport	10	70	0.5	5	350	385	30	2025-03-29 18:45:25.828768+00
249	49	UG/102/0442/24112715	FitForExport	456	30	0.5	5	150	165	10	2025-03-29 18:45:25.829672+00
250	49	UG/204/014/75013	FitForExport	17	70	0.5	5	350	385	20	2025-03-29 18:45:25.830708+00
251	49	UG/105/013/45094	FitForExport	16	22	0.5	5	110	121	10	2025-03-29 18:45:25.831591+00
262	52	UG/106/01/24102455	FitForExport	1	70	0.5	10	700	735	30	2025-03-30 02:14:20.074852+00
263	52	UG/105/09/24102453	FitForExport	10	80	0.5	10	800	840	25	2025-03-30 02:14:20.076239+00
264	52	UG/105/013/24102453	FitForExport	16	100	0.5	10	1000	1050	20	2025-03-30 02:14:20.077081+00
265	52	UG/106/01/35001	FitForExport	1	70	0.5	10	700	735	30	2025-03-30 02:14:20.077994+00
266	52	UG/104/01/80010	FitForExport	1	70	0.5	10	700	735	10	2025-03-30 02:14:20.078846+00
267	52	UG/204/022/24102443	FitForExport	36	50	0.5	10	500	525	25	2025-03-30 02:14:20.079722+00
252	50	UG/107/032/2452331	FitForExport	47	40	0.2	20	800	808	20	2025-03-29 19:38:32.071181+00
253	50	UG/106/005/24112543	FitForExport	6	1	0.5	6	6	6.5	1	2025-03-29 19:38:32.072492+00
254	50	UG/107/03/2452338	FitForExport	3	110	0.5	5	550	605	30	2025-03-29 19:38:32.073389+00
255	50	UG/107/03/2452339	FitForExport	3	43	0.5	5	215	236.5	10	2025-03-29 19:38:32.074313+00
289	56	UG/410/07/35072	Pending	8	10	0.5	10	100	105	\N	2025-03-30 05:48:14.098019+00
290	56	UG/111/08/24112526	Pending	9	20	0.5	6	120	130	\N	2025-03-30 05:48:14.099358+00
291	56	UG/111/09/24112526	Pending	10	50	0.5	10	500	525	\N	2025-03-30 05:48:14.100153+00
292	56	UG/119/012/24112583	Pending	13	10	0.5	8	80	85	\N	2025-03-30 05:48:14.100971+00
293	56	UG/113/032/24112533	Pending	47	7	0.5	10	70	73.5	\N	2025-03-30 05:48:14.101819+00
294	56	UG/113/025/24112533	Pending	39	10	0.5	10	100	105	\N	2025-03-30 05:48:14.102675+00
295	56	UG/119/013/24112540	Pending	16	40	0.5	8	320	340	\N	2025-03-30 05:48:14.103476+00
296	57	UG/124/08/2482358	Pending	9	20	0.5	5	100	110	\N	2025-03-30 07:57:12.461956+00
297	57	UG/104/032/24102458	Pending	47	30	0.5	9	270	285	\N	2025-03-30 07:57:12.463293+00
298	57	UG/124/09/2482358	Pending	10	40	0.5	7	280	300	\N	2025-03-30 07:57:12.464071+00
299	57	UG/235/025/24112774	Pending	39	40	0.5	5	200	220	\N	2025-03-30 07:57:12.464795+00
300	57	UG/113/018/24102458	Pending	21	30	0.5	10	300	315	\N	2025-03-30 07:57:12.465465+00
301	57	UG/124/07/2482358	Pending	8	20	0.5	7	140	150	\N	2025-03-30 07:57:12.466106+00
302	57	UG/122/013/2482358	Pending	16	80	0.5	7	560	600	\N	2025-03-30 07:57:12.46693+00
307	59	UG/104/01/24102384	Pending	1	100	0.5	5	500	550	\N	2025-03-30 08:03:12.822862+00
308	59	UG/122/013/2482358	Pending	16	160	0.5	7	1120	1200	\N	2025-03-30 08:03:12.824196+00
309	59	UG/124/08/2482358	Pending	9	40	0.5	5	200	220	\N	2025-03-30 08:03:12.825095+00
310	59	UG/124/07/2482358	Pending	8	40	0.5	7	280	300	\N	2025-03-30 08:03:12.826004+00
311	59	UG/106/012/35083	Pending	13	50	0.5	6	300	325	\N	2025-03-30 08:03:12.826973+00
312	59	UG/235/025/24112774	Pending	39	40	0.5	5	200	220	\N	2025-03-30 08:03:12.82781+00
313	59	UG/124/09/2482358	Pending	10	100	0.5	7	700	750	\N	2025-03-30 08:03:12.828687+00
288	55	UG/106/094/35262	FitForExport	115	7	0.5	10	70	73.5	7	2025-03-30 03:12:13.414909+00
282	55	UG/104/01/5016	FitForExport	1	40	0.5	7	280	300	40	2025-03-30 03:12:13.410488+00
320	60	UG/119/013/24112611	FitForExport	16	60	0	8	480	480	6	2025-03-30 10:33:13.541282+00
281	55	UG/113/013/24102504	FitForExport	16	16	0.5	10	160	168	1	2025-03-30 03:12:13.409211+00
270	53	UG/106/094/35262	FitForExport	115	5	0.5	10	50	52.5	5	2025-03-30 02:55:35.827905+00
283	55	UG/113/07/25	FitForExport	8	3	0.5	10	30	31.5	3	2025-03-30 03:12:13.411309+00
277	53	UG/113/032/24102472	FitForExport	47	8	0.5	10	80	84	8	2025-03-30 02:55:35.837197+00
284	55	UG/106/09/24102460	FitForExport	10	40	0.5	10	400	420	40	2025-03-30 03:12:13.412117+00
271	53	UG/104/01/5016	FitForExport	1	12	0.5	7	84	90	12	2025-03-30 02:55:35.830722+00
285	55	UG/113/033/25	FitForExport	48	15	0.5	10	150	157.5	1	2025-03-30 03:12:13.41282+00
279	54	UG/105/07/24112604	FitForExport	8	75	0.5	10	750	787.5	20	2025-03-30 03:00:43.554967+00
286	55	UG/106/08/24102460	FitForExport	9	2	0.5	5	10	11	2	2025-03-30 03:12:13.413418+00
272	53	UG/215/022/5275	FitForExport	36	15	0.5	5	75	82.5	1	2025-03-30 02:55:35.831841+00
287	55	UG/113/300/24102472	FitForExport	316	2	0.5	10	20	21	2	2025-03-30 03:12:13.413992+00
278	53	UG/215/022/5275	FitForExport	36	10	0.5	10	100	105	10	2025-03-30 02:55:35.83839+00
315	60	UG/108/023/24112522	FitForExport	37	60	0	6	360	360	10	2025-03-30 10:33:13.535397+00
273	53	UG/113/033/25	FitForExport	48	8	0.5	10	80	84	8	2025-03-30 02:55:35.832767+00
303	58	UG/106/02/2472347	FitForExport	2	97	0.5	4	388	436.5	10	2025-03-30 08:00:10.681028+00
274	53	UG/113/300/24102472	FitForExport	316	1	0.5	10	10	10.5	1	2025-03-30 02:55:35.833826+00
280	54	UG/105/09/24112603	FitForExport	10	34	0.5	6	204	221	12	2025-03-30 03:00:43.556192+00
275	53	UG/113/07/25	FitForExport	8	5	0.5	10	50	52.5	1	2025-03-30 02:55:35.835173+00
304	58	UG/108/02/24102431	FitForExport	2	112	0.5	4	448	504	100	2025-03-30 08:00:10.682672+00
276	53	UG/104/3/5016	FitForExport	3	50	0.5	5	250	275	50	2025-03-30 02:55:35.836235+00
318	60	UG/124/07/24112611	FitForExport	8	50	0	8	400	400	5	2025-03-30 10:33:13.539269+00
305	58	UG/108/02/24102438	FitForExport	2	47	0.5	4	188	211.5	47	2025-03-30 08:00:10.683629+00
314	60	UG/124/08/24112611	FitForExport	9	60	0	5	300	300	7	2025-03-30 10:33:13.53306+00
306	58	UG/106/02/35083	FitForExport	2	256	0.5	4	1024	1152	100	2025-03-30 08:00:10.684468+00
316	60	UG/113/032/24112533	FitForExport	47	50	0	8	400	400	5	2025-03-30 10:33:13.537061+00
317	60	UG/121/02/30013	FitForExport	2	250	0	4	1000	1000	20	2025-03-30 10:33:13.538153+00
319	60	UG/106/012/24102520	FitForExport	13	50	0	5	250	250	5	2025-03-30 10:33:13.540252+00
321	61	UG/105/038/24112603	FitForExport	53	150	1	8	1200	1350	10	2025-03-30 12:06:43.569527+00
323	63	UG/105/07/24112604	Pending	8	90	0.5	10	900	945	\N	2025-03-30 12:11:32.478217+00
324	63	UG/107/02/24112608	Pending	2	20	0.5	4	80	90	\N	2025-03-30 12:11:32.479392+00
325	63	UG/105/008/24112603	Pending	9	6	0.5	6	36	39	\N	2025-03-30 12:11:32.480241+00
326	63	UG/105/038/24112603	Pending	53	25	1	8	200	225	\N	2025-03-30 12:11:32.481152+00
327	64	UG/105/07/24112604	Pending	8	80	0.5	10	800	840	\N	2025-03-30 12:13:54.367594+00
328	64	UG/105/09/24112603	Pending	10	34	0.5	6	204	221	\N	2025-03-30 12:13:54.369052+00
329	65	UG/105/038/24112603	Pending	53	75	1	8	600	675	\N	2025-03-30 12:16:02.203565+00
330	66	UG/124/09/24112611	Pending	10	83	0.5	10	830	871.5	\N	2025-03-30 14:41:07.256913+00
331	66	UG/119/013/30001	Pending	16	46	0.5	10	460	483	\N	2025-03-30 14:41:07.261534+00
332	66	UG/124/07/24112611	Pending	8	22	0.5	10	220	231	\N	2025-03-30 14:41:07.262566+00
333	66	UG/124/08/24112611	Pending	9	5	0.5	6	30	32.5	\N	2025-03-30 14:41:07.26462+00
334	66	UG/431/032/24112619	Pending	47	7	0.5	10	70	73.5	\N	2025-03-30 14:41:07.266393+00
335	66	UG/113/33/24112731	Pending	48	8	0.5	10	80	84	\N	2025-03-30 14:41:07.267339+00
336	66	UG/104/01/5016	Pending	1	14	0.5	6	84	91	\N	2025-03-30 14:41:07.269349+00
337	67	UG/406/003/24102379	Pending	3	57	0.5	5	285	313.5	\N	2025-03-30 14:58:05.476754+00
342	70	UG/108/003/24112735	Pending	3	20	0.2	5	100	104	\N	2025-03-30 18:24:19.728203+00
343	70	UG/119/02/24112712	Pending	2	65	0.4	4	260	286	\N	2025-03-30 18:24:19.730067+00
344	71	UG/113/003/24112801	Pending	3	29	0.2	10	290	295.8	\N	2025-03-30 18:40:46.246352+00
356	74	UG/105/033/2512876	Pending	48	50	0.5	5	250	275	\N	2025-03-30 19:01:24.058263+00
357	74	UG/224/050/2492370	Pending	72	45	0.5	5.5	247.5	270	\N	2025-03-30 19:01:24.059291+00
358	74	UG/418/07/240001	Pending	8	147	0.5	7.5	1102.5	1176	\N	2025-03-30 19:01:24.060421+00
359	74	UG/224/050/2492370	Pending	72	65	0.5	1	65	97.5	\N	2025-03-30 19:01:24.061235+00
360	74	UG/105/013/24102398	Pending	16	200	0.5	7.5	1500	1600	\N	2025-03-30 19:01:24.062059+00
361	74	UG/113/01/24102397	Pending	1	39	0.5	5	195	214.5	\N	2025-03-30 19:01:24.062945+00
362	74	UG/122/013/24102417	Pending	16	192	0.5	7.5	1440	1536	\N	2025-03-30 19:01:24.063848+00
363	74	UG/204/0463/2492370	Pending	478	34	0.5	4.4	149.60000000000002	166.60000000000002	\N	2025-03-30 19:01:24.065388+00
364	74	UG/122/013/24102423	Pending	16	183	0.5	7.5	1372.5	1464	\N	2025-03-30 19:01:24.066275+00
365	74	UG/122/013/45101	Pending	16	50	0.5	7.5	375	400	\N	2025-03-30 19:01:24.067168+00
366	74	UG/108/03/24102385	Pending	3	4	0.5	4.4	17.6	19.6	\N	2025-03-30 19:01:24.068151+00
367	74	UG/104/03/5036	Pending	3	50	0.5	4.5	225	250	\N	2025-03-30 19:01:24.068953+00
368	74	UG/106/01/24102506	Pending	1	55	0.5	5	275	302.5	\N	2025-03-30 19:01:24.069755+00
369	74	UG/104/03/5036	Pending	3	3	0.5	2.7	8.100000000000001	9.600000000000001	\N	2025-03-30 19:01:24.070552+00
370	74	UG/108/03/24102385	Pending	3	118	0.5	2.7	318.6	377.6	\N	2025-03-30 19:01:24.071326+00
371	74	UG/108/032/40006	Pending	47	50	0	8.2	409.99999999999994	409.99999999999994	\N	2025-03-30 19:01:24.072156+00
372	74	UG/126/02/3018	Pending	2	35	0.5	3.5	122.5	140	\N	2025-03-30 19:01:24.072923+00
373	74	UG/104/01/24102405	Pending	1	35	0.5	5	175	192.5	\N	2025-03-30 19:01:24.073744+00
374	74	UG/117/02/110021	Pending	2	58	0.5	3.5	203	232	\N	2025-03-30 19:01:24.074568+00
375	74	UG/108/02/24102403	Pending	2	18	0.5	3.5	63	72	\N	2025-03-30 19:01:24.075906+00
376	74	UG/113/01/101	Pending	1	65	0.5	5	325	357.5	\N	2025-03-30 19:01:24.076776+00
377	74	UG/113/02/24102508	Pending	2	20	0.5	3.5	70	80	\N	2025-03-30 19:01:24.077574+00
378	74	UG/106/01/24102505	Pending	1	17	0.5	5	85	93.5	\N	2025-03-30 19:01:24.078273+00
380	75	UG/105/013/24112695	FitForExport	16	115	0.5	8	920	977.5	10	2025-03-30 19:11:42.340975+00
381	75	UG/105/08/24112695	FitForExport	9	65	0.5	4.5	292.5	325	6	2025-03-30 19:11:42.341487+00
382	75	UG/410/07/24112539	FitForExport	8	20	0.5	8	160	170	5	2025-03-30 19:11:42.342009+00
383	75	UG/105/033/24112695	FitForExport	48	20	0.5	5	100	110	5	2025-03-30 19:11:42.342591+00
384	75	UG/105/09/24112695	FitForExport	10	115	0.5	7.5	862.5	920	10	2025-03-30 19:11:42.343174+00
385	75	UG/113/032/132	FitForExport	47	92	0.5	8	736	782	9	2025-03-30 19:11:42.34376+00
386	75	UG/105/300/24112695	FitForExport	316	10	0.5	5	50	55	5	2025-03-30 19:11:42.344295+00
345	72	UG/122/07/45018	FitForExport	8	70	0.5	8	560	595	7	2025-03-30 18:56:40.571099+00
346	72	UG/122/08/45018	FitForExport	9	5	0.5	6	30	32.5	5	2025-03-30 18:56:40.572305+00
348	72	UG/119/012/24112551	FitForExport	13	45	0.5	8	360	382.5	5	2025-03-30 18:56:40.573759+00
349	72	UG/122/033/45018	FitForExport	48	41	0.5	10	410	430.5	5	2025-03-30 18:56:40.574515+00
350	72	UG/122/013/45018	FitForExport	16	125	0.5	8	1000	1062.5	12	2025-03-30 18:56:40.575141+00
351	72	UG/113/032/60	FitForExport	47	8	0.5	10	80	84	3	2025-03-30 18:56:40.575833+00
352	72	UG/104/01/80010	FitForExport	1	30	0.5	8	240	255	10	2025-03-30 18:56:40.576642+00
353	72	UG/119/049/24112551	FitForExport	71	8	0.5	6	48	52	4	2025-03-30 18:56:40.577297+00
338	68	UG/106/005/24102428	FitForExport	6	25	0.5	6	150	162.5	8	2025-03-30 17:27:43.230369+00
339	68	UG/122/07/45054	FitForExport	8	150	0.265	4	600	639.75	15	2025-03-30 17:27:43.23164+00
340	68	UG/113/02/24112598	FitForExport	2	52	0.265	4	208	221.78	10	2025-03-30 17:27:43.232405+00
341	69	UG/115/007/24112799	FitForExport	8	94	0.4	10	940	977.6	10	2025-03-30 17:59:49.177099+00
322	62	UG/105/038/24112603	FitForExport	53	125	1	8	1000	1125	10	2025-03-30 12:08:40.299947+00
355	73	UG/106/005/24112743	FitForExport	6	85	0.4	6	510	544	10	2025-03-30 19:01:19.985983+00
391	76	UG/124/09/24102449	Pending	10	80	0.5	8	640	680	\N	2025-03-30 19:18:38.612189+00
392	76	UG/124/022/24102449	Pending	36	50	0	4	200	200	\N	2025-03-30 19:18:38.613491+00
393	76	UG/222/050/24112802	Pending	72	5	0.5	2	10	12.5	\N	2025-03-30 19:18:38.614403+00
394	76	UG/124/033/24102449	Pending	48	20	0.5	5	100	110	\N	2025-03-30 19:18:38.615513+00
395	76	UG/119/012/24112553	Pending	13	70	0.5	5	350	385	\N	2025-03-30 19:18:38.616494+00
396	76	UG/124/07/24102449	Pending	8	20	0.5	8	160	170	\N	2025-03-30 19:18:38.617329+00
397	76	UG/106/08/24102449	Pending	9	37	0.5	5	185	203.5	\N	2025-03-30 19:18:38.618209+00
398	76	UG/106/013/24102449	Pending	16	120	0.5	8	960	1020	\N	2025-03-30 19:18:38.619085+00
399	76	UG/106/032/24102449	Pending	47	50	0	8	400	400	\N	2025-03-30 19:18:38.619948+00
400	77	UG/104/014/5037	Pending	17	40	0.5	5	200	220	\N	2025-03-30 20:31:24.043394+00
401	77	UG/104/01/80010	Pending	1	30	0.5	5	150	165	\N	2025-03-30 20:31:24.045037+00
402	77	UG/122/09/45018	Pending	10	71	0.5	5	355	390.5	\N	2025-03-30 20:31:24.045956+00
403	77	UG/113/011/60	Pending	12	11	0.5	5	55	60.5	\N	2025-03-30 20:31:24.046998+00
404	77	UG/122/013/45018	Pending	16	16	0.5	5	80	88	\N	2025-03-30 20:31:24.047946+00
405	78	UG/122/09/45018	Pending	10	115	0.5	20	2300	2357.5	\N	2025-03-30 21:02:29.218696+00
406	78	UG/104/01/5036	Pending	1	20	0.5	8	160	170	\N	2025-03-30 21:02:29.219896+00
407	78	UG/122/08/45018	Pending	9	15	0.5	6	90	97.5	\N	2025-03-30 21:02:29.220669+00
408	78	UG/122/300/45018	Pending	316	8	0.5	10	80	84	\N	2025-03-30 21:02:29.22142+00
409	78	UG/122/033/45018	Pending	48	11	0.5	10	110	115.5	\N	2025-03-30 21:02:29.222289+00
410	78	UG/122/013/45018	Pending	16	61	0.5	10	610	640.5	\N	2025-03-30 21:02:29.223042+00
411	78	UG/119/012/24112551	Pending	13	3	0.5	8	24	25.5	\N	2025-03-30 21:02:29.223721+00
412	78	UG/122/07/45018	Pending	8	16	0.5	10	160	168	\N	2025-03-30 21:02:29.224368+00
413	78	UG/204/022/355005	Pending	36	4	0	20	80	80	\N	2025-03-30 21:02:29.225206+00
414	79	UG/108/023/24112522	Pending	37	70	0.5	5	350	385	\N	2025-03-30 21:38:17.360722+00
423	81	UG/104/003/2512866	Pending	3	162	0.5	5	810	891	\N	2025-03-30 22:15:24.024321+00
424	82	UG/105/09/100001	Pending	10	195	0.5	8	1560	1657.5	\N	2025-03-30 22:25:26.23585+00
425	82	UG/105/033/100001	Pending	48	5	0.5	8	40	42.5	\N	2025-03-30 22:25:26.237045+00
426	82	UG/105/12/100001	Pending	13	15	0.5	8	120	127.5	\N	2025-03-30 22:25:26.237824+00
427	82	UG/105/07/100001	Pending	8	74	0.5	8	592	629	\N	2025-03-30 22:25:26.238605+00
428	82	UG/105/013/100001	Pending	16	135	0.5	8	1080	1147.5	\N	2025-03-30 22:25:26.239287+00
429	82	UG/105/08/100001	Pending	9	45	0.5	5	225	247.5	\N	2025-03-30 22:25:26.240049+00
430	82	UG/122/032/45043	Pending	47	80	0.5	10	800	840	\N	2025-03-30 22:25:26.24069+00
431	83	UG/108/023/24112522	Pending	37	40	0.5	5.5	220	240	\N	2025-03-30 22:59:10.229491+00
432	83	UG/105/013/24102453	Pending	16	300	0.5	8	2400	2550	\N	2025-03-30 22:59:10.230508+00
433	83	UG/119/012/25069	Pending	13	100	0.5	5.5	550	600	\N	2025-03-30 22:59:10.23145+00
434	83	UG/106/08/35212	Pending	9	30	0.5	5.5	165	180	\N	2025-03-30 22:59:10.232253+00
435	83	UG/119/02/24102454	Pending	2	175	0.5	4	700	787.5	\N	2025-03-30 22:59:10.232977+00
436	83	UG/119/02/25069	Pending	2	175	0.5	4	700	787.5	\N	2025-03-30 22:59:10.233778+00
437	83	UG/106/01/35001	Pending	1	83	0.5	5.5	456.5	498	\N	2025-03-30 22:59:10.234533+00
438	83	UG/113/03/1	Pending	3	700	0.5	3	2100	2450	\N	2025-03-30 22:59:10.235219+00
439	83	UG/104/01/24102374	Pending	1	83	0.5	5.5	456.5	498	\N	2025-03-30 22:59:10.236125+00
440	83	UG/104/01/80010	Pending	1	84	0.5	5.5	462	504	\N	2025-03-30 22:59:10.236905+00
441	83	UG/122/02/24112568	Pending	2	350	0.5	4	1400	1575	\N	2025-03-30 22:59:10.237626+00
442	83	UG/124/07/24102449	Pending	8	70	0.5	8	560	595	\N	2025-03-30 22:59:10.238292+00
447	84	UG/106/02/24102455	Pending	2	125	0	4	500	500	\N	2025-03-30 23:10:05.379776+00
448	84	UG/119/02/24102454	Pending	2	125	0	4	500	500	\N	2025-03-30 23:10:05.380445+00
449	84	UG/105/013/24102453	Pending	16	100	0	8	800	800	\N	2025-03-30 23:10:05.381175+00
450	84	UG/113/032/24102456	Pending	47	50	0.5	8	400	425	\N	2025-03-30 23:10:05.381856+00
451	85	UG/104/01/24102374	Pending	1	50	0.5	5	250	275	\N	2025-03-30 23:33:18.745846+00
416	80	UG/105/09/24102453	FitForExport	10	100	0.5	8	800	850	10	2025-03-30 22:12:03.106491+00
417	80	UG/105/013/24102453	FitForExport	16	150	0	8	1200	1200	15	2025-03-30 22:12:03.107322+00
418	80	UG/119/012/25069	FitForExport	13	80	0.5	5.5	440	480	10	2025-03-30 22:12:03.108043+00
419	80	UG/104/01/24102374	FitForExport	1	40	0.5	5.5	220	240	10	2025-03-30 22:12:03.108762+00
420	80	UG/106/01/35001	FitForExport	1	40	0.5	5.5	220	240	10	2025-03-30 22:12:03.109492+00
421	80	UG/108/023/24112522	FitForExport	37	30	0.5	5.5	165	180	7	2025-03-30 22:12:03.110294+00
422	80	UG/113/032/24102456	FitForExport	47	30	0.4	8	240	252	5	2025-03-30 22:12:03.111015+00
443	84	UG/104/01/24102374	FitForExport	1	50	0	5.5	275	275	10	2025-03-30 23:10:05.37695+00
444	84	UG/119/012/25069	FitForExport	13	100	0.5	5.5	550	600	10	2025-03-30 23:10:05.377961+00
446	84	UG/106/01/35001	FitForExport	1	50	0.5	5.5	275	300	10	2025-03-30 23:10:05.379195+00
387	75	UG/204/0463/2492370	FitForExport	478	15	0.5	5	75	82.5	5	2025-03-30 19:11:42.345006+00
388	75	UG/204/04/2492370	FitForExport	5	36	0.5	4	144	162	10	2025-03-30 19:11:42.345816+00
389	75	UG/104/01/24112637	FitForExport	1	10	0.5	5	50	55	10	2025-03-30 19:11:42.34639+00
390	75	UG/205/025/235044	FitForExport	39	40	0.5	5	200	220	7	2025-03-30 19:11:42.346863+00
452	85	UG/105/09/24102453	Pending	10	100	0	8	800	800	\N	2025-03-30 23:33:18.747232+00
453	85	UG/204/022/24102443	Pending	36	80	0.1	5	400	408	\N	2025-03-30 23:33:18.748252+00
454	85	UG/119/012/25069	Pending	13	100	0.5	5	500	550	\N	2025-03-30 23:33:18.749098+00
455	85	UG/106/01/35001	Pending	1	50	0.5	5	250	275	\N	2025-03-30 23:33:18.749939+00
456	85	UG/105/013/24102453	Pending	16	160	0.5	8	1280	1360	\N	2025-03-30 23:33:18.750786+00
457	85	UG/122/008/24112568	Pending	9	30	0.5	5	150	165	\N	2025-03-30 23:33:18.75163+00
458	85	UG/113/032/24102456	Pending	47	30	0.2	8	240	246	\N	2025-03-30 23:33:18.752367+00
459	85	UG/104/01/80010	Pending	1	50	0.5	5	250	275	\N	2025-03-30 23:33:18.753079+00
460	85	UG/124/07/24102449	Pending	8	70	0	8	560	560	\N	2025-03-30 23:33:18.753721+00
463	88	UG/105/032/24112809	Pending	47	4	0.1	10	40	40.4	\N	2025-03-31 05:39:32.835305+00
464	88	UG/108/038/24112806	Pending	53	20	0.1	10	200	202	\N	2025-03-31 05:39:32.836741+00
465	88	UG/410/094/24112804	Pending	115	70	0.4	5	350	378	\N	2025-03-31 05:39:32.837812+00
466	88	UG/410/008/24112804	Pending	9	32	0.4	5	160	172.8	\N	2025-03-31 05:39:32.839211+00
467	88	UG/421/004/24122842	Pending	5	130	0.4	5	650	702	\N	2025-03-31 05:39:32.840165+00
468	88	UG/108/007/24112806	Pending	8	60	0.4	5	300	324	\N	2025-03-31 05:39:32.841163+00
469	88	UG/108/0441/24112806	Pending	455	2	0.5	5	10	11	\N	2025-03-31 05:39:32.842334+00
470	88	UG/106/012/24112805	Pending	13	2	0.4	5	10	10.8	\N	2025-03-31 05:39:32.843382+00
471	88	UG/105/043/24112809	Pending	443	4	0.7	10	40	42.8	\N	2025-03-31 05:39:32.844286+00
479	92	UG/106/01/24112567	Pending	1	18	0.5	7	126	135	\N	2025-03-31 10:01:43.693511+00
480	92	UG/108/002/24112811	Pending	2	22	0.5	4	88	99	\N	2025-03-31 10:01:43.695135+00
481	92	UG/106/012/24112530	Pending	13	21	0.1	5	105	107.1	\N	2025-03-31 10:01:43.695946+00
482	92	UG/405/007/80075	Pending	8	16	0.5	10	160	168	\N	2025-03-31 10:01:43.696694+00
483	92	UG/105/013/24112734	Pending	16	25	0.5	10	250	262.5	\N	2025-03-31 10:01:43.69741+00
484	92	UG/418/009/24122852	Pending	10	40	0.5	10	400	420	\N	2025-03-31 10:01:43.698042+00
485	92	UG/121/033/24112530	Pending	48	5	0.5	10	50	52.5	\N	2025-03-31 10:01:43.698715+00
486	92	UG/106/08/24102449	Pending	9	9	0.5	6	54	58.5	\N	2025-03-31 10:01:43.699347+00
487	93	UG/418/08/240001	Pending	9	163	0.5	5	815	896.5	\N	2025-03-31 11:13:20.188925+00
488	93	UG/113/032/24102397	Pending	47	191	0	8.2	1566.1999999999998	1566.1999999999998	\N	2025-03-31 11:13:20.190177+00
489	93	UG/224/050/2492370	Pending	72	51	0.5	1	51	76.5	\N	2025-03-31 11:13:20.190999+00
490	93	UG/122/013/24102417	Pending	16	125	0.5	7.5	937.5	1000	\N	2025-03-31 11:13:20.192048+00
491	93	UG/108/032/40006	Pending	47	445	0	8.2	3648.9999999999995	3648.9999999999995	\N	2025-03-31 11:13:20.193484+00
492	93	UG/330/300/2522886	Pending	316	8	0.5	7.5	60	64	\N	2025-03-31 11:13:20.194798+00
493	93	UG/418/09/240001	Pending	10	328	0.5	7.5	2460	2624	\N	2025-03-31 11:13:20.195913+00
494	93	UG/235/022/265001	Pending	36	120	0	5	600	600	\N	2025-03-31 11:13:20.196661+00
495	93	UG/105/033/24102416	Pending	48	32	0.5	5	160	176	\N	2025-03-31 11:13:20.197435+00
496	93	UG/122/013/24102423	Pending	16	50	0.5	7.5	375	400	\N	2025-03-31 11:13:20.198139+00
497	93	UG/105/013/24102398	Pending	16	291	0.5	7.5	2182.5	2328	\N	2025-03-31 11:13:20.198775+00
498	94	UG/410/010/24112710	Pending	11	5	1	20	100	105	\N	2025-03-31 11:54:45.494013+00
499	94	UG/102/047/24112635	Pending	69	2	1	2	4	6	\N	2025-03-31 11:54:45.495705+00
500	94	UG/106/251/35003	Pending	267	24	1	10	240	264	\N	2025-03-31 11:54:45.496983+00
501	94	UG/113/03/15003	Pending	3	22	1	10	220	242	\N	2025-03-31 11:54:45.498468+00
502	94	UG/116/0337/15003	Pending	351	1	1	5	5	6	\N	2025-03-31 11:54:45.499531+00
503	94	UG/429/0249/24112711	Pending	265	12	1	15	180	192	\N	2025-03-31 11:54:45.50084+00
504	94	UG/102/018/24112635	Pending	21	6	4	15	90	114	\N	2025-03-31 11:54:45.501796+00
505	94	UG/104/014/5038	Pending	17	3	1	10	30	33	\N	2025-03-31 11:54:45.502844+00
506	94	UG/104/0259/135090	Pending	275	41	1	25	1025	1066	\N	2025-03-31 11:54:45.504581+00
507	94	UG/104/04/135090	Pending	5	11	1	20	220	231	\N	2025-03-31 11:54:45.506042+00
508	94	UG/104/053/24112630	Pending	75	1	1	2	2	3	\N	2025-03-31 11:54:45.507166+00
509	94	UG/404/031/24112711	Pending	46	25	1	20	500	525	\N	2025-03-31 11:54:45.508305+00
510	94	UG/408/013/155001	Pending	16	1	1	15	15	16	\N	2025-03-31 11:54:45.509312+00
511	94	UG/429/0275/24112626	Pending	291	39	1	28	1092	1131	\N	2025-03-31 11:54:45.510268+00
512	94	UG/116/029/24112714	Pending	44	84	1	25	2100	2184	\N	2025-03-31 11:54:45.511235+00
513	94	UG/104/026/24112625	Pending	40	9	1	15	135	144	\N	2025-03-31 11:54:45.51195+00
514	94	UG/212/039/24112628	Pending	54	13	1	15	195	208	\N	2025-03-31 11:54:45.5128+00
515	94	UG/418/09/24112710	Pending	10	7	1	20	140	147	\N	2025-03-31 11:54:45.513649+00
516	94	UG/212/028/24112628	Pending	43	2	1	20	40	42	\N	2025-03-31 11:54:45.51434+00
478	91	UG/105/0444/285050	FitForExport	458	200	0.3	5	1000	1060	20	2025-03-31 09:32:27.070326+00
476	90	UG/105/005/24122845	FitForExport	6	18	0.7	10	180	192.6	5	2025-03-31 05:46:53.057208+00
462	87	UG/121/013/24112764	FitForExport	16	20	0.5	10	200	210	5	2025-03-31 01:45:03.353619+00
461	86	UG/121/013/24112764	FitForExport	16	5	0.5	10	50	52.5	5	2025-03-31 01:31:05.462979+00
474	89	UG/405/07/65010	FitForExport	8	50	0.5	9.5	475	500	10	2025-03-31 05:44:23.371159+00
475	89	UG/119/0444/24112813	FitForExport	458	100	0.5	6	600	650	10	2025-03-31 05:44:23.372234+00
472	89	UG/105/07/45070	FitForExport	8	100	0.5	9.5	950	1000	10	2025-03-31 05:44:23.367633+00
517	94	UG/404/0246/24112636	Pending	262	46	1	10	460	506	\N	2025-03-31 11:54:45.515052+00
518	94	UG/113/021/130002	Pending	33	10	1	10	100	110	\N	2025-03-31 11:54:45.515956+00
519	94	UG/122/016/100003	Pending	19	30	1	10	300	330	\N	2025-03-31 11:54:45.516781+00
520	94	UG/113/02/5038	Pending	2	22	1	9	198	220	\N	2025-03-31 11:54:45.5175+00
521	95	UG/410/010/24112710	Pending	11	25	1	20	500	525	\N	2025-03-31 12:05:10.58051+00
522	95	UG/405/020/135001	Pending	32	132	1	25	3300	3432	\N	2025-03-31 12:05:10.581584+00
523	95	UG/106/036/35003	Pending	51	60	1	25	1500	1560	\N	2025-03-31 12:05:10.58246+00
524	95	UG/404/031/24112711	Pending	46	170	1	20	3400	3570	\N	2025-03-31 12:05:10.583206+00
525	95	UG/418/09/24112710	Pending	10	78	1	20	1560	1638	\N	2025-03-31 12:05:10.583974+00
526	95	UG/104/04/135090	Pending	5	16	1	25	400	416	\N	2025-03-31 12:05:10.584732+00
527	95	UG/106/0255/35003	Pending	271	28	1	10	280	308	\N	2025-03-31 12:05:10.585454+00
528	95	UG/212/028/24112628	Pending	43	24	1	25	600	624	\N	2025-03-31 12:05:10.586381+00
529	95	UG/403/039/24112634	Pending	54	35	1	20	700	735	\N	2025-03-31 12:05:10.587091+00
530	95	UG/113/03/15003	Pending	3	85	1	10	850	935	\N	2025-03-31 12:05:10.587755+00
531	95	UG/403/016/24112780	Pending	19	30	10	10	300	600	\N	2025-03-31 12:05:10.588554+00
532	95	UG/108/012/24112629	Pending	13	34	1	25	850	884	\N	2025-03-31 12:05:10.589293+00
477	91	UG/405/07/24102427	FitForExport	8	105	0.3	10	1050	1081.5	15	2025-03-31 09:32:27.068655+00
415	80	UG/124/07/24102449	FitForExport	8	70	0	8	560	560	10	2025-03-30 22:12:03.10519+00
445	84	UG/105/09/24102453	FitForExport	10	50	0.5	8	400	425	5	2025-03-30 23:10:05.378605+00
379	75	UG/106/012/35074	FitForExport	13	42	0.5	4.5	189	210	5	2025-03-30 19:11:42.34012+00
347	72	UG/122/09/45018	FitForExport	10	130	0.5	16	2080	2145	10	2025-03-30 18:56:40.573018+00
540	98	UG/122/013/45101	Pending	16	30	0.5	8	240	255	\N	2025-03-31 14:13:49.576897+00
541	98	UG/122/013/45101	Pending	16	116	0.5	10	1160	1218	\N	2025-03-31 14:13:49.578664+00
542	98	UG/111/09/24112526	Pending	10	129	0.5	16	2064	2128.5	\N	2025-03-31 14:13:49.579661+00
543	98	UG/415/07/35201	Pending	8	15	0.5	8	120	127.5	\N	2025-03-31 14:13:49.580937+00
544	98	UG/415/07/35201	Pending	8	63	0.5	10	630	661.5	\N	2025-03-31 14:13:49.581912+00
545	98	UG/415/033/35201	Pending	48	30	0.5	10	300	315	\N	2025-03-31 14:13:49.582849+00
546	98	UG/119/012/24112583	Pending	13	34	0.5	10	340	357	\N	2025-03-31 14:13:49.584258+00
547	98	UG/415/08/35201	Pending	9	14	0.5	6	84	91	\N	2025-03-31 14:13:49.58514+00
548	98	UG/409/025/24112670	Pending	39	40	0.5	10	400	420	\N	2025-03-31 14:13:49.585943+00
549	98	UG/409/025/24112670	Pending	39	5	0.5	12	60	62.5	\N	2025-03-31 14:13:49.586644+00
550	98	UG/119/049/24112583	Pending	71	7	0.5	5	35	38.5	\N	2025-03-31 14:13:49.587395+00
551	98	UG/104/032/24112582	Pending	47	18	0.5	10	180	189	\N	2025-03-31 14:13:49.588283+00
554	99	UG/119/049/24112553	FitForExport	71	10	0.5	6	60	65	10	2025-03-31 14:15:18.173623+00
552	99	UG/106/032/24102449	FitForExport	47	4	0.5	10	40	42	4	2025-03-31 14:15:18.171963+00
558	99	UG/124/09/24102449	FitForExport	10	2	0.5	10	20	21	2	2025-03-31 14:15:18.176445+00
553	99	UG/124/033/24102449	FitForExport	48	4	0.5	10	40	42	4	2025-03-31 14:15:18.172852+00
555	99	UG/104/01/5016	FitForExport	1	5	0.5	8	40	42.5	5	2025-03-31 14:15:18.174354+00
559	99	UG/119/012/24112553	FitForExport	13	3	0.5	5	15	16.5	3	2025-03-31 14:15:18.177227+00
556	99	UG/115/003/24112553	FitForExport	3	133	0.5	5	665	731.5	20	2025-03-31 14:15:18.175002+00
563	101	UG/108/009/24112763	Pending	10	41	1	20	820	861	\N	2025-03-31 17:10:03.15275+00
557	99	UG/124/07/24102449	FitForExport	8	15	0.5	10	150	157.5	15	2025-03-31 14:15:18.175626+00
533	96	UG/122/007/45033	FitForExport	8	400	0.5	1	400	600	10	2025-03-31 13:52:16.199117+00
564	101	UG/121/013/24112764	Pending	16	20	0.5	10	200	210	\N	2025-03-31 17:10:03.15499+00
565	102	UG/122/07/5085	Pending	8	250	0.3	3.7	925	1000	\N	2025-03-31 18:10:58.064494+00
566	103	UG/119/031/24112747	Pending	46	8	1	17.5	140	148	\N	2025-03-31 19:11:36.757486+00
567	103	UG/119/013/24112747	Pending	16	12	1	10	120	132	\N	2025-03-31 19:11:36.759+00
568	103	UG/119/007/24112747	Pending	8	7	1	9	63	70	\N	2025-03-31 19:11:36.760125+00
569	103	UG/119/008/24112747	Pending	9	30	1	6	180	210	\N	2025-03-31 19:11:36.761076+00
570	103	UG/119/012/24112747	Pending	13	10	1	10	100	110	\N	2025-03-31 19:11:36.762224+00
571	103	UG/119/026/24112747	Pending	40	25	1	10	250	275	\N	2025-03-31 19:11:36.763116+00
572	103	UG/119/005/24112747	Pending	6	5	1	13.8	69	74	\N	2025-03-31 19:11:36.764089+00
535	97	UG/122/09/100037	FitForExport	10	45	0.5	10	450	472.5	10	2025-03-31 13:56:09.641736+00
536	97	UG/106/01/24102398	FitForExport	1	90	0.5	7	630	675	10	2025-03-31 13:56:09.643487+00
537	97	UG/122/007/45033	FitForExport	8	10	0.5	10	100	105	10	2025-03-31 13:56:09.644591+00
538	97	UG/409/025/24112670	FitForExport	39	25	0.5	10	250	262.5	10	2025-03-31 13:56:09.645966+00
539	97	UG/122/94/45033	FitForExport	115	10	0.5	10	100	105	10	2025-03-31 13:56:09.647045+00
534	96	UG/106/0444/24102428	FitForExport	458	200	0.5	6	1200	1300	10	2025-03-31 13:52:16.200843+00
560	100	UG/109/03/24102390	FitForExport	3	3	0.5	5	15	16.5	3	2025-03-31 14:34:26.199693+00
561	100	UG/406/014/24102379	FitForExport	17	43	0.5	5	215	236.5	43	2025-03-31 14:34:26.2014+00
562	100	UG/406/003/24102379	FitForExport	3	6	0.5	5	30	33	6	2025-03-31 14:34:26.202675+00
573	103	UG/119/0246/24112747	Pending	262	3	1	16.6	49.800000000000004	52.800000000000004	\N	2025-03-31 19:11:36.764905+00
574	103	UG/119/039/24112747	Pending	54	4	1	17.5	70	74	\N	2025-03-31 19:11:36.766069+00
575	103	UG/119/0441/24112747	Pending	455	1	1	5	5	6	\N	2025-03-31 19:11:36.766908+00
576	104	UG/122/8/253997	Pending	9	100	0.5	6	600	650	\N	2025-03-31 19:12:45.433111+00
577	104	UG/122/7/253997	Pending	8	100	0.5	10	1000	1050	\N	2025-03-31 19:12:45.434406+00
578	104	UG/122/13/253996	Pending	16	50	0.5	10	500	525	\N	2025-03-31 19:12:45.435224+00
579	104	UG/122/300/253996	Pending	316	10	0.5	10	100	105	\N	2025-03-31 19:12:45.436276+00
580	104	UG/122/033/24112559	Pending	48	3	0.5	10	30	31.5	\N	2025-03-31 19:12:45.437398+00
581	104	UG/113/445/113	Pending	459	20	0.5	2.5	50	60	\N	2025-03-31 19:12:45.438293+00
582	104	UG/113/39/113	Pending	54	3	0.5	8	24	25.5	\N	2025-03-31 19:12:45.439058+00
583	104	UG/106/032/113	Pending	47	10	0.1	12	120	121	\N	2025-03-31 19:12:45.439862+00
584	104	UG/113/26/113	Pending	40	20	0.5	5	100	110	\N	2025-03-31 19:12:45.44058+00
585	104	UG/122/038/24112559	Pending	53	3	0.5	12	36	37.5	\N	2025-03-31 19:12:45.441355+00
586	104	UG/106/09/2472348	Pending	10	200	0.5	10	2000	2100	\N	2025-03-31 19:12:45.442129+00
587	105	UG/106/018/24112572	Pending	21	10	0.4	10	100	104	\N	2025-03-31 20:46:40.653299+00
588	105	UG/106/038/24112572	Pending	53	4	0	15	60	60	\N	2025-03-31 20:46:40.654949+00
589	105	UG/106/02/65011	Pending	2	6	0.4	5	30	32.4	\N	2025-03-31 20:46:40.656047+00
590	105	UG/113/032/24102456	Pending	47	6	0.4	10	60	62.4	\N	2025-03-31 20:46:40.657017+00
591	105	UG/106/026/24102410	Pending	40	13	0.6	14	182	189.8	\N	2025-03-31 20:46:40.658009+00
592	105	UG/106/09/24102410	Pending	10	10	0.4	10.5	105	109	\N	2025-03-31 20:46:40.658825+00
593	105	UG/106/01/35049	Pending	1	8	0.4	8	64	67.2	\N	2025-03-31 20:46:40.659727+00
594	105	UG/119/012/24112569	Pending	13	9	0.4	10	90	93.6	\N	2025-03-31 20:46:40.660649+00
595	105	UG/404/033/24102456	Pending	48	2	0.4	10	20	20.8	\N	2025-03-31 20:46:40.661457+00
596	105	UG/106/013/24102410	Pending	16	10	0.4	10	100	104	\N	2025-03-31 20:46:40.662534+00
597	105	UG/106/010/24112572	Pending	11	10	0.4	10	100	104	\N	2025-03-31 20:46:40.66337+00
598	105	UG/106/0444/24112524	Pending	458	7	0.4	7	49	51.8	\N	2025-03-31 20:46:40.664225+00
599	105	UG/106/08/24112572	Pending	9	10	0.4	7	70	74	\N	2025-03-31 20:46:40.665225+00
600	105	UG/404/0246/24102456	Pending	262	3	0.5	10	30	31.5	\N	2025-03-31 20:46:40.666017+00
601	105	UG/122/07/24112572	Pending	8	8	0.5	10	80	84	\N	2025-03-31 20:46:40.667169+00
602	105	UG/205/039/24112573	Pending	54	6	0.5	10	60	63	\N	2025-03-31 20:46:40.667972+00
354	73	UG/122/07/5085	FitForExport	8	265	0.4	9.8	2597	2703	10	2025-03-30 19:01:19.984978+00
617	109	UG/121/018/45091	FitForExport	21	25	0.5	10	250	262.5	10	2025-04-01 06:26:13.382653+00
619	110	UG/106/0444/24112524	FitForExport	458	16	0.5	7.5	120	128	16	2025-04-01 06:53:44.046742+00
616	109	UG/110/033/24112689	FitForExport	48	30	0.5	7.5	225	240	10	2025-04-01 06:26:13.381942+00
614	109	UG/106/013/24102482	FitForExport	16	120	0.5	7.5	900	960	10	2025-04-01 06:26:13.380479+00
618	109	UG/119/012/24102467	FitForExport	13	40	0.5	5	200	220	10	2025-04-01 06:26:13.383333+00
607	106	UG/119/0444/24112814	FitForExport	458	70	0.5	6	420	455	10	2025-04-01 06:20:59.022353+00
615	109	UG/110/08/24112689	FitForExport	9	90	0.5	5	450	495	10	2025-04-01 06:26:13.38124+00
613	109	UG/105/07/24102465	FitForExport	8	110	0.5	7.5	825	880	10	2025-04-01 06:26:13.379427+00
605	106	UG/405/07/24102480	FitForExport	8	100	0.5	9.5	950	1000	10	2025-04-01 06:20:59.020847+00
608	106	UG/119/0444/24112812	FitForExport	458	100	0.5	6	600	650	10	2025-04-01 06:20:59.023311+00
606	106	UG/423/007/325001	FitForExport	8	100	0.5	9.5	950	1000	10	2025-04-01 06:20:59.021642+00
604	106	UG/105/07/45070	FitForExport	8	100	0.5	9.5	950	1000	10	2025-04-01 06:20:59.020015+00
603	106	UG/405/07/65010	FitForExport	8	50	0.5	9.5	475	500	10	2025-04-01 06:20:59.018555+00
625	110	UG/106/08/24112572	FitForExport	9	20	0.5	10	200	210	10	2025-04-01 06:53:44.051912+00
626	110	UG/112/035/15003	FitForExport	50	10	0.5	10	100	105	5	2025-04-01 06:53:44.05254+00
624	110	UG/106/026/24102410	FitForExport	40	30	1	10	300	330	10	2025-04-01 06:53:44.051181+00
623	110	UG/113/43/253999	FitForExport	443	5	0.5	10	50	52.5	5	2025-04-01 06:53:44.050435+00
622	110	UG/405/07/24102427	FitForExport	8	20	0.5	10	200	210	10	2025-04-01 06:53:44.049715+00
621	110	UG/104/04/135090	FitForExport	5	2	0.5	2.5	5	6	2	2025-04-01 06:53:44.048852+00
620	110	UG/113/331/253999	FitForExport	346	7	0.5	10	70	73.5	7	2025-04-01 06:53:44.047959+00
473	89	UG/121/07/45091	FitForExport	8	100	0.5	9.5	950	1000	10	2025-03-31 05:44:23.369678+00
610	107	UG/418/09/24102500	FitForExport	10	2	0.5	8	16	17	2	2025-04-01 06:21:12.565324+00
611	107	UG/104/026/2512869	FitForExport	40	2	1	9	18	20	2	2025-04-01 06:21:12.56609+00
612	108	UG/104/01/24102378	FitForExport	1	80	0.5	8	640	680	80	2025-04-01 06:23:47.691067+00
632	113	UG/104/01/24102374	FitForExport	1	25	0.5	8	200	212.5	25	2025-04-01 14:20:54.261333+00
633	113	UG/103/022/2512869	FitForExport	36	16	0.5	10	160	168	16	2025-04-01 14:20:54.262895+00
631	112	UG/122/008/24112568	FitForExport	9	12	0.5	10	120	126	12	2025-04-01 12:52:08.215269+00
629	112	UG/122/009/24112568	FitForExport	10	125	0.5	9	1125	1187.5	100	2025-04-01 12:52:08.213644+00
628	112	UG/105/013/24112716	FitForExport	16	24	0.5	8	192	204	24	2025-04-01 12:52:08.212205+00
627	111	UG/410/07/24112539	FitForExport	8	1400	0.3	3	4200	4620	100	2025-04-01 09:42:41.528728+00
609	107	UG/204/07/170007	FitForExport	8	4	0.5	5	20	22	4	2025-04-01 06:21:12.564474+00
646	115	UG/104/01/5016	FitForExport	1	110	0.5	7	770	825	30	2025-04-01 17:50:15.677637+00
634	113	UG/106/012/24102380	FitForExport	13	28	2	8	224	280	28	2025-04-01 14:20:54.263679+00
663	120	UG/112/012/24112649	FitForExport	13	150	0.5	10	1500	1575	20	2025-04-01 20:29:38.295477+00
635	113	UG/406/014/24102379	FitForExport	17	17	0.5	5	85	93.5	17	2025-04-01 14:20:54.264519+00
666	121	UG/105/038/24112603	FitForExport	53	50	1	8	400	450	20	2025-04-02 03:34:07.214785+00
636	113	UG/106/012/24102380	FitForExport	13	3	0.5	10	30	31.5	3	2025-04-01 14:20:54.265337+00
664	120	UG/106/013/24112530	FitForExport	16	80	0.5	10	800	840	20	2025-04-01 20:29:38.296647+00
637	113	UG/113/03/184	FitForExport	3	66	0.5	5	330	363	66	2025-04-01 14:20:54.266051+00
652	116	UG/104/026/5040	Pending	40	2	0	6	12	12	\N	2025-04-01 17:56:21.262743+00
653	116	UG/105/07/45063	Pending	8	550	0	4	2200	2200	\N	2025-04-01 17:56:21.264618+00
654	116	UG/110/09/45088	Pending	10	1	0	20	20	20	\N	2025-04-01 17:56:21.265777+00
656	118	UG/122/07/5085	Pending	8	325	0.4	3.7	1202.5	1332.5	\N	2025-04-01 19:53:42.352078+00
662	119	UG/104/001/2512855	FitForExport	1	130	0.36	5.2	676	722.8	100	2025-04-01 20:09:38.48431+00
665	120	UG/106/01/65011	FitForExport	1	250	0.5	7	1750	1875	30	2025-04-01 20:29:38.297352+00
661	119	UG/104/032/5057	FitForExport	47	140	0	8	1120	1120	100	2025-04-01 20:09:38.483609+00
667	121	UG/105/013/24112603	FitForExport	16	125	0.6	8	1000	1075	20	2025-04-02 03:34:07.216628+00
657	119	UG/431/033/24112701	FitForExport	48	60	0.36	6	360	381.6	60	2025-04-01 20:09:38.480077+00
669	122	UG/105/038/24112603	FitForExport	53	33	1	8	264	297	15	2025-04-02 03:37:43.097311+00
658	119	UG/122/009/35218	FitForExport	10	50	0.4	7.5	375	395	10	2025-04-01 20:09:38.481365+00
647	115	UG/113/032/24102472	FitForExport	47	5	0.5	5	25	27.5	5	2025-04-01 17:50:15.678477+00
659	119	UG/106/012/35101	FitForExport	13	114	0.36	5	570	611.04	100	2025-04-01 20:09:38.482074+00
670	122	UG/105/07/24112604	FitForExport	8	50	0.3	4	200	215	20	2025-04-02 03:37:43.09874+00
660	119	UG/122/013/24102381	FitForExport	16	150	0.36	7.5	1125	1179	100	2025-04-01 20:09:38.482729+00
630	112	UG/224/032/24112677	FitForExport	47	3	0.5	10	30	31.5	3	2025-04-01 12:52:08.214456+00
668	121	UG/107/02/24112608	FitForExport	2	63	0.6	4	252	289.8	30	2025-04-02 03:34:07.217733+00
655	117	UG/122/07/24112562	FitForExport	8	373	0	10	3730	3730	10	2025-04-01 18:13:05.278099+00
671	122	UG/105/008/24112603	FitForExport	9	6	0.5	6	36	39	6	2025-04-02 03:37:43.100109+00
639	114	UG/106/005/24102428	FitForExport	6	10	0.5	6	60	65	10	2025-04-01 16:10:37.383612+00
672	122	UG/107/02/24112608	FitForExport	2	24	0.5	4	96	108	15	2025-04-02 03:37:43.101216+00
642	115	UG/113/013/24102504	FitForExport	16	75	0.5	10	750	787.5	20	2025-04-01 17:50:15.672801+00
673	122	UG/105/013/24112603	FitForExport	16	19	0.5	8	152	161.5	12	2025-04-02 03:37:43.10222+00
648	115	UG/113/032/24102472	FitForExport	47	15	0.5	10	150	157.5	10	2025-04-01 17:50:15.679509+00
643	115	UG/106/09/24102460	FitForExport	10	40	0.5	10	400	420	15	2025-04-01 17:50:15.674757+00
644	115	UG/106/08/24102460	FitForExport	9	10	0.5	5	50	55	10	2025-04-01 17:50:15.67589+00
649	115	UG/215/022/5275	FitForExport	36	40	0.5	10	400	420	15	2025-04-01 17:50:15.68034+00
645	115	UG/106/094/35262	FitForExport	115	12	0.5	10	120	126	10	2025-04-01 17:50:15.676799+00
638	114	UG/122/007/45033	FitForExport	8	350	0.5	10	3500	3675	50	2025-04-01 16:10:37.380033+00
650	115	UG/113/07/25	FitForExport	8	25	0.5	10	250	262.5	15	2025-04-01 17:50:15.681106+00
651	115	UG/113/033/25	FitForExport	48	20	0.5	10	200	210	10	2025-04-01 17:50:15.681734+00
641	114	UG/106/002/24112567	FitForExport	2	35	0.5	4	140	157.5	15	2025-04-01 16:10:37.390526+00
640	114	UG/105/013/24102398	FitForExport	16	100	0.5	10	1000	1050	30	2025-04-01 16:10:37.389043+00
674	123	UG/107/02/24112608	FitForExport	2	30	0.5	4	120	135	15	2025-04-02 03:40:12.083236+00
675	123	UG/105/013/24112603	FitForExport	16	75	0.5	8	600	637.5	19	2025-04-02 03:40:12.084779+00
676	123	UG/105/07/24112604	FitForExport	8	63	0.3	4	252	270.9	20	2025-04-02 03:40:12.08555+00
677	123	UG/105/038/24112603	FitForExport	53	75	0.5	8	600	637.5	15	2025-04-02 03:40:12.086264+00
678	123	UG/105/09/24112603	FitForExport	10	2	0.5	8	16	17	2	2025-04-02 03:40:12.087112+00
687	125	UG/124/08/2482358	Pending	9	50	0.5	5	250	275	\N	2025-04-02 06:11:32.228669+00
688	125	UG/124/09/2482358	Pending	10	110	0.5	7	770	825	\N	2025-04-02 06:11:32.230276+00
689	125	UG/122/013/2482358	Pending	16	180	0.5	7	1260	1350	\N	2025-04-02 06:11:32.231203+00
690	125	UG/124/07/2482358	Pending	8	40	0.5	7	280	300	\N	2025-04-02 06:11:32.23212+00
691	125	UG/106/012/35083	Pending	13	60	0.5	6	360	390	\N	2025-04-02 06:11:32.233263+00
692	125	UG/235/025/24112774	Pending	39	30	0.5	5	150	165	\N	2025-04-02 06:11:32.234302+00
693	125	UG/104/01/80010	Pending	1	70	0.5	5	350	385	\N	2025-04-02 06:11:32.235224+00
699	127	UG/124/09/2482358	Pending	10	120	0.5	7	840	900	\N	2025-04-02 07:05:12.884711+00
700	127	UG/122/013/2482358	Pending	16	160	0.5	7	1120	1200	\N	2025-04-02 07:05:12.886096+00
701	127	UG/106/01/35083	Pending	1	120	0.5	5	600	660	\N	2025-04-02 07:05:12.887144+00
702	127	UG/124/08/2482358	Pending	9	50	0.5	5	250	275	\N	2025-04-02 07:05:12.888033+00
703	127	UG/124/07/2482358	Pending	8	40	0.5	7	280	300	\N	2025-04-02 07:05:12.889005+00
704	127	UG/106/012/35083	Pending	13	60	0.5	6	360	390	\N	2025-04-02 07:05:12.889948+00
705	128	UG/106/01/35083	Pending	1	1	0.5	5	5	5.5	\N	2025-04-02 07:52:50.868689+00
706	128	UG/124/07/2482358	Pending	8	4	0.5	8	32	34	\N	2025-04-02 07:52:50.869777+00
707	128	UG/124/09/2482358	Pending	10	200	0.5	7	1400	1500	\N	2025-04-02 07:52:50.87054+00
708	128	UG/124/08/2482358	Pending	9	4	0.5	5	20	22	\N	2025-04-02 07:52:50.871177+00
709	128	UG/106/012/35083	Pending	13	2	0.5	8	16	17	\N	2025-04-02 07:52:50.871829+00
710	128	UG/104/032/24102458	Pending	47	1	0.5	10	10	10.5	\N	2025-04-02 07:52:50.872587+00
711	128	UG/122/013/2482358	Pending	16	30	0.5	8	240	255	\N	2025-04-02 07:52:50.873267+00
712	129	UG/106/01/35075	Pending	1	20	0	6	120	120	\N	2025-04-02 11:24:12.450662+00
713	129	UG/107/02/55006	Pending	2	400	0	4	1600	1600	\N	2025-04-02 11:24:12.452464+00
714	129	UG/124/08/24112611	Pending	9	35	0	5	175	175	\N	2025-04-02 11:24:12.453581+00
715	129	UG/124/09/24112611	Pending	10	20	0	8	160	160	\N	2025-04-02 11:24:12.454713+00
716	129	UG/119/013/24112611	Pending	16	60	0	8	480	480	\N	2025-04-02 11:24:12.4558+00
717	129	UG/124/07/24112611	Pending	8	20	0	8	160	160	\N	2025-04-02 11:24:12.457038+00
718	129	UG/106/012/24102520	Pending	13	30	0	4	120	120	\N	2025-04-02 11:24:12.458033+00
719	129	UG/122/033/24102423	Pending	48	20	0	7	140	140	\N	2025-04-02 11:24:12.459073+00
720	129	UG/121/049/30013	Pending	71	6	0	5	30	30	\N	2025-04-02 11:24:12.460035+00
721	130	UG/106/443/35200	Pending	457	19	0.5	9.5	180.5	190	\N	2025-04-02 12:25:37.170584+00
722	130	UG/410/018/35200	Pending	21	21	0.5	6.5	136.5	147	\N	2025-04-02 12:25:37.172768+00
723	130	UG/126/300/24112751	Pending	316	31	0.5	9.5	294.5	310	\N	2025-04-02 12:25:37.17451+00
724	130	UG/103/009/24112750	Pending	10	252	0.5	9.5	2394	2520	\N	2025-04-02 12:25:37.175999+00
725	130	UG/105/005/24122845	Pending	6	10	0.5	9.5	95	100	\N	2025-04-02 12:25:37.177167+00
726	130	UG/420/013/24112750	Pending	16	56	0.5	9.5	532	560	\N	2025-04-02 12:25:37.178178+00
679	124	UG/113/033/25	FitForExport	48	80	0.5	8	640	680	30	2025-04-02 04:29:19.176536+00
694	126	UG/106/01/24102398	FitForExport	1	70	0.35	7	490	514.5	30	2025-04-02 06:52:03.304586+00
695	126	UG/106/09/24112622	FitForExport	10	35	0.35	10	350	362.25	35	2025-04-02 06:52:03.306006+00
680	124	UG/106/012/24112624	FitForExport	13	80	0.5	8	640	680	30	2025-04-02 04:29:19.177924+00
696	126	UG/106/033/24112622	FitForExport	48	15	0.35	10	150	155.25	15	2025-04-02 06:52:03.30774+00
685	124	UG/410/07/24112539	FitForExport	8	50	0.5	8	400	425	25	2025-04-02 04:29:19.183507+00
697	126	UG/106/07/24112622	FitForExport	8	25	350	10	250	9000	10	2025-04-02 06:52:03.309198+00
681	124	UG/105/013/24112695	FitForExport	16	150	0.5	8	1200	1275	40	2025-04-02 04:29:19.179092+00
698	126	UG/105/013/24102398	FitForExport	16	78	0.35	10	780	807.3	30	2025-04-02 06:52:03.310118+00
686	124	UG/410/08/24112539	FitForExport	9	15	0.5	6	90	97.5	10	2025-04-02 04:29:19.184457+00
682	124	UG/104/01/80010	FitForExport	1	50	0.5	8	400	425	20	2025-04-02 04:29:19.180176+00
727	131	UG/106/01/65011	Pending	1	70	0.5	7	490	525	\N	2025-04-02 13:21:48.076044+00
683	124	UG/106/049/24112624	FitForExport	71	30	0.5	6	180	195	15	2025-04-02 04:29:19.181133+00
728	131	UG/106/033/35225	Pending	48	30	0.5	10	300	315	\N	2025-04-02 13:21:48.077648+00
684	124	UG/410/09/24112539	FitForExport	10	55	0.8	16	880	924	25	2025-04-02 04:29:19.182272+00
729	131	UG/106/094/35225	Pending	115	10	0.5	10	100	105	\N	2025-04-02 13:21:48.078642+00
730	131	UG/106/013/35225	Pending	16	45	0.5	10	450	472.5	\N	2025-04-02 13:21:48.08001+00
731	131	UG/106/09/35225	Pending	10	40	0.5	10	400	420	\N	2025-04-02 13:21:48.081062+00
732	132	UG/105/07/24112595	Pending	8	28	0.5	10	280	294	\N	2025-04-02 15:26:13.0322+00
733	132	UG/105/09/24112595	Pending	10	35	0.5	10	350	367.5	\N	2025-04-02 15:26:13.033538+00
734	132	UG/106/01/65011	Pending	1	160	0.5	7	1120	1200	\N	2025-04-02 15:26:13.034355+00
735	132	UG/224/025/24112596	Pending	39	17	0.5	10	170	178.5	\N	2025-04-02 15:26:13.035324+00
736	132	UG/105/013/24112595	Pending	16	40	0.5	10	400	420	\N	2025-04-02 15:26:13.03602+00
737	132	UG/105/094/24112595	Pending	115	15	0.5	10	150	157.5	\N	2025-04-02 15:26:13.03673+00
738	133	UG/410/07/24112539	Pending	8	602	0.4	6.4	3852.8	4093.6000000000004	\N	2025-04-02 16:37:46.1809+00
739	134	UG/107/03/2452337	Pending	3	30	0.3	0.6	18	27	\N	2025-04-02 17:09:59.110245+00
740	134	UG/107/03/2452337	Pending	3	85	0.3	0.96	81.6	107.1	\N	2025-04-02 17:09:59.11172+00
741	134	UG/107/03/2452337	Pending	3	163	0.3	1.2	195.6	244.5	\N	2025-04-02 17:09:59.11249+00
742	134	UG/107/03/2452337	Pending	3	42	0.3	2	84	96.6	\N	2025-04-02 17:09:59.113236+00
743	135	UG/105/07/24112604	Pending	8	90	0.5	10	900	945	\N	2025-04-02 17:59:30.123459+00
744	135	UG/107/02/24112608	Pending	2	25	0.5	4	100	112.5	\N	2025-04-02 17:59:30.124431+00
745	136	UG/105/07/24112604	Pending	8	100	0.5	10	1000	1050	\N	2025-04-02 18:01:22.913341+00
746	136	UG/107/02/24112608	Pending	2	15	0.5	4	60	67.5	\N	2025-04-02 18:01:22.914345+00
747	137	UG/106/07/24112586	Pending	8	150	0.5	10	1500	1575	\N	2025-04-02 19:49:18.407948+00
748	137	UG/121/05/25011	Pending	6	210	0.5	6	1260	1365	\N	2025-04-02 19:49:18.40937+00
749	138	UG/122/038/45018	Pending	53	5	0	10	50	50	\N	2025-04-02 20:34:09.578403+00
750	138	UG/105/09/24102453	Pending	10	15	0	10	150	150	\N	2025-04-02 20:34:09.57968+00
751	138	UG/122/07/24112562	Pending	8	400	0	10	4000	4000	\N	2025-04-02 20:34:09.580475+00
752	138	UG/105/013/24102453	Pending	16	70	0	10	700	700	\N	2025-04-02 20:34:09.581104+00
753	138	UG/113/02/24102519	Pending	2	15	0	4	60	60	\N	2025-04-02 20:34:09.581787+00
754	139	UG/106/07/35249	Pending	8	10	0.5	10	100	105	\N	2025-04-02 20:34:40.879328+00
755	139	UG/122/09/24112566	Pending	10	53	0.5	10	530	556.5	\N	2025-04-02 20:34:40.880203+00
756	139	UG/113/032/45099	Pending	47	10	0.5	10	100	105	\N	2025-04-02 20:34:40.88093+00
757	139	UG/122/033/24112566	Pending	48	22	0.5	10	220	231	\N	2025-04-02 20:34:40.88165+00
758	139	UG/121/013/24112764	Pending	16	64	0.5	10	640	672	\N	2025-04-02 20:34:40.88238+00
\.


--
-- Data for Name: qcp5_recommendations; Type: TABLE DATA; Schema: public; Owner: -
--

COPY public.qcp5_recommendations (id, qcp5_id, qcp5_product_id, status, reason, weight_rejected, weight_passed, user_id, exportcompany_id, created_at) FROM stdin;
1	1	2	FitForExport		0	75	21	182	2025-03-27 12:25:10.887866+00
2	1	1	FitForExport		0	315	21	182	2025-03-27 12:25:17.402033+00
3	1	3	FitForExport		0	16.4	21	182	2025-03-27 12:25:21.363395+00
4	1	4	FitForExport		0	25	21	182	2025-03-27 12:25:26.102058+00
5	1	5	FitForExport		0	150	21	182	2025-03-27 12:25:30.761812+00
6	1	6	FitForExport		0	50	21	182	2025-03-27 12:25:35.12891+00
7	1	7	FitForExport		0	300	21	182	2025-03-27 12:25:39.261072+00
8	11	50	FitForExport		0	241.5	23	182	2025-03-27 22:12:48.806154+00
9	11	51	FitForExport		0	2430	23	182	2025-03-27 22:13:12.879066+00
10	11	52	FitForExport		0	500	23	182	2025-03-27 22:13:38.57442+00
11	11	53	FitForExport		0	2167.5	23	182	2025-03-27 22:14:57.412858+00
12	11	54	FitForExport		0	100	23	182	2025-03-27 22:15:16.536168+00
13	11	55	FitForExport		0	727.5	23	182	2025-03-27 22:15:43.572817+00
14	11	56	FitForExport		0	157.5	23	182	2025-03-27 22:16:05.436675+00
15	11	57	FitForExport		0	150	23	182	2025-03-27 22:16:40.989544+00
16	11	58	FitForExport		0	147	23	182	2025-03-27 22:17:09.60068+00
17	11	59	FitForExport		0	1065	23	182	2025-03-27 22:17:50.447774+00
18	11	60	FitForExport		0	192.5	23	182	2025-03-27 22:18:10.427269+00
19	11	61	FitForExport		0	3750	23	182	2025-03-27 22:18:42.494369+00
20	11	62	FitForExport		0	157.5	23	182	2025-03-27 22:19:07.448762+00
21	11	63	FitForExport		0	37.5	23	182	2025-03-27 22:19:26.707713+00
22	11	64	FitForExport		0	365	23	182	2025-03-27 22:19:49.602229+00
23	11	65	FitForExport		0	560	23	182	2025-03-27 22:20:12.50263+00
24	11	66	FitForExport		0	56	23	182	2025-03-27 22:20:30.120473+00
25	11	67	FitForExport		0	155	23	182	2025-03-27 22:20:59.508642+00
26	11	68	FitForExport		0	1377.6	23	182	2025-03-27 22:21:40.588732+00
27	11	69	FitForExport		0	835	23	182	2025-03-27 22:22:05.722395+00
28	11	70	FitForExport		0	73.5	23	182	2025-03-27 22:22:43.950104+00
29	11	71	FitForExport		0	1250	23	182	2025-03-27 22:23:17.170641+00
30	11	72	FitForExport		0	1192.5	23	182	2025-03-27 22:23:42.686253+00
31	11	73	FitForExport		0	205	23	182	2025-03-27 22:24:18.890098+00
32	11	74	FitForExport		0	185	23	182	2025-03-27 22:24:36.092695+00
33	11	75	FitForExport		0	130	23	182	2025-03-27 22:24:55.241189+00
34	11	76	FitForExport		0	135	23	182	2025-03-27 22:25:15.836465+00
35	12	77	FitForExport		0	165	23	185	2025-03-28 04:30:03.597572+00
36	12	78	FitForExport		0	350	23	185	2025-03-28 04:30:24.338798+00
37	12	79	FitForExport		0	350	23	185	2025-03-28 04:30:43.458931+00
38	12	80	FitForExport		0	230	23	185	2025-03-28 04:31:07.500506+00
39	8	32	FitForExport		0	800	23	214	2025-03-28 04:41:36.218312+00
40	8	33	FitForExport		0	1200	23	214	2025-03-28 04:41:55.728919+00
41	8	34	FitForExport		0	330	23	214	2025-03-28 04:42:23.918968+00
42	8	35	FitForExport		0	560	23	214	2025-03-28 04:43:00.636066+00
43	8	36	FitForExport		0	250	23	214	2025-03-28 04:43:22.829251+00
44	8	37	FitForExport		0	550	23	214	2025-03-28 04:46:25.289477+00
45	8	38	FitForExport		0	240	23	214	2025-03-28 04:46:52.976506+00
46	8	39	FitForExport		0	330	23	214	2025-03-28 04:47:17.088639+00
47	8	40	FitForExport		0	330	23	214	2025-03-28 04:47:43.035274+00
48	9	41	FitForExport		0	600	23	214	2025-03-28 04:50:21.372899+00
49	9	42	FitForExport		0	140	23	214	2025-03-28 04:50:40.7905+00
50	9	43	FitForExport		0	200	23	214	2025-03-28 04:50:58.821646+00
51	9	44	FitForExport		0	230	23	214	2025-03-28 04:51:17.907498+00
52	9	45	FitForExport		0	42	23	214	2025-03-28 04:51:45.302581+00
53	9	46	FitForExport		0	100	23	214	2025-03-28 04:52:05.751162+00
54	9	47	FitForExport		0	60	23	214	2025-03-28 04:52:26.22319+00
55	13	81	FitForExport		0	420	23	208	2025-03-28 04:53:49.907961+00
56	13	82	FitForExport		0	30	23	208	2025-03-28 04:54:07.338771+00
57	13	83	FitForExport		0	25	23	208	2025-03-28 04:54:24.819092+00
58	13	84	FitForExport		0	200	23	208	2025-03-28 04:54:41.511331+00
59	13	85	FitForExport		0	350	23	208	2025-03-28 04:55:11.925722+00
60	13	86	FitForExport		0	50	23	208	2025-03-28 04:55:35.350852+00
61	5	22	FitForExport		0	204	23	241	2025-03-28 04:58:33.263088+00
62	5	23	FitForExport		0	800	23	241	2025-03-28 04:58:56.651126+00
63	26	139	FitForExport		0	1600	21	129	2025-03-28 23:06:14.783469+00
64	26	140	FitForExport		0	800	21	129	2025-03-28 23:06:19.587003+00
65	26	141	FitForExport		0	100	21	129	2025-03-28 23:06:24.593609+00
66	26	143	FitForExport		0	250	21	129	2025-03-28 23:06:31.955401+00
67	26	142	FitForExport		0	140	21	129	2025-03-28 23:06:43.163164+00
68	32	169	FitForExport		0	64	21	146	2025-03-28 23:09:35.757265+00
69	32	170	FitForExport		0	48	21	146	2025-03-28 23:09:42.223067+00
70	32	171	FitForExport		0	24	21	146	2025-03-28 23:09:46.479244+00
71	32	172	FitForExport		0	50	21	146	2025-03-28 23:09:51.118958+00
72	32	173	FitForExport		0	68	21	146	2025-03-28 23:09:57.402685+00
73	32	174	FitForExport		0	16	21	146	2025-03-28 23:10:01.426228+00
74	32	175	FitForExport		0	160	21	146	2025-03-28 23:10:05.659865+00
75	34	185	FitForExport		0	980	21	228	2025-03-29 04:52:31.908061+00
76	34	186	FitForExport		0	1000	21	228	2025-03-29 04:52:35.790829+00
77	34	187	FitForExport		0	50	21	228	2025-03-29 04:52:39.781971+00
78	34	188	FitForExport		0	900	21	228	2025-03-29 04:52:43.852218+00
79	34	189	FitForExport		0	200	21	228	2025-03-29 04:52:49.547728+00
80	30	160	FitForExport		0	52.5	21	252	2025-03-29 04:53:24.906503+00
81	30	161	FitForExport		0	240	21	252	2025-03-29 04:53:28.846856+00
82	30	162	FitForExport		0	1000	21	252	2025-03-29 04:53:35.541257+00
83	30	163	FitForExport		0	1500	21	252	2025-03-29 04:53:42.660964+00
84	30	164	FitForExport		0	2500	21	252	2025-03-29 04:53:46.479719+00
85	27	144	FitForExport		0	300	21	186	2025-03-29 04:54:34.245789+00
86	27	145	FitForExport		0	105	21	186	2025-03-29 04:54:37.950998+00
87	27	146	FitForExport		0	180	21	186	2025-03-29 04:54:45.819143+00
88	27	147	FitForExport		0	210	21	186	2025-03-29 04:54:49.707463+00
89	27	148	FitForExport		0	50	21	186	2025-03-29 04:54:55.368768+00
90	27	149	FitForExport		0	140	21	186	2025-03-29 04:54:58.991866+00
91	27	150	FitForExport		0	75	21	186	2025-03-29 04:55:07.971086+00
92	29	154	FitForExport		0	390	21	186	2025-03-29 04:55:54.093557+00
93	29	153	FitForExport		0	840	21	186	2025-03-29 04:56:03.117395+00
94	29	155	FitForExport		0	1050	21	186	2025-03-29 04:56:07.14159+00
95	29	156	FitForExport		0	540	21	186	2025-03-29 04:56:11.412998+00
96	29	157	FitForExport		0	500	21	186	2025-03-29 04:56:15.185505+00
97	29	158	FitForExport		0	140	21	186	2025-03-29 04:56:19.253694+00
98	29	159	FitForExport		0	100	21	186	2025-03-29 04:56:23.074898+00
99	35	193	FitForExport		0	1000	21	220	2025-03-29 04:57:15.500816+00
100	35	190	FitForExport		0	1400	21	220	2025-03-29 04:57:19.507169+00
101	35	191	FitForExport		0	5000	21	220	2025-03-29 04:57:23.634647+00
102	35	192	FitForExport		0	400	21	220	2025-03-29 04:57:27.599258+00
103	36	194	FitForExport		0	120	21	241	2025-03-29 05:39:55.965844+00
104	36	195	FitForExport		0	100	21	241	2025-03-29 05:40:00.132936+00
105	36	196	FitForExport		0	200	21	241	2025-03-29 05:40:03.949123+00
106	36	197	FitForExport		0	704	21	241	2025-03-29 05:40:07.995337+00
107	37	198	FitForExport		0	1600	21	246	2025-03-29 05:47:26.206713+00
108	37	199	FitForExport		0	1008	21	246	2025-03-29 05:47:30.545281+00
109	37	200	FitForExport		0	800	21	246	2025-03-29 05:47:34.456582+00
110	37	201	FitForExport		0	400	21	246	2025-03-29 05:47:38.293328+00
111	24	130	FitForExport		0	2020	21	218	2025-03-29 05:50:27.31416+00
112	23	129	FitForExport		0	2730	21	218	2025-03-29 05:50:54.160672+00
113	28	151	FitForExport		0	800	21	210	2025-03-29 05:54:41.958231+00
114	28	152	FitForExport		0	200	21	210	2025-03-29 05:54:45.821397+00
115	33	176	FitForExport		0	1000	12	208	2025-03-29 08:24:53.721672+00
116	33	177	FitForExport		0	1000	12	208	2025-03-29 08:24:59.656125+00
117	33	178	FitForExport		0	500	12	208	2025-03-29 08:25:05.806791+00
118	33	179	FitForExport		0	350	12	208	2025-03-29 08:25:10.436756+00
119	33	180	FitForExport		0	700	12	208	2025-03-29 08:25:14.170329+00
120	33	181	FitForExport		0	250	12	208	2025-03-29 08:25:20.694663+00
121	33	182	FitForExport		0	1190	12	208	2025-03-29 08:25:23.943466+00
122	33	183	FitForExport		0	300	12	208	2025-03-29 08:25:27.993836+00
123	33	184	FitForExport		0	10	12	208	2025-03-29 08:25:32.643182+00
124	38	202	FitForExport		0	675	12	147	2025-03-29 09:34:04.708574+00
125	38	203	FitForExport		0	300	12	147	2025-03-29 09:34:08.67337+00
126	38	204	FitForExport		0	450	12	147	2025-03-29 09:34:12.448063+00
127	38	205	FitForExport		0	120	12	147	2025-03-29 09:34:15.802973+00
128	38	206	FitForExport		0	60	12	147	2025-03-29 09:34:19.5225+00
129	38	207	FitForExport		0	750	12	147	2025-03-29 09:34:22.834656+00
130	25	131	FitForExport		0	240	12	218	2025-03-29 09:39:18.835726+00
131	25	132	FitForExport		0	50	12	218	2025-03-29 09:39:23.797495+00
132	25	133	FitForExport		0	150	12	218	2025-03-29 09:39:28.302449+00
133	25	134	FitForExport		0	560	12	218	2025-03-29 09:39:32.00238+00
134	25	135	FitForExport		0	100	12	218	2025-03-29 09:39:35.970667+00
135	25	136	FitForExport		0	75	12	218	2025-03-29 09:39:39.899496+00
136	25	137	FitForExport		0	80	12	218	2025-03-29 09:39:43.497443+00
137	25	138	FitForExport		0	50	12	218	2025-03-29 09:39:46.862435+00
138	40	215	FitForExport		0	925	12	147	2025-03-29 16:18:49.490417+00
139	40	216	FitForExport		0	925	12	147	2025-03-29 16:19:43.84847+00
140	41	217	FitForExport		0	959.5	12	227	2025-03-29 16:20:58.565436+00
141	41	218	FitForExport		0	2240	12	227	2025-03-29 16:21:18.796319+00
142	18	97	FitForExport		0	300	12	254	2025-03-29 16:22:47.6645+00
143	18	98	FitForExport		0	225	12	254	2025-03-29 16:22:52.283055+00
144	51	256	FitForExport		0	350	21	201	2025-03-30 06:10:19.950013+00
145	51	257	FitForExport		0	497	21	201	2025-03-30 06:10:26.650509+00
146	51	258	FitForExport		0	84	21	201	2025-03-30 06:10:51.013184+00
147	51	259	FitForExport		0	204	21	201	2025-03-30 06:10:59.595775+00
148	51	260	FitForExport		0	217	21	201	2025-03-30 06:11:04.097536+00
149	51	261	FitForExport		0	150	21	201	2025-03-30 06:11:08.749336+00
150	55	282	FitForExport		0	280	21	208	2025-03-30 09:10:58.177122+00
151	55	281	FitForExport		0	160	21	208	2025-03-30 09:11:08.626003+00
152	55	283	FitForExport		0	30	21	208	2025-03-30 09:11:13.235416+00
153	55	284	FitForExport		0	400	21	208	2025-03-30 09:11:17.558956+00
154	55	285	FitForExport		0	150	21	208	2025-03-30 09:11:21.214698+00
155	55	286	FitForExport		0	10	21	208	2025-03-30 09:11:25.120573+00
156	55	287	FitForExport		0	20	21	208	2025-03-30 09:11:28.634902+00
157	55	288	FitForExport		0	70	21	208	2025-03-30 09:11:32.934253+00
158	53	268	FitForExport		0	150	21	208	2025-03-30 09:14:09.904429+00
159	53	269	FitForExport		0	100	21	208	2025-03-30 09:14:16.068589+00
160	53	270	FitForExport		0	50	21	208	2025-03-30 09:14:21.781975+00
161	53	271	FitForExport		0	84	21	208	2025-03-30 09:14:28.057363+00
162	53	272	FitForExport		0	75	21	208	2025-03-30 09:14:33.561442+00
163	53	273	FitForExport		0	80	21	208	2025-03-30 09:14:37.299926+00
164	53	274	FitForExport		0	10	21	208	2025-03-30 09:14:43.202292+00
165	53	275	FitForExport		0	50	21	208	2025-03-30 09:14:46.911785+00
166	53	276	FitForExport		0	250	21	208	2025-03-30 09:14:50.924256+00
167	53	277	FitForExport		0	80	21	208	2025-03-30 09:14:54.946507+00
168	53	278	FitForExport		0	100	21	208	2025-03-30 09:14:59.462774+00
169	31	165	FitForExport		0	80	21	262	2025-03-30 09:16:02.639758+00
170	31	166	FitForExport		0	68	21	262	2025-03-30 09:16:07.582622+00
171	31	167	FitForExport		0	640	21	262	2025-03-30 09:16:16.660182+00
172	31	168	FitForExport		0	28	21	262	2025-03-30 09:16:20.851488+00
173	58	303	FitForExport		0	388	21	186	2025-03-30 09:19:28.497791+00
174	58	304	FitForExport		0	448	21	186	2025-03-30 09:19:32.065486+00
175	58	305	FitForExport		0	188	21	186	2025-03-30 09:19:35.789764+00
176	58	306	FitForExport		0	1024	21	186	2025-03-30 09:19:39.330472+00
177	54	279	FitForExport		0	750	15	241	2025-03-30 12:24:53.614229+00
178	54	280	FitForExport		0	204	15	241	2025-03-30 12:25:00.359468+00
179	49	246	FitForExport		0	110	15	185	2025-03-30 12:28:21.618003+00
180	49	247	FitForExport		0	210	15	185	2025-03-30 12:28:46.51595+00
181	49	248	FitForExport		0	350	15	185	2025-03-30 12:29:00.357603+00
182	49	249	FitForExport		0	150	15	185	2025-03-30 12:29:11.126803+00
183	49	250	FitForExport		0	350	15	185	2025-03-30 12:29:24.0872+00
184	49	251	FitForExport		0	110	15	185	2025-03-30 12:29:40.658769+00
185	52	262	FitForExport		0	700	15	214	2025-03-30 12:32:56.278785+00
186	52	263	FitForExport		0	800	15	214	2025-03-30 12:33:09.633821+00
187	52	264	FitForExport		0	1000	15	214	2025-03-30 12:33:22.437118+00
188	52	265	FitForExport		0	700	15	214	2025-03-30 12:33:38.475263+00
189	52	266	FitForExport		0	700	15	214	2025-03-30 12:34:03.21666+00
190	52	267	FitForExport		0	500	15	214	2025-03-30 12:34:17.293745+00
191	50	252	FitForExport		0	800	15	131	2025-03-30 12:37:24.057332+00
192	50	253	FitForExport		0	6	15	131	2025-03-30 12:37:48.03233+00
193	50	254	FitForExport		0	550	15	131	2025-03-30 12:37:57.39158+00
194	50	255	FitForExport		0	215	15	131	2025-03-30 12:38:12.157695+00
195	91	477	FitForExport		0	1050	23	236	2025-03-31 12:54:58.749134+00
196	91	478	FitForExport		0	1000	23	236	2025-03-31 12:55:27.21152+00
197	90	476	FitForExport		0	180	23	238	2025-03-31 12:57:10.97101+00
198	87	462	FitForExport		0	200	23	229	2025-03-31 13:09:12.293696+00
199	80	415	FitForExport		0	560	23	214	2025-03-31 13:15:20.086319+00
200	80	416	FitForExport		0	800	23	214	2025-03-31 13:16:08.266715+00
201	80	417	FitForExport		0	1200	23	214	2025-03-31 13:17:06.816047+00
202	80	418	FitForExport		0	440	23	214	2025-03-31 13:17:32.484306+00
203	80	419	FitForExport		0	220	23	214	2025-03-31 13:17:53.606111+00
204	80	420	FitForExport		0	220	23	214	2025-03-31 13:19:30.218817+00
205	80	421	FitForExport		0	165	23	214	2025-03-31 13:19:49.105087+00
206	80	422	FitForExport		0	240	23	214	2025-03-31 13:20:09.140185+00
207	86	461	FitForExport		0	50	23	229	2025-03-31 13:22:18.227417+00
208	84	443	FitForExport		0	275	23	214	2025-03-31 13:25:37.425331+00
209	84	444	FitForExport		0	550	23	214	2025-03-31 13:26:02.03779+00
210	84	445	FitForExport		0	400	23	214	2025-03-31 13:26:31.501015+00
211	84	446	FitForExport		0	275	23	214	2025-03-31 13:27:10.157633+00
212	75	379	FitForExport		0	189	23	237	2025-03-31 13:30:38.706301+00
213	75	380	FitForExport		0	920	23	237	2025-03-31 13:31:04.337708+00
214	75	381	FitForExport		0	292.5	23	237	2025-03-31 13:32:19.437267+00
215	75	382	FitForExport		0	160	23	237	2025-03-31 13:32:47.719022+00
216	75	383	FitForExport		0	100	23	237	2025-03-31 13:33:23.906477+00
217	75	384	FitForExport		0	862.5	23	237	2025-03-31 13:34:58.450781+00
218	75	385	FitForExport		0	736	23	237	2025-03-31 13:37:18.628841+00
219	75	386	FitForExport		0	50	23	237	2025-03-31 13:38:31.440839+00
220	75	387	FitForExport		0	75	23	237	2025-03-31 13:39:52.879183+00
221	75	388	FitForExport		0	144	23	237	2025-03-31 13:41:07.009466+00
222	75	389	FitForExport		0	50	23	237	2025-03-31 13:41:37.847613+00
223	75	390	FitForExport		0	200	23	237	2025-03-31 13:42:10.137572+00
224	72	345	FitForExport		0	560	23	181	2025-03-31 14:05:25.826811+00
225	72	346	FitForExport		0	30	23	181	2025-03-31 14:05:44.789245+00
226	72	347	FitForExport		0	2080	23	181	2025-03-31 14:06:17.526235+00
227	72	348	FitForExport		0	360	23	181	2025-03-31 14:07:50.623854+00
228	72	349	FitForExport		0	410	23	181	2025-03-31 14:08:12.866339+00
229	72	350	FitForExport		0	1000	23	181	2025-03-31 14:08:39.904459+00
230	72	351	FitForExport		0	80	23	181	2025-03-31 14:08:59.747693+00
231	72	352	FitForExport		0	240	23	181	2025-03-31 14:09:18.659301+00
232	72	353	FitForExport		0	48	23	181	2025-03-31 14:09:38.287806+00
233	60	314	FitForExport		0	300	23	129	2025-03-31 14:16:29.025792+00
234	60	315	FitForExport		0	360	23	129	2025-03-31 14:16:50.680828+00
235	60	316	FitForExport		0	400	23	129	2025-03-31 14:17:10.155426+00
236	60	317	FitForExport		0	1000	23	129	2025-03-31 14:17:47.361358+00
237	60	318	FitForExport		0	400	23	129	2025-03-31 14:18:24.613464+00
238	60	319	FitForExport		0	250	23	129	2025-03-31 14:18:49.921503+00
239	60	320	FitForExport		0	480	23	129	2025-03-31 14:19:12.083996+00
240	68	338	FitForExport		0	150	23	222	2025-03-31 14:21:44.781046+00
241	68	339	FitForExport		0	600	23	222	2025-03-31 14:22:04.712784+00
242	68	340	FitForExport		0	208	23	222	2025-03-31 14:22:27.512263+00
243	99	552	FitForExport		0	40	21	188	2025-03-31 16:32:12.005546+00
244	99	553	FitForExport		0	40	21	188	2025-03-31 16:32:16.314829+00
245	99	554	FitForExport		0	60	21	188	2025-03-31 16:32:20.381252+00
246	99	555	FitForExport		0	40	21	188	2025-03-31 16:32:24.315043+00
247	99	556	FitForExport		0	665	21	188	2025-03-31 16:32:28.252782+00
248	99	557	FitForExport		0	150	21	188	2025-03-31 16:32:31.902327+00
249	99	558	FitForExport		0	20	21	188	2025-03-31 16:32:35.862279+00
250	99	559	FitForExport		0	15	21	188	2025-03-31 16:32:40.13069+00
251	61	321	FitForExport		0	1200	24	241	2025-04-01 06:19:08.111411+00
252	69	341	FitForExport		0	940	24	159	2025-04-01 06:23:06.890725+00
253	62	322	FitForExport		0	1000	24	241	2025-04-01 06:26:38.682038+00
254	96	533	FitForExport		0	400	24	221	2025-04-01 06:36:06.141767+00
255	97	535	FitForExport		0	450	24	221	2025-04-01 06:39:49.970798+00
256	97	536	FitForExport		0	630	24	221	2025-04-01 06:40:24.815317+00
257	97	537	FitForExport		0	100	24	221	2025-04-01 06:40:54.661184+00
258	97	538	FitForExport		0	250	24	221	2025-04-01 06:41:19.721279+00
259	97	539	FitForExport		0	100	24	221	2025-04-01 06:41:39.659318+00
260	96	534	FitForExport		0	1200	24	221	2025-04-01 06:43:51.740826+00
261	73	354	FitForExport		0	2597	24	159	2025-04-01 06:47:05.769018+00
262	73	355	FitForExport		0	510	24	159	2025-04-01 06:48:16.778443+00
263	110	619	FitForExport		0	120	24	264	2025-04-01 07:07:37.024386+00
264	109	617	FitForExport		0	250	24	147	2025-04-01 09:39:09.287921+00
265	109	618	FitForExport		0	200	24	147	2025-04-01 09:39:24.037775+00
266	109	616	FitForExport		0	225	24	147	2025-04-01 09:39:35.687837+00
267	109	615	FitForExport		0	450	24	147	2025-04-01 09:39:47.92323+00
268	109	614	FitForExport		0	900	24	147	2025-04-01 09:40:09.424969+00
269	109	613	FitForExport		0	825	24	147	2025-04-01 09:40:19.757454+00
270	106	607	FitForExport		0	420	24	147	2025-04-01 09:42:15.219428+00
275	106	603	FitForExport		0	475	24	147	2025-04-01 09:43:40.098458+00
276	110	625	FitForExport		0	200	24	264	2025-04-01 09:45:25.794269+00
279	110	623	FitForExport		0	50	24	264	2025-04-01 09:45:59.067463+00
281	110	621	FitForExport		0	5	24	264	2025-04-01 09:46:22.09745+00
285	89	473	FitForExport		0	950	24	147	2025-04-01 09:49:39.404398+00
271	106	608	FitForExport		0	600	24	147	2025-04-01 09:42:29.712452+00
272	106	606	FitForExport		0	950	24	147	2025-04-01 09:42:44.078147+00
273	106	605	FitForExport		0	950	24	147	2025-04-01 09:43:02.092641+00
274	106	604	FitForExport		0	950	24	147	2025-04-01 09:43:27.309398+00
277	110	626	FitForExport		0	100	24	264	2025-04-01 09:45:37.453532+00
278	110	624	FitForExport		0	300	24	264	2025-04-01 09:45:47.766947+00
280	110	622	FitForExport		0	200	24	264	2025-04-01 09:46:11.726645+00
282	110	620	FitForExport		0	70	24	264	2025-04-01 09:46:32.413464+00
283	89	474	FitForExport		0	475	24	147	2025-04-01 09:49:16.854679+00
284	89	475	FitForExport		0	600	24	147	2025-04-01 09:49:27.504258+00
286	89	472	FitForExport		0	950	24	147	2025-04-01 09:49:52.704262+00
287	107	609	FitForExport		0	20	16	254	2025-04-01 16:52:26.881414+00
288	107	610	FitForExport		0	16	16	254	2025-04-01 16:52:33.701576+00
289	107	611	FitForExport		0	18	16	254	2025-04-01 16:52:39.909751+00
290	108	612	FitForExport		0	640	16	254	2025-04-01 16:55:47.224234+00
291	113	632	FitForExport		0	200	16	227	2025-04-01 16:56:42.71384+00
292	113	633	FitForExport		0	160	16	227	2025-04-01 16:56:48.219185+00
293	113	634	FitForExport		0	224	16	227	2025-04-01 16:56:53.631994+00
294	113	635	FitForExport		0	85	16	227	2025-04-01 16:56:59.099902+00
295	113	636	FitForExport		0	30	16	227	2025-04-01 16:57:04.410126+00
296	113	637	FitForExport		0	330	16	227	2025-04-01 16:57:11.172935+00
297	100	560	FitForExport		0	15	16	227	2025-04-01 16:59:16.917325+00
298	100	561	FitForExport		0	215	16	227	2025-04-01 16:59:23.066415+00
299	100	562	FitForExport		0	30	16	227	2025-04-01 16:59:32.872459+00
300	119	662	FitForExport		0	676	16	199	2025-04-01 23:21:38.403544+00
301	119	661	FitForExport		0	1120	16	199	2025-04-01 23:21:49.807677+00
302	119	657	FitForExport		0	360	16	199	2025-04-01 23:22:03.456794+00
303	119	658	FitForExport		0	375	16	199	2025-04-01 23:22:09.533219+00
304	119	659	FitForExport		0	570	16	199	2025-04-01 23:22:16.358967+00
305	119	660	FitForExport		0	1125	16	199	2025-04-01 23:22:22.007859+00
306	112	630	FitForExport		0	30	16	160	2025-04-01 23:25:37.064334+00
307	112	631	FitForExport		0	120	16	160	2025-04-01 23:25:45.788907+00
308	112	629	FitForExport		0	1125	16	160	2025-04-01 23:25:52.820661+00
309	112	628	FitForExport		0	192	16	160	2025-04-01 23:26:03.199507+00
310	117	655	FitForExport		0	3730	16	218	2025-04-02 01:05:08.301701+00
311	120	663	FitForExport		0	1500	17	228	2025-04-02 05:35:38.884749+00
312	120	664	FitForExport		0	800	17	228	2025-04-02 05:35:47.759665+00
313	120	665	FitForExport		0	1750	17	228	2025-04-02 05:35:55.873093+00
314	123	674	FitForExport		0	120	17	241	2025-04-02 05:37:31.639244+00
315	123	675	FitForExport		0	600	17	241	2025-04-02 05:37:40.428022+00
316	123	676	FitForExport		0	252	17	241	2025-04-02 05:37:51.656174+00
317	123	677	FitForExport		0	600	17	241	2025-04-02 05:37:56.272408+00
318	123	678	FitForExport		0	16	17	241	2025-04-02 05:38:01.571943+00
319	122	669	FitForExport		0	264	17	241	2025-04-02 05:39:31.033003+00
320	122	670	FitForExport		0	200	17	241	2025-04-02 05:39:38.100684+00
321	122	671	FitForExport		0	36	17	241	2025-04-02 05:39:48.432264+00
322	122	672	FitForExport		0	96	17	241	2025-04-02 05:39:56.320601+00
323	122	673	FitForExport		0	152	17	241	2025-04-02 05:40:04.032233+00
324	121	666	FitForExport		0	400	17	241	2025-04-02 05:40:54.494234+00
325	121	667	FitForExport		0	1000	17	241	2025-04-02 05:41:01.271966+00
326	121	668	FitForExport		0	252	17	241	2025-04-02 05:41:10.871247+00
327	115	642	FitForExport		0	750	17	208	2025-04-02 05:43:19.392238+00
328	115	643	FitForExport		0	400	17	208	2025-04-02 05:43:27.899609+00
329	115	644	FitForExport		0	50	17	208	2025-04-02 05:43:36.240987+00
330	115	645	FitForExport		0	120	17	208	2025-04-02 05:43:43.773378+00
331	115	646	FitForExport		0	770	17	208	2025-04-02 05:43:48.660447+00
332	115	647	FitForExport		0	25	17	208	2025-04-02 05:43:53.631205+00
333	115	648	FitForExport		0	150	17	208	2025-04-02 05:44:00.172801+00
334	115	649	FitForExport		0	400	17	208	2025-04-02 05:44:06.353424+00
335	115	650	FitForExport		0	250	17	208	2025-04-02 05:44:10.87252+00
336	115	651	FitForExport		0	200	17	208	2025-04-02 05:44:16.314126+00
337	126	694	FitForExport		0	490	11	166	2025-04-02 12:53:48.969959+00
338	126	695	FitForExport		0	350	11	166	2025-04-02 12:54:01.880904+00
339	126	696	FitForExport		0	150	11	166	2025-04-02 12:54:13.124186+00
340	126	697	FitForExport		0	250	11	166	2025-04-02 12:54:27.176066+00
341	126	698	FitForExport		0	780	11	166	2025-04-02 12:54:44.323617+00
342	114	641	FitForExport		0	140	11	221	2025-04-02 12:57:55.015502+00
343	114	640	FitForExport		0	1000	11	221	2025-04-02 12:58:02.830354+00
344	114	639	FitForExport		0	60	11	221	2025-04-02 12:58:10.787462+00
345	114	638	FitForExport		0	3500	11	221	2025-04-02 12:58:19.714867+00
346	111	627	FitForExport		0	4200	11	246	2025-04-02 13:11:37.426166+00
347	124	679	FitForExport		0	640	11	246	2025-04-02 13:13:45.682559+00
348	124	680	FitForExport		0	640	11	246	2025-04-02 13:13:58.644689+00
349	124	681	FitForExport		0	1200	11	246	2025-04-02 13:14:10.488209+00
350	124	682	FitForExport		0	400	11	246	2025-04-02 13:14:27.333018+00
351	124	683	FitForExport		0	180	11	246	2025-04-02 13:14:40.778151+00
352	124	684	FitForExport		0	880	11	246	2025-04-02 13:15:00.715138+00
353	124	685	FitForExport		0	400	11	246	2025-04-02 13:15:17.362948+00
354	124	686	FitForExport		0	90	11	246	2025-04-02 13:15:35.123811+00
\.


--
-- Data for Name: qcp5inspectionreport; Type: TABLE DATA; Schema: public; Owner: -
--

COPY public.qcp5inspectionreport (id, consignment_no, notes, user_id, exportcompany_id, created_at) FROM stdin;
1	CN-9VWLP5NF	Cleared for export 	21	182	2025-03-27 12:25:55.981487+00
2	CN-GU0XDPRA	Inspected and Cleared for Export	23	182	2025-03-27 22:26:23.424146+00
3	CN-GTCTK3L5	Inspected and Cleared for Export	23	185	2025-03-28 04:32:01.874381+00
4	CN-OQKW578J	Inspected and Cleared for Export	23	214	2025-03-28 04:49:31.343978+00
5	CN-PR8M6F15	Inspected and Cleared for Export	23	214	2025-03-28 04:53:06.628345+00
6	CN-4EQ7O20D	Inspected and Cleared for Export	23	208	2025-03-28 04:56:20.629189+00
7	CN-R5L97R70	Inspected and Cleared for Export	23	241	2025-03-28 04:59:40.484802+00
8	CN-XFAK4BR9	Cleared for export 	21	129	2025-03-28 23:07:02.022901+00
9	CN-S6L5EM5Z	Cleared for export 	21	146	2025-03-28 23:10:17.770058+00
10	CN-TAX66NAU	Cleared for export 	21	228	2025-03-29 04:53:02.934978+00
11	CN-UUQG2XK1	Cleared for export 	21	252	2025-03-29 04:53:56.479456+00
12	CN-RSD66WR9	Cleared for export 	21	186	2025-03-29 04:55:20.398841+00
13	CN-PM3MI9MC	Cleared for export 	21	186	2025-03-29 04:56:35.208455+00
14	CN-YOCPTRAD	Cleared for export 	21	220	2025-03-29 04:57:37.730048+00
15	CN-CMIF0TFE	Cleared for export 	21	241	2025-03-29 05:40:17.881033+00
16	CN-MAN33J91	Cleared for export 	21	246	2025-03-29 05:47:51.290313+00
17	CN-XM1LAQF2	Cleared for export 	21	218	2025-03-29 05:50:36.351114+00
18	CN-PHE087D4	Cleared for export 	21	218	2025-03-29 05:51:03.805982+00
19	CN-8VWOGWWO	Cleared for export 	21	210	2025-03-29 05:54:57.065217+00
20	CN-O4QP4W4M	Cleared for export 	12	208	2025-03-29 08:30:54.287221+00
21	CN-LGG8N7EK	Cleared for export.	12	147	2025-03-29 09:34:43.191501+00
22	CN-Y2QRLMDZ	Cleared for export.	12	218	2025-03-29 09:40:09.128305+00
23	CN-3N1PYHJM	Cleared for export 	12	147	2025-03-29 16:20:01.390528+00
24	CN-AGU91HJ6	Cleared for export 	12	227	2025-03-29 16:21:54.650768+00
25	CN-ZYPG218G	Cleared for export 	12	254	2025-03-29 16:23:07.133495+00
26	CN-JNXH01WO	Cleared for export 	21	201	2025-03-30 06:11:30.388729+00
27	CN-EFILKCJN	Cleared for export 	21	208	2025-03-30 09:11:43.785862+00
28	CN-142B0HPL	Cleared for export 	21	208	2025-03-30 09:15:12.577859+00
29	CN-TLU4GUE7	Cleared for export 	21	262	2025-03-30 09:16:50.730933+00
30	CN-UTUG1KBJ	Cleared for export 	21	186	2025-03-30 09:19:50.121358+00
31	CN-ST3LLMQS	cleared	15	241	2025-03-30 12:25:49.464031+00
32	CN-UXZVVAPV	cleared	15	185	2025-03-30 12:30:54.632943+00
33	CN-RQSQYLHN	cleared	15	214	2025-03-30 12:35:17.725695+00
34	CN-1IGTM3F0	cleared	15	131	2025-03-30 13:12:53.940101+00
35	CN-MS0VQY7G	Inspected and Cleared for Export	23	236	2025-03-31 12:56:21.990271+00
36	CN-B3AFMK2O	Inspected and Cleared for Export	23	238	2025-03-31 12:58:02.982455+00
37	CN-LHPLEB2F	Inspected and Cleared for Export	23	229	2025-03-31 13:10:18.603+00
38	CN-S7GVDZ85	Inspected and Cleared for Export	23	214	2025-03-31 13:20:59.696434+00
39	CN-KIBSB5TT	Inspected and Cleared for Export	23	229	2025-03-31 13:24:33.123693+00
40	CN-WECKAM7W	Inspected and Cleared for Export	23	237	2025-03-31 13:45:14.122661+00
41	CN-UBJCYIW3	Inspected and Cleared for Export	23	181	2025-03-31 14:10:24.919831+00
42	CN-KKS5CFT6	Inspected and Cleared for Export	23	129	2025-03-31 14:19:57.411455+00
43	CN-WJEPZT8Z	Inspected and Cleared for Export	23	222	2025-03-31 14:23:24.391913+00
44	CN-JU5PK68W	Cleared for export 	21	188	2025-03-31 16:33:09.34524+00
45	CN-VFCAZAFG	Cleared for export 	24	241	2025-04-01 06:20:02.622353+00
46	CN-TJX7UWD6	Cleared for export 	24	241	2025-04-01 06:27:02.652177+00
47	CN-EWM4CNT1	Cleared for export 	24	221	2025-04-01 06:42:12.212471+00
48	CN-I1RFPOFP	Cleared for export 	24	221	2025-04-01 06:44:06.628954+00
49	CN-WBQY9ERU	Cleared for export 	24	159	2025-04-01 06:48:44.033609+00
50	CN-UQV1ZPL8	cleared for export	24	147	2025-04-01 09:40:51.43596+00
51	CN-WW7WFYQW	cleared for export	24	147	2025-04-01 09:44:05.152694+00
52	CN-XHRS2153	cleared for export	24	264	2025-04-01 09:47:01.276406+00
53	CN-9RN16XFT	cleared for export	24	147	2025-04-01 09:50:17.478774+00
54	CN-67SJJBRS	Inspected and cleared	16	254	2025-04-01 16:53:22.805426+00
55	CN-514T2R36	Inspected and cleared 	16	254	2025-04-01 16:56:02.822509+00
56	CN-GJP5C1A1	Inspected and cleared 	16	227	2025-04-01 16:57:49.921694+00
57	CN-U92XJNDA	Inspected and cleared 	16	227	2025-04-01 17:00:10.70497+00
58	CN-HCNZLCFP	Inspected and cleared 	16	199	2025-04-01 23:22:37.39696+00
59	CN-Q52RYOJW	Inspected and cleared 	16	160	2025-04-01 23:26:19.331258+00
60	CN-M9Q94CJ2	Inspected and cleared 	16	218	2025-04-02 01:05:23.966915+00
61	CN-CMEJ4722	Inspected and cleared for export	17	228	2025-04-02 05:36:23.874798+00
62	CN-M70J4QUK	Inspected and cleared for export	17	241	2025-04-02 05:38:18.539907+00
63	CN-WLYZ0JUP	Inspected and cleared for export	17	241	2025-04-02 05:40:17.510478+00
64	CN-LQ4AEROU	Inspected and cleared for export	17	241	2025-04-02 05:41:25.470443+00
65	CN-FL1VH29Z	Inspected and cleared for export	17	208	2025-04-02 05:44:31.505884+00
66	CN-A4D6SFWB	Cleared for export	11	166	2025-04-02 12:55:50.249426+00
67	CN-9G4MQ3Q9	Cleared for export 	11	221	2025-04-02 12:59:13.578662+00
68	CN-IWLHOIBW	Cleared for export 	11	246	2025-04-02 13:12:21.572909+00
69	CN-OSSA5MR1	Cleared for export 	11	246	2025-04-02 13:16:13.184478+00
\.


--
-- Data for Name: qcp5inspectionreportrecommendation; Type: TABLE DATA; Schema: public; Owner: -
--

COPY public.qcp5inspectionreportrecommendation (id, consignment_no, consignment_status, target, documentdate, documentnumber, instructions, rejectionreason, rejectionweight, passedweight, user_id, exportcompany_id, created_at) FROM stdin;
1	CN-9VWLP5NF	FitForExport	\N	\N	\N	\N	\N	\N	\N	21	182	2025-03-27 12:25:48.940479+00
2	CN-GU0XDPRA	FitForExport	\N	\N	\N	\N	\N	\N	\N	23	182	2025-03-27 22:25:53.031863+00
3	CN-GTCTK3L5	FitForExport	\N	\N	\N	\N	\N	\N	\N	23	185	2025-03-28 04:31:35.240408+00
4	CN-OQKW578J	FitForExport	\N	\N	\N	\N	\N	\N	\N	23	214	2025-03-28 04:49:07.72396+00
5	CN-PR8M6F15	FitForExport	\N	\N	\N	\N	\N	\N	\N	23	214	2025-03-28 04:52:43.426617+00
6	CN-4EQ7O20D	FitForExport	\N	\N	\N	\N	\N	\N	\N	23	208	2025-03-28 04:55:55.073922+00
7	CN-R5L97R70	FitForExport	\N	\N	\N	\N	\N	\N	\N	23	241	2025-03-28 04:59:20.389268+00
8	CN-XFAK4BR9	FitForExport	\N	\N	\N	\N	\N	\N	\N	21	129	2025-03-28 23:06:53.721578+00
9	CN-S6L5EM5Z	FitForExport	\N	\N	\N	\N	\N	\N	\N	21	146	2025-03-28 23:10:11.536658+00
10	CN-TAX66NAU	FitForExport	\N	\N	\N	\N	\N	\N	\N	21	228	2025-03-29 04:52:56.004289+00
11	CN-UUQG2XK1	FitForExport	\N	\N	\N	\N	\N	\N	\N	21	252	2025-03-29 04:53:51.317786+00
12	CN-RSD66WR9	FitForExport	\N	\N	\N	\N	\N	\N	\N	21	186	2025-03-29 04:55:14.980541+00
13	CN-PM3MI9MC	FitForExport	\N	\N	\N	\N	\N	\N	\N	21	186	2025-03-29 04:56:30.175691+00
14	CN-YOCPTRAD	FitForExport	\N	\N	\N	\N	\N	\N	\N	21	220	2025-03-29 04:57:32.192186+00
15	CN-CMIF0TFE	FitForExport	\N	\N	\N	\N	\N	\N	\N	21	241	2025-03-29 05:40:12.785517+00
16	CN-MAN33J91	FitForExport	\N	\N	\N	\N	\N	\N	\N	21	246	2025-03-29 05:47:45.974866+00
17	CN-XM1LAQF2	FitForExport	\N	\N	\N	\N	\N	\N	\N	21	218	2025-03-29 05:50:31.567784+00
18	CN-PHE087D4	FitForExport	\N	\N	\N	\N	\N	\N	\N	21	218	2025-03-29 05:50:58.575958+00
19	CN-8VWOGWWO	FitForExport	\N	\N	\N	\N	\N	\N	\N	21	210	2025-03-29 05:54:52.174734+00
20	CN-O4QP4W4M	FitForExport	\N	\N	\N	\N	\N	\N	\N	12	208	2025-03-29 08:30:42.77534+00
21	CN-LGG8N7EK	FitForExport	\N	\N	\N	\N	\N	\N	\N	12	147	2025-03-29 09:34:32.270748+00
22	CN-Y2QRLMDZ	FitForExport	\N	\N	\N	\N	\N	\N	\N	12	218	2025-03-29 09:39:55.813611+00
23	CN-3N1PYHJM	FitForExport	\N	\N	\N	\N	\N	\N	\N	12	147	2025-03-29 16:19:52.805578+00
24	CN-AGU91HJ6	FitForExport	\N	\N	\N	\N	\N	\N	\N	12	227	2025-03-29 16:21:28.39048+00
25	CN-ZYPG218G	FitForExport	\N	\N	\N	\N	\N	\N	\N	12	254	2025-03-29 16:22:59.924433+00
26	CN-JNXH01WO	FitForExport	\N	\N	\N	\N	\N	\N	\N	21	201	2025-03-30 06:11:23.855861+00
27	CN-EFILKCJN	FitForExport	\N	\N	\N	\N	\N	\N	\N	21	208	2025-03-30 09:11:38.633259+00
28	CN-142B0HPL	FitForExport	\N	\N	\N	\N	\N	\N	\N	21	208	2025-03-30 09:15:06.860704+00
29	CN-TLU4GUE7	FitForExport	\N	\N	\N	\N	\N	\N	\N	21	262	2025-03-30 09:16:43.921217+00
30	CN-UTUG1KBJ	FitForExport	\N	\N	\N	\N	\N	\N	\N	21	186	2025-03-30 09:19:45.145171+00
31	CN-ST3LLMQS	FitForExport	\N	\N	\N	\N	\N	\N	\N	15	241	2025-03-30 12:25:37.249718+00
32	CN-UXZVVAPV	FitForExport	\N	\N	\N	\N	\N	\N	\N	15	185	2025-03-30 12:29:59.192615+00
33	CN-RQSQYLHN	FitForExport	\N	\N	\N	\N	\N	\N	\N	15	214	2025-03-30 12:34:54.741819+00
34	CN-1IGTM3F0	FitForExport	\N	\N	\N	\N	\N	\N	\N	15	131	2025-03-30 13:08:07.128982+00
35	CN-MS0VQY7G	FitForExport	\N	\N	\N	\N	\N	\N	\N	23	236	2025-03-31 12:55:52.911046+00
36	CN-B3AFMK2O	FitForExport	\N	\N	\N	\N	\N	\N	\N	23	238	2025-03-31 12:57:30.541474+00
37	CN-LHPLEB2F	FitForExport	\N	\N	\N	\N	\N	\N	\N	23	229	2025-03-31 13:09:49.003145+00
38	CN-S7GVDZ85	FitForExport	\N	\N	\N	\N	\N	\N	\N	23	214	2025-03-31 13:20:28.462464+00
39	CN-KIBSB5TT	FitForExport	\N	\N	\N	\N	\N	\N	\N	23	229	2025-03-31 13:23:51.263671+00
40	CN-WECKAM7W	FitForExport	\N	\N	\N	\N	\N	\N	\N	23	237	2025-03-31 13:42:38.567408+00
41	CN-UBJCYIW3	FitForExport	\N	\N	\N	\N	\N	\N	\N	23	181	2025-03-31 14:10:01.1201+00
42	CN-KKS5CFT6	FitForExport	\N	\N	\N	\N	\N	\N	\N	23	129	2025-03-31 14:19:32.590842+00
43	CN-WJEPZT8Z	FitForExport	\N	\N	\N	\N	\N	\N	\N	23	222	2025-03-31 14:22:56.419381+00
44	CN-JU5PK68W	FitForExport	\N	\N	\N	\N	\N	\N	\N	21	188	2025-03-31 16:33:03.352677+00
45	CN-VFCAZAFG	FitForExport	\N	\N	\N	\N	\N	\N	\N	24	241	2025-04-01 06:19:16.942411+00
46	CN-TJX7UWD6	FitForExport	\N	\N	\N	\N	\N	\N	\N	24	241	2025-04-01 06:26:45.731754+00
47	CN-EWM4CNT1	FitForExport	\N	\N	\N	\N	\N	\N	\N	24	221	2025-04-01 06:42:03.372353+00
48	CN-I1RFPOFP	FitForExport	\N	\N	\N	\N	\N	\N	\N	24	221	2025-04-01 06:43:58.983099+00
49	CN-WBQY9ERU	FitForExport	\N	\N	\N	\N	\N	\N	\N	24	159	2025-04-01 06:48:33.575495+00
50	CN-UQV1ZPL8	FitForExport	\N	\N	\N	\N	\N	\N	\N	24	147	2025-04-01 09:40:35.461103+00
51	CN-WW7WFYQW	FitForExport	\N	\N	\N	\N	\N	\N	\N	24	147	2025-04-01 09:43:52.904167+00
52	CN-XHRS2153	FitForExport	\N	\N	\N	\N	\N	\N	\N	24	264	2025-04-01 09:46:48.603142+00
53	CN-9RN16XFT	FitForExport	\N	\N	\N	\N	\N	\N	\N	24	147	2025-04-01 09:50:04.383749+00
54	CN-67SJJBRS	FitForExport	\N	\N	\N	\N	\N	\N	\N	16	254	2025-04-01 16:52:48.552165+00
55	CN-514T2R36	FitForExport	\N	\N	\N	\N	\N	\N	\N	16	254	2025-04-01 16:55:54.002559+00
56	CN-GJP5C1A1	FitForExport	\N	\N	\N	\N	\N	\N	\N	16	227	2025-04-01 16:57:41.937296+00
57	CN-U92XJNDA	FitForExport	\N	\N	\N	\N	\N	\N	\N	16	227	2025-04-01 16:59:55.966567+00
58	CN-HCNZLCFP	FitForExport	\N	\N	\N	\N	\N	\N	\N	16	199	2025-04-01 23:22:29.186274+00
59	CN-Q52RYOJW	FitForExport	\N	\N	\N	\N	\N	\N	\N	16	160	2025-04-01 23:26:10.991846+00
60	CN-M9Q94CJ2	FitForExport	\N	\N	\N	\N	\N	\N	\N	16	218	2025-04-02 01:05:15.603792+00
61	CN-CMEJ4722	FitForExport	\N	\N	\N	\N	\N	\N	\N	17	228	2025-04-02 05:36:04.088422+00
62	CN-M70J4QUK	FitForExport	\N	\N	\N	\N	\N	\N	\N	17	241	2025-04-02 05:38:07.011031+00
63	CN-WLYZ0JUP	FitForExport	\N	\N	\N	\N	\N	\N	\N	17	241	2025-04-02 05:40:11.3354+00
64	CN-LQ4AEROU	FitForExport	\N	\N	\N	\N	\N	\N	\N	17	241	2025-04-02 05:41:19.690365+00
65	CN-FL1VH29Z	FitForExport	\N	\N	\N	\N	\N	\N	\N	17	208	2025-04-02 05:44:24.271092+00
66	CN-A4D6SFWB	FitForExport	\N	\N	\N	\N	\N	\N	\N	11	166	2025-04-02 12:55:30.420966+00
67	CN-9G4MQ3Q9	FitForExport	\N	\N	\N	\N	\N	\N	\N	11	221	2025-04-02 12:58:56.265329+00
68	CN-IWLHOIBW	FitForExport	\N	\N	\N	\N	\N	\N	\N	11	246	2025-04-02 13:11:51.329367+00
69	CN-OSSA5MR1	FitForExport	\N	\N	\N	\N	\N	\N	\N	11	246	2025-04-02 13:15:59.181992+00
\.


--
-- Data for Name: qualityattributes; Type: TABLE DATA; Schema: public; Owner: -
--

COPY public.qualityattributes (id, description, qcp1, qcp2, qcp3, qcp4, qcp5, receptionform, status, created_at) FROM stdin;
1	Nothing observed	t	t	t	t	t	t	Active	2025-03-24 13:51:30.27172+00
2	Thrips palma (Thrips)	t	t	t	t	t	t	Active	2025-03-24 13:51:30.282359+00
3	Leucinodesorbonails (eggplant fruit borer)	t	t	t	t	t	t	Active	2025-03-24 13:51:30.283859+00
4	Aphididae (Aphids)	t	t	t	t	t	t	Active	2025-03-24 13:51:30.284584+00
5	Overmature	t	t	t	t	t	t	Active	2025-03-24 13:51:30.285247+00
6	Overly big size	t	t	t	t	t	t	Active	2025-03-24 13:51:30.286135+00
7	Diseased (Fungal, Bacterial, Viral)	t	t	t	t	t	t	Active	2025-03-24 13:51:30.288035+00
8	Brown patches	t	t	t	t	t	t	Active	2025-03-24 13:51:30.289092+00
9	Presence of foreign matter	t	t	t	t	t	t	Active	2025-03-24 13:51:30.290431+00
10	Thaumatotibialeucotreta (false codling moth)	t	t	t	t	t	t	Active	2025-03-24 13:51:30.291587+00
11	Tephritidae (Bactocerassp - fruit fly)	t	t	t	t	t	t	Active	2025-03-24 13:51:30.292651+00
12	Black spots	t	t	t	t	t	t	Active	2025-03-24 13:51:30.293571+00
13	Bruises	t	t	t	t	t	t	Active	2025-03-24 13:51:30.294448+00
14	Over ripe	t	t	t	t	t	t	Active	2025-03-24 13:51:30.295138+00
15	Damaged	t	t	t	t	t	t	Active	2025-03-24 13:51:30.295842+00
16	Sweet potato weevils	t	t	t	t	t	t	Active	2025-03-24 13:51:30.296598+00
17	Helicoverpaarmigera (African boll worm)	t	t	t	t	t	t	Active	2025-03-24 13:51:30.297934+00
18	Psuedococcidae (mealy bugs)	t	t	t	t	t	t	Active	2025-03-24 13:51:30.298871+00
19	Spodopteralittoralis (army worm)	t	t	t	t	t	t	Active	2025-03-24 13:51:30.299772+00
20	Immature	t	t	t	t	t	t	Active	2025-03-24 13:51:30.301208+00
21	Small size	t	t	t	t	t	t	Active	2025-03-24 13:51:30.30414+00
22	Fungal disease	t	t	t	t	t	t	Active	2025-03-24 13:51:30.30591+00
23	Sugarcane cracking virus	t	t	t	t	t	t	Active	2025-03-24 13:51:30.30707+00
24	Soil residue	t	t	t	t	t	t	Active	2025-03-24 13:51:30.308222+00
25	Nothing observed	t	t	t	t	t	t	Active	2025-03-24 13:51:38.01197+00
26	Thrips palma (Thrips)	t	t	t	t	t	t	Active	2025-03-24 13:51:38.013616+00
27	Leucinodesorbonails (eggplant fruit borer)	t	t	t	t	t	t	Active	2025-03-24 13:51:38.014923+00
28	Aphididae (Aphids)	t	t	t	t	t	t	Active	2025-03-24 13:51:38.016082+00
29	Overmature	t	t	t	t	t	t	Active	2025-03-24 13:51:38.017116+00
30	Overly big size	t	t	t	t	t	t	Active	2025-03-24 13:51:38.018163+00
31	Diseased (Fungal, Bacterial, Viral)	t	t	t	t	t	t	Active	2025-03-24 13:51:38.019245+00
32	Brown patches	t	t	t	t	t	t	Active	2025-03-24 13:51:38.021209+00
33	Presence of foreign matter	t	t	t	t	t	t	Active	2025-03-24 13:51:38.022634+00
34	Thaumatotibialeucotreta (false codling moth)	t	t	t	t	t	t	Active	2025-03-24 13:51:38.023567+00
35	Tephritidae (Bactocerassp - fruit fly)	t	t	t	t	t	t	Active	2025-03-24 13:51:38.024975+00
36	Black spots	t	t	t	t	t	t	Active	2025-03-24 13:51:38.026653+00
37	Bruises	t	t	t	t	t	t	Active	2025-03-24 13:51:38.028087+00
38	Over ripe	t	t	t	t	t	t	Active	2025-03-24 13:51:38.029947+00
39	Damaged	t	t	t	t	t	t	Active	2025-03-24 13:51:38.030943+00
40	Sweet potato weevils	t	t	t	t	t	t	Active	2025-03-24 13:51:38.031949+00
41	Helicoverpaarmigera (African boll worm)	t	t	t	t	t	t	Active	2025-03-24 13:51:38.032777+00
42	Psuedococcidae (mealy bugs)	t	t	t	t	t	t	Active	2025-03-24 13:51:38.033631+00
43	Spodopteralittoralis (army worm)	t	t	t	t	t	t	Active	2025-03-24 13:51:38.034419+00
44	Immature	t	t	t	t	t	t	Active	2025-03-24 13:51:38.035442+00
45	Small size	t	t	t	t	t	t	Active	2025-03-24 13:51:38.036295+00
46	Fungal disease	t	t	t	t	t	t	Active	2025-03-24 13:51:38.037982+00
47	Sugarcane cracking virus	t	t	t	t	t	t	Active	2025-03-24 13:51:38.038984+00
48	Soil residue	t	t	t	t	t	t	Active	2025-03-24 13:51:38.039959+00
\.


--
-- Data for Name: reasonrejections; Type: TABLE DATA; Schema: public; Owner: -
--

COPY public.reasonrejections (id, reasoncode, reasondescription, created_at) FROM stdin;
\.


--
-- Data for Name: reception_attributes; Type: TABLE DATA; Schema: public; Owner: -
--

COPY public.reception_attributes (id, qualityattribute_id, others, receptionform_id, qtyremoved, qtytaken, percentage, created_at) FROM stdin;
\.


--
-- Data for Name: reception_documents; Type: TABLE DATA; Schema: public; Owner: -
--

COPY public.reception_documents (id, receptionform_id, description, created_at, document_id, document) FROM stdin;
2	45	\N	2025-03-27 11:44:56.340396+00	2	2a2bc01e-3864-4f8e-b835-07968af04b5a.pdf
3	146	\N	2025-03-28 05:55:49.433087+00	2	c9b32ba4-161d-4d86-b1a9-8315cf901b97.pdf
4	206	\N	2025-03-28 13:03:29.272934+00	2	7980c67d-363e-4d73-a055-545537ee919d.pdf
5	206	\N	2025-03-28 13:04:09.87042+00	5	e12a63f7-7ece-47c1-a141-fc260e72a3f1.pdf
6	206	\N	2025-03-28 13:04:26.914824+00	4	35a1085e-c86b-4a38-b4de-18818d064666.pdf
7	206	\N	2025-03-28 13:04:41.115689+00	3	3ba0de06-fadf-462b-b358-d2d046a92a6d.pdf
8	206	\N	2025-03-28 13:11:28.353814+00	6	9535de6a-584d-40a6-a07f-837dd3bde06d.pdf
9	217	\N	2025-03-28 13:22:47.612311+00	2	0256efc2-fb47-4f72-9912-c07bfea5e0a7.pdf
10	217	\N	2025-03-28 13:23:04.770448+00	3	d09bb6bd-076a-49ad-a459-74ea2b7855e1.pdf
11	217	\N	2025-03-28 13:23:28.482581+00	4	00e5f2b2-8837-470f-845d-fdbbe8b8705d.pdf
12	217	\N	2025-03-28 13:24:02.070313+00	5	ee970e19-046c-4505-9c09-43912706d8ac.pdf
13	217	\N	2025-03-28 13:24:15.442494+00	6	3365e4bc-c4ef-43e5-8c7f-ad9ccd6901bf.pdf
14	271	\N	2025-03-28 16:22:53.86836+00	2	c319c00e-2e36-4d94-b646-fe2ae2edb488.pdf
15	271	\N	2025-03-28 16:24:04.320776+00	3	d8fc095c-62f7-48b0-93b7-e13de60c5926.pdf
16	271	\N	2025-03-28 16:24:20.314823+00	4	c83770f7-25e3-4f78-ba15-68142be5adea.pdf
17	271	\N	2025-03-28 16:24:44.297842+00	5	f54bb259-d082-47ac-93f4-9016cca0dcc4.pdf
18	271	\N	2025-03-28 16:25:00.216654+00	6	c265b9b8-ad30-4adf-927a-36816177eb30.pdf
19	284	\N	2025-03-28 17:50:49.372552+00	2	afe17ebd-5068-4561-af1f-df0c6b66a2ba.pdf
20	285	\N	2025-03-28 19:08:26.455404+00	2	675049bd-8062-4df2-a8a6-b8ea54b8af96.pdf
21	378	\N	2025-03-29 18:06:32.824864+00	2	d984923e-83d3-45e3-b6f4-ccfcca211087.pdf
22	478	\N	2025-03-30 11:26:19.495436+00	2	2d30e3f9-ec77-4837-bfbc-fab957e54b0a.pdf
23	478	\N	2025-03-30 11:27:24.458996+00	5	c7a87b1f-5fe9-4f9b-96f8-fdba09c9e1b4.pdf
24	500	\N	2025-03-30 14:11:26.838087+00	2	a21bfb12-7ad6-4de6-8730-de7ccdaa9c0d.pdf
25	500	\N	2025-03-30 14:11:52.358766+00	5	1561dc0d-672f-4ba2-b33e-536e31ac14a7.pdf
26	520	\N	2025-03-30 16:12:32.598756+00	2	0d896704-5f0c-49dc-a471-966b3d2d7a29.pdf
27	528	\N	2025-03-30 16:34:24.837724+00	2	6a9564df-c2da-4554-b87a-6f1420c23260.pdf
28	528	\N	2025-03-30 16:47:25.718179+00	3	
29	528	\N	2025-03-30 16:48:05.036605+00	4	
30	552	\N	2025-03-30 17:31:09.921665+00	2	65634ef6-ee26-4db2-b36d-1e008cf920e0.pdf
31	552	\N	2025-03-30 17:31:47.012823+00	3	d52263f2-0f65-48bf-9aad-700d6e145090.pdf
32	552	\N	2025-03-30 17:32:31.221372+00	4	4219fe2b-e80a-475e-8475-1f6b6cf98653.pdf
33	552	\N	2025-03-30 17:32:55.359924+00	5	80f4978d-00d8-4f49-ab2f-94a8cf640456.pdf
34	552	\N	2025-03-30 17:34:39.8779+00	6	533b3ece-b667-46d7-b992-587119a1d846.pdf
35	690	\N	2025-03-31 13:50:27.592337+00	5	5b0c6865-a0c2-4b4c-a04c-f8ce8a67a28f.pdf
36	738	\N	2025-04-01 11:32:26.721151+00	2	b1163301-ea37-47a3-a162-d0f70d17d977.pdf
37	741	\N	2025-04-01 11:41:28.480671+00	5	ada9caa9-3313-4fda-b12e-b102fdc483ea.pdf
38	842	\N	2025-04-02 10:56:08.857963+00	5	
39	842	\N	2025-04-02 10:57:11.306941+00	6	
40	842	\N	2025-04-02 10:58:56.178469+00	4	
41	842	\N	2025-04-02 11:03:24.448177+00	2	049456f6-31b6-41ef-9724-7185a2110c08.pdf
42	842	\N	2025-04-02 11:05:00.64775+00	3	
43	856	\N	2025-04-02 15:37:32.999846+00	3	cb8d8594-4ba3-4171-b9a4-5b03d6f71056.pdf
44	856	\N	2025-04-02 15:37:51.624968+00	4	9e4c3d6f-e54b-44a1-b27a-41bd0468145e.pdf
45	856	\N	2025-04-02 15:38:25.604328+00	5	658f5193-28d1-4a13-bd02-743667441949.pdf
46	856	\N	2025-04-02 15:39:12.128513+00	6	2ffa2264-443f-4f85-85af-dc6d401aa628.pdf
47	856	\N	2025-04-02 15:42:45.439778+00	2	4e3c5425-9e4e-4268-a682-149bbc158cd7.pdf
\.


--
-- Data for Name: reception_otherdocuments; Type: TABLE DATA; Schema: public; Owner: -
--

COPY public.reception_otherdocuments (id, documentname, description, receptionform_id, created_at) FROM stdin;
\.


--
-- Data for Name: receptionform; Type: TABLE DATA; Schema: public; Owner: -
--

COPY public.receptionform (id, supplier_id, traceability_code, order_id, crop_id, batches, netweight, phytostatus, status, modeoftransport_id, quantityrejected, previousharvestbalance, finalharvestbalance, driversname, carnumberplate, deliverytime, score, user_id, packhouse_id, exportcompany_id, created_at) FROM stdin;
1	644	UG/105/09/24112595	2	10	1	300	approved	Submitted	2	0	1000	700	Yasin	UBA 451H	2025-03-26	5	1053	219	206	2025-03-26 14:14:44.778966+00
2	644	UG/105/013/24112595	2	16	1	450	approved	Submitted	2	0	1000	550	Yasin	UBA 451H	2025-03-26	5	1053	219	206	2025-03-26 14:17:13.045183+00
3	651	UG/117/033/24112602	2	48	1	470	approved	Submitted	2	0	1000	530	Isaac	UEH 376C	2025-03-26	5	1053	219	206	2025-03-26 14:19:31.968935+00
4	645	UG/224/025/24112596	2	39	1	420	approved	Submitted	2	0	1000	580	Lubega	UBB 243Z	2025-03-26	5	1053	219	206	2025-03-26 14:22:25.072918+00
5	644	UG/105/07/24112595	2	8	1	230	approved	Submitted	2	0	1000	770	Yasin	UBA 451H	2025-03-26	5	1053	219	206	2025-03-26 14:24:42.309992+00
6	385	UG/106/01/65011	2	1	1	1200	approved	Submitted	2	0	1000	-200	Kayiira	UBN 759B	2025-03-26	5	1053	219	206	2025-03-26 15:16:30.065714+00
7	269	UG/113/032/132	2	47	1	170	approved	Submitted	2	0	1000	830	Michael	UFK 567N	2025-03-25	5	1053	219	206	2025-03-26 15:23:56.640769+00
8	537	UG/121/07/24102461	3	8	1	950	approved	Submitted	2	0	1000	50	OPIO	UAZ 176A	2025-03-26	5	1012	178	147	2025-03-26 16:30:58.176225+00
9	432	UG/418/09/240001	4	10	1	300	approved	Submitted	2	0	1000	700	CHRISTOPHER GONZAGA	UBL 753P	2025-03-26	5	1038	203	182	2025-03-26 18:10:05.912859+00
10	265	UG/113/01/101	4	1	1	150	approved	Submitted	2	0	1000	850	KAMOGA DANIEL	UFU 357Z	2025-03-26	5	1038	203	182	2025-03-26 18:34:04.272442+00
11	432	UG/418/08/240001	4	9	1	50	approved	Submitted	2	0	1000	950	CHRISTOPHER GONZAGA	UBL 753P	2025-03-26	5	1038	203	182	2025-03-26 18:39:03.877142+00
12	435	UG/235/022/265001	4	36	1	90	approved	Submitted	2	0	1000	910	KASIBANTE ISMAIL	UFB 875N	2025-03-26	5	1038	203	182	2025-03-26 18:57:41.610533+00
13	345	UG/108/032/40006	4	47	1	20	approved	Submitted	2	0	1000	980	SSENGENDO VINCENT	UBR 529B	2025-03-25	5	1038	203	182	2025-03-26 19:04:09.634111+00
14	507	UG/105/033/24102416	4	48	1	30	approved	Submitted	2	0	1000	970	VINCENT	UAT 722Y	2025-03-26	5	1038	203	182	2025-03-26 19:12:53.055328+00
15	973	UG/122/013/2522884	4	16	1	500	approved	Submitted	2	0	1000	500	RICHARD	UBR 796M	2025-03-25	5	1038	203	182	2025-03-26 19:19:50.784375+00
16	345	UG/108/032/40006	4	47	1	100	approved	Submitted	2	0	980	880	SSENGENDO VINCENT	UBR 529B	2025-03-26	5	1038	203	182	2025-03-26 19:25:21.126836+00
17	369	UG/105/07/45070	3	8	1	950	approved	Submitted	2	0	1000	50	OPIO	UAZ 176A	2025-03-26	5	1012	178	147	2025-03-27 03:44:10.397837+00
18	553	UG/405/07/24102480	3	8	1	950	approved	Submitted	2	0	1000	50	OPIO	UAZ 176A	2025-03-27	5	1012	178	147	2025-03-27 03:45:14.914671+00
19	384	UG/405/07/65010	3	8	1	950	approved	Submitted	2	0	1000	50	OPIO	UAZ 176A	2025-03-27	5	1012	178	147	2025-03-27 03:46:11.719155+00
20	440	UG/423/007/325001	3	8	1	950	approved	Submitted	2	0	1000	50	OPIO	UAZ 176A	2025-03-26	5	1012	178	147	2025-03-27 03:47:24.990419+00
21	799	UG/119/005/24112814	3	6	1	450	approved	Submitted	2	0	1000	550	Joseph	ubb 654w	2025-03-26	5	1012	178	147	2025-03-27 03:50:32.158331+00
22	800	UG/119/005/24112815	3	6	1	450	approved	Submitted	2	0	1000	550	Joseph	ubb 654w	2025-03-26	5	1012	178	147	2025-03-27 03:51:20.672284+00
23	459	UG/106/02/2492362	3	2	1	100	approved	Submitted	2	0	400	300	Jack muwada	UBD698D	2025-03-27	5	1012	178	147	2025-03-27 03:52:42.132958+00
24	509	UG/105/013/24102419	5	16	1	1200	approved	Submitted	2	0	1000	-200	MBARILE PHILIMON	UBP 719G	2025-03-26	5	1038	203	182	2025-03-27 09:17:35.251526+00
25	378	UG/122/013/45101	5	16	1	2500	approved	Submitted	2	0	1000	-1500	KIGUNDU YASIN	UBL 735C	2025-03-26	5	1038	203	182	2025-03-27 09:29:40.279488+00
26	257	UG/108/01/40240	8	1	1	450	approved	Pending	2	0	1000	550	Paul	Uaz 104p	2025-03-27	5	1054	214	208	2025-03-27 09:30:51.516087+00
27	306	UG/121/05/25011	13	6	1	850	approved	Submitted	2	0	1000	150	FERRY	UBA 232S	2025-03-26	5	1078	224	217	2025-03-27 09:31:52.499468+00
28	370	UG/405/07/45080	13	8	1	200	approved	Submitted	2	0	1000	800	DOLLO	UBA 231S	2025-03-26	5	1078	224	217	2025-03-27 09:33:53.603716+00
29	378	UG/122/013/45101	13	16	1	60	approved	Submitted	2	0	-1500	-1500	DOLLO	UBA 455S	2025-03-26	5	1078	224	217	2025-03-27 09:35:57.272595+00
30	972	UG/104/026/2512872	13	40	1	950	approved	Submitted	2	0	1000	50	FERRY	UBA 341S	2025-03-26	5	1078	224	217	2025-03-27 09:37:47.425665+00
31	390	UG/418/08/80055	13	9	1	50	approved	Submitted	2	0	1000	950	FRED	UBA 455S	2025-03-26	5	1078	224	217	2025-03-27 09:40:06.904687+00
32	390	UG/418/08/80055	13	9	1	130	approved	Submitted	2	0	950	820	FREDU	UBA 231S	2025-03-26	5	1078	224	217	2025-03-27 09:50:04.032229+00
33	257	UG/113/07/25	8	8	1	30	approved	Submitted	2	0	1000	970	Paul	Uaz 104p	2025-03-27	5	1054	214	208	2025-03-27 09:50:46.752103+00
34	406	UG/117/09/110065	8	10	1	350	approved	Submitted	2	0	1000	650	Paul	Uaz 104p	2025-03-27	5	1054	214	208	2025-03-27 09:52:29.255281+00
35	545	UG/113/032/24102472	8	47	1	25	approved	Submitted	1	0	1000	975	Paul	Uaz 104p	2025-03-27	5	1054	214	208	2025-03-27 09:53:42.796312+00
36	390	UG/418/08/80055	13	9	1	130	approved	Submitted	2	0	820	690	FREDU	UBA 233S	2025-03-26	5	1078	224	217	2025-03-27 09:54:56.127057+00
37	257	UG/113/033/25	8	48	1	200	approved	Submitted	2	0	1000	800	Paul	Uaz 104p	2025-03-27	5	1054	214	208	2025-03-27 09:55:26.953197+00
38	341	UG/106/094/35262	8	115	1	50	approved	Submitted	1	0	1000	950	Paul	Uaz 104p	2025-03-27	5	1054	214	208	2025-03-27 09:56:42.420766+00
39	280	UG/104/01/5016	8	1	1	450	approved	Submitted	2	0	1000	550	Paul	Uaz 104p	2025-03-27	5	1054	214	208	2025-03-27 10:08:41.807142+00
40	319	UG/106/05/35041	14	6	1	450	approved	Submitted	1	0	1000	550	TEEFE MOSES	UBN 042D	2025-03-27	5	1080	169	220	2025-03-27 10:55:54.410234+00
41	490	UG/105/013/24102398	5	16	1	2500	approved	Submitted	2	0	1000	-1500	MATOVU CHARLES	UBR 406K	2025-03-26	5	1038	203	182	2025-03-27 11:23:09.565697+00
42	477	UG/104/01/24102378	9	1	1	300	approved	Submitted	2	0	1000	700	HAMZA	UBN 602V	2025-03-27	5	1031	229	254	2025-03-27 11:28:26.652779+00
43	478	UG/406/014/24102379	9	17	1	350	approved	Submitted	2	0	1000	650	John	UEB 569T	2025-03-26	5	1031	229	254	2025-03-27 11:33:03.513796+00
44	594	UG/106/07/24112530	14	8	1	2000	approved	Submitted	2	0	1000	-1000	TEEFE MOSES	UBN 042D	2025-03-27	5	1080	169	220	2025-03-27 11:33:35.159604+00
45	479	UG/415/07/24102380	9	8	1	300	approved	Submitted	2	0	1000	700	Charles	UEB 569T	2025-03-26	5	1031	229	254	2025-03-27 11:43:31.952158+00
46	501	UG/117/051/24102409	9	73	1	150	approved	Submitted	2	0	1000	850	Charles	UEZ 349K	2025-03-27	5	1031	229	254	2025-03-27 11:48:06.348959+00
48	476	UG/117/01/24102375	9	1	1	300	approved	Submitted	2	0	1000	700	John	UEB 569T	2025-03-27	5	1031	229	254	2025-03-27 11:56:17.091203+00
49	973	UG/122/013/2522884	5	16	1	850	approved	Submitted	2	0	500	-350	RICHARD	UBR 796T	2025-03-26	5	1038	203	182	2025-03-27 11:56:55.131623+00
47	475	UG/104/01/24102374	9	1	1	300	approved	Submitted	2	0	1000	700	PAUL	UAX 304L	2025-03-27	5	1031	229	254	2025-03-27 11:53:30.907634+00
50	461	UG/224/050/2492370	5	72	1	500	approved	Submitted	2	0	1000	500	SWALEH KISUBIKA	UBL 623H	2025-03-26	5	1038	203	182	2025-03-27 12:02:45.932613+00
51	490	UG/106/01/24102398	16	1	1	643	approved	Submitted	2	0	1000	900	Ssemaganda Denis	UBF 663Q	2025-03-27	5	1033	197	221	2025-03-27 12:03:14.7946+00
52	362	UG/122/007/45033	16	8	1	100	approved	Submitted	2	0	1000	900	Ssemaganda Denis	UBF 663Q	2025-03-27	5	1033	197	221	2025-03-27 12:22:08.61121+00
54	490	UG/105/013/24102398	16	16	1	400	approved	Submitted	2	0	-1500	-1500	Ssemaganda Denis	UBF 663Q	2025-03-27	5	1033	197	221	2025-03-27 12:24:59.205189+00
53	461	UG/204/04/2492370	5	5	1	200	approved	Submitted	2	0	1000	800	SWALEH KISUBIKA	UBL 613H	2025-03-27	5	1038	203	182	2025-03-27 12:23:31.649642+00
55	631	UG/104/032/24112582	16	47	1	100	approved	Submitted	2	0	1000	900	Ssemaganda Denis	UBF 663Q	2025-03-27	5	1033	197	221	2025-03-27 12:26:22.537614+00
56	362	UG/122/94/45033	16	115	1	50	approved	Submitted	2	0	1500	1450	Ssemaganda Denis	UBF 663Q	2025-03-27	5	1033	197	221	2025-03-27 12:30:08.572061+00
57	703	UG/409/025/24112670	16	39	1	300	approved	Submitted	2	0	1000	700	Ssemaganda Denis	UBF 663Q	2025-03-27	5	1033	197	221	2025-03-27 12:31:19.543254+00
58	396	UG/122/09/100037	16	10	1	200	approved	Submitted	2	0	1000	800	Ssemaganda Denis	UBF 663Q	2025-03-27	5	1033	197	221	2025-03-27 12:32:32.920374+00
59	389	UG/104/01/80010	17	1	1	500	approved	Pending	2	0	1000	500	Ssebyala Francis	UAT 436R	2025-03-27	5	1048	215	197	2025-03-27 12:32:55.226653+00
60	930	UG/330/300/2522886	5	316	1	100	approved	Submitted	2	0	1000	900	KASIBANTE ISMAIL	UFB 857N	2025-03-26	5	1038	203	182	2025-03-27 12:35:18.168657+00
61	389	UG/104/01/80010	17	1	1	500	approved	Pending	2	0	1000	500	Nsubuga Fred	UAV 915F	2025-03-27	5	1048	215	197	2025-03-27 12:41:43.723347+00
62	653	UG/105/07/24112604	19	8	1	843	approved	Submitted	2	0	1000	157	mombwe Richard	UBF/892.F	2025-03-27	5	1070	164	241	2025-03-27 12:42:51.848857+00
63	507	UG/105/033/24102416	5	48	1	600	approved	Submitted	2	0	970	370	JOHN	UPL 002Q	2025-03-26	5	1038	203	182	2025-03-27 12:43:29.821811+00
64	652	UG/105/09/24112603	19	10	1	204	approved	Submitted	2	0	1000	796	mombwe Richard	UBF/892.F	2025-03-27	5	1070	164	241	2025-03-27 12:44:35.046319+00
65	435	UG/235/022/265001	5	36	1	600	approved	Submitted	2	0	910	310	KASIBANTE ISMAIL	UFB 875N	2025-03-26	5	1038	203	182	2025-03-27 12:56:49.28793+00
66	461	UG/204/0463/2492370	5	478	1	200	approved	Submitted	2	0	1000	800	SWALEH KISUBIKA	UBL 613H	2025-03-26	5	1038	203	182	2025-03-27 13:05:17.130538+00
67	475	UG/104/01/24102374	9	1	1	700	approved	Submitted	2	0	700	0	PAUL	UFA 413R	2025-03-26	5	1031	229	254	2025-03-27 13:10:09.494903+00
68	398	UG/117/033/110004	9	48	1	300	approved	Submitted	2	0	1000	700	KATO	UAX 304L	2025-03-27	5	1031	229	254	2025-03-27 13:20:29.646133+00
69	362	UG/122/007/45033	21	8	1	3500	approved	Submitted	2	0	900	-2600	Ssemaganda Denis	UBF 663Q	2025-03-27	5	1033	197	221	2025-03-27 13:26:08.231829+00
70	362	UG/122/007/45033	21	8	1	3500	approved	Submitted	2	0	-2600	-2600	Ssemaganda Denis	UBF 663Q	2025-03-27	5	1033	197	221	2025-03-27 13:30:01.327647+00
71	362	UG/122/007/45033	21	8	1	3500	approved	Submitted	2	0	-2600	-2600	Ssemaganda Denis	UBF 663Q	2025-03-27	5	1033	197	221	2025-03-27 13:33:38.756991+00
72	514	UG/405/07/24102427	23	8	1	200	approved	Submitted	2	0	1000	800	Ronald  muyombyq	UBG219E	2025-03-26	5	1082	182	236	2025-03-27 14:40:47.857602+00
73	778	UG/116/026/24112787	23	40	1	600	approved	Submitted	2	0	1000	400	Mukunja 	UBG219E	2025-03-27	5	1082	182	236	2025-03-27 14:42:37.91252+00
74	646	UG/227/032/24112597	15	47	1	120	approved	Submitted	2	0	1000	880	john	UBA0103F	2025-03-27	5	1081	163	210	2025-03-27 14:45:37.704836+00
75	371	UG/110/09/45088	15	10	1	400	approved	Submitted	2	0	1000	600	Tonny	UBN474N	2025-03-27	5	1081	163	210	2025-03-27 14:46:38.220602+00
76	371	UG/110/08/45088	15	9	1	50	approved	Submitted	2	0	1000	950	Tonny	UBN999N	2025-03-27	5	1081	163	210	2025-03-27 14:48:53.042224+00
77	632	UG/119/012/24112583	15	13	1	225	approved	Submitted	2	0	1000	775	James	UBB716A	2025-03-27	5	1081	163	210	2025-03-27 14:52:24.303141+00
79	371	UG/110/033/45088	15	48	1	132	approved	Submitted	2	0	1000	868	john	UBN999N	2025-03-27	5	1081	163	210	2025-03-27 14:55:38.108832+00
78	529	UG/105/013/24102453	22	16	1	1300	approved	Submitted	2	0	1000	-300	ANDERW	UBQ348P	2025-03-27	5	1031	196	214	2025-03-27 14:55:34.142486+00
80	526	UG/124/07/24102449	22	8	1	600	approved	Submitted	2	0	1000	400	ABU	UAZ389L	2025-03-27	5	1031	196	214	2025-03-27 14:57:17.631411+00
81	529	UG/105/09/24102453	22	10	1	800	approved	Submitted	2	0	1000	200	PETER	UBL783H	2025-03-27	5	1031	196	214	2025-03-27 14:58:45.53433+00
82	311	UG/119/012/25069	22	13	1	560	approved	Submitted	2	0	1000	440	PETER	UBB 239I	2025-03-27	5	1031	196	214	2025-03-27 15:00:39.717897+00
83	408	UG/204/022/130010	22	36	1	250	approved	Submitted	2	0	1000	750	MOSES	UFZ304K	2025-03-27	5	1031	196	214	2025-03-27 15:02:12.167049+00
84	532	UG/113/032/24102456	22	47	1	250	approved	Submitted	2	0	1000	750	dan	UBL783H	2025-03-27	5	1031	196	214	2025-03-27 15:04:53.447177+00
85	529	UG/105/033/24102453	22	48	1	360	approved	Submitted	2	0	1000	640	PETER	UBB 239I	2025-03-27	5	1031	196	214	2025-03-27 15:06:36.023305+00
86	526	UG/124/07/24102449	24	8	1	200	approved	Submitted	2	0	400	200	ABU	UBQ348P	2025-03-27	5	1031	196	214	2025-03-27 15:07:59.70675+00
87	526	UG/106/08/24102449	24	9	1	50	approved	Submitted	2	0	1000	950	ABU	UAZ389L	2025-03-27	5	1031	196	214	2025-03-27 15:09:53.223584+00
88	529	UG/105/09/24102453	24	10	1	600	approved	Submitted	2	0	200	-400	SAM	UBB 239I	2025-03-27	5	1031	196	214	2025-03-27 15:11:24.503827+00
89	529	UG/105/013/24102453	24	16	1	140	approved	Submitted	2	0	-300	-300	WASSIWA	UAZ389L	2025-03-27	5	1031	196	214	2025-03-27 15:13:09.817941+00
90	524	UG/204/022/24102443	24	36	1	230	approved	Submitted	2	0	1000	770	MOSES	UFZ304K	2025-03-27	5	1031	196	214	2025-03-27 15:14:55.638783+00
91	529	UG/105/033/24102453	24	48	1	100	approved	Submitted	2	0	640	540	PETER	UBQ348P	2025-03-27	5	1031	196	214	2025-03-27 15:16:28.782654+00
92	524	UG/307/0407/24102443	24	420	1	60	approved	Submitted	2	0	1000	940	ANDERW	UFS881K	2025-03-27	5	1031	196	214	2025-03-27 15:18:05.46275+00
93	432	UG/418/09/240001	5	10	1	4000	approved	Submitted	2	0	700	-3300	CHRISTOPHER GONZAGA	UBL 753P	2025-03-27	5	1038	203	182	2025-03-27 15:21:11.338488+00
94	345	UG/108/032/40006	5	47	1	1500	approved	Submitted	2	0	880	-620	SSENGENDO VINCENT	UBR 529B	2025-03-25	5	1038	203	182	2025-03-27 15:27:02.679516+00
95	325	UG/106/012/35074	5	13	1	900	approved	Submitted	2	0	1000	100	SSENGOOBA HASSAN	UBB 817E	2025-03-26	5	1038	203	182	2025-03-27 15:34:32.553405+00
96	530	UG/119/01/24102454	22	1	1	400	approved	Submitted	2	0	1000	600	ABU	UFZ304K	2025-03-27	5	1031	196	214	2025-03-27 15:37:37.464687+00
97	531	UG/106/01/24102455	22	1	1	400	approved	Submitted	2	0	1000	600	ABU	UAZ389L	2025-03-27	5	1031	196	214	2025-03-27 15:39:11.386823+00
98	432	UG/418/08/240001	5	9	1	1370	approved	Submitted	2	0	950	-420	CHRISTOPHER GONZAGA	UBL 753P	2025-03-27	5	1038	203	182	2025-03-27 15:40:01.517229+00
99	432	UG/418/07/240001	5	8	1	1300	approved	Submitted	2	0	1000	-300	CHRISTOPHER GONZAGA	UBL 753P	2025-03-27	5	1038	203	182	2025-03-27 15:49:11.150964+00
100	290	UG/105/02/5041	5	2	1	400	approved	Pending	2	0	1000	600	SSEMANDA DENNIS	UBW 073H	2025-03-26	5	1038	203	182	2025-03-27 16:08:16.385403+00
102	529	UG/105/013/24102453	28	16	1	1000	approved	Submitted	2	0	-300	-300	PETER	UBL783H	2025-03-27	5	1031	196	214	2025-03-27 16:18:46.872467+00
101	290	UG/105/02/5041	5	2	1	400	approved	Submitted	2	0	1000	600	SSEMANDA DENNIS	UBW 073H	2025-03-25	5	1038	203	182	2025-03-27 16:11:02.009469+00
103	529	UG/105/09/24102453	28	10	1	800	approved	Submitted	2	0	-400	-400	WASSIWA	UBQ348P	2025-03-27	5	1031	196	214	2025-03-27 16:20:30.831695+00
104	524	UG/204/022/24102443	28	36	1	500	approved	Submitted	2	0	770	270	MOSES	UAY349U	2025-03-27	5	1031	196	214	2025-03-27 16:22:33.893759+00
105	316	UG/106/01/35001	28	1	1	800	approved	Submitted	2	0	1000	200	ANDERW	UAZ389L	2025-03-27	5	1031	196	214	2025-03-27 16:24:38.947949+00
106	389	UG/104/01/80010	28	1	1	800	approved	Submitted	2	0	1000	200	sula	UBQ348P	2025-03-27	5	1031	196	214	2025-03-27 16:26:20.822118+00
107	531	UG/106/01/24102455	28	1	1	750	approved	Submitted	2	0	600	-150	WASSIWA	UBB 239I	2025-03-27	5	1031	196	214	2025-03-27 16:27:49.735598+00
109	403	UG/117/02/110021	5	2	1	160	approved	Submitted	2	0	1000	840	KIKOMEKO YUSUFU	UFZ 432Q	2025-03-26	5	1038	203	182	2025-03-27 16:36:28.101404+00
110	356	UG/108/02/40260	5	2	1	65	approved	Submitted	2	0	1000	935	KASIBANTE ISMAIL	UFB 857N	2025-03-25	5	1038	203	182	2025-03-27 16:45:13.02862+00
111	277	UG/126/02/3018	5	2	1	85	approved	Submitted	2	0	1000	915	KASIBANTE ISMAIL	UFB 857N	2025-03-25	5	1038	203	182	2025-03-27 16:49:29.888731+00
114	621	UG/122/013/24112568	31	16	1	1300	approved	Submitted	2	0	1000	-300	MOSES	UAZ389L	2025-03-27	5	1031	196	174	2025-03-27 17:06:11.063322+00
108	721	UG/105/09/24112695	29	10	1	480	approved	Submitted	2	0	1000	520	Kato	UBB763R	2025-03-27	5	1088	233	237	2025-03-27 16:30:29.178864+00
112	265	UG/113/01/101	5	1	1	250	approved	Submitted	2	0	850	600	KAMOGA DANIEL	UFU 357Z	2025-03-26	5	1038	203	182	2025-03-27 16:58:54.162906+00
113	621	UG/122/008/24112568	31	9	1	200	approved	Submitted	2	0	1000	800	ANDERW	UFZ304K	2025-03-27	5	1031	196	174	2025-03-27 17:04:27.012302+00
116	325	UG/106/01/35074	5	1	1	170	approved	Submitted	2	0	1000	830	SSENGOOBA HASSAN	UBB 817E	2025-03-26	5	1038	203	182	2025-03-27 17:11:24.891715+00
115	388	UG/204/034/75016	29	49	1	120	approved	Submitted	2	0	1000	880	Kato	UBB763R	2025-03-27	5	1088	233	237	2025-03-27 17:10:48.688066+00
117	721	UG/105/013/24112695	29	16	1	220	approved	Submitted	2	0	1000	780	Kato	UBB763R	2025-03-27	5	1088	233	237	2025-03-27 17:22:53.630063+00
118	674	UG/104/01/24112637	29	1	1	298	approved	Submitted	2	0	1000	702	Kato	UBB763R	2025-03-26	5	1088	233	237	2025-03-27 17:24:06.939257+00
119	497	UG/104/01/24102405	5	1	1	400	approved	Submitted	2	0	1000	600	KARYANGO 	UFW  885 B	2025-03-26	5	1038	203	182	2025-03-27 17:49:22.200286+00
120	578	UG/106/01/24102506	5	1	1	200	approved	Submitted	2	0	1000	800	KULUMBA JOHN	UFZ 005D	2025-03-26	5	1038	203	182	2025-03-27 18:12:31.239796+00
121	286	UG/104/01/5036	5	1	1	150	approved	Submitted	2	0	1000	850	ANDY	UBJ 173Q	2025-03-26	5	1038	203	182	2025-03-27 18:19:11.636593+00
122	514	UG/405/07/24102427	37	8	1	3300	approved	Pending	2	0	800	-2500	Mukunja 	UBG219E	2025-03-27	5	1082	182	236	2025-03-27 18:23:03.400686+00
123	577	UG/106/01/24102505	5	1	1	150	approved	Submitted	2	0	1000	850	KASOZI FRANK 	UFW 313S	2025-03-26	5	1038	203	182	2025-03-27 18:27:48.004462+00
124	514	UG/405/07/24102427	37	8	1	3300	approved	Submitted	2	0	800	-2500	Kasujja Andrew	UBB 675N	2025-03-27	5	1082	182	236	2025-03-27 18:32:17.913318+00
125	489	UG/113/01/24102397	5	1	1	120	approved	Submitted	2	0	1000	880	KIZZA ANDAMA	UFN 437L	2025-03-27	5	1038	203	182	2025-03-27 18:33:20.138409+00
126	769	UG/115/009/24112777	36	10	1	380	approved	Submitted	2	0	1000	620	david	uag 456t	2025-03-27	5	1002	205	185	2025-03-27 18:53:50.290746+00
127	322	UG/106/01/35061	36	1	1	240	approved	Submitted	2	0	1000	760	owen	ugf300b	2025-03-27	5	1002	205	185	2025-03-27 18:56:45.660235+00
128	387	UG/204/034/75013	36	49	1	199	approved	Submitted	2	0	1000	801	steven	UGF363B	2025-03-27	5	1002	205	185	2025-03-27 18:58:29.788765+00
129	387	UG/204/014/75013	36	17	1	360	approved	Submitted	2	0	1000	640	ALEX	ugf300b	2025-03-27	5	1002	205	185	2025-03-27 19:00:09.757425+00
130	623	UG/122/07/24112572	38	8	1	3300	approved	Submitted	2	0	1000	-2300	Kasujja Andrew	UBB 765X	2025-03-27	5	1082	182	224	2025-03-27 19:09:02.255486+00
131	745	UG/115/007/24112740	39	8	1	1215	approved	Submitted	2	0	1000	-215	SALI	UBB778C	2025-03-27	5	1023	188	159	2025-03-27 20:05:39.934465+00
132	798	UG/119/0444/24112813	26	458	1	450	approved	Submitted	2	0	1000	550	Joseph	UBD 451W	2025-03-27	5	1012	178	147	2025-03-28 03:54:02.853076+00
133	797	UG/119/0444/24112812	26	458	1	450	approved	Submitted	2	0	1000	550	Joseph	UBD 451W	2025-03-27	5	1012	178	147	2025-03-28 03:54:57.200538+00
134	369	UG/105/07/45070	26	8	1	1140	approved	Submitted	2	0	2000	860	Razak	UBH 568P	2025-03-28	5	1012	178	147	2025-03-28 04:36:56.481042+00
135	384	UG/405/07/65010	26	8	1	1140	approved	Submitted	2	0	2000	860	Sula	UBA 198Z	2025-03-28	5	1012	178	147	2025-03-28 04:38:07.822284+00
136	537	UG/121/07/24102461	26	8	1	1045	approved	Submitted	2	0	2000	955	Opio	UBD 665D	2025-03-28	5	1012	178	147	2025-03-28 04:39:24.211538+00
137	553	UG/405/07/24102480	26	8	1	950	approved	Submitted	2	0	2000	1050	Joseph	UBA 198Z	2025-03-28	5	1012	178	147	2025-03-28 04:40:30.400348+00
138	542	UG/119/012/24102467	26	13	1	210	approved	Submitted	2	0	1000	790	Opio	UBD 665D	2025-03-27	5	1012	178	147	2025-03-28 04:47:06.968252+00
139	479	UG/415/07/24102380	42	8	1	20	approved	Submitted	2	0	700	680	John	ubb305y	2025-03-27	5	1031	229	254	2025-03-28 04:56:17.502278+00
140	572	UG/418/09/24102500	42	10	1	16	approved	Submitted	2	0	1000	984	PAUL	UFA 413R	2025-03-28	5	1031	229	254	2025-03-28 04:57:59.080245+00
141	915	UG/104/026/2512869	42	40	1	16	approved	Submitted	2	0	1000	984	John	UEB 569T	2025-03-28	5	1031	229	254	2025-03-28 05:00:55.938321+00
142	478	UG/406/014/24102379	41	17	1	270	approved	Submitted	2	0	650	380	HAMZA	UBN 602V	2025-03-28	5	1031	229	254	2025-03-28 05:22:22.110733+00
143	501	UG/117/051/24102409	41	73	1	200	approved	Submitted	2	0	850	650	PAUL	UAX 304L	2025-03-27	5	1031	229	254	2025-03-28 05:24:55.86907+00
144	480	UG/122/013/24102381	41	16	1	100	approved	Submitted	2	0	1000	900	John	UFA 413R	2025-03-27	5	1031	229	254	2025-03-28 05:26:12.523237+00
145	479	UG/415/07/24102380	41	8	1	130	approved	Submitted	2	0	680	550	PAUL	UEB 569T	2025-03-27	5	1031	229	254	2025-03-28 05:27:41.289377+00
147	500	UG/117/01/24102408	43	1	1	300	approved	Submitted	2	0	1000	700	PAUL	UFA 413R	2025-03-27	5	1031	229	254	2025-03-28 05:54:29.864017+00
160	326	UG/106/01/35075	45	1	1	126	approved	Submitted	2	0	1000	874	john	UBB716A	2025-03-27	5	1081	174	218	2025-03-28 06:54:44.711509+00
146	476	UG/117/01/24102375	43	1	1	350	approved	Submitted	2	0	700	350	John	UAX 304L	2025-03-28	5	1031	229	254	2025-03-28 05:49:59.213379+00
148	617	UG/122/07/24112562	44	8	1	2000	approved	Submitted	2	0	1000	-1000	Sula	UBN999N	2025-03-27	5	1081	174	218	2025-03-28 06:28:55.565312+00
149	529	UG/105/013/24102453	44	16	1	200	approved	Submitted	2	0	-300	-300	Kingiringiri	UBN999N	2025-03-27	5	1081	174	218	2025-03-28 06:31:32.67509+00
150	586	UG/106/005/24102520	44	6	1	30	approved	Submitted	2	0	1000	970	Kingiringiri	UBN999N	2025-03-27	5	1081	174	218	2025-03-28 06:33:44.091555+00
151	289	UG/104/026/5040	44	40	1	65	approved	Submitted	2	0	1000	935	Kingiringiri	UBB 400Y	2025-03-27	5	1081	174	218	2025-03-28 06:35:31.279724+00
152	360	UG/122/038/45018	44	53	1	50	approved	Submitted	2	0	1000	950	Nakuya Divine	UBA 147C	2025-03-27	5	1081	174	218	2025-03-28 06:37:55.818425+00
153	371	UG/110/09/45088	44	10	1	80	approved	Submitted	2	0	600	520	Nakuya Divine	UMA156AC	2025-03-27	5	1081	174	218	2025-03-28 06:40:13.232721+00
154	325	UG/106/012/35074	45	13	1	358	approved	Submitted	2	0	100	-258	James	UBB716A	2025-03-28	5	1081	174	218	2025-03-28 06:49:08.931294+00
155	529	UG/105/013/24102453	45	16	1	560	approved	Submitted	2	0	-300	-300	mugisha	UBN474N	2025-03-27	5	1081	174	218	2025-03-28 06:50:04.686722+00
156	590	UG/224/025/24112525	45	39	1	95	approved	Submitted	2	0	1000	905	john	UBA0103F	2025-03-27	5	1081	174	218	2025-03-28 06:50:46.873694+00
157	461	UG/204/04/2492370	45	5	1	175	approved	Submitted	2	0	800	625	john	UBA0103F	2025-03-27	5	1081	174	218	2025-03-28 06:51:39.350529+00
158	371	UG/110/08/45088	45	9	1	175	approved	Submitted	2	0	950	775	mugisha	UBB716A	2025-03-27	5	1081	174	218	2025-03-28 06:52:34.380231+00
159	597	UG/113/032/24112533	45	47	1	240	approved	Submitted	2	0	1000	760	James	UBA0103F	2025-03-27	5	1081	174	218	2025-03-28 06:53:25.828746+00
161	461	UG/204/0463/2492370	45	478	1	35	approved	Submitted	2	0	800	765	mugisha	UBB716A	2025-03-28	5	1081	174	218	2025-03-28 06:55:36.051592+00
162	617	UG/122/07/24112562	45	8	1	200	approved	Submitted	2	0	-1000	-1000	john	UBA0103F	2025-03-27	5	1081	174	218	2025-03-28 06:56:26.784561+00
163	371	UG/110/09/45088	45	10	1	560	approved	Submitted	2	0	520	-40	mugisha	UBB716A	2025-03-27	5	1081	174	218	2025-03-28 06:57:33.32731+00
164	461	UG/224/050/2492370	45	72	1	40	approved	Submitted	2	0	500	460	john	UBA0103F	2025-03-27	5	1081	174	218	2025-03-28 06:58:19.825596+00
165	369	UG/105/07/45070	49	8	1	750	approved	Submitted	2	0	860	110	EMMA	UBD 342W	2025-03-28	5	1012	178	147	2025-03-28 10:22:50.736111+00
166	554	UG/104/013/24102481	49	16	1	800	approved	Submitted	2	0	1000	200	SULA	UBD 342W	2025-03-28	5	1012	178	147	2025-03-28 10:25:49.483327+00
167	372	UG/110/033/45089	49	48	1	350	approved	Submitted	2	0	1000	650	EMMA	UAD 987Q	2025-03-28	5	1012	178	147	2025-03-28 10:28:16.966438+00
168	372	UG/110/08/45089	49	9	1	500	approved	Submitted	2	0	1000	500	SULA	UBD 342W	2025-03-28	5	1012	178	147	2025-03-28 10:31:54.60103+00
169	713	UG/102/025/24112687	49	39	1	270	approved	Submitted	2	0	1000	730	EMMA	UAD 987Q	2025-03-28	5	1012	178	147	2025-03-28 10:34:05.574158+00
170	798	UG/119/0444/24112813	49	458	1	70	approved	Submitted	2	0	550	480	SULA	UBD 342W	2025-03-28	5	1012	178	147	2025-03-28 10:36:11.819936+00
171	676	UG/110/09/24112639	53	10	1	500	approved	Submitted	2	0	1000	500	john kimboowa	ubb 460y	2025-03-28	5	1029	210	192	2025-03-28 10:42:01.139419+00
172	675	UG/106/033/24112638	53	48	1	200	approved	Submitted	2	0	1000	800	john kimboowa	ubb 460y	2025-03-28	5	1029	210	192	2025-03-28 10:43:24.686435+00
174	675	UG/106/013/24112638	53	16	1	1000	approved	Submitted	2	0	1000	0	john kimboowa	ubb 460y	2025-03-27	5	1029	210	192	2025-03-28 10:46:25.62945+00
173	617	UG/122/07/24112562	57	8	1	2020	approved	Submitted	2	0	-1000	-1000	James	UBB716A	2025-03-27	5	1081	174	218	2025-03-28 10:46:24.45313+00
175	617	UG/122/07/24112562	56	8	1	2730	approved	Submitted	2	0	-1000	-1000	Tonny	UBN999N	2025-03-27	5	1081	174	218	2025-03-28 10:48:35.582801+00
176	675	UG/106/07/24112638	53	8	1	1000	approved	Submitted	2	0	1000	0	john	UAS 316k	2025-03-27	5	1029	210	192	2025-03-28 10:51:24.486161+00
177	461	UG/204/04/2492370	55	5	1	75	approved	Submitted	2	0	625	550	mugisha	UBA0103F	2025-03-27	5	1081	174	218	2025-03-28 11:21:08.870023+00
178	371	UG/110/08/45088	55	9	1	50	approved	Submitted	2	0	775	725	mugisha	UBB716A	2025-03-27	5	1081	174	218	2025-03-28 11:22:04.275747+00
179	371	UG/110/09/45088	55	10	1	80	approved	Submitted	2	0	-40	-40	john	UBB716A	2025-03-27	5	1081	174	218	2025-03-28 11:23:13.585619+00
180	325	UG/106/012/35074	55	13	1	150	approved	Submitted	2	0	-258	-258	john	UBA0103F	2025-03-27	5	1081	174	218	2025-03-28 11:24:20.278303+00
181	529	UG/105/013/24102453	55	16	1	240	approved	Submitted	2	0	-300	-300	James	UBN999N	2025-03-27	5	1081	174	218	2025-03-28 11:25:15.253918+00
182	597	UG/113/025/24112533	55	39	1	100	approved	Submitted	2	0	1000	900	mugisha	UBN999N	2025-03-28	5	1081	174	218	2025-03-28 11:26:47.822586+00
183	597	UG/113/032/24112533	55	47	1	560	approved	Submitted	2	0	760	200	john	UBA0103F	2025-03-28	5	1081	174	218	2025-03-28 11:28:04.623622+00
184	461	UG/204/0463/2492370	55	478	1	50	approved	Submitted	2	0	765	715	john	UBA0103F	2025-03-27	5	1081	174	218	2025-03-28 11:29:27.399797+00
185	911	UG/105/07/24102465	50	8	1	1000	approved	Submitted	2	0	1000	0	EMMA	UAD 987Q	2025-03-28	5	1012	178	147	2025-03-28 11:30:42.718796+00
186	553	UG/405/07/24102480	50	8	1	1003	approved	Submitted	2	0	1050	47	SULA	UBD 342W	2025-03-28	5	1012	178	147	2025-03-28 11:32:08.016834+00
187	537	UG/121/07/24102461	50	8	1	800	approved	Submitted	2	0	955	155	EMMA	UAD 987Q	2025-03-28	5	1012	178	147	2025-03-28 11:35:40.774204+00
190	798	UG/119/0444/24112813	50	458	1	40	approved	Submitted	2	0	480	440	EMMA	UBD 342W	2025-03-28	5	1012	178	147	2025-03-28 11:41:29.855436+00
191	316	UG/106/01/35001	59	1	1	1400	approved	Pending	2	0	200	-1200	kayira 	UBN 042D	2025-03-28	5	1080	169	220	2025-03-28 12:11:39.686054+00
192	316	UG/106/01/35001	59	1	1	1400	approved	Submitted	2	0	200	-1200	kayira 	UBN 042D	2025-03-28	5	1080	169	220	2025-03-28 12:13:46.722099+00
188	440	UG/423/007/325001	50	8	1	1005	approved	Submitted	2	0	2000	995	SULA	UAD 987Q	2025-03-28	5	1012	178	147	2025-03-28 11:37:04.184215+00
189	459	UG/106/02/2492362	50	2	1	90	approved	Submitted	2	0	300	210	SULA	UAD 987Q	2025-03-28	5	1012	178	147	2025-03-28 11:38:45.327429+00
193	594	UG/106/012/24112530	59	13	1	5000	approved	Submitted	2	0	1000	-4000	kayira 	UBN 042D	2025-03-28	5	1080	169	220	2025-03-28 12:14:54.321405+00
195	594	UG/106/07/24112530	59	8	1	400	approved	Submitted	2	0	-1000	-1400	TEEFE MOSES	UBB 278H	2025-03-28	5	1080	169	220	2025-03-28 12:16:27.826475+00
194	675	UG/106/5/24112638	53	6	1	50	approved	Submitted	2	0	1000	950	kim	ubn 112y	2025-03-27	5	1029	210	192	2025-03-28 12:16:25.358718+00
196	594	UG/121/033/24112530	59	48	1	1000	approved	Submitted	2	0	1000	0	TEEFE MOSES	UBB 278H	2025-03-28	5	1080	169	220	2025-03-28 12:17:32.426597+00
197	675	UG/106/38/24112638	53	53	1	300	approved	Submitted	2	0	1000	700	kim	ubn 112y	2025-03-27	5	1029	210	192	2025-03-28 12:18:46.741892+00
198	373	UG/121/07/45091	50	8	1	1000	approved	Submitted	1	0	2000	1000	SULA	UBD 342W	2025-03-28	5	1012	178	147	2025-03-28 12:35:24.859896+00
199	275	UG/113/01/215	54	1	1	50	approved	Submitted	2	0	1000	950	kim	UAS 316k	2025-03-27	5	1029	210	192	2025-03-28 12:49:46.402271+00
200	259	UG/113/03/58	54	3	1	350	approved	Submitted	2	0	1000	650	mpiima	UAS 316k	2025-03-27	5	1029	210	192	2025-03-28 12:52:19.759507+00
201	676	UG/110/09/24112639	54	10	1	239	approved	Submitted	2	0	500	261	mpiima	UAK 343	2025-03-27	5	1029	210	192	2025-03-28 12:56:08.404766+00
202	448	UG/107/032/2452331	20	47	1	1000	approved	Submitted	2	0	1000	0	Mawejje Enock	UBR 160L	2025-03-28	5	1000	165	131	2025-03-28 12:56:11.117656+00
203	603	UG/106/005/24112543	20	6	1	8	approved	Submitted	2	0	1000	992	Mawejje Enock	UBR 160L	2025-03-28	5	1000	165	131	2025-03-28 12:58:49.547863+00
204	280	UG/104/01/5016	58	1	1	1240	approved	Submitted	2	0	2000	760	Paul	Uaz 104p	2025-03-28	5	1054	214	208	2025-03-28 12:59:01.060736+00
205	545	UG/113/032/24102472	58	47	1	400	approved	Submitted	2	0	975	575	Katalibwa	Ufg357f	2025-03-28	5	1054	214	208	2025-03-28 13:00:58.414662+00
207	536	UG/106/08/24102460	58	9	1	10	approved	Submitted	2	0	1000	990	Skin	Ufg357f	2025-03-28	5	1054	214	208	2025-03-28 13:02:33.930764+00
208	296	UG/215/022/5275	58	36	1	700	approved	Submitted	2	0	1000	300	Paul	Uaz 104p	2025-03-28	5	1054	214	208	2025-03-28 13:03:29.496841+00
209	536	UG/106/09/24102460	58	10	1	1000	approved	Submitted	2	0	2000	1000	Paul	Uaz 104p	2025-03-28	5	1054	214	208	2025-03-28 13:04:37.007941+00
210	341	UG/106/094/35262	58	115	1	500	approved	Submitted	2	0	950	450	Paul	Uaz 104p	2025-03-28	5	1054	214	208	2025-03-28 13:05:41.15485+00
211	257	UG/113/07/25	58	8	1	250	approved	Submitted	2	0	970	720	Paul	Uaz 104p	2025-03-28	5	1054	214	208	2025-03-28 13:06:33.006801+00
212	574	UG/105/013/24102502	58	16	1	1000	approved	Submitted	2	0	1000	0	Paul	Uaz 104p	2025-03-28	5	1054	214	208	2025-03-28 13:08:37.549146+00
213	257	UG/113/033/25	58	48	1	300	approved	Submitted	2	0	800	500	Paul	Uaz 104p	2025-03-28	5	1054	214	208	2025-03-28 13:09:35.884441+00
214	676	UG/110/033/24112639	54	48	1	100	approved	Submitted	2	0	1000	900	mpiima	ubb 460y	2025-03-27	5	1029	210	192	2025-03-28 13:11:08.387526+00
206	453	UG/107/03/2452338	20	3	1	1000	approved	Submitted	2	0	1000	0	Mawejje Enock	UBR 160L	2025-03-28	5	1000	165	131	2025-03-28 13:02:02.56233+00
215	404	UG/117/01/110026	60	1	1	60	approved	Submitted	2	0	1000	940	UMAR	UBR 987L	2025-03-28	5	1011	177	146	2025-03-28 13:15:30.470815+00
216	360	UG/122/09/45018	60	10	1	70	approved	Submitted	2	0	1000	930	UMAR	UBR 987L	2025-03-28	5	1011	177	146	2025-03-28 13:20:30.260408+00
217	454	UG/107/03/2452339	20	3	1	300	approved	Submitted	2	0	1000	700	Mawejje Enock	UBR 160L	2025-03-28	5	1000	165	131	2025-03-28 13:21:15.615638+00
218	601	UG/410/09/24112539	61	10	1	1008	approved	Submitted	2	0	1000	-8	moses	ubh234f	2025-03-28	5	1044	209	246	2025-03-28 13:27:01.370637+00
219	602	UG/119/013/24112540	61	16	1	1600	approved	Submitted	2	0	1000	-600	moses	ubh234f	2025-03-28	5	1044	209	246	2025-03-28 13:30:27.903517+00
220	600	UG/410/07/24112538	61	8	1	400	approved	Submitted	2	0	1000	600	moses	ubh234f	2025-03-28	5	1044	209	246	2025-03-28 13:31:14.729688+00
221	260	UG/122/034/60	60	49	1	150	approved	Submitted	2	0	1000	850	kabali paul	uav 235t	2025-03-28	5	1011	177	146	2025-03-28 13:36:02.366677+00
222	260	UG/122/035/60	60	50	1	70	approved	Submitted	2	0	1000	930	kabali paul	uav 235t	2025-03-28	5	1011	177	146	2025-03-28 13:41:48.271779+00
223	260	UG/113/038/60	60	53	1	50	approved	Submitted	2	0	1000	950	kabali paul	uav 235t	2025-03-28	5	1011	177	146	2025-03-28 13:42:52.652467+00
224	316	UG/106/01/35001	52	1	1	515	approved	Submitted	2	0	-1200	-1200	Katende	UBN999N	2025-03-28	5	1092	226	223	2025-03-28 13:46:21.171922+00
225	619	UG/122/08/24112566	52	9	1	135	approved	Submitted	2	0	1000	865	Katende	UBN999N	2025-03-28	5	1092	226	223	2025-03-28 13:48:28.993902+00
226	607	UG/119/049/24112551	60	71	1	55	approved	Submitted	2	0	1000	945	MILTON	UFN 321L	2025-03-28	5	1011	177	146	2025-03-28 13:48:42.46689+00
227	619	UG/122/09/24112566	52	10	1	750	approved	Submitted	2	0	1000	250	Katende	UBN999N	2025-03-28	5	1092	226	223	2025-03-28 13:50:43.866496+00
228	618	UG/106/012/24112563	52	13	1	292.5	approved	Submitted	2	0	1000	707.5	Katende	UBN999N	2025-03-28	5	1092	226	223	2025-03-28 13:53:40.233931+00
230	614	UG/122/013/24112559	52	16	1	975	approved	Submitted	2	0	1000	25	Katende	UBN999N	2025-03-28	5	1092	226	223	2025-03-28 13:56:56.449139+00
229	633	UG/104/467/24112584	60	482	1	20	approved	Submitted	2	0	1000	980	Mukunja	UGR 236R	2025-03-28	5	1011	177	146	2025-03-28 13:55:47.128468+00
231	616	UG/113/022/24112561	52	36	1	441	approved	Submitted	2	0	1000	559	Katende	UBN999N	2025-03-28	5	1092	226	223	2025-03-28 14:05:22.151232+00
232	481	UG/104/01/24102384	64	1	1	530	approved	Submitted	2	0	1000	470	Issah Mpagi	UAK260Z	2025-03-28	5	1034	200	186	2025-03-28 14:09:41.760261+00
233	458	UG/124/07/2482358	64	8	1	150	approved	Submitted	2	0	1000	850	Issah Mpagi	UAK260Z	2025-03-28	5	1034	200	186	2025-03-28 14:11:45.832989+00
234	458	UG/124/08/2482358	64	9	1	110	approved	Submitted	2	0	1000	890	Issah Mpagi	UAK260Z	2025-03-28	5	1034	200	186	2025-03-28 14:16:23.895992+00
235	458	UG/124/09/2482358	64	10	1	900	approved	Submitted	2	0	1000	100	Issah Mpagi	UAK260Z	2025-03-28	5	1034	200	186	2025-03-28 14:17:22.769078+00
236	327	UG/106/012/35083	64	13	1	400	approved	Submitted	2	0	1000	600	Issah Mpagi	UAK260Z	2025-03-27	5	1034	200	186	2025-03-28 14:22:37.187713+00
237	458	UG/122/013/2482358	64	16	1	1102	approved	Submitted	2	0	1000	-102	Issah Mpagi	UAK260Z	2025-03-28	5	1034	200	186	2025-03-28 14:26:00.404106+00
238	308	UG/121/02/25026	68	2	1	800	approved	Submitted	2	0	1000	200	john	UBB716A	2025-03-28	5	1081	163	210	2025-03-28 14:34:52.71635+00
239	302	UG/115/02/20001	68	2	1	200	approved	Submitted	2	0	1000	800	James	UBN999N	2025-03-28	5	1081	163	210	2025-03-28 14:35:48.358337+00
240	364	UG/122/032/45043	64	47	1	600	approved	Submitted	2	0	1000	400	Issah Mpagi	UAK260Z	2025-03-27	5	1034	200	186	2025-03-28 15:22:34.614794+00
242	389	UG/104/01/80010	61	1	1	800	approved	Submitted	2	0	200	-600	moses	ubh234f	2025-03-28	5	1044	209	246	2025-03-28 15:24:45.739717+00
241	711	UG/118/09/24112681	65	10	1	2513	approved	Submitted	2	0	3000	487	KABONGE JULIUS	UBG592U	2025-03-28	5	1055	221	252	2025-03-28 15:24:23.325458+00
243	659	UG/124/09/24112611	71	10	1	1600	approved	Submitted	2	0	1000	-600	mugisha	UBB716A	2025-03-27	5	1081	163	129	2025-03-28 15:31:49.563739+00
244	659	UG/119/013/24112611	71	16	1	800	approved	Submitted	2	0	1000	200	James	UBN999N	2025-03-27	5	1081	163	129	2025-03-28 15:32:53.445839+00
245	659	UG/124/08/24112611	71	9	1	100	approved	Submitted	2	0	1000	900	James	UBA0103F	2025-03-27	5	1081	163	129	2025-03-28 15:34:40.362591+00
246	513	UG/122/033/24102423	71	48	1	140	approved	Submitted	2	0	1000	860	mugisha	UBB716A	2025-03-27	5	1081	163	129	2025-03-28 15:35:48.861699+00
247	725	UG/106/013/24112707	65	16	1	1000	approved	Submitted	2	0	1000	0	KABONGE JULIUS	UBG592U	2025-03-28	5	1055	221	252	2025-03-28 15:35:55.549309+00
248	389	UG/104/01/80010	61	1	1	800	approved	Submitted	2	0	-600	-600	moses	ubh234f	2025-03-28	5	1044	209	246	2025-03-28 15:37:19.62808+00
249	513	UG/122/025/24102423	71	39	1	250	approved	Submitted	2	0	1000	750	mugisha	UBB716A	2025-03-28	5	1081	163	129	2025-03-28 15:37:46.729698+00
250	324	UG/410/07/35072	61	8	1	400	approved	Submitted	2	0	1000	600	mugabe	ubl656t	2025-03-27	5	1044	209	246	2025-03-28 15:39:18.272295+00
251	601	UG/410/09/24112539	61	10	1	1008	approved	Submitted	2	0	-8	-8	semujju	uat776y	2025-03-28	5	1044	209	246	2025-03-28 15:40:23.801965+00
252	721	UG/105/013/24112695	61	16	1	1600	approved	Submitted	2	0	780	-820	semujju	uat776y	2025-03-27	5	1044	209	246	2025-03-28 15:41:40.72765+00
253	389	UG/104/01/80010	66	1	1	60	approved	Submitted	2	0	-600	-600	Issah Mpagi	UAK260Z	2025-03-28	5	1034	200	186	2025-03-28 15:46:18.079815+00
254	458	UG/124/07/2482358	64	8	1	160	approved	Submitted	2	0	850	690	Issah Mpagi	UAK260Z	2025-03-28	5	1034	200	186	2025-03-28 15:47:23.23152+00
255	260	UG/122/01/60	60	1	1	45	approved	Submitted	2	0	1000	955	UMAR	UBR 987L	2025-03-28	5	1011	177	146	2025-03-28 15:48:31.948692+00
256	458	UG/124/07/2482358	66	8	1	153	approved	Submitted	2	0	690	537	Issah Mpagi	UAK260Z	2025-03-28	5	1034	200	186	2025-03-28 15:49:24.140828+00
257	458	UG/124/08/2482358	66	9	1	320	approved	Submitted	2	0	890	570	Issah Mpagi	UAK260Z	2025-03-28	5	1034	200	186	2025-03-28 15:50:31.847617+00
258	458	UG/124/09/2482358	66	10	1	118	approved	Submitted	2	0	100	-18	Issah Mpagi	UAK260Z	2025-03-28	5	1034	200	186	2025-03-28 15:51:56.877964+00
259	327	UG/106/012/35083	66	13	1	400	approved	Submitted	2	0	600	200	Issah Mpagi	UAK260Z	2025-03-28	5	1034	200	186	2025-03-28 15:54:03.392418+00
260	727	UG/404/022/24112709	65	36	1	245	approved	Submitted	2	0	1000	755	MITTI ROBERT	UBR098X	2025-03-27	5	1055	221	252	2025-03-28 15:54:25.82102+00
261	458	UG/122/013/2482358	66	16	1	230	approved	Submitted	2	0	-102	-102	Issah Mpagi	UAK260Z	2025-03-28	5	1034	200	186	2025-03-28 15:56:56.184884+00
262	768	UG/235/025/24112774	66	39	1	83	approved	Submitted	2	0	1000	917	Issah Mpagi	UAK260Z	2025-03-27	5	1034	200	186	2025-03-28 15:58:13.51085+00
263	399	UG/113/01/110005	72	1	1	500	approved	Submitted	2	0	1000	500	MUNYARA	UFN 321L	2025-03-26	5	1011	177	146	2025-03-28 16:09:10.58809+00
264	360	UG/122/09/45018	72	10	1	70	approved	Submitted	2	0	930	860	UMAR	UBR 987L	2025-03-28	5	1011	177	146	2025-03-28 16:14:07.995559+00
265	260	UG/122/034/60	72	49	1	170	approved	Submitted	2	0	850	680	kabali paul	uav 235t	2025-03-28	5	1011	177	146	2025-03-28 16:15:23.857105+00
266	981	UG/118/024/2512870	65	38	1	55	approved	Submitted	2	0	1000	945	SSUUNA SHAFIC	452U	2025-03-28	5	1055	221	252	2025-03-28 16:15:40.238613+00
267	260	UG/122/035/60	72	50	1	170	approved	Submitted	2	0	930	760	kabali paul	uav 235t	2025-03-28	5	1011	177	146	2025-03-28 16:16:47.971641+00
268	260	UG/113/038/60	72	53	1	50	approved	Submitted	2	0	950	900	UMAR	uav 235t	2025-03-28	5	1011	177	146	2025-03-28 16:18:32.711228+00
269	607	UG/119/049/24112551	72	71	1	25	approved	Submitted	2	0	945	920	kabali paul	uav 235t	2025-03-28	5	1011	177	146	2025-03-28 16:19:31.378724+00
270	633	UG/104/467/24112584	72	482	1	20	approved	Submitted	2	0	980	960	Mukunja	UGR 236R	2025-03-28	5	1011	177	146	2025-03-28 16:21:10.916554+00
271	280	UG/104/01/5016	65	1	1	1514	approved	Submitted	2	0	2000	486	SEGAWA JAMES	UBM 794T	2025-03-28	5	1055	221	252	2025-03-28 16:21:38.320921+00
272	276	UG/108/02/2021	67	2	1	80	approved	Submitted	2	0	1000	920	moses	uat776y	2025-03-27	5	1044	174	262	2025-03-28 16:36:12.150855+00
273	276	UG/108/003/2021	67	3	1	640	approved	Submitted	2	0	1000	360	moses	uat776y	2025-03-27	5	1044	174	262	2025-03-28 16:39:21.205297+00
274	601	UG/410/08/24112539	67	9	1	28	approved	Submitted	2	0	1000	972	mugabe	uat776y	2025-03-28	5	1044	174	262	2025-03-28 16:40:55.608544+00
275	721	UG/105/09/24112695	67	10	1	68	approved	Submitted	2	0	520	452	semujju	uat776y	2025-03-28	5	1044	174	262	2025-03-28 16:43:20.905624+00
276	389	UG/104/01/80010	61	1	1	800	approved	Submitted	2	0	-600	-600	TEFFE	UBQ444L	2025-03-28	5	1044	209	246	2025-03-28 16:47:45.506385+00
277	390	UG/418/009/80055	63	10	1	200	approved	Submitted	2	0	1000	800	rama	UBH178L	2025-03-28	5	1037	185	228	2025-03-28 17:17:30.950376+00
278	313	UG/121/012/30013	63	13	1	1000	approved	Submitted	2	0	1000	0	muzamilru	UBB311Z	2025-03-28	5	1037	185	228	2025-03-28 17:23:27.110382+00
279	677	UG/126/013/24112640	63	16	1	900	approved	Submitted	2	0	1000	100	YASIN	UBM181X	2025-03-28	5	1037	185	228	2025-03-28 17:25:39.672068+00
280	635	UG/106/033/24112586	63	48	1	600	approved	Submitted	2	0	1000	400	JB	UAY332K	2025-03-28	5	1037	185	228	2025-03-28 17:27:43.078142+00
281	635	UG/106/094/24112586	63	115	1	48	approved	Submitted	2	0	1000	952	rama	UBH178L	2025-03-28	5	1037	185	228	2025-03-28 17:29:18.814264+00
282	576	UG/113/013/24102504	58	16	1	1100	approved	Submitted	2	0	1000	-100	Paul	Uaz 104p	2025-03-28	5	1054	214	208	2025-03-28 17:30:50.576461+00
283	576	UG/113/013/24102504	58	16	1	600	approved	Pending	2	0	-100	-100	Paul	Uaz 104p	2025-03-28	5	1054	214	208	2025-03-28 17:32:31.730469+00
284	385	UG/106/01/65011	63	1	1	990	approved	Submitted	2	0	-200	-200	KAYIRA	UBP197K	2025-03-28	5	1037	185	228	2025-03-28 17:49:07.589491+00
285	385	UG/106/01/65011	74	1	1	980	approved	Submitted	2	0	-200	-200	KAYIRA	UBP197K	2025-03-28	5	1037	185	228	2025-03-28 19:07:03.765579+00
286	594	UG/106/012/24112530	74	13	1	1000	approved	Submitted	2	0	-4000	-4000	muzamilru	UBB311Z	2025-03-28	5	1037	185	228	2025-03-28 19:10:29.306298+00
287	635	UG/106/094/24112586	74	115	1	50	approved	Submitted	2	0	952	902	rama	UBH178L	2025-03-28	5	1037	185	228	2025-03-28 19:11:46.142419+00
288	390	UG/418/009/80055	74	10	1	200	approved	Submitted	2	0	800	600	rama	UBH178L	2025-03-28	5	1037	185	228	2025-03-28 19:13:17.020252+00
289	677	UG/126/013/24112640	74	16	1	900	approved	Submitted	2	0	100	-800	YASIN	UBM181X	2025-03-28	5	1037	185	228	2025-03-28 19:14:54.243906+00
290	652	UG/105/013/24112603	70	16	1	800	approved	Submitted	2	0	1000	200	mombwe Richard	UBF/892.F	2025-03-28	5	1070	164	241	2025-03-28 23:37:58.00694+00
291	653	UG/105/07/24112604	70	8	1	200	approved	Submitted	2	0	157	-43	mombwe Richard	UBF/892.F	2025-03-28	5	1070	164	241	2025-03-28 23:39:12.896301+00
292	379	UG/116/03/50035	70	3	1	114	approved	Submitted	2	0	1000	886	mombwe Richard	UBF/892.F	2025-03-28	5	1070	164	241	2025-03-28 23:40:39.999808+00
293	656	UG/107/02/24112608	70	2	1	125	approved	Submitted	2	0	1000	875	mombwe Richard	UBF/892.F	2025-03-27	5	1070	164	241	2025-03-28 23:42:27.656744+00
294	373	UG/121/07/45091	76	8	1	925	approved	Submitted	2	0	1000	75	Razak	UBD 665D	2025-03-29	5	1012	178	147	2025-03-29 05:24:11.259231+00
295	440	UG/423/007/325001	76	8	1	925	approved	Submitted	2	0	995	70	Razak	UBD 665D	2025-03-29	5	1012	178	147	2025-03-29 05:25:42.353982+00
296	490	UG/105/013/24102398	54	16	1	300	approved	Submitted	2	0	2000	1700	john	ubn 112y	2025-03-28	5	1029	210	192	2025-03-29 05:28:31.515213+00
297	504	UG/117/09/24102412	69	10	1	2240	approved	Submitted	2	0	6000	3760	HAMZA	UBN 602V	2025-03-28	5	1059	227	227	2025-03-29 06:40:24.339592+00
298	480	UG/122/013/24102381	69	16	1	1000	approved	Submitted	2	0	2000	1040.5	PAUL	UFA 413R	2025-03-28	5	1059	227	227	2025-03-29 06:44:29.667986+00
299	614	UG/106/09/2472348	75	10	1	2000	approved	Submitted	1	0	1000	-1000	MATOVU FRANCIS	UBL 709V	2025-03-29	5	1100	195	190	2025-03-29 07:23:41.701225+00
300	997	UG/122/8/253997	75	9	1	600	approved	Submitted	2	0	2000	1400	MATOVU FRANCIS	UBL 709V	2025-03-29	5	1100	195	190	2025-03-29 07:34:48.333361+00
301	997	UG/122/7/253997	75	8	1	1000	approved	Submitted	2	0	2000	1000	MATOVU FRANCIS	UBL 709V	2025-03-29	5	1100	195	190	2025-03-29 07:37:24.587844+00
302	996	UG/122/300/253996	75	316	1	100	approved	Submitted	2	0	1500	1400	MATOVU FRANCIS	UBL 709V	2025-03-29	5	1100	195	190	2025-03-29 07:39:48.157309+00
303	614	UG/122/033/24112559	75	48	1	30	approved	Submitted	2	0	1000	970	MATOVU FRANCIS	UBL 709V	2025-03-29	5	1100	195	190	2025-03-29 07:44:21.782128+00
304	996	UG/122/13/253996	75	16	1	500	approved	Submitted	2	0	1500	1000	MATOVU FRANCIS	UBL 709V	2025-03-29	5	1100	195	190	2025-03-29 07:48:31.632645+00
305	614	UG/122/038/24112559	75	53	1	36	approved	Submitted	2	0	1000	964	MATOVU FRANCIS	UBL 709V	2025-03-29	5	1100	195	190	2025-03-29 07:52:42.302524+00
306	268	UG/106/032/113	75	47	1	120	approved	Submitted	2	0	1000	880	MATOVU FRANCIS	UBL 709V	2025-03-29	5	1100	195	190	2025-03-29 07:55:45.188423+00
307	268	UG/113/445/113	75	459	1	50	approved	Submitted	2	0	1000	950	MATOVU FRANCIS	UBL 709V	2025-03-29	5	1100	195	190	2025-03-29 08:15:33.666996+00
308	268	UG/113/39/113	75	54	1	24	approved	Pending	2	0	1000	976	MATOVU FRANCIS	UBL 709V	2025-03-29	5	1100	195	190	2025-03-29 08:18:19.532677+00
309	268	UG/113/39/113	75	54	1	24	approved	Submitted	2	0	1000	976	MATOVU FRANCIS	UBL 709V	2025-03-29	5	1100	195	190	2025-03-29 08:39:38.955489+00
310	268	UG/113/26/113	75	40	1	100	approved	Submitted	2	0	1000	900	MATOVU FRANCIS	UBL 709V	2025-03-29	5	1100	195	190	2025-03-29 08:54:27.133026+00
311	268	UG/113/39/113	75	54	1	24	approved	Submitted	2	0	976	952	MATOVU FRANCIS	UBL 709V	2025-03-29	5	1100	195	190	2025-03-29 09:29:26.857785+00
312	652	UG/105/038/24112603	83	53	1	1000	approved	Submitted	2	0	1000	0	mombwe Richard	UBF/892.F	2025-03-28	5	1070	164	241	2025-03-29 09:58:28.921758+00
313	652	UG/105/008/24112603	82	9	1	30	approved	Submitted	2	0	1000	970	mombwe Richard	UBF/892.F	2025-03-29	5	1070	164	241	2025-03-29 10:05:17.244273+00
314	268	UG/113/39/113	75	54	1	24	approved	Submitted	2	0	952	928	MATOVU FRANCIS	UBL 709V	2025-03-29	5	1100	195	190	2025-03-29 10:10:56.42752+00
315	268	UG/113/38/113	75	53	1	36	approved	Submitted	2	0	1000	964	MATOVU FRANCIS	UBL 709V	2025-03-29	5	1100	195	190	2025-03-29 10:13:27.137108+00
316	652	UG/105/013/24112603	82	16	1	104	approved	Submitted	2	0	200	96	mombwe Richard	UBF/892.F	2025-03-29	5	1070	164	241	2025-03-29 10:15:18.500934+00
317	268	UG/106/032/113	75	47	1	120	approved	Submitted	2	0	880	760	MATOVU FRANCIS	UBL 709V	2025-03-29	5	1100	195	190	2025-03-29 10:15:52.878441+00
318	339	UG/106/07/35249	85	8	1	150	approved	Submitted	2	0	1000	850	Erias	UEU146D	2025-03-28	5	1061	228	235	2025-03-29 10:16:19.396672+00
319	652	UG/105/09/24112603	82	10	1	144	approved	Submitted	2	0	796	652	mombwe Richard	UBF/892.F	2025-03-29	5	1070	164	241	2025-03-29 10:17:25.797294+00
320	379	UG/116/03/50035	82	3	1	416	approved	Submitted	2	0	886	470	mombwe Richard	UBF/892.F	2025-03-29	5	1070	164	241	2025-03-29 10:20:20.122195+00
321	652	UG/105/038/24112603	82	53	1	280	approved	Pending	2	0	2000	1720	mombwe Richard	UBF/892.F	2025-03-29	5	1070	164	241	2025-03-29 11:14:51.348289+00
322	652	UG/105/038/24112603	82	53	1	280	approved	Submitted	2	0	2000	1720	mombwe Richard	UBF/892.F	2025-03-29	5	1070	164	241	2025-03-29 11:39:11.907436+00
323	280	UG/104/01/5016	81	1	1	100	approved	Submitted	2	0	486	386	Paul	Uaz 104p	2025-03-29	5	1054	214	208	2025-03-29 12:35:29.360926+00
324	296	UG/215/022/5275	81	36	1	175	approved	Submitted	2	0	300	125	Paul	Uaz 104p	2025-03-29	5	1054	214	208	2025-03-29 12:36:58.406081+00
325	406	UG/117/09/110065	81	10	1	100	approved	Submitted	2	0	650	550	Paul	Uaz 104p	2025-03-29	5	1054	214	208	2025-03-29 12:38:25.254497+00
326	257	UG/113/07/25	81	8	1	50	approved	Submitted	2	0	720	670	Paul	Uaz 104p	2025-03-29	5	1054	214	208	2025-03-29 12:39:34.448819+00
327	341	UG/106/094/35262	81	115	1	50	approved	Submitted	2	0	450	400	Paul	Uaz 104p	2025-03-29	5	1054	214	208	2025-03-29 12:41:05.694967+00
328	576	UG/113/013/24102504	81	16	1	150	approved	Submitted	2	0	-100	-100	Paul	Uaz 104p	2025-03-29	5	1054	214	208	2025-03-29 12:43:25.859316+00
329	545	UG/113/032/24102472	81	47	1	80	approved	Submitted	2	0	575	495	Paul	Uaz 104p	2025-03-29	5	1054	214	208	2025-03-29 12:44:37.235356+00
330	257	UG/113/033/25	81	48	1	80	approved	Submitted	2	0	500	420	Paul	Uaz 104p	2025-03-29	5	1054	214	208	2025-03-29 12:46:11.198626+00
331	280	UG/104/01/5016	80	1	1	300	approved	Submitted	2	0	386	86	Paul	Uaz 104p	2025-03-29	5	1054	214	208	2025-03-29 12:51:01.452309+00
332	257	UG/113/07/25	80	8	1	30	approved	Submitted	2	0	670	640	Paul	Uaz 104p	2025-03-29	5	1054	214	208	2025-03-29 12:52:56.358787+00
333	813	UG/405/009/24122841	88	10	1	800	approved	Submitted	2	0	1000	200	Kasujja andrew	UBA 433K	2025-03-29	5	1082	162	136	2025-03-29 12:53:42.895331+00
334	536	UG/106/08/24102460	80	9	1	10	approved	Submitted	2	0	990	980	Paul	Uaz 104p	2025-03-29	5	1054	214	208	2025-03-29 12:55:09.443618+00
335	812	UG/115/013/24122840	88	16	1	80	approved	Submitted	2	0	1000	920	kaweesi ukasha	UBA 270C	2025-03-29	5	1082	162	136	2025-03-29 12:56:17.481164+00
336	536	UG/106/09/24102460	80	10	1	400	approved	Submitted	2	0	1000	600	Paul	Uaz 104p	2025-03-29	5	1054	214	208	2025-03-29 12:57:41.992708+00
337	813	UG/405/008/24122841	88	9	1	40	approved	Submitted	2	0	1000	960	Senkoto geogfrey	UBA 433K	2025-03-01	5	1082	162	136	2025-03-29 12:58:01.338984+00
338	576	UG/113/013/24102504	80	16	1	160	approved	Submitted	2	0	-100	-100	Paul	Uaz 104p	2025-03-29	5	1054	214	208	2025-03-29 13:00:00.362208+00
339	257	UG/113/033/25	80	48	1	150	approved	Submitted	2	0	420	270	Paul	Uaz 104p	2025-03-29	5	1054	214	208	2025-03-29 13:02:09.375483+00
340	341	UG/106/094/35262	80	115	1	70	approved	Submitted	2	0	400	330	Paul	Uaz 104p	2025-03-29	5	1054	214	208	2025-03-29 13:03:38.708611+00
341	339	UG/106/07/35249	86	8	1	130	approved	Submitted	2	0	850	720	Erias	UEU146D	2025-03-28	5	1061	228	235	2025-03-29 13:39:25.012113+00
342	801	UG/117/005/24112818	89	6	1	150	approved	Submitted	2	0	1000	850	Mukwaya Vincent	UBA351C	2025-03-29	5	1016	186	155	2025-03-29 13:39:35.572525+00
343	427	UG/204/014/235002	86	17	1	130	approved	Submitted	2	0	1000	870	Mutyaba Abdul	UFC354Y	2025-03-28	5	1061	228	235	2025-03-29 13:40:48.386681+00
344	774	UG/410/007/24112783	89	8	1	250	approved	Pending	2	0	1000	750	Mukwaya Vincent	UBA351C	2025-03-29	5	1016	186	155	2025-03-29 13:43:59.126019+00
345	775	UG/110/009/24112784	89	10	1	30	approved	Pending	2	0	1000	970	Mukwaya Vincent	UBA351C	2025-03-29	5	1016	186	155	2025-03-29 13:47:05.16601+00
346	802	UG/104/026/24112819	89	40	1	3000	approved	Pending	2	0	1000	-2000	SEGAWA JEREVAZIO	UBE 113D	2025-03-28	5	1016	186	155	2025-03-29 13:51:22.116222+00
347	775	UG/110/009/24112784	89	10	1	30	approved	Submitted	2	0	1000	970	SEGAWA JEREVAZIO	UBE 113D	2025-03-28	5	1016	186	155	2025-03-29 13:54:13.095558+00
348	774	UG/410/007/24112783	89	8	1	250	approved	Submitted	2	0	1000	750	SEGAWA JEREVAZIO	UBE 113D	2025-03-28	5	1016	186	155	2025-03-29 13:56:18.236218+00
349	802	UG/104/026/24112819	89	40	1	3000	approved	Submitted	2	0	1000	-2000	Mukwaya Vincent	UBA351C	2025-03-28	5	1016	186	155	2025-03-29 13:58:08.081034+00
350	812	UG/115/0443/24122840	88	457	1	50	approved	Submitted	2	0	1000	950	Kasujja Andrew	UBB 675N	2025-03-29	5	1082	162	136	2025-03-29 14:23:32.819202+00
351	623	UG/122/07/24112572	88	8	1	230	approved	Submitted	2	0	2000	1770	Kasujja andrew	UBA 433K	2025-03-29	5	1082	162	136	2025-03-29 15:15:44.840333+00
352	324	UG/410/07/35072	77	8	1	100	approved	Submitted	2	0	600	500	moses	UBL 048A	2025-03-29	5	1044	210	261	2025-03-29 15:19:03.803908+00
353	591	UG/111/09/24112526	77	10	1	500	approved	Submitted	2	0	1000	500	MULONDO	UBQ444L	2025-03-29	5	1044	210	261	2025-03-29 15:20:36.970521+00
354	591	UG/111/08/24112526	77	9	1	120	approved	Submitted	2	0	1000	880	CYRUS	UBQ444L	2025-03-29	5	1044	210	261	2025-03-29 15:21:35.182868+00
355	632	UG/119/012/24112583	77	13	1	80	approved	Submitted	2	0	775	695	NASSIF	UGF543X	2025-03-29	5	1044	210	261	2025-03-29 15:23:20.117973+00
357	597	UG/113/025/24112533	77	39	1	100	approved	Submitted	2	0	900	800	MULONDO	UBQ444L	2025-03-29	5	1044	210	261	2025-03-29 15:25:40.572479+00
356	502	UG/106/033/24102410	88	48	1	60	approved	Submitted	2	0	1000	940	Kasujja andrew	UBA 270C	2025-03-29	5	1082	162	136	2025-03-29 15:25:36.162917+00
358	597	UG/113/032/24112533	77	47	1	80	approved	Submitted	2	0	200	120	moses	UBQ444L	2025-03-29	5	1044	210	261	2025-03-29 15:27:35.792287+00
359	602	UG/119/013/24112540	77	16	1	320	approved	Submitted	2	0	-600	-600	NASSIF	UBP438T	2025-03-29	5	1044	210	261	2025-03-29 15:29:20.053401+00
360	268	UG/113/18/113	91	22	1	60	approved	Submitted	2	0	1000	940	MATOVU FRANCIS	UBL 709V	2025-03-29	5	1100	195	190	2025-03-29 15:40:55.656443+00
361	614	UG/122/09/24112559	91	10	1	600	approved	Submitted	2	0	-1000	-1600	MATOVU FRANCIS	UBL 709V	2025-03-29	5	1100	195	190	2025-03-29 15:44:02.311336+00
362	457	UG/106/01/2472348	91	1	1	100	approved	Submitted	2	0	1000	900	MATOVU FRANCIS	UBL 709V	2025-03-29	5	1100	195	190	2025-03-29 15:48:08.752999+00
363	996	UG/122/13/253996	91	16	1	400	approved	Submitted	2	0	1000	600	MATOVU FRANCIS	UBL 709V	2025-03-29	5	1100	195	190	2025-03-29 15:54:19.622767+00
364	997	UG/122/8/253997	91	9	1	18	approved	Submitted	2	0	1400	1382	MATOVU FRANCIS	UBL 709V	2025-03-29	5	1100	195	190	2025-03-29 16:00:00.616685+00
365	996	UG/122/300/253996	91	316	1	100	approved	Submitted	2	0	1400	1300	MATOVU FRANCIS	UBL 709V	2025-03-29	5	1100	195	190	2025-03-29 16:06:27.61343+00
366	614	UG/122/033/24112559	91	48	1	60	approved	Submitted	2	0	970	910	MATOVU FRANCIS	UBL 709V	2025-03-29	5	1100	195	190	2025-03-29 16:12:52.636738+00
367	997	UG/122/7/253997	91	8	1	60	approved	Submitted	2	0	1000	940	MATOVU FRANCIS	UBL 709V	2025-03-29	5	1100	195	190	2025-03-29 16:18:28.116286+00
368	268	UG/106/032/113	91	47	1	30	approved	Submitted	2	0	760	730	MATOVU FRANCIS	UBL 709V	2025-03-29	5	1100	195	190	2025-03-29 16:27:19.973328+00
369	597	UG/113/032/24112533	77	47	1	80	approved	Submitted	2	0	120	40	CYRUS	UBQ444L	2025-03-28	5	1044	210	261	2025-03-29 16:32:08.555052+00
371	268	UG/113/39/113	91	54	1	30	approved	Pending	2	0	928	898	MATOVU FRANCIS	UBL 709V	2025-03-29	5	1100	195	190	2025-03-29 16:32:28.823296+00
383	368	UG/122/033/45067	92	48	1	120	approved	Submitted	2	0	1000	880	owen	ugf300b	2025-03-29	5	1002	205	185	2025-03-29 18:14:48.966038+00
370	545	UG/113/300/24102472	81	316	1	10	approved	Submitted	2	0	1000	750	Paul	Uaz 104p	2025-03-29	5	1054	214	208	2025-03-29 16:32:27.417614+00
372	280	UG/104/3/5016	81	3	1	250	approved	Submitted	2	0	750	500	Paul	Uaz 104p	2025-03-29	5	1054	214	208	2025-03-29 16:39:00.498215+00
373	545	UG/113/300/24102472	80	316	1	20	approved	Submitted	2	0	750	730	Paul	Uaz 104p	2025-03-29	5	1054	214	208	2025-03-29 16:43:43.991438+00
374	268	UG/113/39/113	91	54	1	30	approved	Submitted	2	0	928	898	MATOVU FRANCIS	UBL 709V	2025-03-29	5	1100	195	190	2025-03-29 16:51:01.504114+00
375	268	UG/113/445/113	91	459	1	20	approved	Submitted	2	0	950	930	MATOVU FRANCIS	UBL 709V	2025-03-29	5	1100	195	190	2025-03-29 16:52:58.034165+00
376	268	UG/113/42/113	91	61	1	30	approved	Submitted	2	0	1000	970	MATOVU FRANCIS	UBL 709V	2025-03-29	5	1100	195	190	2025-03-29 16:54:46.994014+00
377	268	UG/113/12/113	91	15	1	16	approved	Submitted	2	0	1000	984	MATOVU FRANCIS	UBL 709V	2025-03-29	5	1100	195	190	2025-03-29 17:27:31.831245+00
378	322	UG/106/01/35061	92	1	1	250	approved	Submitted	2	0	760	510	frank 	uab 810h	2025-03-29	5	1002	205	185	2025-03-29 18:05:46.678761+00
379	769	UG/115/009/24112777	92	10	1	380	approved	Submitted	2	0	620	240	frank 	uag 456t	2025-03-28	5	1002	205	185	2025-03-29 18:07:25.206308+00
380	374	UG/105/013/45094	92	16	1	119	approved	Submitted	2	0	1000	881	owen	uds 164m	2025-03-28	5	1002	205	185	2025-03-29 18:08:50.487352+00
381	769	UG/115/009/24112777	92	10	1	380	approved	Submitted	2	0	240	-140	steven	UGF363B	2025-03-29	5	1002	205	185	2025-03-29 18:12:26.105713+00
382	387	UG/204/014/75013	92	17	1	380	approved	Submitted	2	0	640	260	frank 	uds 164m	2025-03-29	5	1002	205	185	2025-03-29 18:13:47.741271+00
384	733	UG/102/0442/24112715	92	456	1	150	approved	Submitted	2	0	1000	850	steven	ugf300b	2025-03-29	5	1002	205	185	2025-03-29 18:16:35.320695+00
385	438	UG/124/013/270025	95	16	1	550	approved	Submitted	2	0	1000	450	kato evans	UBF456H	2025-03-29	5	1103	217	201	2025-03-29 18:19:20.39512+00
386	438	UG/124/09/270025	95	10	1	370	approved	Pending	1	0	1000	630	mugole edward	ubm789u	2025-03-29	5	1103	217	201	2025-03-29 18:59:11.048213+00
387	438	UG/124/09/270025	95	10	1	370	approved	Submitted	2	0	1000	630	mugole edward	ubm789u	2025-03-29	5	1103	217	201	2025-03-29 18:59:51.338961+00
388	446	UG/104/01/2452329	95	1	1	150	approved	Submitted	2	0	1000	850	nsubuga ronald	UAB302Q	2025-03-29	5	1103	217	201	2025-03-29 19:01:31.794283+00
389	446	UG/104/01/2452329	95	1	1	250	approved	Submitted	2	0	850	600	mugole edward	UAB302Q	2025-03-29	5	1103	217	201	2025-03-29 19:04:38.880969+00
390	438	UG/124/07/270025	95	8	1	250	approved	Submitted	2	0	1000	750	KIWA ISAAC	UAB302Q	2025-03-29	5	1103	217	201	2025-03-29 19:06:26.505347+00
391	608	UG/320/023/24112552	95	37	1	170	approved	Submitted	2	0	1000	830	kato evans	uay 345 l	2025-03-29	5	1103	217	201	2025-03-29 19:08:32.254887+00
392	446	UG/104/002/2452329	95	2	1	140	approved	Submitted	2	0	1000	860	kato evans	ubm789u	2025-03-29	5	1103	217	201	2025-03-29 20:01:11.133963+00
393	293	UG/122/07/5085	96	8	1	925	approved	Submitted	2	0	1000	75	Julius kabonge 	Ubg 592u	2025-03-29	5	1090	167	133	2025-03-29 20:23:10.538091+00
394	653	UG/105/07/24112604	97	8	1	754	approved	Submitted	2	0	-43	-43	mombwe Richard	UBF/892.F	2025-03-29	5	1070	164	241	2025-03-30 02:40:33.155664+00
395	652	UG/105/09/24112603	97	10	1	204	approved	Submitted	2	0	652	448	mombwe Richard	UBF/892.F	2025-03-29	5	1070	164	241	2025-03-30 02:42:28.265968+00
396	458	UG/122/013/2482358	101	16	1	1200	approved	Submitted	2	0	-102	-102	Issah Mpagi	UAK260Z	2025-03-30	5	1034	200	186	2025-03-30 04:50:57.681888+00
397	481	UG/104/01/24102384	101	1	1	520	approved	Submitted	2	0	470	-50	Issah Mpagi	UAK260Z	2025-03-30	5	1034	200	186	2025-03-30 04:52:57.670387+00
398	458	UG/124/08/2482358	101	9	1	213	approved	Submitted	2	0	570	357	Issah Mpagi	UAK260Z	2025-03-30	5	1034	200	186	2025-03-30 04:54:12.807683+00
399	458	UG/124/07/2482358	101	8	1	300	approved	Submitted	2	0	537	237	Issah Mpagi	UAK260Z	2025-03-30	5	1034	200	186	2025-03-30 04:55:29.448465+00
400	327	UG/106/012/35083	101	13	1	317	approved	Submitted	2	0	200	-117	Issah Mpagi	UAK260Z	2025-03-30	5	1034	200	186	2025-03-30 04:57:00.302081+00
401	458	UG/124/09/2482358	101	10	1	209	approved	Submitted	2	0	-18	-18	Issah Mpagi	UAK260Z	2025-03-30	5	1034	200	186	2025-03-30 04:58:27.145766+00
402	768	UG/235/025/24112774	101	39	1	211	approved	Submitted	2	0	917	706	Issah Mpagi	UAK260Z	2025-03-30	5	1034	200	186	2025-03-30 05:00:28.417946+00
403	458	UG/124/09/2482358	101	10	1	520	approved	Submitted	2	0	-18	-18	Issah Mpagi	UAK260Z	2025-03-30	5	1034	200	186	2025-03-30 05:02:03.115715+00
404	327	UG/106/02/35083	102	2	1	1200	approved	Submitted	2	0	1000	-200	Issah Mpagi	UAK260Z	2025-03-30	5	1034	200	186	2025-03-30 05:22:36.684123+00
405	456	UG/106/02/2472347	102	2	1	408	approved	Submitted	2	0	1000	592	Issah Mpagi	UAK260Z	2025-03-30	5	1034	200	186	2025-03-30 05:25:41.222245+00
406	520	UG/108/02/24102438	102	2	1	200	approved	Submitted	2	0	1000	800	Issah Mpagi	UAK260Z	2025-03-30	5	1034	200	186	2025-03-30 05:26:36.347454+00
407	518	UG/108/02/24102431	102	2	1	500	approved	Submitted	2	0	1000	500	Issah Mpagi	UAK260Z	2025-03-30	5	1034	200	186	2025-03-30 05:28:18.645341+00
408	394	UG/122/016/100003	48	19	1	300	approved	Submitted	2	0	1000	700	SSERWANJA	UBF 587F	2025-03-30	5	1063	232	232	2025-03-30 06:34:44.707215+00
409	458	UG/124/07/2482358	103	8	1	149	approved	Submitted	2	0	237	88	Issah Mpagi	UAK260Z	2025-03-30	5	1034	200	186	2025-03-30 06:36:21.660156+00
410	458	UG/124/08/2482358	103	9	1	112	approved	Submitted	2	0	357	245	Issah Mpagi	UAK260Z	2025-03-30	5	1034	200	186	2025-03-30 06:37:17.862774+00
411	534	UG/113/018/24102458	103	21	1	310	approved	Submitted	2	0	1000	690	Issah Mpagi	UAK260Z	2025-03-30	5	1034	200	186	2025-03-30 06:38:31.286749+00
412	458	UG/124/09/2482358	103	10	1	300	approved	Submitted	2	0	-18	-18	Issah Mpagi	UAK260Z	2025-03-30	5	1034	200	186	2025-03-30 06:39:45.440694+00
413	768	UG/235/025/24112774	103	39	1	218	approved	Submitted	2	0	706	488	Issah Mpagi	UAK260Z	2025-03-30	5	1034	200	186	2025-03-30 06:40:57.144531+00
414	534	UG/104/032/24102458	103	47	1	295	approved	Submitted	2	0	1000	705	Issah Mpagi	UAK260Z	2025-03-30	5	1034	200	186	2025-03-30 06:42:21.075344+00
415	458	UG/122/013/2482358	103	16	1	579	approved	Submitted	2	0	-102	-102	Issah Mpagi	UAK260Z	2025-03-30	5	1034	200	186	2025-03-30 06:46:32.400138+00
416	728	UG/418/09/24112710	48	10	1	150	approved	Submitted	2	0	1000	850	MUKASA	UBG 209L	2025-03-30	5	1063	232	232	2025-03-30 06:49:05.18069+00
417	728	UG/410/010/24112710	48	11	1	108	approved	Submitted	2	0	1000	892	MUKASA	UBG 209L	2025-03-30	5	1063	232	232	2025-03-30 06:51:07.169427+00
418	672	UG/102/018/24112635	48	21	1	102	approved	Submitted	2	0	1000	898	EMMA	UBP 281K	2025-03-30	5	1063	232	232	2025-03-30 06:53:09.817181+00
419	729	UG/404/031/24112711	48	46	1	500	approved	Submitted	2	0	1000	500	VICENT	UBQ 064W	2025-03-30	5	1063	232	232	2025-03-30 06:56:17.520551+00
420	411	UG/104/0259/135090	48	275	1	1040	approved	Submitted	2	0	1000	-40	LOLINE	UET 811N	2025-03-30	5	1063	232	232	2025-03-30 06:58:32.9945+00
421	729	UG/429/0249/24112711	48	265	1	180	approved	Submitted	2	0	1000	820	SHANIAH	UBA 979E	2025-03-30	5	1063	232	232	2025-03-30 07:00:55.23564+00
422	317	UG/106/251/35003	48	267	1	240	approved	Submitted	2	0	1000	760	GEOFREY	UBT 498B	2025-03-30	5	1063	232	232	2025-03-30 07:03:09.988473+00
423	673	UG/404/0246/24112636	48	262	1	460	approved	Submitted	2	0	1000	540	MWIZA	UAW 528N	2025-03-30	5	1063	232	232	2025-03-30 07:05:05.465312+00
424	365	UG/122/07/45054	104	8	1	600	approved	Submitted	2	0	1000	400	Tonny	UBA0103F	2025-03-29	5	1081	216	222	2025-03-30 07:07:29.93091+00
425	515	UG/106/005/24102428	104	6	1	150	approved	Submitted	2	0	1000	850	Tonny	UBN999N	2025-03-30	5	1081	216	222	2025-03-30 07:09:40.51554+00
426	647	UG/113/02/24112598	104	2	1	208	approved	Submitted	2	0	1000	792	mugisha	UBA0103F	2025-03-29	5	1081	216	222	2025-03-30 07:11:13.675291+00
427	411	UG/104/04/135090	48	5	1	272	approved	Submitted	2	0	1000	728	DEO	UBH 845P	2025-03-30	5	1063	232	232	2025-03-30 08:12:39.860692+00
428	666	UG/212/028/24112628	48	43	1	42	approved	Submitted	2	0	1000	958	KASIRYE	UBK 929J	2025-03-30	5	1063	232	232	2025-03-30 08:14:40.795425+00
429	288	UG/104/014/5038	48	17	1	34	approved	Submitted	2	0	1000	966	KASAGA	UBG 728L	2025-03-30	5	1063	232	232	2025-03-30 08:17:49.109024+00
430	301	UG/116/0337/15003	48	351	1	5	approved	Submitted	2	0	1000	995	DEO	UAW 528N	2025-03-30	5	1063	232	232	2025-03-30 08:19:48.202573+00
431	672	UG/102/047/24112635	48	69	1	6	approved	Submitted	2	0	1000	994	SUNDAY	UFK 276S	2025-03-30	5	1063	232	232	2025-03-30 08:21:22.413387+00
432	814	UG/421/004/24122842	40	5	1	650	approved	Submitted	2	0	1000	350	bonny	ubg303w	2025-03-30	5	1068	234	238	2025-03-30 08:34:00.755416+00
434	288	UG/113/02/5038	48	2	1	200	approved	Submitted	2	0	1000	800	KASAGA	UAY 552Q	2025-03-30	5	1063	232	232	2025-03-30 08:35:58.449766+00
433	794	UG/105/043/24112809	40	443	1	40	approved	Submitted	2	0	1000	960	bonny	ubg303w	2025-03-30	5	1068	234	238	2025-03-30 08:35:47.803549+00
435	789	UG/410/094/24112804	40	115	1	350	approved	Submitted	2	0	1000	650	bonny	ubg303w	2025-03-30	5	1068	234	238	2025-03-30 08:39:53.634069+00
436	789	UG/410/008/24112804	40	9	1	160	approved	Submitted	2	0	1000	840	bonny	ubg303w	2025-03-30	5	1068	234	238	2025-03-30 08:42:02.712236+00
437	794	UG/105/032/24112809	40	47	1	40	approved	Submitted	2	0	1000	960	bonny	ubg303w	2025-03-30	5	1068	234	238	2025-03-30 08:45:34.247735+00
438	301	UG/113/03/15003	48	3	1	220	approved	Submitted	2	0	1000	780	JOSEPH	UBJ 498B	2025-03-30	5	1063	232	232	2025-03-30 08:50:14.426164+00
439	791	UG/108/007/24112806	40	8	1	300	approved	Submitted	2	0	1000	700	bonny	ubg303w	2025-03-30	5	1068	234	238	2025-03-30 08:51:08.031283+00
440	407	UG/113/021/130002	48	33	1	128	approved	Submitted	2	0	1000	872	RYAN	UFP 388K	2025-03-30	5	1063	232	232	2025-03-30 08:52:31.230221+00
441	791	UG/108/0441/24112806	40	455	1	10	approved	Submitted	2	0	1000	990	bonny	ubg303w	2025-03-30	5	1068	234	238	2025-03-30 08:54:44.830298+00
442	790	UG/106/012/24112805	40	13	1	10	approved	Submitted	2	0	1000	990	bonny	ubg303w	2025-03-30	5	1068	234	238	2025-03-30 09:00:06.544068+00
443	791	UG/108/038/24112806	40	53	1	30	approved	Submitted	2	0	1000	970	bonny	ubg303w	2025-03-30	5	1068	234	238	2025-03-30 09:02:11.130354+00
444	313	UG/121/02/30013	107	2	1	1000	approved	Submitted	2	0	1000	0	Tonny	UBN999N	2025-03-29	5	1081	163	129	2025-03-30 09:27:17.506057+00
445	659	UG/124/07/24112611	107	8	1	400	approved	Submitted	2	0	1000	600	James	UBB716A	2025-03-29	5	1081	163	129	2025-03-30 09:28:16.40761+00
446	659	UG/124/08/24112611	107	9	1	300	approved	Submitted	2	0	900	600	Tonny	UBB716A	2025-03-30	5	1081	163	129	2025-03-30 09:29:17.950593+00
447	586	UG/106/012/24102520	107	13	1	250	approved	Submitted	2	0	1000	750	john	UBN474N	2025-03-29	5	1081	163	129	2025-03-30 09:35:08.430371+00
448	659	UG/119/013/24112611	107	16	1	480	approved	Submitted	2	0	200	-280	Tonny	UBA0103F	2025-03-29	5	1081	163	129	2025-03-30 09:41:34.610807+00
449	664	UG/104/026/24112625	48	40	1	136	approved	Submitted	2	0	1000	864	FIRIDAUS	UBK 929J	2025-03-30	5	1063	232	232	2025-03-30 09:41:58.091313+00
451	652	UG/105/038/24112603	112	53	1	600	approved	Submitted	2	0	1720	1120	mombwe Richard	UBF/892.F	2025-03-30	5	1070	164	241	2025-03-30 09:43:27.070348+00
453	415	UG/408/013/155001	48	16	1	15	approved	Submitted	2	0	1000	985	KASAGA	UFW 948T	2025-03-30	5	1063	232	232	2025-03-30 09:45:11.735945+00
454	666	UG/212/039/24112628	48	54	1	250	approved	Submitted	2	0	1000	750	LUMU	UAT 465T	2025-03-30	5	1063	232	232	2025-03-30 09:47:03.103184+00
455	732	UG/116/029/24112714	48	44	1	2100	approved	Submitted	2	0	1000	-1100	FRED 	UGF 661R	2025-03-30	5	1063	232	232	2025-03-30 09:49:34.861931+00
452	588	UG/108/023/24112522	107	37	1	360	approved	Submitted	2	0	1000	640	James	UBA0103F	2025-03-30	5	1081	163	129	2025-03-30 09:43:41.925682+00
450	665	UG/429/0275/24112626	48	291	1	1100	approved	Submitted	2	0	1000	-100	ALFRED	UGG 658L	2025-03-30	5	1063	232	232	2025-03-30 09:43:24.212011+00
456	668	UG/104/053/24112630	48	75	1	2	approved	Submitted	2	0	1000	998	FRANCIS	UBG 531K	2025-03-30	5	1063	232	232	2025-03-30 09:51:49.102291+00
457	653	UG/105/07/24112604	111	8	1	807	approved	Submitted	2	0	-43	-43	mombwe Richard	UBF/892.F	2025-03-30	5	1070	164	241	2025-03-30 09:55:01.14303+00
458	597	UG/113/032/24112533	107	47	1	400	approved	Submitted	2	0	40	-360	Tonny	UBB716A	2025-03-30	5	1081	163	129	2025-03-30 09:59:56.669172+00
459	652	UG/105/09/24112603	111	10	1	204	approved	Submitted	2	0	448	244	mombwe Richard	UBF/892.F	2025-03-30	5	1070	164	241	2025-03-30 10:12:26.481198+00
460	656	UG/107/02/24112608	108	2	1	905	approved	Submitted	2	0	875	-30	mombwe Richard	UBF/892.F	2025-03-30	5	1070	164	241	2025-03-30 10:18:30.733274+00
461	652	UG/105/038/24112603	108	53	1	200	approved	Submitted	2	0	1120	920	mombwe Richard	UBF/892.F	2025-03-30	5	1070	164	241	2025-03-30 10:22:19.183414+00
462	652	UG/105/008/24112603	108	9	1	36	approved	Submitted	2	0	970	934	mombwe Richard	UBF/892.F	2025-03-30	5	1070	164	241	2025-03-30 10:23:52.736078+00
463	653	UG/105/07/24112604	108	8	1	904	approved	Submitted	2	0	-43	-43	mombwe Richard	UBM/765.U	2025-03-30	5	1070	164	241	2025-03-30 10:25:19.238503+00
464	652	UG/105/038/24112603	109	53	1	1280	approved	Submitted	2	0	920	-360	mombwe Richard	UBF/892.F	2025-03-30	5	1070	164	241	2025-03-30 10:35:17.956637+00
465	652	UG/105/038/24112603	110	53	1	1057	approved	Submitted	2	0	-360	-360	mombwe Richard	UBF/892.F	2025-03-30	5	1070	164	241	2025-03-30 10:40:10.778105+00
466	728	UG/418/09/24112710	47	10	1	1700	approved	Submitted	2	0	850	-850	MUKASA	UBG 209L	2025-03-30	5	1063	232	232	2025-03-30 10:52:27.596154+00
467	728	UG/410/010/24112710	47	11	1	500	approved	Submitted	2	0	892	392	MUKASA	UBG 209L	2025-03-30	5	1063	232	232	2025-03-30 10:53:45.361837+00
468	729	UG/404/031/24112711	47	46	1	3500	approved	Submitted	2	0	500	-3000	VICENT	UBQ 064W	2025-03-30	5	1063	232	232	2025-03-30 10:55:01.954961+00
469	317	UG/106/0255/35003	47	271	1	280	approved	Submitted	2	0	1000	720	GEOFREY	UBT 498B	2025-03-30	5	1063	232	232	2025-03-30 10:56:15.346241+00
470	411	UG/104/04/135090	47	5	1	400	approved	Submitted	2	0	728	328	DEO	UAY 552Q	2025-03-30	5	1063	232	232	2025-03-30 10:58:22.456211+00
471	666	UG/212/028/24112628	47	43	1	600	approved	Submitted	2	0	958	358	KASIRYE	UMA 363AD	2025-03-30	5	1063	232	232	2025-03-30 11:01:54.040833+00
474	301	UG/113/03/15003	47	3	1	900	approved	Submitted	2	0	780	-120	KASAGA	UBF 908H	2025-03-30	5	1063	232	232	2025-03-30 11:09:17.967491+00
473	317	UG/106/036/35003	47	51	1	1499	approved	Pending	2	0	1000	-499	MWIZA	UKG 315V	2025-03-30	5	1063	232	232	2025-03-30 11:06:04.218813+00
472	317	UG/106/036/35003	47	51	1	1500	approved	Submitted	2	0	1000	-2300	MWIZA	UBQ 037B	2025-03-30	5	1063	232	232	2025-03-30 11:04:23.672797+00
475	671	UG/403/039/24112634	47	54	1	850	approved	Submitted	2	0	1000	150	LUMU	UAT 182F	2025-03-30	5	1063	232	232	2025-03-30 11:11:05.442189+00
476	667	UG/108/012/24112629	47	13	1	850	approved	Submitted	2	0	50000	49150	ANNET	UBG 471S	2025-03-30	5	1063	232	232	2025-03-30 11:13:30.257346+00
477	772	UG/403/016/24112780	47	19	1	300	approved	Submitted	2	0	1000	700	EMMA	UGG 658L	2025-03-30	5	1063	232	232	2025-03-30 11:15:50.70009+00
478	252	UG/113/03/1	113	3	1	3000	approved	Submitted	2	0	1000	-2000	Denis	UBH018J	2025-03-29	5	1031	196	174	2025-03-30 11:25:24.071301+00
479	621	UG/122/02/24112568	113	2	1	1500	approved	Submitted	2	0	1000	-500	ABU	UBL783H	2025-03-29	5	1031	196	174	2025-03-30 11:29:22.114159+00
480	316	UG/106/01/35001	113	1	1	800	approved	Pending	2	0	-1200	-1200	PETER	UAZ389L	2025-03-30	5	1031	196	174	2025-03-30 11:42:42.692214+00
482	791	UG/108/038/24112806	40	53	1	200	approved	Submitted	2	0	970	770	bonny	ubg303w	2025-03-30	5	1068	234	238	2025-03-30 12:32:07.70824+00
481	432	UG/418/07/240001	93	8	1	1197	approved	Submitted	2	0	-300	-300	CHRISTOPHER GONZAGA	UBL 753P	2025-03-29	5	1038	203	182	2025-03-30 12:30:58.587332+00
483	526	UG/124/09/24102449	98	10	1	700	approved	Submitted	2	0	1000	300	mugisha	UBN763J	2025-03-30	5	1021	207	188	2025-03-30 12:36:30.990496+00
484	791	UG/108/007/24112806	40	8	1	280	approved	Submitted	2	0	700	420	bonny	ubg303w	2025-03-30	5	1068	234	238	2025-03-30 12:39:48.513974+00
485	490	UG/105/013/24102398	93	16	1	1650	approved	Submitted	2	0	2000	350	MATOVU CHARLES	UBR 406K	2025-03-28	5	1038	203	182	2025-03-30 12:44:38.075217+00
486	508	UG/122/013/24102417	93	16	1	1600	approved	Submitted	2	0	1000	-600	SSAMULA MOHAMED	UBN 646P	2025-03-29	5	1038	203	182	2025-03-30 12:51:44.991125+00
487	513	UG/122/013/24102423	93	16	1	1500	approved	Submitted	2	0	1000	-500	MICHEAL	UBJ 713Q	2025-03-29	5	1038	203	182	2025-03-30 12:59:16.604482+00
488	378	UG/122/013/45101	93	16	1	375	approved	Submitted	2	0	-1500	-1500	KIGUNDU YASIN	UBL 735C	2025-03-29	5	1038	203	182	2025-03-30 13:08:33.385948+00
490	659	UG/124/09/24112611	115	10	1	830	approved	Submitted	2	0	2000	1170	Haggai	UAF 125E	2025-03-30	5	995	180	149	2025-03-30 13:28:27.857397+00
489	286	UG/104/03/5036	93	3	1	250	approved	Submitted	2	0	1000	750	LAWRENCE	UAJ 051W	2025-03-29	5	1038	203	182	2025-03-30 13:18:54.61719+00
491	312	UG/119/013/30001	115	16	1	460	approved	Submitted	2	0	1000	540	Haggai	UBM 313V	2025-03-30	5	995	180	149	2025-03-30 13:32:25.296563+00
492	659	UG/124/07/24112611	115	8	1	220	approved	Submitted	2	0	600	380	Haggai	UBG 264G	2025-03-30	5	995	180	149	2025-03-30 13:34:57.422817+00
493	659	UG/124/08/24112611	115	9	1	30	approved	Submitted	2	0	2000	1970	Serukenya dan	UAF 125E	2025-03-30	5	995	180	149	2025-03-30 13:35:57.708061+00
494	345	UG/108/032/40006	93	47	1	4600	approved	Submitted	2	0	-620	-620	SSENGENDO VINCENT	UBR 529B	2025-03-29	5	1038	203	182	2025-03-30 13:36:20.095129+00
495	660	UG/431/032/24112619	115	47	1	70	approved	Submitted	2	0	1000	930	KAGIMU YASIN	UBN 542J	2025-03-30	5	995	180	149	2025-03-30 13:38:30.299115+00
496	461	UG/224/050/2492370	93	72	1	400	approved	Submitted	2	0	460	60	SWALEH KISUBIKA	UBL 613H	2025-03-29	5	1038	203	182	2025-03-30 13:47:59.800177+00
497	280	UG/104/01/5016	115	1	1	84	approved	Submitted	2	0	2000	1916	Sharif Comforter 	UBG 264G	2025-03-30	5	995	180	149	2025-03-30 14:02:11.273395+00
498	738	UG/113/33/24112731	115	48	1	80	approved	Submitted	2	0	2000	1920	Mukotanyi Geoffrey 	UBN 542J	2025-03-30	5	995	180	149	2025-03-30 14:06:57.142296+00
499	461	UG/204/0463/2492370	93	478	1	175	approved	Submitted	2	0	715	540	SWALEH KISUBIKA	UBL 613H	2025-03-29	5	1038	203	182	2025-03-30 14:07:39.094451+00
500	478	UG/406/003/24102379	116	3	1	380	approved	Submitted	2	0	1000	620	Charles	UAX 304L	2025-03-30	5	1031	227	227	2025-03-30 14:10:37.526419+00
501	482	UG/108/03/24102385	93	3	1	420	approved	Submitted	2	0	1000	580	IVAN 	UGC 687T	2025-03-29	5	1038	203	182	2025-03-30 14:35:30.222702+00
502	277	UG/126/02/3018	93	2	1	140	approved	Submitted	2	0	915	775	KASIBANTE ISMAIL	UFB 875N	2025-03-29	5	1038	203	182	2025-03-30 14:58:20.926067+00
503	403	UG/117/02/110021	93	2	1	250	approved	Submitted	2	0	840	590	WANDERA FRANK	UBD 355N	2025-03-29	5	1038	203	182	2025-03-30 15:03:13.234667+00
504	495	UG/108/02/24102403	93	2	1	80	approved	Submitted	2	0	1000	920	KIYAGGA KELLY	UGG 776Y	2025-03-29	5	1038	203	182	2025-03-30 15:17:19.683632+00
505	580	UG/113/02/24102508	93	2	1	75	approved	Submitted	2	0	1000	925	NSUBUGA JOSEPH	UFL 023Q	2025-03-29	5	1038	203	182	2025-03-30 15:24:21.005908+00
506	957	UG/105/033/2512876	93	48	1	300	approved	Submitted	2	0	1000	700	BALINYA VINCENT	UAY 733H	2025-03-30	5	1038	203	182	2025-03-30 15:32:43.925688+00
507	369	UG/105/07/45070	121	8	1	950	approved	Submitted	2	0	2000	1050	Joseph	UBD 665D	2025-03-30	5	1012	178	147	2025-03-30 15:41:54.167983+00
508	373	UG/121/07/45091	121	8	1	950	approved	Submitted	2	0	1000	50	Joseph	UBD 665D	2025-03-30	5	1012	178	147	2025-03-30 15:43:44.121942+00
509	393	UG/105/07/100001	106	8	1	900	approved	Submitted	2	0	1000	100	Joseph Bwete	UAV 420J	2025-03-30	5	1048	215	197	2025-03-30 15:45:15.689769+00
510	384	UG/405/07/65010	121	8	1	475	approved	Submitted	2	0	1000	525	Razak	UBD 451W	2025-03-30	5	1012	178	147	2025-03-30 15:46:02.662473+00
511	798	UG/119/0444/24112813	121	458	1	600	approved	Submitted	2	0	1000	400	Razak	UBD 451W	2025-03-30	5	1012	178	147	2025-03-30 15:47:34.460337+00
512	393	UG/105/08/100001	106	9	1	300	approved	Submitted	2	0	1000	700	Kamya James	UAJ 284M	2025-03-30	5	1048	215	197	2025-03-30 15:48:48.922931+00
513	393	UG/105/09/100001	106	10	1	1600	approved	Submitted	2	0	1000	-600	Ssebyala Francis	UAV 915F	2025-03-30	5	1048	215	197	2025-03-30 15:55:26.723404+00
514	393	UG/105/013/100001	106	16	1	1400	approved	Submitted	2	0	1000	-400	Joseph Bwete	UAV 915F	2025-03-30	5	1048	215	197	2025-03-30 15:58:59.605782+00
515	721	UG/105/08/24112695	125	9	1	300.5	approved	Submitted	2	0	1000	699.5	DAVID	UBB763R	2025-03-30	5	1088	233	237	2025-03-30 16:04:59.931368+00
516	601	UG/410/07/24112539	125	8	1	160	approved	Submitted	2	0	1000	840	DAVID	UBB763R	2025-03-30	5	1088	233	237	2025-03-30 16:06:02.089505+00
518	721	UG/105/033/24112695	125	48	1	120	approved	Submitted	2	0	1000	880	DAVID	UBB763R	2025-03-30	5	1088	233	237	2025-03-30 16:07:09.617455+00
517	393	UG/105/033/100001	106	48	1	900	approved	Submitted	2	0	1000	100	Nsubuga Fred	UAJ 284M	2025-03-30	5	1048	215	197	2025-03-30 16:06:43.575493+00
520	474	UG/104/003/2512866	105	3	1	2000	approved	Pending	2	0	1000	-1000	Kamya James	UAJ 284M	2025-03-30	5	1048	215	197	2025-03-30 16:11:22.75929+00
519	674	UG/104/01/24112637	125	1	1	60	approved	Submitted	2	0	702	300	DAVID	UBB763R	2025-03-30	5	1088	233	237	2025-03-30 16:11:22.752527+00
521	721	UG/105/09/24112695	125	10	1	870.5	approved	Submitted	2	0	452	-418.5	DAVID	UBB763R	2025-03-30	5	1088	233	237	2025-03-30 16:13:25.051899+00
522	430	UG/205/025/235044	125	39	1	250	approved	Submitted	2	0	1000	750	DAVID	UBB763R	2025-03-30	5	1088	233	237	2025-03-30 16:14:42.666295+00
523	269	UG/113/032/132	125	47	1	740	approved	Submitted	2	0	830	90	DAVID	UBB763R	2025-03-29	5	1088	233	237	2025-03-30 16:16:23.917034+00
524	721	UG/105/300/24112695	125	316	1	60	approved	Submitted	2	0	1000	940	DAVID	UBB763R	2025-03-30	5	1088	233	237	2025-03-30 16:17:18.894428+00
525	461	UG/204/0463/2492370	125	478	1	80	approved	Submitted	2	0	540	460	DAVID	UBB763R	2025-03-30	5	1088	233	237	2025-03-30 16:18:10.169159+00
526	489	UG/113/01/24102397	93	1	1	270	approved	Pending	2	0	880	610	KAYONDO RAMECK	UFPQ 881W	2025-03-30	5	1038	203	182	2025-03-30 16:18:51.173374+00
527	461	UG/204/04/2492370	125	5	1	150	approved	Submitted	2	0	550	400	DAVID	UBB763R	2025-03-30	5	1088	233	237	2025-03-30 16:28:43.713253+00
529	389	UG/104/01/80010	128	1	1	160	approved	Submitted	2	0	-600	-800	KAMADA	UBQ 236R	2025-03-30	5	1011	177	146	2025-03-30 16:45:18.804676+00
528	489	UG/113/01/24102397	93	1	1	270	approved	Submitted	2	0	880	610	KYANDONDO RAMECK	UFQ 881W	2025-03-30	5	1038	203	182	2025-03-30 16:33:13.364642+00
530	360	UG/122/09/45018	128	10	1	370	approved	Submitted	2	0	860	490	UMAR	UBR 987L	2025-03-30	5	1011	177	146	2025-03-30 16:46:46.785437+00
531	260	UG/113/011/60	128	12	1	60	approved	Submitted	2	0	1000	940	kabali paul	uav 235t	2025-03-30	5	1011	177	146	2025-03-30 16:54:39.56884+00
532	360	UG/122/013/45018	128	16	1	88	approved	Submitted	2	0	1000	912	UMAR	UBR 987L	2025-03-30	5	1011	177	146	2025-03-30 16:57:09.573344+00
533	287	UG/104/014/5037	128	17	1	210	approved	Submitted	2	0	1000	790	UMAR	UBR 987L	2025-03-30	5	1011	177	146	2025-03-30 16:58:47.414137+00
534	393	UG/105/033/100001	106	48	1	50	approved	Submitted	2	0	100	50	Kamya James	UAT 436R	2025-03-30	5	1048	215	197	2025-03-30 17:03:54.698829+00
535	360	UG/122/09/45018	127	10	1	2310	approved	Submitted	1	0	490	-1820	UMAR	UBR 987L	2025-03-30	5	1011	177	146	2025-03-30 17:12:42.256893+00
536	286	UG/104/01/5036	127	1	1	170	approved	Submitted	2	0	850	680	KAMADA	UBQ 236R	2025-03-30	5	1011	177	146	2025-03-30 17:15:45.182668+00
537	360	UG/122/013/45018	127	16	1	620	approved	Submitted	1	0	912	292	UMAR	UBR 987L	2025-03-30	5	1011	177	146	2025-03-30 17:16:40.650362+00
538	360	UG/122/08/45018	127	9	1	95	approved	Submitted	2	0	1000	905	UMAR	UBR 987L	2025-03-30	5	1011	177	146	2025-03-30 17:18:09.305167+00
539	316	UG/106/01/35001	113	1	1	560	approved	Submitted	2	0	-1200	-1200	Ronald	UBF 134K	2025-03-30	5	1031	196	174	2025-03-30 17:18:10.152599+00
540	740	UG/108/003/24112735	129	3	1	100	approved	Submitted	2	0	1000	900	SALI	UBK156F	2025-03-30	5	1023	188	159	2025-03-30 17:19:22.581542+00
541	389	UG/104/01/80010	113	1	1	5200	approved	Submitted	2	0	-800	-800	Charles	UAY 345H	2025-03-30	5	1031	196	174	2025-03-30 17:20:26.448819+00
542	360	UG/122/300/45018	127	316	1	85	approved	Submitted	2	0	1000	915	UMAR	UBR 987L	2025-03-30	5	1011	177	146	2025-03-30 17:20:55.757255+00
543	360	UG/122/033/45018	127	48	1	120	approved	Submitted	2	0	1000	880	UMAR	UBR 987L	2025-03-30	5	1011	177	146	2025-03-30 17:22:15.914791+00
544	475	UG/104/01/24102374	113	1	1	560	approved	Submitted	2	0	3000	2440	Simon	UAZ 389K	2025-03-30	5	1031	196	174	2025-03-30 17:22:42.794472+00
545	786	UG/113/003/24112801	130	3	1	315	approved	Submitted	2	0	1000	685	JAFALI	UBM431K	2025-03-30	5	1023	188	159	2025-03-30 17:23:20.582202+00
547	784	UG/115/007/24112799	131	8	1	950	approved	Submitted	2	0	1000	50	JOSEPH	UBB778C	2025-03-30	5	1023	188	159	2025-03-30 17:25:19.861858+00
548	311	UG/119/02/25069	113	2	1	800	approved	Submitted	2	0	1000	200	Charles	UAY 345H	2025-03-29	5	1031	196	174	2025-03-30 17:25:25.533507+00
546	607	UG/119/012/24112551	127	13	1	30	approved	Submitted	2	0	1000	970	UMAR	UBR 987L	2025-03-30	5	1011	177	146	2025-03-30 17:25:14.297853+00
549	360	UG/122/07/45018	127	8	1	165	approved	Submitted	2	0	1000	835	MUNYARA	UFN 321L	2025-03-30	5	1011	177	146	2025-03-30 17:28:34.627473+00
550	530	UG/119/02/24102454	113	2	1	800	approved	Submitted	2	0	1000	200	John	UAZ 389K	2025-03-29	5	1031	196	174	2025-03-30 17:29:30.0335+00
551	442	UG/204/022/355005	127	36	1	82	approved	Submitted	2	0	1000	918	Mukunja	UBQ 236R	2025-03-30	5	1011	177	146	2025-03-30 17:29:37.532495+00
552	474	UG/104/003/2512866	105	3	1	2000	approved	Submitted	2	0	1000	-1000	Ssebyala Francis	UAV 915F	2025-03-30	5	1048	215	197	2025-03-30 17:29:45.221993+00
554	333	UG/106/08/35212	113	9	1	170	approved	Submitted	2	0	1000	830	Charles	UBF 134K	2025-03-29	5	1031	196	174	2025-03-30 17:35:12.269855+00
553	578	UG/106/01/24102506	93	1	1	300	approved	Submitted	2	0	800	500	YIGA PATRICK	UFZ 005D	2025-03-30	5	1038	203	182	2025-03-30 17:34:46.26897+00
555	526	UG/124/07/24102449	113	8	1	600	approved	Submitted	2	0	200	-400	Charles	UBK 456G	2025-03-29	5	1031	196	174	2025-03-30 17:36:26.469477+00
556	311	UG/119/012/25069	113	13	1	570	approved	Submitted	2	0	440	-130	Ronald	UFZ 345K	2025-03-29	5	1031	196	174	2025-03-30 17:37:56.977302+00
557	529	UG/105/013/24102453	113	16	1	2400	approved	Submitted	2	0	-300	-300	Charles	UAZ 389K	2025-03-29	5	1031	196	174	2025-03-30 17:39:53.346428+00
558	588	UG/108/023/24112522	113	37	1	250	approved	Submitted	2	0	2000	1750	Ronald	UBF 134K	2025-03-29	5	1031	196	174	2025-03-30 17:41:17.648544+00
559	325	UG/106/012/35074	125	13	1	190	approved	Submitted	2	0	2000	1810	DAVID	UBB763R	2025-03-30	5	1088	233	237	2025-03-30 17:42:24.618952+00
560	316	UG/106/01/35001	31	1	1	300	approved	Submitted	2	0	-1200	-1200	Charles	UBF 134K	2025-03-30	5	1031	196	174	2025-03-30 17:43:01.882446+00
561	497	UG/104/01/24102405	93	1	1	250	approved	Submitted	2	0	600	350	VVUME JOHN	UGE 954X	2025-03-30	5	1038	203	182	2025-03-30 17:44:09.025885+00
562	389	UG/104/01/80010	31	1	1	300	approved	Submitted	2	0	-800	-800	Ronald	UBK 456G	2025-03-30	5	1031	196	174	2025-03-30 17:44:37.135901+00
563	721	UG/105/013/24112695	125	16	1	950	approved	Submitted	2	0	2000	1050	DAVID	UBB763R	2025-03-30	5	1088	233	237	2025-03-30 17:44:45.090526+00
564	526	UG/124/07/24102449	31	8	1	560	approved	Submitted	2	0	-400	-400	Charles	UAY 345H	2025-03-29	5	1031	196	174	2025-03-30 17:46:01.354041+00
565	529	UG/105/09/24102453	31	10	1	800	approved	Submitted	2	0	-400	-400	moses	UBG 256G	2025-03-29	5	1031	196	174	2025-03-30 17:47:55.610919+00
567	529	UG/105/013/24102453	31	16	1	1280	approved	Submitted	2	0	-300	-300	Ronald	UBK 456G	2025-03-29	5	1031	196	174	2025-03-30 17:50:00.881108+00
566	389	UG/104/01/80010	126	1	1	340	approved	Submitted	2	0	-800	-1500	KAMADA	UBQ 236R	2025-03-30	5	1011	177	181	2025-03-30 17:48:48.740361+00
568	311	UG/119/012/25069	31	13	1	500	approved	Submitted	2	0	-130	-130	Charles	UBF 134K	2025-03-29	5	1031	196	174	2025-03-30 17:52:12.06467+00
569	360	UG/122/07/45018	126	8	1	570	approved	Submitted	2	0	835	265	UMAR	UBR 987L	2025-03-30	5	1011	177	181	2025-03-30 17:52:19.785748+00
570	360	UG/122/08/45018	126	9	1	35	approved	Submitted	2	0	905	870	UMAR	UBR 987L	2025-03-30	5	1011	177	181	2025-03-30 17:53:31.340076+00
571	524	UG/204/022/24102443	31	36	1	400	approved	Submitted	2	0	270	-130	Ronald	UAY 345H	2025-03-30	5	1031	196	174	2025-03-30 17:53:41.400903+00
572	360	UG/122/09/45018	126	10	1	2100	approved	Submitted	2	0	-1820	-50000	UMAR	UBR 987L	2025-03-30	5	1011	177	181	2025-03-30 17:54:51.75535+00
573	532	UG/113/032/24102456	31	47	1	250	approved	Submitted	2	0	750	500	Ronald	UAY 345H	2025-03-29	5	1031	196	174	2025-03-30 17:55:08.680821+00
574	607	UG/119/012/24112551	126	13	1	370	approved	Submitted	2	0	970	600	MILTON	UFN 321L	2025-03-30	5	1011	177	181	2025-03-30 17:55:52.369792+00
575	360	UG/122/013/45018	126	16	1	1020	approved	Submitted	2	0	292	-728	UMAR	UBR 987L	2025-03-30	5	1011	177	181	2025-03-30 17:57:32.714916+00
576	730	UG/119/02/24112712	129	2	1	265	approved	Pending	1	0	1000	735	MITTI	UBM432L	2025-03-30	5	1023	188	159	2025-03-30 17:58:14.68908+00
577	260	UG/113/032/60	126	47	1	84	approved	Submitted	2	0	1000	916	UMAR	UBR 987L	2025-03-30	5	1011	177	181	2025-03-30 17:58:47.009553+00
578	730	UG/119/02/24112712	129	2	1	265	approved	Submitted	1	0	1000	735	MITTI	UBH719K	2025-03-30	5	1023	188	159	2025-03-30 17:59:40.381282+00
579	360	UG/122/033/45018	126	48	1	420	approved	Submitted	2	0	880	460	UMAR	UBR 987L	2025-03-30	5	1011	177	181	2025-03-30 17:59:46.230824+00
580	393	UG/105/07/100001	106	8	1	800	approved	Submitted	2	0	100	-700	Joseph Bwete	UAJ 284M	2025-03-30	5	1048	215	197	2025-03-30 18:00:16.718038+00
581	607	UG/119/049/24112551	126	71	1	60	approved	Submitted	2	0	920	860	MUNYARA	UGR 236R	2025-03-30	5	1011	177	181	2025-03-30 18:00:37.971252+00
582	265	UG/113/01/101	93	1	1	400	approved	Submitted	2	0	600	200	SSENGOOBA JOSEPH	UFU 357Z	2025-03-30	5	1038	203	182	2025-03-30 18:10:18.550547+00
583	526	UG/124/07/24102449	98	8	1	200	approved	Submitted	2	0	-400	-400	mugisha	UBN763J	2025-03-30	5	1021	207	188	2025-03-30 18:18:56.564203+00
584	526	UG/106/08/24102449	98	9	1	220	approved	Submitted	2	0	950	730	mugisha	UBN763J	2025-03-30	5	1021	207	188	2025-03-30 18:19:59.938505+00
585	609	UG/119/012/24112553	98	13	1	400	approved	Submitted	2	0	1000	600	muzamiru	ubb463h	2025-03-29	5	1021	207	188	2025-03-30 18:21:28.419842+00
586	748	UG/106/005/24112743	132	6	1	515	approved	Pending	2	0	1000	485	JAFALI	UBK156F	2025-03-30	5	1023	188	159	2025-03-30 18:22:15.979464+00
587	526	UG/106/013/24102449	98	16	1	1200	approved	Submitted	2	0	1000	-200	mugisha	UBN763J	2025-03-30	5	1021	207	188	2025-03-30 18:23:14.713244+00
588	748	UG/106/005/24112743	132	6	1	515	approved	Submitted	2	0	1000	485	allan	UBB778C	2025-03-30	5	1023	188	159	2025-03-30 18:23:47.630556+00
589	526	UG/124/033/24102449	98	48	1	110	approved	Submitted	2	0	1000	890	mugisha	UBN763J	2025-03-30	5	1021	207	188	2025-03-30 18:24:38.188124+00
590	293	UG/122/07/5085	132	8	1	2615	approved	Submitted	2	0	75	-2540	allan	UBK156F	2025-03-30	5	1023	188	159	2025-03-30 18:25:57.165863+00
592	577	UG/106/01/24102505	93	1	1	100	approved	Submitted	2	0	850	750	KASOZI FRANK	UFW 313S	2025-03-30	5	1038	203	182	2025-03-30 18:30:07.155146+00
593	526	UG/124/022/24102449	98	36	1	250	approved	Submitted	2	0	1000	750	mugisha	UBN763J	2025-03-30	5	1021	207	188	2025-03-30 18:31:29.116853+00
595	526	UG/106/013/24102449	98	16	1	100	approved	Submitted	2	0	-200	-200	mugisha	UBN763J	2025-03-30	5	1021	207	188	2025-03-30 18:45:03.518194+00
596	526	UG/106/013/24102449	98	16	1	1000	approved	Submitted	2	0	-200	-200	mugisha	UBN763J	2025-03-30	5	1021	207	188	2025-03-30 18:46:35.663802+00
591	787	UG/222/050/24112802	98	72	1	20	approved	Submitted	2	0	3000	2980	twaha	UGH431T	2025-03-29	5	1021	207	188	2025-03-30 18:26:12.077273+00
594	526	UG/106/013/24102449	98	16	1	1000	approved	Submitted	2	0	-200	-200	mugisha	UBN763J	2025-03-30	5	1021	207	188	2025-03-30 18:40:19.345732+00
597	475	UG/104/01/24102374	31	1	1	300	approved	Submitted	2	0	2440	2140	Ronald	UAY 345H	2025-03-30	5	1031	196	174	2025-03-30 18:53:22.405688+00
598	526	UG/106/032/24102449	98	47	1	500	approved	Submitted	2	0	1000	500	mugisha	UBN763J	2025-03-30	5	1021	207	188	2025-03-30 18:55:56.539053+00
599	588	UG/108/023/24112522	135	37	1	400	approved	Submitted	2	0	1750	1350	James	UBF 134K	2025-03-30	5	1031	196	214	2025-03-30 19:12:39.94379+00
600	531	UG/106/02/24102455	134	2	1	600	approved	Submitted	2	0	1000	400	Charles	UAY 345H	2025-03-29	5	1031	196	214	2025-03-30 19:16:19.685858+00
602	530	UG/119/02/24102454	134	2	1	600	approved	Submitted	2	0	200	-400	Charles	UFZ 345K	2025-03-29	5	1031	196	214	2025-03-30 19:17:40.760437+00
601	393	UG/105/12/100001	106	13	1	200	approved	Submitted	2	0	1500	1300	Joseph Bwete	UAV 915F	2025-03-30	5	1048	215	197	2025-03-30 19:17:16.510005+00
603	529	UG/105/09/24102453	134	10	1	400	approved	Submitted	2	0	-400	-400	Simon	UAY 345H	2025-03-29	5	1031	196	214	2025-03-30 19:19:06.334659+00
604	529	UG/105/013/24102453	134	16	1	800	approved	Submitted	2	0	-300	-300	Charles	UBG 256G	2025-03-29	5	1031	196	214	2025-03-30 19:21:02.313334+00
605	532	UG/113/032/24102456	134	47	1	550	approved	Submitted	2	0	500	-50	Peter	UBG 256G	2025-03-29	5	1031	196	214	2025-03-30 19:23:12.427759+00
606	364	UG/122/032/45043	106	47	1	900	approved	Submitted	2	0	2000	1100	Nsubuga Fred	UAJ 284M	2025-03-30	5	1048	215	197	2025-03-30 19:23:30.833512+00
608	311	UG/119/012/25069	134	13	1	550	approved	Submitted	2	0	-130	-130	moses	UAX349T	2025-03-29	5	1031	196	214	2025-03-30 19:27:08.552123+00
607	393	UG/105/033/100001	106	48	1	50	approved	Submitted	2	0	50	0	Kamya James	UAV 420J	2025-03-30	5	1048	215	197	2025-03-30 19:26:04.515304+00
609	316	UG/106/01/35001	134	1	1	300	approved	Submitted	2	0	-1200	-1200	Simon	UBK 456G	2025-03-30	5	1031	196	214	2025-03-30 19:29:20.628582+00
610	475	UG/104/01/24102374	134	1	1	400	approved	Submitted	2	0	2140	1740	Charles	UAZ 389K	2025-03-29	5	1031	196	214	2025-03-30 19:32:49.276646+00
611	475	UG/104/01/24102374	133	1	1	300	approved	Submitted	2	0	1740	1440	Ronald	UBF 134K	2025-03-30	5	1031	196	214	2025-03-30 19:35:17.844431+00
612	529	UG/105/013/24102453	133	16	1	1200	approved	Submitted	2	0	-300	-300	Charles	UBF 134K	2025-03-29	5	1031	196	214	2025-03-30 19:36:27.613593+00
613	529	UG/105/09/24102453	133	10	1	800	approved	Submitted	2	0	-400	-400	Ronald	UAY 345H	2025-03-30	5	1031	196	214	2025-03-30 19:37:25.547721+00
614	526	UG/124/07/24102449	133	8	1	560	approved	Submitted	2	0	-400	-400	Ronald	UBF 134K	2025-03-30	5	1031	196	214	2025-03-30 19:38:53.572506+00
615	311	UG/119/012/25069	133	13	1	450	approved	Submitted	2	0	-130	-130	Abu	UBA 147C	2025-03-30	5	1031	196	214	2025-03-30 19:42:09.454266+00
616	588	UG/108/023/24112522	133	37	1	175	approved	Submitted	2	0	1350	1175	JUMA	UAX783K	2025-03-30	5	1031	196	214	2025-03-30 19:43:57.168962+00
617	532	UG/113/032/24102456	133	47	1	250	approved	Submitted	2	0	-50	-50	Moses	UFR306H	2025-03-30	5	1031	196	214	2025-03-30 19:45:27.414375+00
618	617	UG/122/07/24112562	137	8	1	4040	approved	Submitted	2	0	-1000	-1000	john	UBB716A	2025-03-30	5	1081	174	218	2025-03-30 19:47:45.676857+00
619	316	UG/106/01/35001	133	1	1	300	approved	Submitted	2	0	-1200	-1200	HUSSIEN	UBA189G	2025-03-30	5	1031	196	214	2025-03-30 20:24:58.398068+00
620	766	UG/121/013/24112764	138	16	1	62	approved	Submitted	2	0	1000	938	Najib	UAN874L	2025-03-30	5	1061	228	229	2025-03-31 00:42:31.489546+00
621	766	UG/121/013/24112764	139	16	1	210	approved	Submitted	2	0	938	728	Najib	UAN874L	2025-03-30	5	1061	228	229	2025-03-31 00:47:02.738867+00
622	815	UG/105/005/24122845	140	6	1	180	approved	Submitted	2	0	1000	820	bonny	ubg303w	2025-03-31	5	1068	234	238	2025-03-31 05:40:25.614634+00
623	432	UG/418/08/240001	94	9	1	900	approved	Submitted	2	0	-420	-420	CHRISTOPHER GONZAGA	UBL 753P	2025-03-30	5	1038	203	182	2025-03-31 08:19:35.054117+00
624	989	UG/418/009/24122852	114	10	1	430	approved	Submitted	2	0	1000	570	John Mukasa	UBA 231 s	2025-03-30	5	1078	240	183	2025-03-31 08:23:33.482112+00
625	739	UG/105/013/24112734	114	16	1	280	approved	Submitted	2	0	2000	1720	udi	UBA 675S	2025-03-30	5	1078	240	183	2025-03-31 08:25:14.360384+00
626	489	UG/113/032/24102397	94	47	1	2200	approved	Pending	2	0	1000	-1200	SIIMU	UBQ 672H	2025-03-29	5	1038	203	182	2025-03-31 08:25:45.350135+00
627	391	UG/405/007/80075	114	8	1	200	approved	Submitted	2	0	2000	1800	GULLA	UBA 563Q	2025-03-30	5	1078	240	183	2025-03-31 08:26:44.849408+00
628	594	UG/106/012/24112530	114	13	1	230	approved	Submitted	2	0	2000	1770	goko	UBA231S	2025-03-30	5	1078	240	183	2025-03-31 08:28:08.23647+00
629	796	UG/108/002/24112811	114	2	1	120	approved	Submitted	2	0	2000	1880	GODFREY	UBA 251S	2025-03-30	5	1078	240	183	2025-03-31 08:29:20.343477+00
630	620	UG/106/01/24112567	114	1	1	140	approved	Submitted	2	0	2000	1860	John Mukasa	UBA 457S	2025-03-30	5	1078	240	183	2025-03-31 08:30:48.08698+00
631	526	UG/106/08/24102449	114	9	1	80	approved	Submitted	2	0	730	650	goko	UBA231S	2025-03-30	5	1078	240	183	2025-03-31 08:32:18.375512+00
632	594	UG/121/033/24112530	114	48	1	70	approved	Submitted	2	0	2000	1930	GILLA	UBA 675S	2025-03-30	5	1078	240	183	2025-03-31 08:34:10.946759+00
633	489	UG/113/032/24102397	94	47	1	2200	approved	Submitted	2	0	1000	-1200	SIIMU	UBQ 672H	2025-03-29	5	1038	203	182	2025-03-31 08:34:32.522366+00
634	345	UG/108/032/40006	94	47	1	3900	approved	Submitted	2	0	-620	-620	SSENGENDO VINCENT	UBR 529B	2025-03-29	5	1038	203	182	2025-03-31 08:40:26.534566+00
635	432	UG/418/09/240001	94	10	1	3000	approved	Submitted	2	0	-3300	-3300	CHRISTOPHER GONZAGA	UBL 753P	2025-03-30	5	1038	203	182	2025-03-31 08:45:24.344578+00
636	435	UG/235/022/265001	94	36	1	700	approved	Submitted	2	0	310	-390	SAULO	UFM 610T	2025-03-30	5	1038	203	182	2025-03-31 08:50:22.908465+00
637	514	UG/405/07/24102427	136	8	1	1050	approved	Submitted	2	0	2000	950	Mukunja 	UBG219E	2025-03-30	5	1082	182	236	2025-03-31 08:55:40.653354+00
638	439	UG/105/0444/285050	136	458	1	1100	approved	Submitted	2	0	1500	400	Mukunja 	UBG219E	2025-03-30	5	1082	182	236	2025-03-31 09:00:33.549084+00
639	501	UG/117/051/24102409	144	73	1	700	approved	Submitted	2	0	650	-50	KATO	UBN 602V	2025-03-30	5	1031	227	227	2025-03-31 09:10:41.690386+00
640	526	UG/124/033/24102449	100	48	1	50	approved	Submitted	2	0	890	840	Mugisha 	UBN 565J	2025-03-30	5	1021	207	188	2025-03-31 09:12:25.864057+00
641	501	UG/117/051/24102409	144	73	1	200	approved	Submitted	2	0	-50	-50	KATO	UBN 602V	2025-03-30	5	1031	227	227	2025-03-31 09:13:30.83782+00
642	409	UG/405/020/135001	47	32	1	3300	approved	Submitted	2	0	-2300	-2300	GERALD	UEX 242H	2025-03-30	5	1063	232	232	2025-03-31 09:14:37.096323+00
644	624	UG/205/039/24112573	141	54	1	60	approved	Submitted	2	0	1000	940	lubowa Vincent 	UBF 892F	2025-03-31	5	1106	162	128	2025-03-31 09:28:41.518171+00
643	461	UG/224/050/2492370	94	72	1	70	approved	Submitted	2	0	60	-10	SWALEH KISUBIKA	UBL 618H	2025-03-29	5	1038	203	182	2025-03-31 09:28:15.220537+00
645	623	UG/122/07/24112572	141	8	1	80	approved	Submitted	2	0	2000	1920	lubowa Vincent 	UBF 892F	2025-03-31	5	1106	162	128	2025-03-31 09:29:56.203904+00
646	532	UG/404/0246/24102456	141	262	1	30	approved	Submitted	2	0	1000	970	lubowa Vincent 	UBF 892F	2025-03-31	5	1106	162	128	2025-03-31 09:31:18.329069+00
647	623	UG/106/08/24112572	141	9	1	80	approved	Submitted	2	0	1000	920	lubowa Vincent 	UBF 892F	2025-03-31	5	1106	162	128	2025-03-31 09:32:34.406637+00
648	623	UG/106/010/24112572	141	11	1	110	approved	Submitted	2	0	1000	890	lubowa Vincent 	UBF 892F	2025-03-31	5	1106	162	128	2025-03-31 09:33:32.37125+00
649	502	UG/106/013/24102410	141	16	1	120	approved	Submitted	2	0	1000	880	lubowa Vincent 	UBF 892F	2025-03-31	5	1106	162	128	2025-03-31 09:34:30.327075+00
650	532	UG/404/033/24102456	141	48	1	20	approved	Submitted	2	0	1000	980	lubowa Vincent 	UBF 892F	2025-03-31	5	1106	162	128	2025-03-31 09:35:46.407604+00
651	622	UG/119/012/24112569	141	13	1	100	approved	Submitted	2	0	1000	900	lubowa Vincent 	UBF 892F	2025-03-31	5	1106	162	128	2025-03-31 09:36:28.801228+00
653	320	UG/106/01/35049	141	1	1	70	approved	Submitted	2	0	1000	930	lubowa Vincent 	UBF 892F	2025-03-31	5	1106	162	128	2025-03-31 09:38:04.036706+00
654	502	UG/106/09/24102410	141	10	1	120	approved	Submitted	2	0	1000	880	lubowa Vincent 	UBF 892F	2025-03-31	5	1106	162	128	2025-03-31 09:39:06.39705+00
652	930	UG/330/300/2522886	94	316	1	70	approved	Submitted	2	0	900	830	KASIBANTE ISMAIL	UFB 857N	2025-03-28	5	1038	203	182	2025-03-31 09:37:25.869474+00
655	502	UG/106/026/24102410	141	40	1	182	approved	Submitted	2	0	1000	818	lubowa Vincent 	UBF 892F	2025-03-31	5	1106	162	128	2025-03-31 09:40:13.990306+00
656	532	UG/113/032/24102456	141	47	1	60	approved	Submitted	2	0	-50	-50	lubowa Vincent 	UBF 892F	2025-03-31	5	1106	162	128	2025-03-31 09:44:58.544193+00
657	385	UG/106/02/65011	141	2	1	30	approved	Submitted	2	0	10	-20	lubowa Vincent 	UBF 892F	2025-03-31	5	1106	162	128	2025-03-31 09:46:04.727188+00
658	623	UG/106/038/24112572	141	53	1	60	approved	Submitted	2	0	1000	940	lubowa Vincent 	UBF 892F	2025-03-31	5	1106	162	128	2025-03-31 09:47:33.464495+00
659	507	UG/105/033/24102416	94	48	1	180	approved	Submitted	2	0	370	190	BALINYA VINCENT	UAY 733H	2025-03-29	5	1038	203	182	2025-03-31 09:49:06.139373+00
660	589	UG/106/0444/24112524	141	458	1	50	approved	Submitted	2	0	1000	950	lubowa Vincent 	UBF 892F	2025-03-31	5	1106	162	128	2025-03-31 09:53:23.26345+00
661	490	UG/105/013/24102398	94	16	1	1600	approved	Submitted	2	0	350	-1250	MATOVU CHARLES	UBR 406K	2025-03-28	5	1038	203	182	2025-03-31 09:59:16.721291+00
662	623	UG/106/018/24112572	141	21	1	100	approved	Submitted	2	0	1000	900	lubowa Vincent 	UBF 892F	2025-03-31	5	1106	162	128	2025-03-31 10:01:26.406427+00
663	490	UG/105/013/24102398	94	16	1	2300	approved	Submitted	2	0	-1250	-1250	MATOVU CHARLES	UBR 406K	2025-03-28	5	1038	203	182	2025-03-31 10:17:42.806425+00
664	526	UG/124/09/24102449	100	10	1	25	approved	Submitted	2	0	300	275	Mugisha 	UBN 226G	2025-03-30	5	1021	207	188	2025-03-31 10:18:11.471929+00
665	508	UG/122/013/24102417	94	16	1	1000	approved	Submitted	2	0	-600	-600	KAWUKI NAJIBU	UBL 735C	2025-03-28	5	1038	203	182	2025-03-31 10:23:20.407338+00
666	513	UG/122/013/24102423	94	16	1	375	approved	Submitted	2	0	-500	-500	KABONGE JULIUS	UBG 592U	2025-03-28	5	1038	203	182	2025-03-31 10:28:21.061971+00
667	591	UG/111/09/24112526	145	10	1	2064	approved	Submitted	2	0	500	-1564	Kalema Godfrey	UAE 559F	2025-03-31	5	1033	161	127	2025-03-31 10:45:03.369632+00
668	378	UG/122/013/45101	145	16	1	1400	approved	Submitted	2	0	-1500	-1500	kato James	UBD 455T	2025-03-31	5	1033	161	127	2025-03-31 10:46:30.105743+00
669	332	UG/415/07/35201	145	8	1	750	approved	Submitted	2	0	1000	250	Ssalongo	UAE 559F	2025-03-31	5	1033	161	127	2025-03-31 10:47:35.575472+00
670	332	UG/415/033/35201	145	48	1	315	approved	Submitted	2	0	1000	685	Paul Ssembataya	UAE 559F	2025-03-31	5	1033	161	127	2025-03-31 10:49:05.768977+00
671	632	UG/119/012/24112583	145	13	1	340	approved	Submitted	2	0	695	355	Kalema Godfrey	UFE 093P	2025-03-31	5	1033	161	127	2025-03-31 10:50:27.257059+00
672	332	UG/415/08/35201	145	9	1	84	approved	Submitted	2	0	1000	916	Kalema Godfrey	UFE 093P	2025-03-31	5	1033	161	127	2025-03-31 10:51:48.013152+00
673	631	UG/104/032/24112582	145	47	1	180	approved	Submitted	2	0	900	720	Ssemaganda Denis	UBF 663Q	2025-03-31	5	1033	161	127	2025-03-31 10:53:12.885+00
674	632	UG/119/049/24112583	145	71	1	35	approved	Submitted	2	0	1000	965	Akiram Ssendagire	UFE 093P	2025-03-31	5	1033	161	127	2025-03-31 10:54:20.32637+00
675	703	UG/409/025/24112670	145	39	1	460	approved	Submitted	2	0	700	240	Ssemaganda Denis	UBF 663Q	2025-03-31	5	1033	161	127	2025-03-31 10:55:34.182993+00
676	490	UG/106/01/24102398	147	1	1	639	approved	Submitted	2	0	2000	1361	Ssemaganda Denis	UBF 663Q	2025-03-31	5	1033	197	221	2025-03-31 12:15:10.902093+00
677	362	UG/122/007/45033	147	8	1	100	approved	Submitted	2	0	-2600	-2600	Ssemaganda Denis	UBF 663Q	2025-03-31	5	1033	197	221	2025-03-31 12:16:38.724156+00
678	396	UG/122/09/100037	147	10	1	450	approved	Submitted	2	0	800	350	Ssemaganda Denis	UBF 663Q	2025-03-31	5	1033	197	221	2025-03-31 12:19:14.249572+00
679	703	UG/409/025/24112670	147	39	1	250	approved	Submitted	2	0	240	-10	Ssemaganda Denis	UBF 663Q	2025-03-31	5	1033	197	221	2025-03-31 12:21:55.739059+00
680	362	UG/122/94/45033	147	115	1	100	approved	Submitted	2	0	1450	1350	Ssemaganda Denis	UBF 663Q	2025-03-31	5	1033	197	221	2025-03-31 12:23:11.833169+00
682	362	UG/122/007/45033	148	8	1	400	approved	Submitted	2	0	-2600	-2600	Ssemaganda Denis	UBF 663Q	2025-03-31	5	1033	197	221	2025-03-31 12:44:18.349798+00
686	609	UG/119/049/24112553	100	71	1	70	approved	Submitted	2	0	1000	930	muzamiru	ubb463h	2025-03-31	5	1021	207	188	2025-03-31 13:35:18.164185+00
687	609	UG/115/003/24112553	100	3	1	800	approved	Submitted	2	0	1000	200	richard	uat719k	2025-03-30	5	1021	207	188	2025-03-31 13:38:32.51932+00
681	526	UG/106/032/24102449	100	47	1	55	approved	Submitted	2	0	500	445	Mugisha 	UBN 565J	2025-03-29	5	1021	207	188	2025-03-31 12:38:25.630513+00
683	515	UG/106/0444/24102428	148	458	1	1200	approved	Submitted	2	0	1000	-200	Ssemaganda Denis	UBF 663Q	2025-03-31	5	1033	197	221	2025-03-31 12:47:36.168356+00
684	609	UG/119/012/24112553	100	13	1	30	approved	Submitted	2	0	600	570	muzamiru	ubb463h	2025-03-31	5	1021	207	188	2025-03-31 13:33:20.208071+00
685	280	UG/104/01/5016	100	1	1	55	approved	Submitted	1	0	1916	1861	saul	UGH431T	2025-03-31	5	1021	207	188	2025-03-31 13:34:18.772856+00
688	526	UG/124/07/24102449	100	8	1	170	approved	Submitted	2	0	-400	-400	mugisha	UBN763J	2025-03-30	5	1021	207	188	2025-03-31 13:40:19.74769+00
689	478	UG/406/014/24102379	149	17	1	300	approved	Submitted	2	0	380	80	Charles	UAY 563J	2025-03-31	5	1031	227	227	2025-03-31 13:45:51.941413+00
690	478	UG/406/003/24102379	149	3	1	50	approved	Submitted	2	0	620	570	Charles	UAY 563J	2025-03-31	5	1031	227	227	2025-03-31 13:49:28.790683+00
691	485	UG/109/03/24102390	149	3	1	40	approved	Submitted	2	0	1000	960	KATO	UEB 569T	2025-03-31	5	1031	227	227	2025-03-31 13:53:48.156181+00
692	369	UG/105/07/45070	153	8	1	950	approved	Submitted	2	0	1050	100	Joseph	UBD 665D	2025-03-31	5	1012	178	147	2025-03-31 15:24:04.535259+00
693	384	UG/405/07/65010	153	8	1	475	approved	Submitted	2	0	525	50	Sula	UBH 568P	2025-03-31	5	1012	178	147	2025-03-31 15:26:12.168566+00
694	440	UG/423/007/325001	153	8	1	950	approved	Submitted	2	0	1000	50	Joseph	UBD 665D	2025-03-31	5	1012	178	147	2025-03-31 15:27:19.083064+00
695	553	UG/405/07/24102480	153	8	1	950	approved	Submitted	2	0	1000	50	Joseph	UBD 665D	2025-03-31	5	1012	178	147	2025-03-31 15:28:41.160434+00
696	797	UG/119/0444/24112812	153	458	1	600	approved	Submitted	2	0	1000	400	Sula	UBH 568P	2025-03-31	5	1012	178	147	2025-03-31 15:29:40.968228+00
697	799	UG/119/0444/24112814	153	458	1	420	approved	Submitted	2	0	1000	580	Joseph	UBD 665D	2025-03-31	5	1012	178	147	2025-03-31 15:31:07.057097+00
698	911	UG/105/07/24102465	152	8	1	825	approved	Submitted	2	0	1000	175	Joseph	UBD 665D	2025-03-31	5	1012	178	147	2025-03-31 15:38:34.283159+00
699	555	UG/106/013/24102482	152	16	1	900	approved	Submitted	2	0	1000	100	Sula	UBH 568P	2025-03-31	5	1012	178	147	2025-03-31 15:40:13.894886+00
700	715	UG/110/08/24112689	152	9	1	450	approved	Submitted	2	0	1000	550	Razak	UBD 451W	2025-03-31	5	1012	178	147	2025-03-31 15:41:09.301115+00
701	715	UG/110/033/24112689	152	48	1	225	approved	Submitted	2	0	1000	775	Razak	UBD 451W	2025-03-31	5	1012	178	147	2025-03-31 15:44:09.836949+00
702	542	UG/119/012/24102467	152	13	1	200	approved	Submitted	2	0	1000	800	Sula	UBD 451W	2025-03-31	5	1012	178	147	2025-03-31 15:45:37.452004+00
703	373	UG/121/018/45091	152	21	1	250	approved	Submitted	2	0	1000	750	Sula	UBH 568P	2025-03-31	5	1012	178	147	2025-03-31 15:47:16.538311+00
704	339	UG/106/07/35249	142	8	1	100	approved	Submitted	2	0	720	620	Erias	UEU146D	2025-03-31	5	1061	228	235	2025-03-31 16:09:17.916272+00
705	619	UG/122/09/24112566	142	10	1	360	approved	Submitted	2	0	250	-110	Kayizzi Hussein	UBQ469R	2025-03-31	5	1061	228	235	2025-03-31 16:11:25.857468+00
706	766	UG/121/013/24112764	142	16	1	280	approved	Submitted	2	0	728	448	Najib	UAN874L	2025-03-31	5	1061	228	235	2025-03-31 16:12:50.168948+00
707	765	UG/108/009/24112763	143	10	1	840	approved	Submitted	2	0	1000	160	Kayizzi Hussein	UBQ469R	2025-03-31	5	1061	228	229	2025-03-31 16:29:45.604161+00
708	766	UG/121/013/24112764	143	16	1	210	approved	Submitted	2	0	448	238	Najib	UAN874L	2025-03-31	5	1061	228	229	2025-03-31 16:34:37.785896+00
709	477	UG/104/01/24102378	155	1	1	800	approved	Submitted	2	0	2000	1200	HAMZA	UBJ 904Y	2025-03-31	5	1031	229	254	2025-03-31 16:59:17.908925+00
710	416	UG/204/07/170007	154	8	1	30	approved	Submitted	2	0	1000	970	PAUL	UFK 005G	2025-03-31	5	1031	229	254	2025-03-31 17:01:06.209099+00
711	572	UG/418/09/24102500	154	10	1	18	approved	Submitted	2	0	984	966	KATO	UEB 569T	2025-03-31	5	1031	229	254	2025-03-31 17:02:30.39673+00
712	915	UG/104/026/2512869	154	40	1	30	approved	Submitted	2	0	984	954	KATO	UEB 569T	2025-03-31	5	1031	229	254	2025-03-31 17:04:36.418779+00
713	750	UG/119/013/24112747	156	16	1	150	approved	Submitted	2	0	1000	850	MUSISI	UAN162N	2025-03-30	5	1010	173	141	2025-03-31 18:28:31.498577+00
714	750	UG/119/008/24112747	156	9	1	200	approved	Submitted	2	0	1000	800	MUSISI	UAN162N	2025-03-30	5	1010	173	141	2025-03-31 18:29:43.0864+00
715	750	UG/119/026/24112747	156	40	1	300	approved	Submitted	2	0	1000	700	MUSISI	UAN162N	2025-03-30	5	1010	173	141	2025-03-31 18:30:57.375625+00
716	750	UG/119/005/24112747	156	6	1	80	approved	Submitted	2	0	1000	920	MUSISI	UAN162N	2025-03-30	5	1010	173	141	2025-03-31 18:32:28.515632+00
717	750	UG/119/031/24112747	156	46	1	180	approved	Submitted	2	0	1000	820	MUSISI	UAN162N	2025-03-30	5	1010	173	141	2025-03-31 18:33:46.629419+00
718	750	UG/119/012/24112747	156	13	1	120	approved	Submitted	2	0	1000	880	MUSISI	UAN162N	2025-03-30	5	1010	173	141	2025-03-31 18:35:26.78306+00
719	750	UG/119/0246/24112747	156	262	1	80	approved	Submitted	2	0	1000	920	MUSISI	UAN162N	2025-03-30	5	1010	173	141	2025-03-31 18:36:43.434484+00
720	750	UG/119/039/24112747	156	54	1	80	approved	Submitted	2	0	1000	920	MUSISI	UAN162N	2025-03-30	5	1010	173	141	2025-03-31 18:37:52.582986+00
721	750	UG/119/007/24112747	156	8	1	70	approved	Submitted	2	0	1000	930	MUSISI	UAN162N	2025-03-30	5	1010	173	141	2025-03-31 18:39:04.148922+00
722	750	UG/119/0441/24112747	156	455	1	10	approved	Submitted	2	0	1000	990	MUSISI	UAN162N	2025-03-30	5	1010	173	141	2025-03-31 18:40:11.366172+00
723	601	UG/410/07/24112539	157	8	1	4200	approved	Submitted	2	0	840	-3360	JUSTUS	UGF543X	2025-03-31	5	1044	209	246	2025-03-31 20:22:57.644651+00
724	502	UG/106/026/24102410	151	40	1	330	approved	Submitted	2	0	818	488	Kasujja Andrew	UBB 675N	2025-03-31	5	1082	159	264	2025-04-01 03:15:15.593649+00
725	623	UG/106/08/24112572	151	9	1	230	approved	Submitted	2	0	920	690	Arom mutebi	UBB 765X	2025-04-01	5	1082	159	264	2025-04-01 03:16:56.595855+00
726	301	UG/112/035/15003	151	50	1	130	approved	Submitted	2	0	1000	870	Arom mutebi	UBB 765X	2025-04-01	5	1082	159	264	2025-04-01 03:28:27.596162+00
727	411	UG/104/04/135090	151	5	1	15	approved	Submitted	2	0	328	313	Kasujja Andrew	UBB 675N	2025-03-31	5	1082	159	264	2025-04-01 03:30:50.351893+00
731	369	UG/105/07/45070	153	8	1	95	approved	Submitted	2	0	100	5	Opio	UBA 198Z	2025-04-01	5	1012	178	147	2025-04-01 04:44:26.513022+00
734	373	UG/121/07/45091	153	8	1	47.5	approved	Submitted	2	0	50	2.5	Opio	UBA 198Z	2025-04-01	5	1012	178	147	2025-04-01 04:50:07.575192+00
728	514	UG/405/07/24102427	151	8	1	230	approved	Submitted	2	0	2000	1770	Arom mutebi	UBB 765X	2025-03-31	5	1082	159	264	2025-04-01 03:32:55.468546+00
729	999	UG/113/43/253999	151	443	1	80	approved	Submitted	2	0	2000	1920	Denis katongole	UBB 675N	2025-04-01	5	1082	159	264	2025-04-01 03:35:25.734015+00
730	999	UG/113/331/253999	151	346	1	100	approved	Submitted	2	0	1000	900	Kasujja Andrew	UBB 765X	2025-03-31	5	1082	159	264	2025-04-01 04:36:00.876374+00
732	537	UG/121/07/24102461	153	8	1	142.5	approved	Submitted	2	0	155	12.5	Opio	UBA 198Z	2025-04-01	5	1012	178	147	2025-04-01 04:46:19.921399+00
733	911	UG/105/07/24102465	153	8	1	171	approved	Submitted	2	0	175	4	Opio	UBA 198Z	2025-04-01	5	1012	178	147	2025-04-01 04:48:01.583554+00
735	589	UG/106/0444/24112524	151	458	1	150	approved	Submitted	2	0	950	800	Kasujja Andrew	UBB 765X	2025-04-01	5	1082	159	264	2025-04-01 05:11:16.075576+00
736	479	UG/106/012/24102380	160	13	1	300	approved	Submitted	2	0	1000	700	PAUL	UGD 207J	2025-04-01	5	1031	227	227	2025-04-01 11:26:55.803514+00
737	478	UG/406/014/24102379	160	17	1	140	approved	Submitted	2	0	80	-60	Charles	UAX 304L	2025-04-01	5	1031	227	227	2025-04-01 11:29:08.774483+00
738	475	UG/104/01/24102374	160	1	1	500	approved	Submitted	2	0	1440	940	wassiwa	UGA 239J	2025-04-01	5	1031	227	227	2025-04-01 11:31:18.948382+00
739	621	UG/122/008/24112568	150	9	1	120	approved	Submitted	2	0	800	680	HAMZAH MITTI	UBH 048A	2025-04-01	5	1024	189	160	2025-04-01 11:32:41.667175+00
740	621	UG/122/009/24112568	150	10	1	1125	approved	Submitted	1	0	1000	-125	HAMZAH MITTI	UBH 048A	2025-03-31	5	1024	189	160	2025-04-01 11:37:50.41876+00
741	271	UG/113/03/184	160	3	1	400	approved	Submitted	2	0	1000	600	Charles	UAX 304L	2025-04-01	5	1031	227	227	2025-04-01 11:38:56.927188+00
742	734	UG/105/013/24112716	150	16	1	24	approved	Submitted	1	0	1000	976	HAMZAH MITTI	UBH 048A	2025-03-31	5	1024	189	160	2025-04-01 11:41:14.092374+00
743	707	UG/224/032/24112677	150	47	1	30	approved	Submitted	2	0	1000	970	HAMZAH MITTI	UBH 048A	2025-04-01	5	1024	189	160	2025-04-01 11:43:43.601539+00
744	734	UG/105/013/24112716	150	16	1	192	approved	Submitted	1	0	976	784	HAMZAH MITTI	UBH 048A	2025-04-01	5	1024	189	160	2025-04-01 11:56:56.134757+00
745	915	UG/103/022/2512869	160	36	1	200	approved	Submitted	2	0	1000	800	Robert	UEZ 349K	2025-04-01	5	1031	227	227	2025-04-01 11:57:15.415537+00
746	257	UG/113/07/25	159	8	1	250	approved	Submitted	2	0	640	390	Kamoga	Ufl 139k	2025-04-01	5	1054	214	208	2025-04-01 12:37:32.62582+00
747	257	UG/113/033/25	159	48	1	200	approved	Submitted	2	0	270	70	Kamoga	Ufl 139k	2025-04-01	5	1054	214	208	2025-04-01 12:41:06.429863+00
748	362	UG/122/007/45033	161	8	1	3500	approved	Submitted	2	0	-2600	-2600	Paul Ssembataya	UBF 663Q	2025-04-01	5	1033	197	221	2025-04-01 12:52:42.329669+00
749	293	UG/122/07/5085	162	8	1	1215	approved	Submitted	2	0	-2540	-2540	JAFALI	UBM432L	2025-04-01	5	1023	188	159	2025-04-01 13:03:41.908432+00
750	515	UG/106/005/24102428	161	6	1	60	approved	Submitted	2	0	850	790	Paul Ssembataya	UBF 663Q	2025-04-01	5	1033	197	221	2025-04-01 13:34:36.012971+00
751	490	UG/105/013/24102398	161	16	1	1000	approved	Submitted	2	0	-1250	-1250	Paul Ssembataya	UBF 663Q	2025-04-01	5	1033	197	221	2025-04-01 13:37:18.273776+00
752	545	UG/113/032/24102472	159	47	1	175	approved	Submitted	2	0	495	320	Skin	Ufg357f	2025-04-01	5	1054	214	208	2025-04-01 14:33:55.805914+00
753	536	UG/106/08/24102460	159	9	1	50	approved	Submitted	2	0	980	930	Skin	Ufg357f	2025-04-01	5	1054	214	208	2025-04-01 14:35:37.100735+00
754	280	UG/104/01/5016	159	1	1	820	approved	Submitted	2	0	1861	1041	Paul	Uaz 104p	2025-04-01	5	1054	214	208	2025-04-01 14:37:20.021437+00
755	296	UG/215/022/5275	159	36	1	400	approved	Submitted	2	0	125	-275	Skin	Ufg357f	2025-04-01	5	1054	214	208	2025-04-01 14:39:12.384843+00
756	536	UG/106/09/24102460	159	10	1	400	approved	Submitted	2	0	600	200	Paul	Uaz 104p	2025-04-01	5	1054	214	208	2025-04-01 14:40:43.605639+00
757	576	UG/113/013/24102504	159	16	1	750	approved	Submitted	2	0	-100	-100	Paul	Uaz 104p	2025-04-01	5	1054	214	208	2025-04-01 14:43:10.70592+00
758	341	UG/106/094/35262	159	115	1	120	approved	Submitted	2	0	330	210	Skin	Ufg357f	2025-04-01	5	1054	214	208	2025-04-01 14:45:30.785491+00
759	620	UG/106/002/24112567	161	2	1	145	approved	Submitted	2	0	1000	855	Paul Ssembataya	UBF 663Q	2025-04-01	5	1033	197	221	2025-04-01 14:51:23.881377+00
760	465	UG/104/001/2512855	164	1	1	700	approved	Submitted	2	0	1000	300	SAIMON	UBB213K	2025-04-01	5	1110	179	199	2025-04-01 15:22:52.515494+00
761	335	UG/122/009/35218	164	10	1	400	approved	Submitted	2	0	1000	600	JULIUS	Ubn 953 m	2025-04-01	5	1110	179	199	2025-04-01 15:26:17.278238+00
762	328	UG/106/012/35101	164	13	1	620	approved	Submitted	2	0	1000	380	VINCENT	UBL516P	2025-03-31	5	1110	179	199	2025-04-01 15:29:52.48194+00
763	480	UG/122/013/24102381	164	16	1	1400	approved	Submitted	2	0	1040.5	-359.5	Daniel	UBB 436 J	2025-03-31	5	1110	179	199	2025-04-01 16:22:30.665492+00
764	292	UG/104/032/5057	164	47	1	1150	approved	Submitted	2	0	1000	-150	Mula	UAH 126G	2025-03-31	5	1110	179	199	2025-04-01 16:34:25.430623+00
765	723	UG/431/033/24112701	164	48	1	380	approved	Submitted	2	0	1000	620	Moses	UBB 436 J	2025-04-01	5	1110	179	199	2025-04-01 16:36:24.153366+00
766	366	UG/105/07/45063	165	8	1	2200	approved	Submitted	2	0	1000	-1200	James	UBA0103F	2025-04-01	5	1081	174	142	2025-04-01 16:39:06.809903+00
767	371	UG/110/09/45088	165	10	1	20	approved	Submitted	2	0	-40	-40	john	UBN999N	2025-04-01	5	1081	174	142	2025-04-01 16:39:57.41173+00
768	289	UG/104/026/5040	165	40	1	6	approved	Pending	2	0	935	929	Tonny	UBB716A	2025-04-01	5	1081	174	142	2025-04-01 16:41:41.527667+00
769	289	UG/104/026/5040	165	40	1	12	approved	Submitted	2	0	935	923	James	UBA0103F	2025-04-01	5	1081	174	142	2025-04-01 16:42:25.558083+00
770	617	UG/122/07/24112562	166	8	1	3730	approved	Submitted	2	0	-1000	-1000	Tonny	UBN999N	2025-04-01	5	1081	174	218	2025-04-01 17:14:57.460793+00
771	458	UG/124/07/2482358	167	8	1	298	approved	Submitted	2	0	88	-210	Mpagi Issa	UAK 260Z	2025-04-01	5	1034	200	186	2025-04-01 17:29:50.422213+00
772	458	UG/124/08/2482358	167	9	1	270	approved	Submitted	2	0	245	-25	Mpagi Issa	UAK 260Z	2025-03-31	5	1034	200	186	2025-04-01 17:32:28.593508+00
773	458	UG/124/09/2482358	167	10	1	800	approved	Submitted	2	0	-18	-18	Mpagi Issa	UAK 260Z	2025-04-01	5	1034	200	186	2025-04-01 17:33:59.240123+00
774	327	UG/106/012/35083	167	13	1	380	approved	Submitted	2	0	-117	-117	Mpagi Issa	UAK 260Z	2025-04-01	5	1034	200	186	2025-04-01 17:36:21.713515+00
775	458	UG/122/013/2482358	167	16	1	1300	approved	Submitted	2	0	-102	-102	Mpagi Issa	UAK 260Z	2025-04-01	5	1034	200	186	2025-04-01 17:37:53.091996+00
779	601	UG/410/07/24112539	168	8	1	500	approved	Submitted	2	0	-3360	-3360	moses	UBQ444L	2025-04-01	5	1044	209	246	2025-04-01 17:55:30.229685+00
781	601	UG/410/09/24112539	168	10	1	880	approved	Submitted	2	0	-8	-8	JUSTUS	UGF543X	2025-03-31	5	1044	209	246	2025-04-01 17:58:09.41122+00
776	768	UG/235/025/24112774	167	39	1	166	approved	Submitted	2	0	488	322	Mpagi Issa	UAK 260Z	2025-04-01	5	1034	200	186	2025-04-01 17:38:57.895346+00
777	389	UG/104/01/80010	167	1	1	400	approved	Submitted	2	0	-1500	-1500	Mpagi Issa	UAK 260Z	2025-04-01	5	1034	200	186	2025-04-01 17:42:12.061314+00
778	389	UG/104/01/80010	168	1	1	500	approved	Submitted	2	0	-1500	-1500	MULONDO	UBh287	2025-04-01	5	1044	209	246	2025-04-01 17:53:49.202575+00
780	601	UG/410/08/24112539	168	9	1	90	approved	Submitted	2	0	972	882	CYRUS	UBQ444L	2025-04-01	5	1044	209	246	2025-04-01 17:57:00.2028+00
782	721	UG/105/013/24112695	168	16	1	1200	approved	Submitted	2	0	1050	-150	NASSIF	UBQ444L	2025-03-31	5	1044	209	246	2025-04-01 18:00:06.740414+00
783	663	UG/106/012/24112624	168	13	1	640	approved	Submitted	2	0	1000	360	TEFFE	UBL 048A	2025-04-01	5	1044	209	246	2025-04-01 18:01:32.848385+00
784	257	UG/113/033/25	168	48	1	640	approved	Submitted	2	0	70	-570	MULONDO	UBP438T	2025-04-01	5	1044	209	246	2025-04-01 18:07:45.161483+00
785	663	UG/106/049/24112624	168	71	1	180	approved	Submitted	2	0	1000	820	moses	UBh287	2025-03-31	5	1044	209	246	2025-04-01 18:17:12.591586+00
786	594	UG/106/012/24112530	158	13	1	1600	approved	Pending	2	0	1770	170	Kalungi	UAY332K	2025-04-01	5	1037	185	228	2025-04-01 18:21:26.702027+00
787	684	UG/112/012/24112649	158	13	1	1600	approved	Submitted	2	0	1770	170	Kalungi	UAY332K	2025-04-01	5	1037	185	228	2025-04-01 18:25:00.348424+00
788	594	UG/106/013/24112530	158	16	1	800	approved	Submitted	2	0	1000	200	Tonny	UBA451L	2025-04-01	5	1037	185	228	2025-04-01 18:28:20.801731+00
789	385	UG/106/01/65011	158	1	1	1800	approved	Submitted	2	0	-200	-200	KAYIRA	UBP877M	2025-04-01	5	1037	185	228	2025-04-01 18:30:16.453564+00
790	293	UG/122/07/5085	169	8	1	1215	approved	Submitted	2	0	-2540	-2540	MITTI	UBB778C	2025-04-01	5	1023	188	159	2025-04-01 19:33:54.148848+00
791	656	UG/107/02/24112608	172	2	1	124	approved	Submitted	1	0	-30	-30	mombwe Richard	UBF/892.F	2025-04-01	5	1070	164	241	2025-04-01 22:19:02.770018+00
792	653	UG/105/07/24112604	172	8	1	252	approved	Submitted	2	0	-43	-43	mombwe Richard	UBF/892.F	2025-04-01	5	1070	164	241	2025-04-01 22:20:27.994794+00
793	652	UG/105/09/24112603	172	10	1	16	approved	Submitted	2	0	244	228	mombwe Richard	UBF/892.F	2025-04-01	5	1070	164	241	2025-04-01 22:21:45.783917+00
794	652	UG/105/013/24112603	172	16	1	604	approved	Submitted	2	0	96	-508	mombwe Richard	UBF/892.F	2025-04-01	5	1070	164	241	2025-04-01 22:23:10.802814+00
795	652	UG/105/038/24112603	172	53	1	600	approved	Submitted	2	0	-360	-360	mombwe Richard	UBF/892.F	2025-04-01	5	1070	164	241	2025-04-01 22:25:16.200911+00
796	656	UG/107/02/24112608	170	2	1	100	approved	Submitted	2	0	-30	-30	mombwe Richard	UBF/892.F	2025-04-01	5	1070	164	241	2025-04-01 22:39:50.82161+00
797	653	UG/105/07/24112604	170	8	1	200	approved	Submitted	2	0	-43	-43	mombwe Richard	UBF/892.F	2025-04-01	5	1070	164	241	2025-04-01 22:42:01.175617+00
798	653	UG/105/07/24112604	170	8	1	36	approved	Submitted	2	0	-43	-43	mombwe Richard	UBF/892.F	2025-04-01	5	1070	164	241	2025-04-01 22:43:39.387415+00
799	653	UG/105/07/24112604	170	8	1	200	approved	Submitted	2	0	-43	-43	mombwe Richard	UBF/892.F	2025-04-01	5	1070	164	241	2025-04-01 22:45:37.378827+00
800	652	UG/105/008/24112603	170	9	1	36	approved	Submitted	2	0	934	898	mombwe Richard	UBF/892.F	2025-04-01	5	1070	164	241	2025-04-01 22:51:09.879245+00
801	652	UG/105/013/24112603	170	16	1	152	approved	Submitted	2	0	-508	-508	mombwe Richard	UBF/892.F	2025-04-01	5	1070	164	241	2025-04-01 22:53:19.574769+00
802	652	UG/105/038/24112603	170	53	1	264	approved	Submitted	2	0	-360	-360	mombwe Richard	UBF/892.F	2025-04-01	5	1070	164	241	2025-04-01 22:55:41.403783+00
803	656	UG/107/02/24112608	171	2	1	300	approved	Submitted	2	0	-30	-30	mombwe Richard	UBF/892.F	2025-04-01	5	1070	164	241	2025-04-01 23:10:04.262957+00
804	652	UG/105/013/24112603	171	16	1	1065	approved	Submitted	2	0	-508	-508	mombwe Richard	UBF/892.F	2025-04-01	5	1070	164	241	2025-04-01 23:11:52.664611+00
805	652	UG/105/038/24112603	171	53	1	400	approved	Submitted	2	0	-360	-360	Hakheem	UBM/765.U	2025-04-01	5	1070	164	241	2025-04-01 23:13:53.623492+00
806	662	UG/106/09/24112622	119	10	1	300	approved	Submitted	2	0	1000	700	PETERSON	ubb 460y	2025-04-01	5	1029	192	166	2025-04-02 05:25:22.75014+00
807	490	UG/106/01/24102398	119	1	1	400	approved	Submitted	2	0	1361	961	john	UAS 316k	2025-04-01	5	1029	192	166	2025-04-02 05:55:37.349116+00
808	490	UG/106/01/24102398	173	1	1	500	approved	Submitted	2	0	961	461	john kimboowa	UAK 343	2025-04-01	5	1029	192	166	2025-04-02 06:12:33.208393+00
809	662	UG/106/033/24112622	173	48	1	150	approved	Submitted	2	0	1000	850	PETERSON	UAK 343	2025-04-01	5	1029	192	166	2025-04-02 06:14:04.834903+00
810	662	UG/106/07/24112622	173	8	1	250	approved	Submitted	2	0	1000	750	john kimboowa	UAS 316k	2025-04-01	5	1029	192	166	2025-04-02 06:15:32.579134+00
811	662	UG/106/09/24112622	173	10	1	350	approved	Submitted	2	0	700	350	mpiima	ubn 112y	2025-04-01	5	1029	192	166	2025-04-02 06:17:19.211211+00
812	490	UG/105/013/24102398	173	16	1	800	approved	Submitted	2	0	-1250	-1250	john	ubb 460y	2025-04-01	5	1029	192	166	2025-04-02 06:19:59.991247+00
813	327	UG/106/01/35083	174	1	1	620	approved	Submitted	2	0	1000	380	Mpagi Issa	UAK 260Z	2025-04-02	5	1034	200	186	2025-04-02 06:27:01.171894+00
814	458	UG/124/08/2482358	174	9	1	270	approved	Submitted	2	0	-25	-25	Mpagi Issa	UAK 260Z	2025-04-01	5	1034	200	186	2025-04-02 06:28:11.472939+00
815	458	UG/124/07/2482358	174	8	1	300	approved	Submitted	2	0	-210	-210	Mpagi Issa	UAK 260Z	2025-04-02	5	1034	200	186	2025-04-02 06:29:42.710756+00
816	327	UG/106/012/35083	174	13	1	380	approved	Submitted	2	0	-117	-117	Mpagi Issa	UAK 260Z	2025-04-02	5	1034	200	186	2025-04-02 06:31:32.250584+00
817	458	UG/124/09/2482358	174	10	1	840	approved	Submitted	2	0	-18	-18	Mpagi Issa	UAK 260Z	2025-04-02	5	1034	200	186	2025-04-02 06:32:55.182285+00
818	458	UG/122/013/2482358	174	16	1	1200	approved	Submitted	2	0	-102	-102	Mpagi Issa	UAK 260Z	2025-04-01	5	1034	200	186	2025-04-02 06:34:12.493057+00
819	327	UG/106/01/35083	175	1	1	6	approved	Submitted	2	0	380	374	Mpagi Issa	UAK 260Z	2025-04-02	5	1034	200	186	2025-04-02 06:47:24.248052+00
820	458	UG/124/07/2482358	175	8	1	37	approved	Submitted	2	0	-210	-210	Mpagi Issa	UAK 260Z	2025-04-02	5	1034	200	186	2025-04-02 06:48:40.209265+00
821	458	UG/124/08/2482358	175	9	1	23	approved	Submitted	2	0	-25	-25	Mpagi Issa	UAK 260Z	2025-04-02	5	1034	200	186	2025-04-02 07:00:16.734436+00
822	458	UG/124/09/2482358	175	10	1	1800	approved	Submitted	2	0	-18	-18	Mpagi Issa	UAK 260Z	2025-04-02	5	1034	200	186	2025-04-02 07:01:22.533104+00
823	327	UG/106/012/35083	175	13	1	18	approved	Submitted	2	0	-117	-117	Mpagi Issa	UAK 260Z	2025-04-02	5	1034	200	186	2025-04-02 07:02:30.759924+00
824	458	UG/122/013/2482358	175	16	1	260	approved	Submitted	2	0	-102	-102	Mpagi Issa	UAK 260Z	2025-04-02	5	1034	200	186	2025-04-02 07:03:45.249247+00
825	534	UG/104/032/24102458	175	47	1	11	approved	Submitted	2	0	705	694	Mpagi Issa	UAK 260Z	2025-04-02	5	1034	200	186	2025-04-02 07:05:47.249595+00
826	338	UG/106/09/35225	176	10	1	420	approved	Submitted	2	0	1000	580	MEDDY	UBJ 323F	2025-04-02	5	1005	170	249	2025-04-02 09:03:34.538934+00
827	338	UG/106/013/35225	176	16	1	470	approved	Submitted	2	0	1000	530	MEDDY	UBJ 323F	2025-04-01	5	1005	170	249	2025-04-02 09:11:54.053171+00
843	338	UG/106/09/35225	176	10	1	420	approved	Submitted	2	0	580	160	MEDDY	UBJ 323F	2025-04-01	5	1005	170	249	2025-04-02 11:22:51.130084+00
828	338	UG/106/033/35225	176	48	1	310	approved	Submitted	2	0	1000	690	MEDDY	UBJ 323F	2025-04-01	5	1005	170	249	2025-04-02 09:16:31.953855+00
829	338	UG/106/094/35225	176	115	1	105	approved	Submitted	2	0	1000	895	MEDDY	UBJ 323F	2025-04-01	5	1005	170	249	2025-04-02 09:30:15.145649+00
830	338	UG/106/033/35225	176	48	1	310	approved	Submitted	2	0	690	380	MEDDY	UBJ 323F	2025-04-02	5	1005	170	249	2025-04-02 10:18:23.830099+00
831	326	UG/106/01/35075	177	1	1	120	approved	Submitted	2	0	874	754	Tonny	UBN999N	2025-04-02	5	1081	163	129	2025-04-02 10:23:08.692757+00
832	381	UG/107/02/55006	177	2	1	1600	approved	Submitted	2	0	2000	400	James	UBN474N	2025-04-01	5	1081	163	129	2025-04-02 10:24:51.969353+00
833	659	UG/124/07/24112611	177	8	1	160	approved	Submitted	2	0	380	220	john	UBB716A	2025-04-01	5	1081	163	129	2025-04-02 10:25:44.91523+00
834	659	UG/124/08/24112611	177	9	1	175	approved	Submitted	2	0	1970	1795	Tonny	UBN999N	2025-04-01	5	1081	163	129	2025-04-02 10:26:57.680277+00
835	649	UG/122/07/24112600	178	8	1	4000	approved	Pending	2	0	1000	-3000	Kawoya p	Und o68y	2025-04-02	5	1050	223	216	2025-04-02 10:27:32.998966+00
836	659	UG/124/09/24112611	177	10	1	160	approved	Submitted	2	0	1170	1010	Tonny	UBN999N	2025-04-01	5	1081	163	129	2025-04-02 10:27:47.192568+00
837	586	UG/106/012/24102520	177	13	1	150	approved	Submitted	2	0	750	600	Tonny	UBA0103F	2025-04-01	5	1081	163	129	2025-04-02 10:28:53.563443+00
838	659	UG/119/013/24112611	177	16	1	480	approved	Submitted	2	0	-280	-280	john	UBB716A	2025-04-01	5	1081	163	129	2025-04-02 10:29:54.752176+00
839	513	UG/122/033/24102423	177	48	1	140	approved	Submitted	2	0	860	720	Tonny	UBN999N	2025-04-01	5	1081	163	129	2025-04-02 10:30:52.113794+00
840	313	UG/121/049/30013	177	71	1	30	approved	Submitted	2	0	1000	970	James	UBA0103F	2025-04-01	5	1081	163	129	2025-04-02 10:31:49.926322+00
841	649	UG/122/07/24112600	178	8	1	4000	approved	Pending	2	0	1000	-3000	Kawoya Peter	UBN 162Y	2025-04-02	5	1050	223	216	2025-04-02 10:49:31.90529+00
842	385	UG/106/01/65011	176	1	1	550	approved	Submitted	2	0	-200	-200	MEDDY	UBN759B	2025-04-02	5	1005	170	249	2025-04-02 10:53:56.198573+00
844	753	UG/420/013/24112750	180	16	1	560	approved	Submitted	1	0	1000	440	Waise	UBB 421C	2025-04-02	5	995	235	239	2025-04-02 11:30:12.410408+00
845	753	UG/103/009/24112750	180	10	1	2520	approved	Submitted	2	0	6000	3480	Waise	UBB 421C	2025-04-02	5	995	235	239	2025-04-02 11:31:57.765214+00
846	815	UG/105/005/24122845	180	6	1	95	approved	Submitted	2	0	820	725	Waise	UBB 421C	2025-04-02	5	995	235	239	2025-04-02 11:33:20.302457+00
847	754	UG/126/300/24112751	180	316	1	295	approved	Submitted	2	0	2000	1705	Waise	UBB 421C	2025-04-02	5	995	235	239	2025-04-02 11:35:50.83237+00
848	331	UG/106/443/35200	180	457	1	181	approved	Submitted	2	0	2000	1819	Waise	UBB 421C	2025-04-02	5	995	235	239	2025-04-02 11:42:30.74482+00
849	331	UG/410/018/35200	180	21	1	137	approved	Submitted	2	0	1000	863	Waise	UBB 421C	2025-04-02	5	995	235	239	2025-04-02 11:46:34.569107+00
850	644	UG/105/07/24112595	181	8	1	300	approved	Submitted	2	0	770	470	Yasin	UBA 451H	2025-04-02	5	1053	219	206	2025-04-02 14:35:20.338838+00
851	644	UG/105/09/24112595	181	10	1	380	approved	Submitted	2	0	700	320	Yasin	UBA 451H	2025-04-02	5	1053	219	206	2025-04-02 14:39:43.001026+00
852	644	UG/105/013/24112595	181	16	1	420	approved	Submitted	2	0	550	130	Yasin	UBA 451H	2025-04-02	5	1053	219	206	2025-04-02 14:41:44.783683+00
853	385	UG/106/01/65011	181	1	1	1200	approved	Submitted	2	0	-200	-200	Kayiira	UBN 759B	2025-04-02	5	1053	219	206	2025-04-02 14:45:09.6351+00
854	645	UG/224/025/24112596	181	39	1	200	approved	Submitted	2	0	580	380	Lubega	UEH 783X	2025-04-01	5	1053	219	206	2025-04-02 14:48:24.206786+00
855	644	UG/105/094/24112595	181	115	1	170	approved	Submitted	2	0	1000	830	Yasin	UBA 451H	2025-04-02	5	1053	219	206	2025-04-02 14:50:25.33285+00
856	452	UG/107/03/2452337	18	3	1	400	approved	Submitted	2	0	1000	1000	Mawejje Enock	UBR 160L	2025-04-01	5	1000	165	131	2025-04-02 15:36:47.287828+00
857	601	UG/410/07/24112539	184	8	1	3900	approved	Submitted	2	0	-3360	-3360	JUSTUS	UGF543X	2025-04-02	5	1044	209	246	2025-04-02 16:26:36.317594+00
858	656	UG/107/02/24112608	187	2	1	64	approved	Submitted	2	0	-30	-30	Hakheem	UBM/765.U	2025-04-01	5	1070	164	241	2025-04-02 17:03:44.941864+00
859	653	UG/105/07/24112604	187	8	1	1090	approved	Submitted	2	0	-43	-43	Hakheem	UBM/765.U	2025-04-02	5	1070	164	241	2025-04-02 17:07:54.368939+00
860	656	UG/107/02/24112608	186	2	1	107	approved	Submitted	2	0	-30	-30	Hakheem	UBM/765.U	2025-04-02	5	1070	164	241	2025-04-02 17:15:49.366365+00
861	653	UG/105/07/24112604	186	8	1	917	approved	Submitted	2	0	-43	-43	Hakheem	UBM/765.U	2025-04-02	5	1070	164	241	2025-04-02 17:17:54.806311+00
862	619	UG/122/033/24112566	185	48	1	230	approved	Submitted	2	0	1000	770	Erias	UEU146D	2025-04-02	5	1061	228	235	2025-04-02 18:14:56.0539+00
863	339	UG/106/07/35249	185	8	1	110	approved	Submitted	2	0	620	510	Erias	UEU146D	2025-04-02	5	1061	228	235	2025-04-02 18:17:49.212511+00
864	376	UG/113/032/45099	185	47	1	100	approved	Submitted	2	0	1000	900	Kyeyune Micheal	UBA932X	2025-04-02	5	1061	228	235	2025-04-02 18:20:38.137693+00
865	766	UG/121/013/24112764	185	16	1	650	approved	Submitted	2	0	238	-412	Najib	UAN874L	2025-04-02	5	1061	228	235	2025-04-02 18:22:40.039127+00
866	619	UG/122/09/24112566	185	10	1	540	approved	Submitted	2	0	-110	-650	Kayizzi Hussein	UBQ469R	2025-04-02	5	1061	228	235	2025-04-02 18:25:54.506814+00
868	306	UG/121/05/25011	182	6	1	1260	approved	Submitted	2	0	150	-1110	julius	UAY332K	2025-04-02	5	1037	185	228	2025-04-02 18:49:51.743702+00
869	585	UG/113/02/24102519	189	2	1	80	approved	Submitted	2	0	1000	920	john	ubn 999n	2025-04-02	5	1081	174	218	2025-04-02 19:03:07.29871+00
870	617	UG/122/07/24112562	189	8	1	4000	approved	Submitted	2	0	-1000	-1000	john	ubn 999n	2025-04-02	5	1081	174	218	2025-04-02 19:05:01.62667+00
871	529	UG/105/09/24102453	189	10	1	150	approved	Submitted	2	0	-400	-400	john	ubn 999n	2025-04-02	5	1081	174	218	2025-04-02 19:06:37.85226+00
872	360	UG/122/038/45018	189	53	1	50	approved	Submitted	2	0	-300	-300	john	ubn 999n	2025-04-02	5	1081	174	218	2025-04-02 19:15:49.734148+00
867	635	UG/106/07/24112586	182	8	1	1600	approved	Submitted	2	0	1000	-600	kakaire	UBA451L	2025-04-02	5	1037	185	228	2025-04-02 18:48:17.668101+00
873	529	UG/105/013/24102453	189	16	1	700	approved	Submitted	2	0	-300	-300	john	ubn 999n	2025-04-02	5	1081	174	218	2025-04-02 19:21:28.210078+00
\.


--
