-- Data for Name: qcp3_attributes; Type: TABLE DATA; Schema: public; Owner: -
--

COPY public.qcp3_attributes (id, qcp3_id, qualityattribute_id, qtyremoved, qtytaken, percentage, other, created_at) FROM stdin;
\.


--
-- Data for Name: qcp3_recommendation; Type: TABLE DATA; Schema: public; Owner: -
--

COPY public.qcp3_recommendation (id, qcp3_id, status, netweightrejected, netweightpassed, reasonforrejection, other, created_at) FROM stdin;
1	1	FitForExport	0	220	\N		2025-03-26 14:32:55.455907+00
2	2	FitForExport	0	400	\N		2025-03-26 14:40:42.202232+00
3	3	FitForExport	0	450	\N		2025-03-26 14:44:24.644653+00
4	4	FitForExport	0	430	\N		2025-03-26 14:47:51.417627+00
5	5	FitForExport	0	280	\N		2025-03-26 15:28:18.623751+00
6	6	FitForExport	0	160	\N		2025-03-26 15:30:43.69701+00
7	7	FitForExport	0	1155	\N		2025-03-26 15:34:25.678127+00
8	8	FitForExport	0	300	\N		2025-03-26 18:31:55.847683+00
9	9	FitForExport	0	150	\N		2025-03-26 18:37:11.8419+00
10	10	FitForExport	0	50	\N		2025-03-26 18:40:49.441357+00
11	11	FitForExport	0	90	\N		2025-03-26 19:02:41.602312+00
12	12	FitForExport	0	20	\N		2025-03-26 19:06:36.243504+00
13	13	FitForExport	0	30	\N		2025-03-26 19:16:55.070853+00
14	14	FitForExport	0	500	\N		2025-03-26 19:23:02.586893+00
15	15	FitForExport	0	100	\N		2025-03-26 19:27:00.523092+00
16	23	FitForExport	0	100	\N		2025-03-27 03:58:26.97214+00
17	22	FitForExport	0	450	\N		2025-03-27 03:58:49.047967+00
18	21	FitForExport	0	950	\N		2025-03-27 03:59:18.992029+00
19	20	FitForExport	0	450	\N		2025-03-27 03:59:40.020725+00
20	19	FitForExport	0	950	\N		2025-03-27 04:00:03.433204+00
21	18	FitForExport	0	950	\N		2025-03-27 04:00:31.902226+00
22	17	FitForExport	0	950	\N		2025-03-27 04:00:51.85884+00
23	16	FitForExport	0	950	\N		2025-03-27 04:01:46.868758+00
24	24	FitForExport	0	1200	\N		2025-03-27 09:20:15.753661+00
25	25	FitForExport	0	2430	\N		2025-03-27 09:31:31.862968+00
26	30	FitForExport	0	128	\N		2025-03-27 09:56:38.336369+00
27	29	FitForExport	0	890	\N		2025-03-27 09:57:29.552114+00
28	28	FitForExport	0	58	\N		2025-03-27 09:58:51.444953+00
29	27	FitForExport	0	200	\N		2025-03-27 09:59:34.670806+00
30	26	FitForExport	0	300	\N		2025-03-27 10:00:21.158695+00
31	35	FitForExport	0	50	\N		2025-03-27 10:04:26.859541+00
32	34	FitForExport	0	200	\N		2025-03-27 10:05:10.725164+00
33	33	FitForExport	0	25	\N		2025-03-27 10:05:47.351496+00
34	32	FitForExport	0	350	\N		2025-03-27 10:06:19.149325+00
35	31	FitForExport	0	30	\N		2025-03-27 10:07:08.466231+00
36	36	FitForExport	30	420	\N		2025-03-27 10:17:40.081444+00
37	37	FitForExport	0	450	\N		2025-03-27 11:16:21.727738+00
38	38	FitForExport	0	2000	\N		2025-03-27 11:35:39.56995+00
39	39	FitForExport	0	315	\N		2025-03-27 11:39:50.152358+00
40	40	FitForExport	20	280	\N		2025-03-27 11:46:49.595054+00
41	41	FitForExport	0	2500	\N		2025-03-27 11:50:33.423386+00
42	42	FitForExport	0	850	\N		2025-03-27 11:58:42.073288+00
43	43	FitForExport	0	500	\N		2025-03-27 12:06:16.056774+00
44	44	FitForExport	0	75	\N		2025-03-27 12:10:16.988258+00
45	45	FitForExport	0	200	\N		2025-03-27 12:33:16.933512+00
46	53	FitForExport	0	100	\N		2025-03-27 12:39:35.713444+00
47	52	FitForExport	0	200	\N		2025-03-27 12:42:31.213183+00
48	51	FitForExport	0	300	\N		2025-03-27 12:43:03.779762+00
49	50	FitForExport	0	50	\N		2025-03-27 12:43:38.595994+00
50	49	FitForExport	0	100	\N		2025-03-27 12:44:09.236474+00
51	48	FitForExport	0	400	\N		2025-03-27 12:44:36.677487+00
52	47	FitForExport	0	100	\N		2025-03-27 12:45:15.2833+00
53	46	FitForExport	0	630	\N		2025-03-27 12:46:04.96633+00
54	54	FitForExport	0	600	\N		2025-03-27 12:46:12.932288+00
55	55	FitForExport	0	800	\N		2025-03-27 12:48:57.327024+00
56	56	FitForExport	0	204	\N		2025-03-27 12:49:31.527032+00
57	57	FitForExport	0	500	\N		2025-03-27 13:02:20.441659+00
58	58	FitForExport	0	240	\N		2025-03-27 13:07:16.446854+00
59	59	FitForExport	0	256	\N		2025-03-27 13:08:31.004915+00
60	60	FitForExport	0	200	\N		2025-03-27 13:09:47.686412+00
61	61	FitForExport	0	400	\N		2025-03-27 13:14:19.759366+00
62	62	FitForExport	0	250	\N		2025-03-27 13:22:30.590778+00
63	63	FitForExport	0	3500	\N		2025-03-27 13:28:05.187927+00
64	64	FitForExport	0	3500	\N		2025-03-27 13:31:22.174043+00
65	65	FitForExport	0	3500	\N		2025-03-27 13:34:57.411706+00
66	67	FitForExport	0	600	\N		2025-03-27 14:47:04.589603+00
67	66	FitForExport	0	200	\N		2025-03-27 14:47:43.004645+00
68	68	FitForExport	0	3750	\N		2025-03-27 15:23:56.466035+00
69	82	FitForExport	0	60	\N		2025-03-27 15:29:23.63055+00
70	81	FitForExport	0	100	\N		2025-03-27 15:29:53.940365+00
71	80	FitForExport	0	230	\N		2025-03-27 15:30:20.186369+00
72	79	FitForExport	0	140	\N		2025-03-27 15:30:46.866791+00
73	78	FitForExport	0	600	\N		2025-03-27 15:31:16.260559+00
74	83	FitForExport	0	1500	\N		2025-03-27 15:31:44.149695+00
75	77	FitForExport	0	42	\N		2025-03-27 15:31:48.420646+00
76	76	FitForExport	0	200	\N		2025-03-27 15:32:45.966555+00
77	75	FitForExport	0	330	\N		2025-03-27 15:33:17.307475+00
78	74	FitForExport	0	240	\N		2025-03-27 15:33:49.367549+00
79	73	FitForExport	0	250	\N		2025-03-27 15:34:15.995773+00
80	72	FitForExport	0	550	\N		2025-03-27 15:34:48.698593+00
81	71	FitForExport	0	800	\N		2025-03-27 15:35:14.855737+00
82	70	FitForExport	0	560	\N		2025-03-27 15:35:47.020697+00
83	69	FitForExport	0	1200	\N		2025-03-27 15:36:15.487558+00
84	84	FitForExport	0	835	\N		2025-03-27 15:38:35.044311+00
85	86	FitForExport	0	330	\N		2025-03-27 15:41:45.201851+00
86	85	FitForExport	0	330	\N		2025-03-27 15:42:11.841624+00
87	87	FitForExport	0	1250	\N		2025-03-27 15:43:19.143027+00
88	93	FitForExport	0	1300	\N		2025-03-27 15:50:21.013599+00
89	92	FitForExport	0	132	\N		2025-03-27 16:00:39.5671+00
90	91	FitForExport	0	225	\N		2025-03-27 16:06:05.429484+00
91	94	FitForExport	0	242	\N		2025-03-27 16:22:54.202124+00
92	95	FitForExport	0	160	\N		2025-03-27 16:41:57.516147+00
93	96	FitForExport	0	65	\N		2025-03-27 16:47:19.742431+00
94	102	FitForExport	0	700	\N		2025-03-27 16:51:38.292941+00
95	101	FitForExport	0	700	\N		2025-03-27 16:52:08.923032+00
96	100	FitForExport	0	700	\N		2025-03-27 16:52:49.28629+00
97	99	FitForExport	0	500	\N		2025-03-27 16:53:22.350093+00
98	103	FitForExport	0	74	\N		2025-03-27 16:53:59.360206+00
99	98	FitForExport	0	800	\N		2025-03-27 16:54:00.422962+00
100	97	FitForExport	0	1000	\N		2025-03-27 16:54:28.489546+00
101	104	FitForExport	0	205	\N		2025-03-27 17:03:35.537557+00
102	105	FitForExport	0	170	\N		2025-03-27 17:15:18.403239+00
103	109	FitForExport	5	250	\N		2025-03-27 17:29:01.469125+00
104	108	FitForExport	9	200	\N		2025-03-27 17:29:47.840134+00
105	110	FitForExport	0	400	\N		2025-03-27 17:54:56.87814+00
106	111	FitForExport	0	200	\N		2025-03-27 18:16:50.726026+00
107	112	FitForExport	0	130	\N		2025-03-27 18:23:31.688468+00
108	113	FitForExport	0	150	\N		2025-03-27 18:30:54.11906+00
109	114	FitForExport	0	100	\N		2025-03-27 18:35:37.482907+00
110	115	FitForExport	100	3000	\N		2025-03-27 18:38:08.056974+00
111	119	FitForExport	0	350	\N		2025-03-27 19:07:09.901119+00
112	118	FitForExport	0	165	\N		2025-03-27 19:07:38.87171+00
113	117	FitForExport	0	230	\N		2025-03-27 19:08:53.116341+00
114	116	FitForExport	0	350	\N		2025-03-27 19:09:27.4785+00
115	120	FitForExport	100	3000	\N		2025-03-27 19:12:35.884419+00
116	121	FitForExport	15	1200	\N		2025-03-27 20:06:33.380989+00
117	123	FitForExport	0	450	\N		2025-03-28 03:57:25.080948+00
118	122	FitForExport	0	450	\N		2025-03-28 03:58:01.960478+00
119	127	FitForExport	0	950	\N		2025-03-28 04:42:39.800543+00
120	126	FitForExport	0	1045	\N		2025-03-28 04:42:59.470752+00
121	125	FitForExport	0	1140	\N		2025-03-28 04:43:23.392224+00
122	124	FitForExport	0	1140	\N		2025-03-28 04:43:43.384086+00
123	128	FitForExport	0	210	\N		2025-03-28 04:48:42.773546+00
124	129	FitForExport	0	16	\N		2025-03-28 05:16:29.026466+00
125	130	FitForExport	0	16	\N		2025-03-28 05:17:27.699144+00
126	131	FitForExport	0	16	\N		2025-03-28 05:18:55.355748+00
127	132	FitForExport	0	124	\N		2025-03-28 05:32:00.879066+00
128	133	FitForExport	0	80	\N		2025-03-28 05:33:10.808983+00
129	134	FitForExport	0	180	\N		2025-03-28 05:34:46.043999+00
130	135	FitForExport	0	200	\N		2025-03-28 05:36:44.440501+00
131	136	FitForExport	0	230	\N		2025-03-28 05:57:05.797073+00
132	137	FitForExport	0	300	\N		2025-03-28 05:58:32.220424+00
133	143	FitForExport	0	80	\N		2025-03-28 06:49:50.952363+00
134	142	FitForExport	0	50	\N		2025-03-28 06:50:58.778228+00
135	141	FitForExport	0	65	\N		2025-03-28 06:52:03.699535+00
136	140	FitForExport	0	30	\N		2025-03-28 06:53:46.114332+00
137	139	FitForExport	0	200	\N		2025-03-28 06:55:20.086357+00
138	138	FitForExport	0	2000	\N		2025-03-28 06:56:12.922783+00
139	154	FitForExport	0	40	\N		2025-03-28 07:08:57.398758+00
140	153	FitForExport	0	560	\N		2025-03-28 07:10:20.186116+00
141	152	FitForExport	0	200	\N		2025-03-28 07:11:16.417857+00
142	151	FitForExport	0	35	\N		2025-03-28 07:12:13.725919+00
143	151	FitForExport	0	35	\N		2025-03-28 07:14:37.618039+00
144	150	FitForExport	0	126	\N		2025-03-28 07:15:41.943113+00
145	149	FitForExport	0	240	\N		2025-03-28 07:16:45.591069+00
146	148	FitForExport	0	175	\N		2025-03-28 07:17:50.045129+00
147	147	FitForExport	0	175	\N		2025-03-28 07:19:03.229278+00
148	146	FitForExport	0	95	\N		2025-03-28 07:19:52.806431+00
149	145	FitForExport	0	560	\N		2025-03-28 07:20:51.825087+00
150	144	FitForExport	0	358	\N		2025-03-28 07:21:46.615293+00
151	156	FitForExport	0	2730	\N		2025-03-28 10:58:45.091212+00
152	155	FitForExport	0	2020	\N		2025-03-28 11:01:35.118095+00
153	163	FitForExport	0	1000	\N		2025-03-28 11:13:15.704505+00
154	162	FitForExport	0	1000	\N		2025-03-28 11:14:19.207989+00
155	160	FitForExport	0	200	\N		2025-03-28 11:16:17.537323+00
156	159	FitForExport	0	500	\N		2025-03-28 11:17:21.704034+00
157	166	FitForExport	0	60	\N		2025-03-28 11:20:54.85097+00
158	165	FitForExport	0	240	\N		2025-03-28 11:23:00.052433+00
159	164	FitForExport	0	450	\N		2025-03-28 11:23:40.758926+00
160	161	FitForExport	0	300	\N		2025-03-28 11:24:49.18418+00
161	158	FitForExport	0	750	\N		2025-03-28 11:25:43.296311+00
162	157	FitForExport	0	675	\N		2025-03-28 11:26:21.923906+00
163	174	FitForExport	0	50	\N		2025-03-28 11:34:57.889481+00
164	173	FitForExport	0	560	\N		2025-03-28 11:35:18.322983+00
165	172	FitForExport	0	100	\N		2025-03-28 11:36:15.934938+00
166	171	FitForExport	0	240	\N		2025-03-28 11:36:42.266393+00
167	170	FitForExport	0	150	\N		2025-03-28 11:37:09.248424+00
168	169	FitForExport	0	80	\N		2025-03-28 11:37:36.679612+00
169	168	FitForExport	0	50	\N		2025-03-28 11:38:01.480167+00
170	167	FitForExport	0	75	\N		2025-03-28 11:38:24.726586+00
171	180	FitForExport	0	30	\N		2025-03-28 12:24:42.858851+00
172	179	FitForExport	0	80	\N		2025-03-28 12:25:08.740395+00
173	178	FitForExport	0	760	\N		2025-03-28 12:26:02.42234+00
174	177	FitForExport	0	950	\N		2025-03-28 12:26:40.23285+00
175	184	FitForExport	0	1000	\N		2025-03-28 12:27:51.25474+00
176	183	FitForExport	0	400	\N		2025-03-28 12:28:25.485383+00
177	182	FitForExport	0	5000	\N		2025-03-28 12:29:01.306281+00
178	181	FitForExport	0	1400	\N		2025-03-28 12:29:28.985507+00
179	186	FitForExport	0	950	\N		2025-03-28 12:37:45.235122+00
180	187	FitForExport	0	300	\N		2025-03-28 12:37:58.95317+00
181	185	FitForExport	0	50	\N		2025-03-28 12:38:53.270404+00
182	176	FitForExport	0	760	\N		2025-03-28 12:40:03.258787+00
183	175	FitForExport	0	760	\N		2025-03-28 12:40:47.902767+00
184	175	FitForExport	0	760	\N		2025-03-28 12:41:55.362582+00
185	197	FitForExport	0	100	\N		2025-03-28 13:17:58.401839+00
186	193	FitForExport	0	239	\N		2025-03-28 13:18:52.276277+00
187	200	FitForExport	0	300	\N		2025-03-28 13:19:13.196366+00
188	199	FitForExport	0	1000	\N		2025-03-28 13:19:46.076634+00
189	198	FitForExport	0	250	\N		2025-03-28 13:20:21.161468+00
190	190	FitForExport	0	350	\N		2025-03-28 13:20:39.208692+00
191	196	FitForExport	0	500	\N		2025-03-28 13:20:53.679191+00
192	195	FitForExport	0	1000	\N		2025-03-28 13:21:23.35327+00
193	194	FitForExport	0	700	\N		2025-03-28 13:21:51.528595+00
194	192	FitForExport	0	10	\N		2025-03-28 13:22:22.364632+00
195	188	FitForExport	0	50	\N		2025-03-28 13:22:50.608181+00
196	191	FitForExport	0	400	\N		2025-03-28 13:22:52.715689+00
197	189	FitForExport	0	1190	\N		2025-03-28 13:23:39.114623+00
198	211	FitForExport	0	16	\N		2025-03-28 14:22:35.634521+00
199	211	FitForExport	0	16	\N		2025-03-28 14:23:10.36638+00
200	210	FitForExport	0	52	\N		2025-03-28 14:24:25.180656+00
201	209	FitForExport	0	48	\N		2025-03-28 14:29:15.649998+00
202	208	FitForExport	0	64	\N		2025-03-28 14:34:25.794695+00
203	207	FitForExport	0	140	\N		2025-03-28 14:34:59.174219+00
204	206	FitForExport	0	68	\N		2025-03-28 14:35:19.468083+00
205	205	FitForExport	0	56	\N		2025-03-28 14:35:43.155375+00
206	215	FitForExport	0	200	\N		2025-03-28 14:38:25.358151+00
207	214	FitForExport	0	800	\N		2025-03-28 14:39:26.085811+00
208	220	FitForExport	0	441	\N		2025-03-28 14:44:35.651721+00
209	219	FitForExport	0	975	\N		2025-03-28 14:50:50.611552+00
210	217	FitForExport	0	292.5	\N		2025-03-28 14:52:23.751962+00
211	216	FitForExport	0	750	\N		2025-03-28 14:53:12.465475+00
212	213	FitForExport	0	135	\N		2025-03-28 14:53:59.861684+00
213	212	FitForExport	0	515	\N		2025-03-28 14:55:02.382489+00
214	226	FitForExport	0	1050	\N		2025-03-28 14:57:25.463859+00
215	225	FitForExport	0	390	\N		2025-03-28 14:58:18.036006+00
216	224	FitForExport	0	840	\N		2025-03-28 14:58:58.251759+00
217	223	FitForExport	0	100	\N		2025-03-28 15:01:14.194674+00
218	222	FitForExport	0	140	\N		2025-03-28 15:02:10.961974+00
219	221	FitForExport	0	500	\N		2025-03-28 15:03:28.545193+00
220	231	FitForExport	0	800	\N		2025-03-28 15:28:39.91242+00
221	227	FitForExport	0	540	\N		2025-03-28 15:31:00.755508+00
222	230	FitForExport	0	400	\N		2025-03-28 15:34:23.41407+00
223	229	FitForExport	0	1600	\N		2025-03-28 15:36:22.202655+00
224	235	FitForExport	0	1600	\N		2025-03-28 15:43:50.749057+00
225	234	FitForExport	0	1008	\N		2025-03-28 15:44:12.827411+00
226	233	FitForExport	0	400	\N		2025-03-28 15:44:34.206295+00
227	232	FitForExport	0	800	\N		2025-03-28 15:45:13.581906+00
228	236	FitForExport	0	45	\N		2025-03-28 15:54:49.78598+00
229	241	FitForExport	0	250	\N		2025-03-28 15:58:00.86747+00
230	240	FitForExport	0	140	\N		2025-03-28 15:58:19.68325+00
231	239	FitForExport	0	100	\N		2025-03-28 15:58:43.84364+00
232	238	FitForExport	0	800	\N		2025-03-28 15:59:23.284061+00
233	237	FitForExport	0	1600	\N		2025-03-28 15:59:59.97719+00
234	242	FitForExport	0	500	\N		2025-03-28 16:11:00.154858+00
235	249	FitForExport	0	75	\N		2025-03-28 16:20:29.32486+00
236	248	FitForExport	0	210	\N		2025-03-28 16:22:04.810125+00
237	247	FitForExport	10	180	\N		2025-03-28 16:23:04.575696+00
238	246	FitForExport	0	105	\N		2025-03-28 16:23:45.561589+00
239	245	FitForExport	0	300	\N		2025-03-28 16:27:55.443578+00
240	244	FitForExport	0	140	\N		2025-03-28 16:29:05.563795+00
241	243	FitForExport	0	50	\N		2025-03-28 16:29:39.420637+00
242	255	FitForExport	0	16	\N		2025-03-28 16:30:53.462615+00
243	254	FitForExport	0	24	\N		2025-03-28 16:31:29.590193+00
244	253	FitForExport	0	48	\N		2025-03-28 16:31:55.030634+00
245	252	FitForExport	0	64	\N		2025-03-28 16:32:45.622088+00
246	251	FitForExport	0	160	\N		2025-03-28 16:33:19.691342+00
247	250	FitForExport	0	68	\N		2025-03-28 16:33:41.398273+00
248	256	FitForExport	0	1500	\N		2025-03-28 16:44:55.01923+00
249	257	FitForExport	0	53	\N		2025-03-28 16:49:39.759554+00
250	258	FitForExport	0	240	\N		2025-03-28 16:50:34.339771+00
251	259	FitForExport	0	1000	\N		2025-03-28 16:53:16.21922+00
252	260	FitForExport	0	2500	\N		2025-03-28 16:56:20.52043+00
253	264	FitForExport	0	68	\N		2025-03-28 17:44:04.148396+00
254	263	FitForExport	0	28	\N		2025-03-28 17:44:27.640449+00
255	262	FitForExport	0	640	\N		2025-03-28 17:44:54.844456+00
256	261	FitForExport	0	80	\N		2025-03-28 17:45:18.38092+00
257	265	FitForExport	0	985	\N		2025-03-28 17:53:45.603636+00
258	266	FitForExport	0	48	\N		2025-03-28 17:55:26.558413+00
259	267	FitForExport	0	600	\N		2025-03-28 17:57:15.553357+00
260	268	FitForExport	0	900	\N		2025-03-28 18:25:11.95032+00
261	269	FitForExport	0	1000	\N		2025-03-28 18:28:50.245252+00
262	270	FitForExport	0	200	\N		2025-03-28 18:34:39.860123+00
263	271	FitForExport	0	600	\N		2025-03-28 18:52:15.372192+00
264	272	FitForExport	0	600	\N		2025-03-28 18:59:57.322673+00
265	273	FitForExport	0	900	\N		2025-03-28 19:17:55.536994+00
266	274	FitForExport	0	200	\N		2025-03-28 19:19:07.230256+00
267	275	FitForExport	0	50	\N		2025-03-28 19:20:20.718965+00
268	276	FitForExport	0	1000	\N		2025-03-28 19:22:58.418425+00
269	277	FitForExport	0	980	\N		2025-03-28 19:24:25.166811+00
270	278	FitForExport	0	704	\N		2025-03-28 23:55:51.421406+00
271	279	FitForExport	0	200	\N		2025-03-28 23:56:22.93114+00
272	280	FitForExport	0	100	\N		2025-03-28 23:57:11.545193+00
273	281	FitForExport	0	120	\N		2025-03-28 23:57:48.960691+00
274	283	FitForExport	0	925	\N		2025-03-29 05:27:04.46059+00
275	282	FitForExport	0	925	\N		2025-03-29 05:27:42.81722+00
276	284	FitForExport	0	300	\N		2025-03-29 05:36:38.848711+00
277	285	FitForExport	0	2240	\N		2025-03-29 06:41:48.803782+00
278	286	FitForExport	0	960	\N		2025-03-29 06:52:10.061574+00
279	292	FitForExport	0	100	\N		2025-03-29 09:51:02.486048+00
280	291	FitForExport	0	2000	\N		2025-03-29 09:52:36.881556+00
281	290	FitForExport	0	600	\N		2025-03-29 09:53:18.06129+00
282	289	FitForExport	0	1000	\N		2025-03-29 09:53:55.731639+00
283	288	FitForExport	0	30	\N		2025-03-29 09:54:47.970961+00
284	287	FitForExport	0	100	\N		2025-03-29 09:55:35.930805+00
285	293	FitForExport	0	1000	\N		2025-03-29 10:00:18.537193+00
286	294	FitForExport	0	140	\N		2025-03-29 10:19:57.82567+00
287	299	FitForExport	0	50	\N		2025-03-29 10:23:26.161417+00
288	298	FitForExport	0	36	\N		2025-03-29 10:24:31.836474+00
289	297	FitForExport	0	24	\N		2025-03-29 10:25:14.2465+00
290	296	FitForExport	0	120	\N		2025-03-29 10:25:58.746154+00
291	295	FitForExport	0	500	\N		2025-03-29 10:26:57.801494+00
292	300	FitForExport	0	104	\N		2025-03-29 10:32:28.006039+00
293	301	FitForExport	0	30	\N		2025-03-29 10:33:34.566855+00
294	302	FitForExport	0	144	\N		2025-03-29 10:34:06.715895+00
295	303	FitForExport	0	400	\N		2025-03-29 10:38:38.9363+00
296	304	FitForExport	0	280	\N		2025-03-29 11:41:14.055686+00
297	307	FitForExport	10	10	\N		2025-03-29 13:07:10.87167+00
298	306	FitForExport	10	50	\N		2025-03-29 13:09:12.758283+00
299	305	FitForExport	100	500	\N		2025-03-29 13:10:41.163889+00
300	323	FitForExport	0	70	\N		2025-03-29 13:23:59.937482+00
301	322	FitForExport	0	150	\N		2025-03-29 13:24:43.832231+00
302	321	FitForExport	0	160	\N		2025-03-29 13:25:30.542224+00
303	320	FitForExport	0	400	\N		2025-03-29 13:26:35.951654+00
304	319	FitForExport	0	10	\N		2025-03-29 13:27:11.720758+00
305	318	FitForExport	0	30	\N		2025-03-29 13:27:44.174172+00
306	317	FitForExport	20	280	\N		2025-03-29 13:29:05.622168+00
307	316	FitForExport	0	80	\N		2025-03-29 13:29:57.480719+00
308	315	FitForExport	0	80	\N		2025-03-29 13:30:34.39281+00
309	314	FitForExport	0	80	\N		2025-03-29 13:31:10.152622+00
310	313	FitForExport	0	150	\N		2025-03-29 13:32:11.221628+00
311	312	FitForExport	0	50	\N		2025-03-29 13:32:44.42078+00
312	311	FitForExport	0	50	\N		2025-03-29 13:33:14.945189+00
313	310	FitForExport	0	100	\N		2025-03-29 13:34:24.506792+00
314	309	FitForExport	0	175	\N		2025-03-29 13:35:46.887733+00
315	308	FitForExport	0	100	\N		2025-03-29 13:38:02.194246+00
316	325	FitForExport	0	120	\N		2025-03-29 13:45:37.270095+00
317	324	FitForExport	0	120	\N		2025-03-29 13:47:40.691186+00
318	326	FitForExport	10	20	\N		2025-03-29 14:25:45.694488+00
319	327	FitForExport	10	200	\N		2025-03-29 15:24:01.25931+00
320	328	FitForExport	10	30	\N		2025-03-29 15:27:43.0238+00
321	335	FitForExport	0	320	\N		2025-03-29 15:36:17.033206+00
322	334	FitForExport	0	80	\N		2025-03-29 15:36:43.947974+00
323	333	FitForExport	0	100	\N		2025-03-29 15:37:25.421523+00
324	332	FitForExport	0	80	\N		2025-03-29 15:38:06.389009+00
325	331	FitForExport	0	120	\N		2025-03-29 15:38:37.128699+00
326	330	FitForExport	0	500	\N		2025-03-29 15:39:29.94734+00
327	329	FitForExport	0	100	\N		2025-03-29 15:39:55.108652+00
328	204	FitForExport	0	300	\N		2025-03-29 16:08:22.752529+00
329	203	FitForExport	0	1000	\N		2025-03-29 16:09:04.179098+00
330	202	FitForExport	0	8	\N		2025-03-29 16:09:39.665149+00
331	201	FitForExport	0	1000	\N		2025-03-29 16:10:07.915008+00
332	340	FitForExport	0	80	\N		2025-03-29 16:32:58.688139+00
333	341	FitForExport	0	10	\N		2025-03-29 16:37:38.641547+00
334	342	FitForExport	0	250	\N		2025-03-29 16:41:57.934478+00
335	343	FitForExport	0	20	\N		2025-03-29 16:46:21.612005+00
336	355	FitForExport	0	30	\N		2025-03-29 17:09:01.412215+00
337	354	FitForExport	0	20	\N		2025-03-29 17:09:39.883033+00
338	353	FitForExport	0	30	\N		2025-03-29 17:10:29.292327+00
339	352	FitForExport	0	30	\N		2025-03-29 17:11:17.077288+00
340	351	FitForExport	0	60	\N		2025-03-29 17:12:07.476226+00
341	350	FitForExport	0	60	\N		2025-03-29 17:12:54.146851+00
342	349	FitForExport	0	100	\N		2025-03-29 17:13:56.751634+00
343	348	FitForExport	0	18	\N		2025-03-29 17:14:48.958303+00
344	347	FitForExport	0	400	\N		2025-03-29 17:15:40.157459+00
345	346	FitForExport	0	100	\N		2025-03-29 17:16:26.846457+00
346	345	FitForExport	0	600	\N		2025-03-29 17:17:27.264714+00
347	344	FitForExport	0	60	\N		2025-03-29 17:18:04.834202+00
348	356	FitForExport	0	16	\N		2025-03-29 17:29:42.496204+00
349	362	FitForExport	5	110	\N		2025-03-29 18:28:20.383137+00
350	361	FitForExport	0	350	\N		2025-03-29 18:29:26.169419+00
351	360	FitForExport	0	210	\N		2025-03-29 18:30:20.584529+00
352	359	FitForExport	0	350	\N		2025-03-29 18:31:04.508186+00
353	358	FitForExport	0	150	\N		2025-03-29 18:31:50.302563+00
354	357	FitForExport	0	110	\N		2025-03-29 18:32:36.805952+00
355	363	FitForExport	0	925	\N		2025-03-29 20:25:06.026488+00
356	369	FitForExport	0	150	\N		2025-03-29 22:16:43.496398+00
357	368	FitForExport	0	217	\N		2025-03-29 22:17:04.783687+00
358	367	FitForExport	0	204	\N		2025-03-29 22:17:30.302437+00
359	366	FitForExport	0	350	\N		2025-03-29 22:17:55.474667+00
360	365	FitForExport	0	497	\N		2025-03-29 22:18:28.753757+00
361	364	FitForExport	0	84	\N		2025-03-29 22:18:55.890905+00
362	370	FitForExport	0	750	\N		2025-03-30 02:45:55.39053+00
363	371	FitForExport	0	204	\N		2025-03-30 02:46:57.967336+00
364	379	FitForExport	0	500	\N		2025-03-30 05:10:09.916372+00
365	378	FitForExport	0	200	\N		2025-03-30 05:11:47.447316+00
366	377	FitForExport	0	200	\N		2025-03-30 05:12:35.120658+00
367	376	FitForExport	0	300	\N		2025-03-30 05:14:11.521574+00
368	375	FitForExport	8	280	\N		2025-03-30 05:14:56.635267+00
369	374	FitForExport	0	200	\N		2025-03-30 05:15:33.055329+00
370	373	FitForExport	0	500	\N		2025-03-30 05:16:05.23135+00
371	372	FitForExport	0	1120	\N		2025-03-30 05:16:39.81232+00
372	380	FitForExport	0	1024	\N		2025-03-30 05:24:27.474094+00
373	383	FitForExport	0	450	\N		2025-03-30 05:31:28.075047+00
374	382	FitForExport	0	190	\N		2025-03-30 05:33:33.20963+00
375	381	FitForExport	0	400	\N		2025-03-30 05:35:05.887635+00
376	384	FitForExport	0	560	\N		2025-03-30 06:48:26.732394+00
377	390	FitForExport	0	100	\N		2025-03-30 07:09:07.094394+00
378	389	FitForExport	0	140	\N		2025-03-30 07:09:39.351315+00
379	388	FitForExport	0	300	\N		2025-03-30 07:10:09.660198+00
380	387	FitForExport	0	280	\N		2025-03-30 07:10:51.23337+00
381	393	FitForExport	0	208	\N		2025-03-30 07:13:19.584478+00
382	386	FitForExport	0	200	\N		2025-03-30 07:13:45.217243+00
383	392	FitForExport	0	150	\N		2025-03-30 07:14:15.743968+00
384	385	FitForExport	0	270	\N		2025-03-30 07:14:16.849312+00
385	391	FitForExport	0	600	\N		2025-03-30 07:14:48.024021+00
386	396	FitForExport	0	600	\N		2025-03-30 09:50:40.404083+00
387	403	FitForExport	0	360	\N		2025-03-30 10:02:09.932373+00
388	402	FitForExport	0	480	\N		2025-03-30 10:02:28.442404+00
389	401	FitForExport	0	250	\N		2025-03-30 10:03:07.143458+00
390	400	FitForExport	0	300	\N		2025-03-30 10:03:30.012655+00
391	399	FitForExport	0	400	\N		2025-03-30 10:03:58.638177+00
392	398	FitForExport	0	1000	\N		2025-03-30 10:04:23.893653+00
393	397	FitForExport	0	400	\N		2025-03-30 10:04:44.80526+00
394	426	FitForExport	0	2	\N		2025-03-30 10:14:34.171864+00
395	428	FitForExport	0	204	\N		2025-03-30 10:15:19.155355+00
396	427	FitForExport	0	800	\N		2025-03-30 10:16:03.320734+00
397	425	FitForExport	0	2100	\N		2025-03-30 10:19:09.321164+00
398	424	FitForExport	0	250	\N		2025-03-30 10:21:18.230075+00
399	423	FitForExport	0	15	\N		2025-03-30 10:22:07.075307+00
400	422	FitForExport	0	1100	\N		2025-03-30 10:22:43.326634+00
401	421	FitForExport	0	136	\N		2025-03-30 10:23:33.327088+00
402	420	FitForExport	0	128	\N		2025-03-30 10:24:07.806312+00
403	419	FitForExport	0	220	\N		2025-03-30 10:24:57.880365+00
404	418	FitForExport	0	200	\N		2025-03-30 10:25:25.324823+00
405	417	FitForExport	0	6	\N		2025-03-30 10:26:10.074364+00
406	416	FitForExport	0	5	\N		2025-03-30 10:26:36.800123+00
407	415	FitForExport	0	34	\N		2025-03-30 10:29:47.424402+00
408	429	FitForExport	0	317	\N		2025-03-30 10:30:41.852207+00
409	430	FitForExport	0	900	\N		2025-03-30 10:31:21.331513+00
410	431	FitForExport	0	200	\N		2025-03-30 10:31:53.238894+00
411	432	FitForExport	0	36	\N		2025-03-30 10:32:25.38967+00
412	414	FitForExport	0	42	\N		2025-03-30 10:36:02.563537+00
413	413	FitForExport	0	272	\N		2025-03-30 10:36:41.227391+00
414	412	FitForExport	0	460	\N		2025-03-30 10:37:28.894562+00
415	433	FitForExport	0	1200	\N		2025-03-30 10:37:29.88652+00
416	411	FitForExport	0	240	\N		2025-03-30 10:38:01.702393+00
417	410	FitForExport	0	180	\N		2025-03-30 10:39:00.750095+00
418	409	FitForExport	0	1040	\N		2025-03-30 10:39:33.19185+00
419	408	FitForExport	0	500	\N		2025-03-30 10:40:11.092982+00
420	407	FitForExport	0	102	\N		2025-03-30 10:40:32.80377+00
421	406	FitForExport	0	108	\N		2025-03-30 10:41:24.782711+00
422	405	FitForExport	0	150	\N		2025-03-30 10:42:14.901729+00
423	434	FitForExport	0	1000	\N		2025-03-30 10:42:32.313303+00
424	404	FitForExport	0	300	\N		2025-03-30 10:42:48.255641+00
425	441	FitForExport	0	30	\N		2025-03-30 12:17:09.981146+00
426	440	FitForExport	0	10	\N		2025-03-30 12:18:00.934548+00
427	439	FitForExport	0	10	\N		2025-03-30 12:18:50.208053+00
428	438	FitForExport	0	300	\N		2025-03-30 12:19:33.178757+00
429	437	FitForExport	0	40	\N		2025-03-30 12:20:24.293461+00
430	436	FitForExport	0	160	\N		2025-03-30 12:21:35.12201+00
431	435	FitForExport	0	350	\N		2025-03-30 12:22:37.882028+00
432	395	FitForExport	0	40	\N		2025-03-30 12:24:29.201628+00
433	394	FitForExport	0	650	\N		2025-03-30 12:25:33.973751+00
434	442	FitForExport	0	200	\N		2025-03-30 12:34:11.730593+00
435	443	FitForExport	0	640	\N		2025-03-30 12:37:54.252197+00
436	444	FitForExport	0	1103	\N		2025-03-30 12:42:35.572895+00
437	445	FitForExport	0	280	\N		2025-03-30 12:43:38.851511+00
438	446	FitForExport	0	1650	\N		2025-03-30 12:47:46.677459+00
439	447	FitForExport	0	1440	\N		2025-03-30 12:54:14.991128+00
440	448	FitForExport	0	1373	\N		2025-03-30 13:04:02.981501+00
441	449	FitForExport	0	375	\N		2025-03-30 13:10:11.650806+00
442	462	FitForExport	0	250	\N		2025-03-30 13:32:11.19093+00
443	461	FitForExport	0	300	\N		2025-03-30 13:34:14.140937+00
446	458	FitForExport	0	900	\N		2025-03-30 13:37:00.355487+00
447	457	FitForExport	0	1500	\N		2025-03-30 13:37:44.429679+00
450	454	FitForExport	0	400	\N		2025-03-30 13:39:16.420269+00
452	453	FitForExport	0	280	\N		2025-03-30 13:39:56.676255+00
454	451	FitForExport	0	500	\N		2025-03-30 13:40:52.164904+00
455	450	FitForExport	0	1700	\N		2025-03-30 13:41:23.250283+00
457	467	FitForExport	0	30	\N		2025-03-30 13:49:01.257372+00
459	465	FitForExport	0	460	\N		2025-03-30 13:49:53.851669+00
461	469	FitForExport	0	313	\N		2025-03-30 13:50:45.566441+00
463	472	FitForExport	0	175	\N		2025-03-30 14:09:15.986629+00
464	471	FitForExport	0	80	\N		2025-03-30 14:09:16.030783+00
444	460	FitForExport	0	850	\N		2025-03-30 13:35:30.764411+00
445	459	FitForExport	0	850	\N		2025-03-30 13:36:33.030419+00
448	456	FitForExport	0	1500	\N		2025-03-30 13:38:08.589282+00
449	455	FitForExport	0	600	\N		2025-03-30 13:38:39.254739+00
451	463	FitForExport	0	4217	\N		2025-03-30 13:39:23.59674+00
453	452	FitForExport	0	3500	\N		2025-03-30 13:40:24.14106+00
456	468	FitForExport	0	70	\N		2025-03-30 13:48:17.063146+00
458	466	FitForExport	0	220	\N		2025-03-30 13:49:18.982009+00
460	464	FitForExport	0	830	\N		2025-03-30 13:50:17.90757+00
462	470	FitForExport	0	84	\N		2025-03-30 14:05:58.711436+00
465	473	FitForExport	0	285	\N		2025-03-30 14:31:43.73369+00
466	474	FitForExport	0	391	\N		2025-03-30 14:37:26.01394+00
467	475	FitForExport	0	123	\N		2025-03-30 15:01:11.974342+00
468	476	FitForExport	0	203	\N		2025-03-30 15:10:34.341631+00
469	477	FitForExport	0	80	\N		2025-03-30 15:20:06.842137+00
470	478	FitForExport	0	70	\N		2025-03-30 15:29:39.15145+00
471	479	FitForExport	0	270	\N		2025-03-30 15:36:17.070574+00
472	483	FitForExport	0	600	\N		2025-03-30 15:49:43.461793+00
473	482	FitForExport	0	475	\N		2025-03-30 15:50:23.750702+00
474	481	FitForExport	0	950	\N		2025-03-30 15:50:57.948078+00
475	480	FitForExport	0	950	\N		2025-03-30 15:51:45.596675+00
476	493	FitForExport	2	144	\N		2025-03-30 16:55:07.923459+00
477	494	FitForExport	0	195	\N		2025-03-30 16:55:46.46866+00
478	492	FitForExport	1	75	\N		2025-03-30 16:55:48.23475+00
479	491	FitForExport	4	50	\N		2025-03-30 16:56:42.458051+00
480	490	FitForExport	1	736	\N		2025-03-30 16:57:23.505959+00
481	489	FitForExport	30	200	\N		2025-03-30 16:58:04.084207+00
482	499	FitForExport	0	80	\N		2025-03-30 17:05:02.056064+00
483	498	FitForExport	0	55	\N		2025-03-30 17:05:40.578581+00
484	497	FitForExport	0	355	\N		2025-03-30 17:06:04.525262+00
485	496	FitForExport	0	150	\N		2025-03-30 17:06:30.681809+00
486	495	FitForExport	0	200	\N		2025-03-30 17:08:42.764012+00
487	500	FitForExport	15	300	\N		2025-03-30 17:24:07.473857+00
488	501	FitForExport	0	950	\N		2025-03-30 17:29:03.506714+00
489	488	FitForExport	2	862.5	\N		2025-03-30 17:33:59.961898+00
490	502	FitForExport	0	275	\N		2025-03-30 17:37:44.268103+00
491	487	FitForExport	4	50	\N		2025-03-30 17:37:47.681542+00
492	486	FitForExport	5	110	\N		2025-03-30 17:38:36.217274+00
493	485	FitForExport	0	160	\N		2025-03-30 17:39:30.512819+00
494	484	FitForExport	4	292.5	\N		2025-03-30 17:40:03.826955+00
495	512	FitForExport	0	80	\N		2025-03-30 17:42:55.976088+00
496	511	FitForExport	0	160	\N		2025-03-30 17:43:20.760677+00
497	510	FitForExport	0	24	\N		2025-03-30 17:43:42.258892+00
498	509	FitForExport	0	610	\N		2025-03-30 17:44:06.389765+00
499	508	FitForExport	0	110	\N		2025-03-30 17:44:39.451446+00
500	507	FitForExport	0	80	\N		2025-03-30 17:44:59.125656+00
501	506	FitForExport	0	90	\N		2025-03-30 17:45:38.047314+00
502	505	FitForExport	0	160	\N		2025-03-30 17:46:02.237802+00
503	504	FitForExport	0	2300	\N		2025-03-30 17:46:35.543024+00
504	515	FitForExport	0	250	\N		2025-03-30 17:47:02.209987+00
505	518	FitForExport	5	920	\N		2025-03-30 17:48:17.810287+00
506	517	FitForExport	0	189	\N		2025-03-30 17:49:55.241409+00
507	520	FitForExport	0	48	\N		2025-03-30 17:56:00.55442+00
508	522	FitForExport	0	265	\N		2025-03-30 18:00:47.350378+00
509	521	FitForExport	0	100	\N		2025-03-30 18:01:06.255813+00
510	519	FitForExport	0	1080	\N		2025-03-30 18:02:49.395759+00
511	516	FitForExport	0	1560	\N		2025-03-30 18:05:36.249848+00
512	514	FitForExport	0	225	\N		2025-03-30 18:07:23.92111+00
513	503	FitForExport	0	810	\N		2025-03-30 18:08:51.897517+00
514	532	FitForExport	0	1000	\N		2025-03-30 18:09:24.146278+00
515	531	FitForExport	0	48	\N		2025-03-30 18:09:56.277084+00
516	530	FitForExport	0	410	\N		2025-03-30 18:10:20.716307+00
517	523	FitForExport	0	592	\N		2025-03-30 18:10:54.720387+00
518	529	FitForExport	0	80	\N		2025-03-30 18:11:16.769033+00
519	528	FitForExport	0	360	\N		2025-03-30 18:11:43.987968+00
520	527	FitForExport	0	2080	\N		2025-03-30 18:12:15.298527+00
521	526	FitForExport	0	30	\N		2025-03-30 18:12:52.750269+00
522	533	FitForExport	0	325	\N		2025-03-30 18:13:10.088457+00
523	525	FitForExport	0	560	\N		2025-03-30 18:13:23.379897+00
524	524	FitForExport	0	240	\N		2025-03-30 18:15:04.888327+00
525	555	FitForExport	0	2615	\N		2025-03-30 18:27:18.880308+00
526	554	FitForExport	0	515	\N		2025-03-30 18:27:39.371971+00
527	556	FitForExport	0	240	\N		2025-03-30 18:28:24.248156+00
528	553	FitForExport	0	400	\N		2025-03-30 18:28:46.755281+00
529	552	FitForExport	0	500	\N		2025-03-30 18:29:36.623674+00
530	551	FitForExport	0	1280	\N		2025-03-30 18:30:03.787282+00
531	550	FitForExport	0	800	\N		2025-03-30 18:30:34.108669+00
532	549	FitForExport	0	560	\N		2025-03-30 18:31:04.435998+00
533	548	FitForExport	0	250	\N		2025-03-30 18:31:31.540194+00
534	557	FitForExport	0	100	\N		2025-03-30 18:31:41.97592+00
535	547	FitForExport	0	250	\N		2025-03-30 18:32:00.92237+00
536	546	FitForExport	0	240	\N		2025-03-30 18:32:35.462029+00
537	545	FitForExport	0	2400	\N		2025-03-30 18:33:12.454208+00
538	544	FitForExport	0	550	\N		2025-03-30 18:33:54.451506+00
539	543	FitForExport	0	560	\N		2025-03-30 18:34:35.560643+00
540	542	FitForExport	0	165	\N		2025-03-30 18:34:59.814099+00
541	541	FitForExport	0	700	\N		2025-03-30 18:35:33.481222+00
542	563	FitForExport	0	200	\N		2025-03-30 18:36:58.147603+00
543	562	FitForExport	0	10	\N		2025-03-30 18:37:20.0269+00
544	561	FitForExport	0	100	\N		2025-03-30 18:37:44.492528+00
546	559	FitForExport	0	185	\N		2025-03-30 18:38:27.641183+00
547	558	FitForExport	0	160	\N		2025-03-30 18:38:52.904352+00
548	540	FitForExport	0	700	\N		2025-03-30 18:38:59.554453+00
554	535	FitForExport	0	3000	\N		2025-03-30 18:44:40.309933+00
555	534	FitForExport	50	150	\N		2025-03-30 18:45:45.353334+00
545	560	FitForExport	0	350	\N		2025-03-30 18:38:06.106393+00
549	539	FitForExport	0	459	\N		2025-03-30 18:39:59.490026+00
550	538	FitForExport	0	462	\N		2025-03-30 18:41:10.624575+00
551	537	FitForExport	0	459	\N		2025-03-30 18:42:13.392955+00
552	536	FitForExport	0	1400	\N		2025-03-30 18:43:08.599165+00
553	564	FitForExport	0	940	\N		2025-03-30 18:43:19.040969+00
556	565	FitForExport	0	960	\N		2025-03-30 18:47:56.039601+00
557	566	FitForExport	0	250	\N		2025-03-30 18:55:21.524581+00
558	567	FitForExport	0	400	\N		2025-03-30 18:57:11.905703+00
559	570	FitForExport	0	48	\N		2025-03-30 19:33:54.384473+00
560	569	FitForExport	0	800	\N		2025-03-30 19:34:47.636189+00
561	568	FitForExport	0	120	\N		2025-03-30 19:37:23.238424+00
562	571	FitForExport	0	4040	\N		2025-03-30 19:50:17.729437+00
563	588	FitForExport	0	240	\N		2025-03-30 20:11:26.125069+00
564	587	FitForExport	0	165	\N		2025-03-30 20:12:04.731286+00
565	586	FitForExport	0	440	\N		2025-03-30 20:12:55.934618+00
566	585	FitForExport	0	560	\N		2025-03-30 20:13:28.251091+00
567	584	FitForExport	0	800	\N		2025-03-30 20:13:58.965796+00
568	583	FitForExport	0	1200	\N		2025-03-30 20:14:31.679619+00
569	582	FitForExport	0	220	\N		2025-03-30 20:15:11.816844+00
570	581	FitForExport	0	275	\N		2025-03-30 20:15:45.273145+00
571	580	FitForExport	0	275	\N		2025-03-30 20:16:18.285966+00
572	579	FitForExport	0	550	\N		2025-03-30 20:16:47.956014+00
573	578	FitForExport	0	400	\N		2025-03-30 20:17:16.109781+00
574	577	FitForExport	0	800	\N		2025-03-30 20:17:44.98794+00
575	576	FitForExport	0	400	\N		2025-03-30 20:18:11.312968+00
576	575	FitForExport	0	500	\N		2025-03-30 20:18:46.24732+00
577	574	FitForExport	0	500	\N		2025-03-30 20:19:21.845573+00
578	573	FitForExport	0	500	\N		2025-03-30 20:19:59.804344+00
579	572	FitForExport	0	350	\N		2025-03-30 20:20:25.167264+00
580	589	FitForExport	0	220	\N		2025-03-30 20:26:29.421318+00
581	590	FitForExport	0	50	\N		2025-03-31 00:52:02.401835+00
582	591	FitForExport	0	200	\N		2025-03-31 00:53:32.809162+00
583	592	FitForExport	0	180	\N		2025-03-31 05:42:00.574369+00
584	593	FitForExport	0	900	\N		2025-03-31 08:31:21.626396+00
585	594	FitForExport	0	1977	\N		2025-03-31 08:36:32.344894+00
586	602	FitForExport	0	70	\N		2025-03-31 08:43:26.464616+00
587	601	FitForExport	0	80	\N		2025-03-31 08:44:04.458954+00
588	603	FitForExport	0	3649	\N		2025-03-31 08:44:06.180389+00
589	600	FitForExport	0	135	\N		2025-03-31 08:44:38.025229+00
590	599	FitForExport	0	115	\N		2025-03-31 08:45:21.321821+00
591	598	FitForExport	0	200	\N		2025-03-31 08:45:53.92516+00
592	597	FitForExport	0	190	\N		2025-03-31 08:46:36.139412+00
593	596	FitForExport	0	270	\N		2025-03-31 08:47:11.307773+00
594	604	FitForExport	0	3000	\N		2025-03-31 08:47:37.257688+00
595	595	FitForExport	0	425	\N		2025-03-31 08:47:43.490577+00
596	605	FitForExport	0	600	\N		2025-03-31 08:53:37.448439+00
597	607	FitForExport	0	1000	\N		2025-03-31 09:05:58.974191+00
598	606	FitForExport	0	1050	\N		2025-03-31 09:07:27.199448+00
599	608	FitForExport	0	40	\N		2025-03-31 09:14:26.365816+00
600	609	FitForExport	0	3300	\N		2025-03-31 09:15:45.627244+00
601	610	FitForExport	0	70	\N		2025-03-31 09:32:44.153641+00
602	611	FitForExport	0	70	\N		2025-03-31 09:41:12.788524+00
603	612	FitForExport	0	160	\N		2025-03-31 09:53:14.561985+00
604	621	FitForExport	0	2300	\N		2025-03-31 10:19:40.152656+00
605	623	FitForExport	0	20	\N		2025-03-31 10:20:27.020305+00
606	630	FitForExport	0	100	\N		2025-03-31 10:23:57.452005+00
607	629	FitForExport	0	50	\N		2025-03-31 10:24:30.224481+00
608	631	FitForExport	0	1000	\N		2025-03-31 10:25:30.552971+00
609	628	FitForExport	0	60	\N		2025-03-31 10:25:54.243486+00
610	627	FitForExport	0	30	\N		2025-03-31 10:26:26.227281+00
611	626	FitForExport	0	60	\N		2025-03-31 10:27:16.855026+00
612	625	FitForExport	0	182	\N		2025-03-31 10:27:48.121684+00
613	624	FitForExport	0	105	\N		2025-03-31 10:28:18.677369+00
614	622	FitForExport	0	64	\N		2025-03-31 10:28:45.861444+00
615	620	FitForExport	0	90	\N		2025-03-31 10:29:25.445361+00
616	632	FitForExport	0	375	\N		2025-03-31 10:29:35.850091+00
617	619	FitForExport	0	20	\N		2025-03-31 10:30:00.231712+00
618	618	FitForExport	0	100	\N		2025-03-31 10:30:25.731463+00
619	617	FitForExport	0	100	\N		2025-03-31 10:30:56.96205+00
620	616	FitForExport	0	70	\N		2025-03-31 10:31:29.04175+00
621	641	FitForExport	0	460	\N		2025-03-31 11:57:34.651745+00
622	640	FitForExport	0	35	\N		2025-03-31 11:58:59.105657+00
623	639	FitForExport	0	180	\N		2025-03-31 11:59:38.13917+00
624	638	FitForExport	0	84	\N		2025-03-31 12:01:46.223866+00
625	637	FitForExport	0	340	\N		2025-03-31 12:02:32.678023+00
626	636	FitForExport	0	300	\N		2025-03-31 12:03:50.811171+00
627	635	FitForExport	0	750	\N		2025-03-31 12:04:21.458374+00
628	634	FitForExport	0	1400	\N		2025-03-31 12:05:16.177081+00
629	633	FitForExport	0	2064	\N		2025-03-31 12:06:20.27445+00
630	646	FitForExport	0	100	\N		2025-03-31 12:30:25.457982+00
631	645	FitForExport	0	250	\N		2025-03-31 12:31:04.278795+00
632	644	FitForExport	0	450	\N		2025-03-31 12:32:00.923272+00
633	643	FitForExport	0	100	\N		2025-03-31 12:32:29.854709+00
634	642	FitForExport	0	630	\N		2025-03-31 12:32:57.169786+00
635	647	FitForExport	0	40	\N		2025-03-31 12:40:11.163935+00
636	649	FitForExport	0	1200	\N		2025-03-31 12:54:33.577268+00
637	648	FitForExport	0	400	\N		2025-03-31 12:55:19.697937+00
638	654	FitForExport	0	150	\N		2025-03-31 13:44:43.492792+00
639	653	FitForExport	0	665	\N		2025-03-31 13:45:06.244675+00
640	652	FitForExport	0	60	\N		2025-03-31 13:45:23.137537+00
641	651	FitForExport	0	40	\N		2025-03-31 13:45:43.422657+00
642	650	FitForExport	0	15	\N		2025-03-31 13:46:05.527364+00
643	657	FitForExport	0	215	\N		2025-03-31 14:00:46.4918+00
644	656	FitForExport	0	15	\N		2025-03-31 14:06:40.290465+00
645	655	FitForExport	0	30	\N		2025-03-31 14:07:27.950289+00
646	663	FitForExport	0	420	\N		2025-03-31 15:35:11.244946+00
647	662	FitForExport	0	600	\N		2025-03-31 15:35:31.105907+00
648	661	FitForExport	0	950	\N		2025-03-31 15:35:49.937761+00
649	660	FitForExport	0	950	\N		2025-03-31 15:36:12.774729+00
650	659	FitForExport	0	475	\N		2025-03-31 15:36:45.220918+00
651	658	FitForExport	0	950	\N		2025-03-31 15:37:03.205051+00
652	669	FitForExport	0	250	\N		2025-03-31 15:50:38.322433+00
653	668	FitForExport	0	200	\N		2025-03-31 15:51:11.491727+00
654	667	FitForExport	0	225	\N		2025-03-31 15:51:50.624581+00
655	666	FitForExport	0	450	\N		2025-03-31 15:52:39.357112+00
656	665	FitForExport	0	900	\N		2025-03-31 15:53:21.200525+00
657	664	FitForExport	0	825	\N		2025-03-31 15:53:41.183793+00
658	671	FitForExport	0	200	\N		2025-03-31 16:58:47.605706+00
659	670	FitForExport	0	820	\N		2025-03-31 17:00:54.247404+00
660	675	FitForExport	0	18	\N		2025-03-31 17:10:51.621702+00
661	674	FitForExport	0	16	\N		2025-03-31 17:11:19.582167+00
662	673	FitForExport	0	20	\N		2025-03-31 17:11:47.927393+00
663	672	FitForExport	0	640	\N		2025-03-31 17:12:29.321613+00
664	685	FitForExport	0	5	\N		2025-03-31 18:56:04.852255+00
665	684	FitForExport	0	63	\N		2025-03-31 18:56:48.1168+00
666	683	FitForExport	0	70	\N		2025-03-31 18:57:26.371582+00
667	682	FitForExport	0	50	\N		2025-03-31 18:58:16.060315+00
668	681	FitForExport	0	100	\N		2025-03-31 18:58:51.157775+00
669	680	FitForExport	0	140	\N		2025-03-31 18:59:23.809793+00
670	679	FitForExport	0	69	\N		2025-03-31 19:00:26.587811+00
671	678	FitForExport	0	250	\N		2025-03-31 19:00:59.609858+00
672	677	FitForExport	0	180	\N		2025-03-31 19:01:31.251639+00
673	676	FitForExport	0	120	\N		2025-03-31 19:02:04.927661+00
674	615	FitForExport	0	30	\N		2025-03-31 19:48:28.544598+00
675	614	FitForExport	0	80	\N		2025-03-31 19:49:17.544304+00
676	613	FitForExport	0	60	\N		2025-03-31 19:50:12.604097+00
677	686	FitForExport	0	4200	\N		2025-03-31 20:25:53.874602+00
678	687	FitForExport	10	50	\N		2025-04-01 03:44:58.803031+00
679	689	FitForExport	10	200	\N		2025-04-01 03:49:29.994598+00
680	688	FitForExport	3	5	\N		2025-04-01 03:50:13.90339+00
681	690	FitForExport	20	100	\N		2025-04-01 03:53:18.704593+00
682	692	FitForExport	10	200	\N		2025-04-01 03:57:24.265685+00
683	691	FitForExport	10	300	\N		2025-04-01 03:58:27.775593+00
684	693	FitForExport	10	70	\N		2025-04-01 04:38:35.504209+00
685	697	FitForExport	0	47.5	\N		2025-04-01 04:52:20.324546+00
686	696	FitForExport	0	171	\N		2025-04-01 04:52:50.317839+00
687	695	FitForExport	0	142.5	\N		2025-04-01 04:53:23.314224+00
688	694	FitForExport	0	95	\N		2025-04-01 04:53:51.822247+00
689	698	FitForExport	10	120	\N		2025-04-01 05:16:27.739628+00
\.


--
-- Data for Name: qcp4; Type: TABLE DATA; Schema: public; Owner: -
--

COPY public.qcp4 (id, packinglist_id, user_id, status, exportcompany_id, created_at) FROM stdin;
12	14	326	Pending	214	2025-03-27 15:44:00.294763+00
38	44	327	Pending	186	2025-03-28 16:30:56.654784+00
27	31	322	Pending	147	2025-03-28 11:26:51.228118+00
1	1	320	Pending	206	2025-03-26 15:35:44.764318+00
21	24	316	Pending	254	2025-03-28 05:38:47.238261+00
79	87	321	Pending	159	2025-03-30 17:27:46.454069+00
13	13	326	Pending	214	2025-03-27 15:52:37.205502+00
22	25	316	Pending	254	2025-03-28 05:58:58.678446+00
11	12	323	Pending	236	2025-03-27 14:48:01.37781+00
15	18	1082	Pending	236	2025-03-27 18:40:25.189181+00
3	3	322	Pending	147	2025-03-27 04:02:18.479049+00
71	75	320	Pending	241	2025-03-30 10:32:59.292127+00
54	61	321	Pending	131	2025-03-29 16:11:50.703515+00
36	40	327	Pending	186	2025-03-28 16:04:57.444252+00
33	38	319	Pending	210	2025-03-28 14:49:03.861724+00
2	2	319	Pending	182	2025-03-26 19:27:46.512526+00
19	22	322	Pending	147	2025-03-28 04:48:59.627559+00
56	60	324	Pending	261	2025-03-29 16:43:16.142368+00
4	5	325	Pending	217	2025-03-27 10:06:24.839444+00
30	33	322	Pending	147	2025-03-28 12:43:39.375753+00
6	7	322	Pending	220	2025-03-27 11:36:27.537179+00
45	50	322	Pending	147	2025-03-29 05:28:03.959222+00
23	26	326	Pending	218	2025-03-28 07:24:09.910047+00
39	43	323	Pending	146	2025-03-28 16:34:54.508162+00
9	8	316	Pending	254	2025-03-27 13:27:08.999403+00
8	10	320	Pending	241	2025-03-27 12:50:12.310555+00
10	11	322	Pending	221	2025-03-27 13:35:20.328447+00
47	51	325	Pending	227	2025-03-29 06:52:43.048521+00
69	74	320	Pending	241	2025-03-30 10:16:26.739616+00
62	65	321	Pending	201	2025-03-29 22:22:49.265002+00
40	45	317	Pending	252	2025-03-28 17:40:40.407999+00
7	9	322	Pending	221	2025-03-27 12:46:49.046866+00
68	71	320	Pending	241	2025-03-30 09:51:26.512904+00
24	27	326	Pending	218	2025-03-28 07:32:08.468156+00
14	4	319	Pending	182	2025-03-27 18:36:47.006532+00
16	19	324	Pending	185	2025-03-27 19:11:26.649491+00
46	35	320	Pending	192	2025-03-29 05:38:59.196317+00
17	20	323	Pending	224	2025-03-27 19:15:40.725522+00
41	46	324	Pending	262	2025-03-28 17:45:37.907575+00
5	6	326	Pending	208	2025-03-27 10:18:25.597682+00
18	21	321	Pending	159	2025-03-27 20:07:28.887845+00
20	23	316	Pending	254	2025-03-28 05:19:19.015694+00
29	30	320	Pending	192	2025-03-28 12:40:56.496799+00
26	28	326	Pending	218	2025-03-28 11:12:55.770735+00
25	29	326	Pending	218	2025-03-28 11:12:46.703134+00
66	69	327	Pending	186	2025-03-30 07:15:22.109366+00
58	16	326	Pending	214	2025-03-29 16:50:21.993262+00
85	94	321	Pending	159	2025-03-30 18:28:18.581736+00
34	39	320	Pending	223	2025-03-28 14:59:04.219193+00
31	36	326	Pending	208	2025-03-28 13:24:39.426141+00
32	32	326	Pending	218	2025-03-28 14:27:06.106413+00
37	42	319	Pending	129	2025-03-28 16:26:44.335596+00
65	68	327	Pending	186	2025-03-30 05:39:08.12238+00
42	47	322	Pending	228	2025-03-28 18:37:48.163687+00
86	80	319	Pending	182	2025-03-30 18:34:11.803247+00
49	55	320	Pending	241	2025-03-29 11:41:56.712622+00
50	53	320	Pending	241	2025-03-29 12:51:26.875651+00
43	48	322	Pending	228	2025-03-28 19:25:03.014453+00
51	59	324	Pending	235	2025-03-29 14:23:39.936067+00
52	54	324	Pending	235	2025-03-29 14:29:42.636336+00
28	34	322	Pending	220	2025-03-28 12:30:01.111234+00
44	49	320	Pending	241	2025-03-28 23:58:20.657217+00
35	41	326	Pending	246	2025-03-28 15:45:38.068334+00
59	62	1100	Pending	190	2025-03-29 17:18:58.221288+00
75	82	316	Pending	149	2025-03-30 14:12:54.554053+00
76	83	325	Pending	227	2025-03-30 14:32:02.190242+00
55	58	326	Pending	208	2025-03-29 16:42:23.997967+00
53	56	317	Pending	136	2025-03-29 15:30:02.736279+00
64	67	327	Pending	186	2025-03-30 05:20:42.70036+00
63	66	320	Pending	241	2025-03-30 02:47:34.915911+00
60	63	324	Pending	185	2025-03-29 18:36:34.950021+00
78	86	323	Pending	146	2025-03-30 17:09:13.498579+00
67	70	316	Pending	222	2025-03-30 07:18:03.874378+00
57	57	326	Pending	208	2025-03-29 16:46:46.457908+00
70	72	319	Pending	129	2025-03-30 10:19:45.764348+00
72	76	320	Pending	241	2025-03-30 10:37:59.198108+00
73	77	320	Pending	241	2025-03-30 10:42:55.629808+00
88	85	317	Pending	237	2025-03-30 18:51:37.845018+00
80	88	321	Pending	159	2025-03-30 17:30:38.531993+00
82	91	321	Pending	159	2025-03-30 18:04:06.131248+00
94	98	326	Pending	214	2025-03-30 20:28:51.482001+00
87	96	326	Pending	174	2025-03-30 18:51:11.315721+00
84	92	318	Pending	197	2025-03-30 18:21:47.337206+00
96	101	324	Pending	229	2025-03-31 01:21:29.249349+00
91	90	318	Pending	197	2025-03-30 19:39:06.419631+00
83	93	323	Pending	181	2025-03-30 18:17:11.128528+00
97	102	324	Pending	229	2025-03-31 01:38:04.841168+00
81	89	323	Pending	146	2025-03-30 17:47:00.525133+00
90	79	319	Pending	188	2025-03-30 18:57:37.105895+00
92	100	326	Pending	214	2025-03-30 20:22:41.405568+00
93	99	326	Pending	214	2025-03-30 20:23:26.828648+00
77	84	322	Pending	147	2025-03-30 15:52:16.246802+00
89	95	326	Pending	174	2025-03-30 18:56:34.71896+00
95	97	1081	Pending	218	2025-03-30 23:38:24.902114+00
98	103	327	Pending	238	2025-03-31 05:42:40.691625+00
74	78	327	Pending	238	2025-03-30 12:47:14.345798+00
101	106	318	Pending	236	2025-03-31 09:07:47.866791+00
99	105	317	Pending	183	2025-03-31 08:48:11.05954+00
103	104	319	Pending	182	2025-03-31 10:32:53.757116+00
100	73	317	Pending	232	2025-03-31 08:58:19.096033+00
102	81	317	Pending	232	2025-03-31 09:16:29.491285+00
105	110	322	Pending	221	2025-03-31 12:33:20.835165+00
104	109	316	Pending	127	2025-03-31 12:08:06.836993+00
106	111	322	Pending	221	2025-03-31 12:55:43.417712+00
107	107	319	Pending	188	2025-03-31 13:46:26.152483+00
108	112	325	Pending	227	2025-03-31 14:19:47.983385+00
61	64	320	Pending	133	2025-03-29 20:25:36.632913+00
111	115	324	Pending	229	2025-03-31 17:05:22.127024+00
48	52	322	Pending	190	2025-03-29 10:39:05.516859+00
112	118	318	Pending	141	2025-03-31 19:02:50.571524+00
109	113	322	Pending	147	2025-03-31 15:37:20.766233+00
110	114	322	Pending	147	2025-03-31 15:54:10.90203+00
114	119	1044	Pending	246	2025-03-31 20:30:30.036641+00
113	108	318	Pending	128	2025-03-31 19:50:59.064208+00
115	116	316	Pending	254	2025-04-01 04:56:24.318695+00
116	117	316	Pending	254	2025-04-01 04:56:50.396499+00
117	120	324	Pending	264	2025-04-01 05:17:52.565207+00
\.


--
-- Data for Name: qcp4_attributes; Type: TABLE DATA; Schema: public; Owner: -
--

COPY public.qcp4_attributes (id, qcp4_id, qualityattributes_id, qcp4_product_id, user_id, exportcompany_id, created_at) FROM stdin;
1	1	1	1	320	206	2025-03-26 16:17:39.033827+00
2	1	1	2	320	206	2025-03-26 16:18:02.877112+00
3	1	1	3	320	206	2025-03-26 16:18:44.258459+00
4	1	1	4	320	206	2025-03-26 16:18:53.982027+00
5	1	1	5	320	206	2025-03-26 16:21:02.492639+00
6	1	1	6	320	206	2025-03-26 16:21:14.171551+00
7	1	1	7	320	206	2025-03-26 16:21:23.684573+00
8	3	1	15	322	147	2025-03-27 06:33:25.134656+00
9	3	1	16	322	147	2025-03-27 06:33:37.856753+00
10	3	1	17	322	147	2025-03-27 06:35:56.316592+00
11	3	1	18	322	147	2025-03-27 06:36:03.372835+00
12	3	1	19	322	147	2025-03-27 06:36:08.673424+00
13	3	1	20	322	147	2025-03-27 06:36:13.524469+00
14	3	1	21	322	147	2025-03-27 06:36:19.158368+00
15	3	1	22	322	147	2025-03-27 06:36:23.384522+00
16	2	1	8	319	182	2025-03-27 09:34:33.109848+00
17	2	1	9	319	182	2025-03-27 09:34:45.358041+00
18	2	1	10	319	182	2025-03-27 09:34:56.560167+00
19	2	1	11	319	182	2025-03-27 09:35:07.883019+00
20	2	1	12	319	182	2025-03-27 09:35:17.163704+00
21	2	1	13	319	182	2025-03-27 09:35:26.993619+00
22	4	1	23	325	217	2025-03-27 10:08:58.702105+00
23	4	1	24	325	217	2025-03-27 10:09:12.777281+00
24	4	1	25	325	217	2025-03-27 10:09:31.742364+00
25	4	1	26	325	217	2025-03-27 10:09:48.151313+00
26	4	1	27	325	217	2025-03-27 10:09:58.848776+00
27	6	1	34	322	220	2025-03-27 13:19:08.585396+00
28	6	1	35	322	220	2025-03-27 13:19:20.179446+00
29	9	1	45	316	254	2025-03-27 14:34:36.190528+00
30	9	1	46	316	254	2025-03-27 14:34:45.286439+00
31	9	1	47	316	254	2025-03-27 14:34:55.174351+00
32	9	1	48	316	254	2025-03-27 14:35:04.243921+00
33	9	1	49	316	254	2025-03-27 14:35:14.629067+00
34	9	1	50	316	254	2025-03-27 14:35:24.684924+00
35	9	1	51	316	254	2025-03-27 14:35:35.242976+00
36	8	1	43	320	241	2025-03-27 16:22:53.781149+00
37	8	1	44	320	241	2025-03-27 16:23:04.064516+00
38	11	1	53	323	236	2025-03-27 18:30:42.748984+00
39	11	1	54	323	236	2025-03-27 18:31:57.811117+00
40	14	1	71	319	182	2025-03-27 18:58:59.392341+00
41	14	1	72	319	182	2025-03-27 18:59:06.198289+00
42	14	1	73	319	182	2025-03-27 18:59:13.830055+00
43	14	1	74	319	182	2025-03-27 18:59:20.211534+00
44	14	1	75	319	182	2025-03-27 18:59:26.629626+00
45	14	1	76	319	182	2025-03-27 18:59:32.672829+00
46	14	1	77	319	182	2025-03-27 18:59:39.147951+00
47	14	1	78	319	182	2025-03-27 18:59:46.908036+00
48	14	1	79	319	182	2025-03-27 18:59:54.475425+00
49	14	1	80	319	182	2025-03-27 19:00:04.109782+00
50	14	1	81	319	182	2025-03-27 19:00:14.764636+00
51	14	1	82	319	182	2025-03-27 19:00:21.51771+00
52	14	1	83	319	182	2025-03-27 19:00:28.274186+00
53	14	1	84	319	182	2025-03-27 19:00:35.030562+00
54	14	1	85	319	182	2025-03-27 19:00:42.388174+00
55	14	1	86	319	182	2025-03-27 19:00:49.265046+00
56	14	1	87	319	182	2025-03-27 19:00:56.441505+00
57	14	1	88	319	182	2025-03-27 19:01:03.677759+00
58	14	1	89	319	182	2025-03-27 19:01:10.675469+00
59	14	1	90	319	182	2025-03-27 19:01:18.167074+00
60	14	1	91	319	182	2025-03-27 19:01:27.259525+00
61	14	1	92	319	182	2025-03-27 19:01:38.845064+00
62	14	1	93	319	182	2025-03-27 19:02:08.218392+00
63	14	1	94	319	182	2025-03-27 19:02:19.482638+00
64	14	1	95	319	182	2025-03-27 19:02:28.352549+00
65	14	1	96	319	182	2025-03-27 19:02:35.465157+00
66	14	1	97	319	182	2025-03-27 19:02:44.161476+00
67	16	1	103	324	185	2025-03-27 19:13:43.738339+00
68	16	1	102	324	185	2025-03-27 19:13:50.71832+00
69	16	1	101	324	185	2025-03-27 19:13:57.550209+00
70	16	1	100	324	185	2025-03-27 19:14:30.109263+00
71	17	1	104	323	224	2025-03-27 19:27:46.273244+00
72	17	1	105	323	224	2025-03-27 19:28:12.850111+00
73	20	1	114	316	254	2025-03-28 05:27:22.002967+00
74	20	1	116	316	254	2025-03-28 05:27:37.874373+00
75	21	1	117	316	254	2025-03-28 06:00:40.626403+00
76	21	1	118	316	254	2025-03-28 06:00:47.640496+00
77	21	1	119	316	254	2025-03-28 06:01:13.976039+00
78	21	1	120	316	254	2025-03-28 06:01:33.428322+00
79	22	1	121	316	254	2025-03-28 06:06:14.714145+00
80	22	1	122	316	254	2025-03-28 06:06:21.144529+00
81	19	1	107	322	147	2025-03-28 06:38:48.304658+00
82	19	1	108	322	147	2025-03-28 06:38:58.055701+00
83	19	1	109	322	147	2025-03-28 06:39:03.029396+00
84	19	1	110	322	147	2025-03-28 06:39:09.155085+00
85	19	1	111	322	147	2025-03-28 06:39:15.045699+00
86	19	1	112	322	147	2025-03-28 06:39:21.207691+00
87	19	1	113	322	147	2025-03-28 06:39:26.79733+00
88	29	1	152	320	192	2025-03-28 13:47:02.408523+00
89	29	1	153	320	192	2025-03-28 13:47:12.648077+00
90	29	1	154	320	192	2025-03-28 13:47:22.60055+00
91	29	1	155	320	192	2025-03-28 13:47:32.912766+00
92	29	1	156	320	192	2025-03-28 13:47:41.944941+00
93	29	1	157	320	192	2025-03-28 13:47:50.427899+00
94	38	1	207	327	186	2025-03-28 17:03:05.12476+00
95	38	1	208	327	186	2025-03-28 17:03:10.635714+00
96	38	1	209	327	186	2025-03-28 17:03:15.079867+00
97	38	1	210	327	186	2025-03-28 17:03:19.501683+00
98	38	1	211	327	186	2025-03-28 17:03:24.065655+00
99	38	1	212	327	186	2025-03-28 17:03:29.908382+00
100	38	1	213	327	186	2025-03-28 17:03:36.908471+00
101	36	1	195	327	186	2025-03-28 17:17:38.168032+00
102	36	1	196	327	186	2025-03-28 17:17:48.754147+00
103	36	1	197	327	186	2025-03-28 17:17:57.378919+00
104	36	1	198	327	186	2025-03-28 17:18:02.039715+00
105	36	1	199	327	186	2025-03-28 17:18:07.17099+00
106	36	1	200	327	186	2025-03-28 17:18:12.924711+00
107	36	1	201	327	186	2025-03-28 17:18:18.730327+00
108	39	1	214	323	146	2025-03-28 17:28:36.595633+00
109	39	1	215	323	146	2025-03-28 17:28:48.205488+00
110	39	1	216	323	146	2025-03-28 17:28:59.411859+00
111	39	1	217	323	146	2025-03-28 17:29:10.938591+00
112	39	1	218	323	146	2025-03-28 17:29:19.644261+00
113	39	1	219	323	146	2025-03-28 17:29:30.757996+00
114	39	1	220	323	146	2025-03-28 17:29:39.595484+00
115	40	1	225	317	252	2025-03-28 17:43:53.34564+00
116	40	1	224	317	252	2025-03-28 17:44:02.252601+00
117	40	1	223	317	252	2025-03-28 17:44:08.484618+00
118	40	1	222	317	252	2025-03-28 17:44:14.424784+00
119	40	1	221	317	252	2025-03-28 17:44:21.485809+00
120	42	1	230	322	228	2025-03-28 18:44:15.67547+00
121	42	1	231	322	228	2025-03-28 18:44:23.723589+00
122	42	1	232	322	228	2025-03-28 18:44:29.658934+00
123	42	1	233	322	228	2025-03-28 18:44:37.588158+00
124	42	1	235	322	228	2025-03-28 18:44:45.774966+00
125	43	1	236	322	228	2025-03-28 19:26:39.366332+00
126	43	1	237	322	228	2025-03-28 19:26:46.570487+00
127	43	1	238	322	228	2025-03-28 19:26:53.409451+00
128	43	1	239	322	228	2025-03-28 19:27:02.713335+00
129	43	1	240	322	228	2025-03-28 19:27:10.332313+00
130	28	1	148	322	220	2025-03-29 00:14:31.296418+00
131	28	1	149	322	220	2025-03-29 00:14:38.839427+00
132	28	1	150	322	220	2025-03-29 00:14:49.962764+00
133	28	1	151	322	220	2025-03-29 00:14:56.938327+00
134	44	1	241	320	241	2025-03-29 00:19:49.213329+00
135	44	1	242	320	241	2025-03-29 00:20:05.023042+00
136	44	1	243	320	241	2025-03-29 00:20:20.923129+00
137	44	1	244	320	241	2025-03-29 00:20:38.138412+00
138	27	1	142	322	147	2025-03-29 06:08:59.180614+00
139	27	1	143	322	147	2025-03-29 06:09:03.996108+00
140	27	1	144	322	147	2025-03-29 06:09:08.890445+00
141	27	1	145	322	147	2025-03-29 06:09:13.346796+00
142	27	1	146	322	147	2025-03-29 06:09:18.098014+00
143	27	1	147	322	147	2025-03-29 06:09:22.806235+00
144	30	1	158	322	147	2025-03-29 06:12:35.250518+00
145	30	1	159	322	147	2025-03-29 06:12:40.062975+00
146	30	1	160	322	147	2025-03-29 06:12:44.490707+00
147	30	1	161	322	147	2025-03-29 06:12:48.625404+00
148	30	1	162	322	147	2025-03-29 06:12:54.365505+00
149	30	1	163	322	147	2025-03-29 06:12:59.025383+00
150	30	1	164	322	147	2025-03-29 06:13:03.607114+00
151	45	1	245	322	147	2025-03-29 06:15:23.062711+00
152	45	1	246	322	147	2025-03-29 06:15:27.773618+00
153	47	1	252	325	227	2025-03-29 07:36:39.663244+00
154	47	1	253	325	227	2025-03-29 07:36:54.508843+00
155	46	1	247	320	192	2025-03-29 08:41:47.551547+00
156	46	1	249	320	192	2025-03-29 08:42:10.311033+00
157	46	1	250	320	192	2025-03-29 08:42:29.014093+00
158	46	1	251	320	192	2025-03-29 08:42:39.165938+00
159	34	1	184	320	223	2025-03-29 11:04:33.931828+00
160	34	1	185	320	223	2025-03-29 11:04:41.979202+00
161	34	1	186	320	223	2025-03-29 11:04:51.574168+00
162	34	1	187	320	223	2025-03-29 11:04:59.691154+00
163	34	1	188	320	223	2025-03-29 11:05:07.135961+00
164	34	1	189	320	223	2025-03-29 11:05:13.633315+00
165	34	1	190	320	223	2025-03-29 11:05:24.465022+00
166	49	1	265	320	241	2025-03-29 13:05:49.776617+00
167	49	1	266	320	241	2025-03-29 13:05:59.932313+00
168	49	1	267	320	241	2025-03-29 13:06:09.965386+00
169	49	1	268	320	241	2025-03-29 13:06:20.01511+00
170	49	1	269	320	241	2025-03-29 13:06:30.332004+00
171	50	1	270	320	241	2025-03-29 13:09:06.606261+00
172	51	13	272	324	235	2025-03-29 14:38:51.411519+00
173	51	36	271	324	235	2025-03-29 14:39:19.644198+00
174	52	1	273	324	235	2025-03-29 14:48:50.091043+00
175	53	1	279	317	136	2025-03-29 17:26:20.697937+00
176	53	1	278	317	136	2025-03-29 17:26:25.348732+00
177	53	1	277	317	136	2025-03-29 17:26:31.447136+00
178	53	1	276	317	136	2025-03-29 17:26:35.658834+00
179	53	1	275	317	136	2025-03-29 17:26:41.296997+00
180	53	1	274	317	136	2025-03-29 17:26:45.857261+00
181	60	1	333	324	185	2025-03-29 18:38:46.710914+00
182	60	1	332	324	185	2025-03-29 18:38:53.585011+00
183	60	1	331	324	185	2025-03-29 18:39:03.37049+00
184	60	1	330	324	185	2025-03-29 18:39:12.890824+00
185	60	1	329	324	185	2025-03-29 18:39:19.388515+00
186	60	1	328	324	185	2025-03-29 18:39:28.412816+00
187	63	1	341	320	241	2025-03-30 02:58:07.776278+00
188	63	1	342	320	241	2025-03-30 02:58:26.360944+00
189	66	1	354	327	186	2025-03-30 07:54:53.885841+00
190	66	1	355	327	186	2025-03-30 07:54:58.858399+00
191	66	1	356	327	186	2025-03-30 07:55:02.852272+00
192	66	1	357	327	186	2025-03-30 07:55:08.125702+00
193	66	1	358	327	186	2025-03-30 07:55:12.858807+00
194	66	1	359	327	186	2025-03-30 07:55:17.125333+00
195	66	1	360	327	186	2025-03-30 07:55:20.909463+00
196	65	1	350	327	186	2025-03-30 07:58:15.838559+00
197	65	1	351	327	186	2025-03-30 07:58:24.12572+00
198	65	1	352	327	186	2025-03-30 07:58:29.819275+00
199	65	1	353	327	186	2025-03-30 07:58:36.125155+00
200	64	1	343	327	186	2025-03-30 08:01:11.250486+00
201	64	1	344	327	186	2025-03-30 08:01:16.92599+00
202	64	1	345	327	186	2025-03-30 08:01:23.045282+00
203	64	1	346	327	186	2025-03-30 08:01:29.376368+00
204	64	1	347	327	186	2025-03-30 08:01:34.136824+00
205	64	1	348	327	186	2025-03-30 08:01:39.328956+00
206	64	1	349	327	186	2025-03-30 08:01:45.088937+00
207	72	1	378	320	241	2025-03-30 12:05:19.394708+00
208	73	1	379	320	241	2025-03-30 12:07:18.294765+00
209	71	1	374	320	241	2025-03-30 12:09:14.750256+00
210	71	1	375	320	241	2025-03-30 12:09:27.294419+00
211	71	1	376	320	241	2025-03-30 12:09:44.573926+00
212	71	1	377	320	241	2025-03-30 12:10:02.919118+00
213	69	1	365	320	241	2025-03-30 12:11:57.508821+00
214	69	1	366	320	241	2025-03-30 12:12:14.532631+00
215	68	1	364	320	241	2025-03-30 12:14:27.298976+00
216	75	1	392	316	149	2025-03-30 14:27:14.935624+00
217	75	1	393	316	149	2025-03-30 14:27:22.086282+00
218	75	1	394	316	149	2025-03-30 14:27:29.682008+00
219	75	1	395	316	149	2025-03-30 14:27:36.233297+00
220	75	1	389	316	149	2025-03-30 14:29:28.210498+00
221	75	1	390	316	149	2025-03-30 14:29:41.230129+00
222	75	1	391	316	149	2025-03-30 14:29:49.849798+00
223	76	1	396	325	227	2025-03-30 14:44:13.995942+00
224	67	1	361	316	222	2025-03-30 17:16:26.235602+00
225	67	1	362	316	222	2025-03-30 17:16:35.25679+00
226	67	1	363	316	222	2025-03-30 17:16:54.576092+00
227	86	1	431	319	182	2025-03-30 18:42:32.88608+00
228	86	1	432	319	182	2025-03-30 18:42:40.825596+00
229	86	1	433	319	182	2025-03-30 18:42:48.60852+00
230	86	1	434	319	182	2025-03-30 18:42:55.367482+00
231	86	1	435	319	182	2025-03-30 18:43:02.881541+00
232	86	1	436	319	182	2025-03-30 18:43:21.989079+00
233	86	1	437	319	182	2025-03-30 18:43:55.374686+00
234	86	1	438	319	182	2025-03-30 18:44:56.405288+00
235	86	1	439	319	182	2025-03-30 18:45:03.369736+00
236	86	1	440	319	182	2025-03-30 18:45:18.893312+00
237	86	1	441	319	182	2025-03-30 18:45:27.022339+00
238	86	1	442	319	182	2025-03-30 18:45:34.401996+00
239	86	1	443	319	182	2025-03-30 18:45:41.666338+00
240	86	1	444	319	182	2025-03-30 18:45:48.563435+00
241	86	1	445	319	182	2025-03-30 18:45:55.368186+00
242	86	1	446	319	182	2025-03-30 18:46:03.578655+00
243	86	1	447	319	182	2025-03-30 18:46:10.541472+00
244	86	1	448	319	182	2025-03-30 18:46:17.608286+00
245	86	1	449	319	182	2025-03-30 18:46:24.815928+00
246	86	1	450	319	182	2025-03-30 18:46:31.737629+00
247	86	1	451	319	182	2025-03-30 18:46:41.981803+00
248	86	1	452	319	182	2025-03-30 18:46:50.783176+00
249	86	1	453	319	182	2025-03-30 18:46:58.538728+00
250	83	1	419	323	181	2025-03-30 18:52:16.945151+00
251	83	1	420	323	181	2025-03-30 18:52:34.261964+00
252	83	1	421	323	181	2025-03-30 18:52:45.866483+00
253	83	1	422	323	181	2025-03-30 18:53:02.116455+00
254	83	1	423	323	181	2025-03-30 18:53:16.266023+00
255	83	1	424	323	181	2025-03-30 18:53:28.999606+00
256	83	1	425	323	181	2025-03-30 18:53:38.038406+00
257	83	1	426	323	181	2025-03-30 18:53:49.361022+00
258	83	1	427	323	181	2025-03-30 18:53:57.676171+00
259	88	1	477	317	237	2025-03-30 19:03:39.687734+00
260	88	1	475	317	237	2025-03-30 19:03:49.846444+00
261	88	1	474	317	237	2025-03-30 19:03:54.80678+00
262	78	1	401	323	146	2025-03-30 19:03:56.369949+00
263	88	1	473	317	237	2025-03-30 19:03:59.298365+00
264	78	1	402	323	146	2025-03-30 19:04:06.495102+00
265	88	1	471	317	237	2025-03-30 19:04:07.308379+00
266	88	1	470	317	237	2025-03-30 19:04:13.214291+00
267	88	1	469	317	237	2025-03-30 19:04:22.895053+00
268	78	1	403	323	146	2025-03-30 19:04:23.237525+00
269	88	1	468	317	237	2025-03-30 19:04:27.482839+00
270	78	1	404	323	146	2025-03-30 19:04:32.957247+00
271	88	1	466	317	237	2025-03-30 19:04:40.010912+00
272	78	1	405	323	146	2025-03-30 19:04:44.37227+00
273	88	1	472	317	237	2025-03-30 19:04:56.810997+00
274	81	1	408	323	146	2025-03-30 20:57:50.146263+00
275	81	1	409	323	146	2025-03-30 20:58:06.599426+00
276	81	1	410	323	146	2025-03-30 20:58:24.141982+00
277	81	1	411	323	146	2025-03-30 20:58:33.228102+00
278	81	1	412	323	146	2025-03-30 20:58:43.013097+00
279	81	1	413	323	146	2025-03-30 20:58:55.260522+00
280	81	1	414	323	146	2025-03-30 20:59:04.296299+00
281	81	1	415	323	146	2025-03-30 20:59:21.071584+00
282	81	1	416	323	146	2025-03-30 20:59:31.950736+00
283	84	1	428	318	197	2025-03-30 21:49:13.298737+00
284	91	1	497	318	197	2025-03-30 22:21:34.766306+00
285	91	1	498	318	197	2025-03-30 22:21:44.02986+00
286	91	1	499	318	197	2025-03-30 22:21:53.614311+00
287	91	1	500	318	197	2025-03-30 22:22:02.381515+00
288	91	1	501	318	197	2025-03-30 22:22:11.607613+00
289	91	1	502	318	197	2025-03-30 22:22:21.618329+00
290	91	1	503	318	197	2025-03-30 22:22:31.694188+00
291	96	1	522	324	229	2025-03-31 01:25:17.482064+00
292	97	1	523	324	229	2025-03-31 01:41:17.517977+00
293	74	1	380	327	238	2025-03-31 05:33:59.264544+00
294	74	1	381	327	238	2025-03-31 05:34:10.491472+00
295	74	1	382	327	238	2025-03-31 05:34:19.692154+00
296	74	1	383	327	238	2025-03-31 05:34:27.249526+00
297	74	1	384	327	238	2025-03-31 05:34:31.789278+00
298	74	1	386	327	238	2025-03-31 05:34:42.149794+00
299	74	1	387	327	238	2025-03-31 05:34:46.427476+00
300	74	1	388	327	238	2025-03-31 05:34:55.066365+00
301	77	1	397	322	147	2025-03-31 05:36:19.22986+00
302	77	1	398	322	147	2025-03-31 05:36:27.252143+00
303	77	1	399	322	147	2025-03-31 05:36:35.452601+00
304	77	1	400	322	147	2025-03-31 05:36:43.955588+00
305	98	1	524	327	238	2025-03-31 05:44:49.084828+00
306	101	1	556	318	236	2025-03-31 09:29:04.988716+00
307	101	1	557	318	236	2025-03-31 09:29:15.44241+00
308	99	1	532	317	183	2025-03-31 09:49:35.425432+00
309	99	1	531	317	183	2025-03-31 09:49:40.294205+00
310	99	1	530	317	183	2025-03-31 09:49:44.163996+00
311	99	1	529	317	183	2025-03-31 09:49:47.733855+00
312	99	1	528	317	183	2025-03-31 09:49:54.26422+00
313	99	1	527	317	183	2025-03-31 09:49:59.004742+00
314	99	1	526	317	183	2025-03-31 09:50:03.43883+00
315	99	1	525	317	183	2025-03-31 09:50:06.864044+00
316	103	1	570	319	182	2025-03-31 10:46:53.950762+00
317	103	1	571	319	182	2025-03-31 10:47:01.314022+00
318	103	1	572	319	182	2025-03-31 10:47:08.02502+00
319	103	1	573	319	182	2025-03-31 10:47:15.180675+00
320	103	1	574	319	182	2025-03-31 10:47:22.113573+00
321	103	1	575	319	182	2025-03-31 10:47:32.683994+00
322	103	1	576	319	182	2025-03-31 10:47:40.48878+00
323	103	1	577	319	182	2025-03-31 10:47:49.931182+00
324	103	1	578	319	182	2025-03-31 10:47:56.980864+00
325	103	1	579	319	182	2025-03-31 10:48:05.96278+00
326	103	1	580	319	182	2025-03-31 10:48:13.393123+00
327	100	1	555	317	232	2025-03-31 11:43:12.68862+00
328	100	1	554	317	232	2025-03-31 11:43:18.871857+00
329	100	1	553	317	232	2025-03-31 11:43:26.263335+00
330	100	1	552	317	232	2025-03-31 11:43:30.374121+00
331	100	1	551	317	232	2025-03-31 11:43:36.583798+00
332	100	1	550	317	232	2025-03-31 11:43:49.017979+00
333	100	1	549	317	232	2025-03-31 11:44:06.503345+00
334	100	1	548	317	232	2025-03-31 11:44:12.107416+00
335	100	1	547	317	232	2025-03-31 11:44:16.087814+00
336	100	1	546	317	232	2025-03-31 11:44:20.423522+00
337	100	1	545	317	232	2025-03-31 11:44:27.099187+00
338	100	1	544	317	232	2025-03-31 11:44:37.258138+00
339	100	1	543	317	232	2025-03-31 11:44:44.902625+00
340	100	1	542	317	232	2025-03-31 11:44:56.038274+00
341	100	1	541	317	232	2025-03-31 11:45:04.198262+00
342	100	1	540	317	232	2025-03-31 11:45:57.792954+00
343	100	1	539	317	232	2025-03-31 11:46:02.053047+00
344	100	1	538	317	232	2025-03-31 11:46:09.653437+00
345	100	1	537	317	232	2025-03-31 11:46:16.463963+00
346	100	1	536	317	232	2025-03-31 11:46:20.113155+00
347	100	1	535	317	232	2025-03-31 11:46:24.148297+00
348	100	1	534	317	232	2025-03-31 11:46:27.722723+00
349	100	1	533	317	232	2025-03-31 11:46:31.787699+00
350	102	1	569	317	232	2025-03-31 12:00:47.649251+00
351	102	1	568	317	232	2025-03-31 12:01:05.197689+00
352	102	1	567	317	232	2025-03-31 12:01:09.237817+00
353	102	1	566	317	232	2025-03-31 12:01:14.071886+00
354	102	1	565	317	232	2025-03-31 12:01:18.841371+00
355	102	1	564	317	232	2025-03-31 12:01:23.480497+00
356	102	1	563	317	232	2025-03-31 12:01:28.748563+00
357	102	1	562	317	232	2025-03-31 12:01:33.665462+00
358	102	1	561	317	232	2025-03-31 12:01:37.502344+00
359	102	1	560	317	232	2025-03-31 12:01:41.398143+00
360	102	1	559	317	232	2025-03-31 12:01:47.204167+00
361	102	1	558	317	232	2025-03-31 12:01:50.598912+00
362	104	1	581	316	127	2025-03-31 13:38:15.847345+00
363	104	1	582	316	127	2025-03-31 13:39:02.044087+00
364	104	1	584	316	127	2025-03-31 13:40:57.68629+00
365	104	1	585	316	127	2025-03-31 13:41:32.746625+00
366	104	1	586	316	127	2025-03-31 13:44:02.365192+00
367	104	1	587	316	127	2025-03-31 13:44:27.754449+00
368	104	1	592	316	127	2025-03-31 13:45:47.496078+00
369	104	3	588	316	127	2025-03-31 13:48:37.112265+00
370	108	1	608	325	227	2025-03-31 14:22:41.130106+00
371	108	1	609	325	227	2025-03-31 14:22:55.374555+00
372	108	1	610	325	227	2025-03-31 14:23:06.994735+00
373	111	1	623	324	229	2025-03-31 17:06:48.586395+00
374	111	1	624	324	229	2025-03-31 17:06:55.909339+00
375	61	1	334	320	133	2025-03-31 18:09:09.904309+00
376	112	1	625	318	141	2025-03-31 19:08:31.276837+00
377	112	1	626	318	141	2025-03-31 19:08:37.187918+00
378	112	1	627	318	141	2025-03-31 19:08:42.815697+00
379	112	1	628	318	141	2025-03-31 19:08:49.445997+00
380	112	1	629	318	141	2025-03-31 19:08:57.038831+00
381	112	1	630	318	141	2025-03-31 19:09:04.99107+00
382	112	1	631	318	141	2025-03-31 19:09:12.350471+00
383	112	1	632	318	141	2025-03-31 19:09:18.591797+00
384	112	1	633	318	141	2025-03-31 19:09:25.469276+00
385	112	1	634	318	141	2025-03-31 19:09:34.873839+00
386	113	1	635	318	128	2025-03-31 20:37:35.422354+00
387	113	1	636	318	128	2025-03-31 20:37:49.324755+00
388	113	1	637	318	128	2025-03-31 20:38:00.524252+00
389	113	1	638	318	128	2025-03-31 20:38:08.524613+00
390	113	1	639	318	128	2025-03-31 20:38:15.324851+00
391	113	1	640	318	128	2025-03-31 20:38:21.362839+00
392	113	1	641	318	128	2025-03-31 20:38:30.204754+00
393	113	1	642	318	128	2025-03-31 20:38:37.524917+00
394	113	1	643	318	128	2025-03-31 20:38:43.402498+00
395	113	1	644	318	128	2025-03-31 20:38:50.604831+00
396	113	1	645	318	128	2025-03-31 20:39:00.063605+00
397	113	1	646	318	128	2025-03-31 20:39:08.402018+00
398	113	1	647	318	128	2025-03-31 20:39:15.384353+00
399	113	1	648	318	128	2025-03-31 20:39:21.479792+00
400	113	1	649	318	128	2025-03-31 20:39:28.14405+00
401	113	1	650	318	128	2025-03-31 20:39:35.324156+00
402	115	1	652	316	254	2025-04-01 06:16:05.690312+00
403	115	1	653	316	254	2025-04-01 06:16:15.603589+00
404	115	1	654	316	254	2025-04-01 06:16:24.247824+00
405	109	1	611	322	147	2025-04-01 06:17:26.851951+00
406	109	1	612	322	147	2025-04-01 06:17:32.273051+00
407	109	1	613	322	147	2025-04-01 06:17:36.909211+00
408	109	1	614	322	147	2025-04-01 06:17:42.101711+00
409	109	1	615	322	147	2025-04-01 06:17:46.657268+00
410	109	1	616	322	147	2025-04-01 06:17:52.242494+00
411	116	1	655	316	254	2025-04-01 06:22:03.619549+00
412	110	1	617	322	147	2025-04-01 06:22:11.276999+00
413	110	1	618	322	147	2025-04-01 06:22:17.053371+00
414	110	1	619	322	147	2025-04-01 06:22:22.265331+00
415	110	1	620	322	147	2025-04-01 06:22:27.484802+00
416	110	1	621	322	147	2025-04-01 06:22:32.916846+00
417	110	1	622	322	147	2025-04-01 06:22:38.232127+00
418	117	1	656	324	264	2025-04-01 06:44:46.629823+00
419	117	1	657	324	264	2025-04-01 06:45:06.488695+00
420	117	1	658	324	264	2025-04-01 06:45:20.601701+00
421	117	1	659	324	264	2025-04-01 06:45:42.978053+00
422	117	1	660	324	264	2025-04-01 06:46:02.818915+00
423	117	1	661	324	264	2025-04-01 06:46:22.315255+00
424	117	1	663	324	264	2025-04-01 06:47:16.922766+00
\.


--
-- Data for Name: qcp4_other_attributes; Type: TABLE DATA; Schema: public; Owner: -
--

COPY public.qcp4_other_attributes (id, qcp4_id, qcp4_other_id, other, qualityattributes_id, user_id, exportcompany_id, created_at) FROM stdin;
1	4	1	none	1	325	217	2025-03-27 10:10:26.163621+00
2	38	11	none	1	327	186	2025-03-28 17:03:49.877795+00
3	36	8	none	1	327	186	2025-03-28 17:18:25.373312+00
4	36	9	none	1	327	186	2025-03-28 17:18:30.138949+00
5	40	12	none	1	317	252	2025-03-28 17:43:45.042851+00
6	34	7	none	1	320	223	2025-03-29 11:05:31.59276+00
7	51	17	none	1	324	235	2025-03-29 14:37:53.407094+00
8	51	16	none	21	324	235	2025-03-29 14:38:16.384263+00
9	51	16	none	26	324	235	2025-03-29 14:38:16.386957+00
10	51	15	none	1	324	235	2025-03-29 14:38:24.077368+00
11	51	14	none	1	324	235	2025-03-29 14:38:33.360306+00
12	51	13	none	1	324	235	2025-03-29 14:38:40.766137+00
13	52	21	none	1	324	235	2025-03-29 14:47:56.964627+00
14	52	20	none	2	324	235	2025-03-29 14:48:12.372809+00
15	52	19	none	2	324	235	2025-03-29 14:48:25.570346+00
16	52	19	none	21	324	235	2025-03-29 14:48:25.571743+00
17	52	18	none	1	324	235	2025-03-29 14:48:39.615472+00
18	53	24	none	1	317	136	2025-03-29 17:25:53.056418+00
19	53	23	none	1	317	136	2025-03-29 17:26:06.075811+00
20	53	22	none	1	317	136	2025-03-29 17:26:14.180439+00
21	66	26	none	1	327	186	2025-03-30 07:55:26.397463+00
22	64	25	none	1	327	186	2025-03-30 08:01:51.737563+00
23	75	27	none	1	316	149	2025-03-30 14:30:18.992727+00
24	96	58	none	1	324	229	2025-03-31 01:23:31.289108+00
25	96	57	none	13	324	229	2025-03-31 01:23:39.303701+00
26	96	56	none	13	324	229	2025-03-31 01:23:48.094257+00
27	96	55	none	1	324	229	2025-03-31 01:23:55.001077+00
28	96	54	none	13	324	229	2025-03-31 01:24:04.069012+00
29	96	53	none	1	324	229	2025-03-31 01:24:11.692994+00
30	96	52	none	2	324	229	2025-03-31 01:24:23.380889+00
31	96	51	none	1	324	229	2025-03-31 01:24:31.295386+00
32	96	50	none	1	324	229	2025-03-31 01:24:39.38815+00
33	96	49	none	2	324	229	2025-03-31 01:24:49.506079+00
34	96	48	none	1	324	229	2025-03-31 01:24:57.419501+00
35	96	47	none	1	324	229	2025-03-31 01:25:04.199525+00
36	97	65	none	1	324	229	2025-03-31 01:40:02.505292+00
37	97	64	none	21	324	229	2025-03-31 01:40:14.332447+00
38	97	63	none	1	324	229	2025-03-31 01:40:24.178471+00
39	97	62	none	1	324	229	2025-03-31 01:40:33.217139+00
40	97	61	none	13	324	229	2025-03-31 01:40:45.350023+00
41	97	60	none	1	324	229	2025-03-31 01:40:54.264287+00
42	97	59	none	1	324	229	2025-03-31 01:41:03.578474+00
43	111	68	none	1	324	229	2025-03-31 17:07:01.865213+00
44	111	69	none	1	324	229	2025-03-31 17:07:07.984325+00
\.


--
-- Data for Name: qcp4_otherrecommendations; Type: TABLE DATA; Schema: public; Owner: -
--

COPY public.qcp4_otherrecommendations (id, qcp4_id, qcp4_others_id, status, reason, weight_rejected, weight_passed, user_id, exportcompany_id, created_at) FROM stdin;
1	4	1	FitForExport		0	7	325	217	2025-03-27 10:10:26.165975+00
2	12	3	FitForExport		0	165	326	214	2025-03-27 17:28:38.028264+00
3	12	4	FitForExport		0	165	326	214	2025-03-27 17:29:52.753373+00
4	13	5	FitForExport		0	150	326	214	2025-03-27 17:40:18.953126+00
5	13	6	FitForExport		0	50	326	214	2025-03-27 17:42:27.683949+00
6	38	10	FitForExport		0	84	327	186	2025-03-28 17:03:43.482829+00
7	38	11	FitForExport		0	105	327	186	2025-03-28 17:03:49.879849+00
8	36	8	FitForExport		0	357	327	186	2025-03-28 17:18:25.37574+00
9	36	9	FitForExport		0	105	327	186	2025-03-28 17:18:30.140557+00
10	40	12	FitForExport		0	240	317	252	2025-03-28 17:43:45.044833+00
11	34	7	FitForExport		0	-702.5	320	223	2025-03-29 11:05:31.595582+00
12	51	17	FitForExport		0	125	324	235	2025-03-29 14:37:53.409765+00
13	51	16	FitForExport		0	240	324	235	2025-03-29 14:38:16.388032+00
14	51	15	FitForExport		0	520	324	235	2025-03-29 14:38:24.079325+00
15	51	14	FitForExport		0	100	324	235	2025-03-29 14:38:33.363681+00
16	51	13	FitForExport		0	300	324	235	2025-03-29 14:38:40.767962+00
17	52	21	FitForExport		0	320	324	235	2025-03-29 14:47:56.966642+00
18	52	20	FitForExport		0	88	324	235	2025-03-29 14:48:12.374901+00
19	52	19	FitForExport		0	672	324	235	2025-03-29 14:48:25.572832+00
20	52	18	FitForExport		0	240	324	235	2025-03-29 14:48:39.617511+00
21	53	24	FitForExport		0	2	317	136	2025-03-29 17:25:53.058621+00
22	53	23	FitForExport		0	10	317	136	2025-03-29 17:26:06.07752+00
23	53	22	FitForExport		0	30	317	136	2025-03-29 17:26:14.182493+00
24	66	26	FitForExport		0	280	327	186	2025-03-30 07:55:26.400002+00
25	64	25	FitForExport		0	420	327	186	2025-03-30 08:01:51.739582+00
26	75	27	FitForExport		0	30	316	149	2025-03-30 14:30:18.994812+00
27	80	32	FitForExport		0	460	321	159	2025-03-30 17:38:49.614564+00
28	80	33	FitForExport		0	600	321	159	2025-03-30 17:39:00.338076+00
29	80	34	FitForExport		0	240	321	159	2025-03-30 17:39:10.057326+00
30	80	35	FitForExport		0	2	321	159	2025-03-30 17:39:21.252355+00
31	82	36	FitForExport		0	2180	321	159	2025-03-30 18:06:54.700491+00
32	82	37	FitForExport		0	800	321	159	2025-03-30 18:07:10.530077+00
33	82	38	FitForExport		0	504	321	159	2025-03-30 18:07:22.350916+00
34	82	39	FitForExport		0	480	321	159	2025-03-30 18:07:37.410709+00
35	82	40	FitForExport		0	20	321	159	2025-03-30 18:07:46.64559+00
36	82	41	FitForExport		0	40	321	159	2025-03-30 18:07:57.770793+00
37	79	28	FitForExport		0	100	321	159	2025-03-30 18:27:46.691171+00
38	79	29	FitForExport		0	50	321	159	2025-03-30 18:27:56.951387+00
39	79	30	FitForExport		0	510	321	159	2025-03-30 18:28:06.171659+00
40	79	31	FitForExport		0	810	321	159	2025-03-30 18:28:16.200519+00
41	92	43	FitForExport		0	625	326	214	2025-03-30 21:31:35.622383+00
42	87	42	FitForExport		0	330	326	174	2025-03-30 21:48:30.393099+00
43	94	44	FitForExport		0	165	326	214	2025-03-30 21:53:31.628422+00
44	94	45	FitForExport		0	330	326	214	2025-03-30 21:53:42.257667+00
45	94	46	FitForExport		0	250	326	214	2025-03-30 21:53:51.537487+00
46	96	58	FitForExport		0	100	324	229	2025-03-31 01:23:31.291953+00
47	96	57	FitForExport		0	24	324	229	2025-03-31 01:23:39.305292+00
48	96	56	FitForExport		0	50	324	229	2025-03-31 01:23:48.095957+00
49	96	55	FitForExport		0	60	324	229	2025-03-31 01:23:55.003013+00
50	96	54	FitForExport		0	60	324	229	2025-03-31 01:24:04.071148+00
51	96	53	FitForExport		0	50	324	229	2025-03-31 01:24:11.694381+00
52	96	52	FitForExport		0	250	324	229	2025-03-31 01:24:23.382715+00
53	96	51	FitForExport		0	120	324	229	2025-03-31 01:24:31.297117+00
54	96	50	FitForExport		0	100	324	229	2025-03-31 01:24:39.391221+00
55	96	49	FitForExport		0	50	324	229	2025-03-31 01:24:49.507821+00
56	96	48	FitForExport		0	50	324	229	2025-03-31 01:24:57.42179+00
57	96	47	FitForExport		0	50	324	229	2025-03-31 01:25:04.201204+00
58	97	65	FitForExport		0	65	324	229	2025-03-31 01:40:02.507309+00
59	97	64	FitForExport		0	170	324	229	2025-03-31 01:40:14.334911+00
60	97	63	FitForExport		0	20	324	229	2025-03-31 01:40:24.180212+00
61	97	62	FitForExport		0	140	324	229	2025-03-31 01:40:33.218516+00
62	97	61	FitForExport		0	60	324	229	2025-03-31 01:40:45.353952+00
63	97	60	FitForExport		0	250	324	229	2025-03-31 01:40:54.265791+00
64	97	59	FitForExport		0	60	324	229	2025-03-31 01:41:03.579978+00
65	104	66	FitForExport		0	12	316	127	2025-03-31 13:49:12.135802+00
66	104	67	FitForExport		0	6	316	127	2025-03-31 13:49:34.777818+00
67	111	68	FitForExport		0	60	324	229	2025-03-31 17:07:01.867484+00
68	111	69	FitForExport		0	100	324	229	2025-03-31 17:07:07.98608+00
\.


--
-- Data for Name: qcp4_others; Type: TABLE DATA; Schema: public; Owner: -
--

COPY public.qcp4_others (id, qcp4_id, packinglist_id, product_name, noofboxes, boxweight, productnetweight, totalproductnetweight, totalproductgrossweight, sampledboxes, status, user_id, exportcompany_id, created_at) FROM stdin;
13	51	59	Matooke	30	0.5	10	300	315	10	FitForExport	1061	235	2025-03-29 14:23:39.936067+00
1	4	5	Tumeric	1	0	7	7	7	1	FitForExport	1078	217	2025-03-27 10:06:24.839444+00
3	12	14	Raw mangoes	30	0.5	5.5	165	180	10	FitForExport	1031	214	2025-03-27 15:44:00.294763+00
21	52	54	Peanuts	32	0.3	10	320	329.6	10	FitForExport	1061	235	2025-03-29 14:29:42.636336+00
4	12	14	soursop	30	0.5	5.5	165	180	15	FitForExport	1031	214	2025-03-27 15:44:00.294763+00
33	80	88	Matooke	60	0.4	10	600	624	20	FitForExport	1023	159	2025-03-30 17:30:38.531993+00
20	52	54	Antroewa	11	0.5	8	88	93.5	10	FitForExport	1061	235	2025-03-29 14:29:42.636336+00
41	82	91	raw mango	4	0.4	10	40	41.6	4	FitForExport	1023	159	2025-03-30 18:04:06.131248+00
6	13	13	cassava	5	0.5	10	50	52.5	5	FitForExport	1031	214	2025-03-27 15:52:37.205502+00
19	52	54	Garden eggs	84	0.5	8	672	714	24	FitForExport	1061	235	2025-03-29 14:29:42.636336+00
34	80	88	Uganda Yam	24	0.4	10	240	249.6	10	FitForExport	1023	159	2025-03-30 17:30:38.531993+00
18	52	54	Matooke	30	0.5	8	240	255	10	FitForExport	1061	235	2025-03-29 14:29:42.636336+00
5	13	13	Beans	15	0.5	10	150	157.5	10	FitForExport	326	214	2025-03-27 15:52:37.205502+00
10	38	44	yams	12	0.5	7	84	90	5	FitForExport	1034	186	2025-03-28 16:30:56.654784+00
43	92	100	Passion friut	250	0.5	2.5	625	750	90	FitForExport	1031	214	2025-03-30 20:22:41.405568+00
11	38	44	yams	15	0.5	7	105	112.5	5	FitForExport	1034	186	2025-03-28 16:30:56.654784+00
24	53	56	royco	1	0.5	2	2	2.5	1	FitForExport	1082	136	2025-03-29 15:30:02.736279+00
8	36	40	yams	51	0.5	7	357	382.5	5	FitForExport	1034	186	2025-03-28 16:04:57.444252+00
35	80	88	Sukuma Wiki	2	0.2	1	2	2.4	2	FitForExport	1023	159	2025-03-30 17:30:38.531993+00
9	36	40	yams	15	0.5	7	105	112.5	5	FitForExport	1034	186	2025-03-28 16:04:57.444252+00
23	53	56	g nut paste	1	0.5	10	10	10.5	1	FitForExport	1082	136	2025-03-29 15:30:02.736279+00
12	40	45	BEANS	20	0.5	12	240	250	7	FitForExport	1055	252	2025-03-28 17:40:40.407999+00
7	34	39	Sugarcane	25	0.1	-28.1	-702.5	-700	10	FitForExport	1092	223	2025-03-28 14:59:04.219193+00
22	53	56	sugarcane	3	0.5	10	30	31.5	3	FitForExport	1082	136	2025-03-29 15:30:02.736279+00
17	51	59	Peanuts	25	0.3	5	125	132.5	10	FitForExport	1061	235	2025-03-29 14:23:39.936067+00
16	51	59	Garden eggs	40	0.5	6	240	260	22	FitForExport	1061	235	2025-03-29 14:23:39.936067+00
15	51	59	Sweet potatoes	52	0.5	10	520	546	10	FitForExport	1061	235	2025-03-29 14:23:39.936067+00
14	51	59	Apple Bananas	10	0.5	10	100	105	10	FitForExport	1061	235	2025-03-29 14:23:39.936067+00
26	66	69	yams	40	0.5	7	280	300	5	FitForExport	1034	186	2025-03-30 07:15:22.109366+00
25	64	67	yams	60	0.5	7	420	450	5	FitForExport	1034	186	2025-03-30 05:20:42.70036+00
27	75	82	Sorghum flour 	3	0.5	10	30	31.5	3	FitForExport	995	149	2025-03-30 14:12:54.554053+00
32	80	88	Sweet poteto	46	0.4	10	460	478.4	15	FitForExport	1023	159	2025-03-30 17:30:38.531993+00
28	79	87	curry leaves	20	1	5	100	120	10	FitForExport	1023	159	2025-03-30 17:27:46.454069+00
36	82	91	AVOCADO	218	0.4	10	2180	2267.2	90	FitForExport	1023	159	2025-03-30 18:04:06.131248+00
37	82	91	Sweet poteto	80	4	10	800	1120	20	FitForExport	1023	159	2025-03-30 18:04:06.131248+00
29	79	87	ginger	5	0.4	10	50	52	5	FitForExport	1023	159	2025-03-30 17:27:46.454069+00
38	82	91	matooke	56	0.4	9	504	526.4	20	FitForExport	1023	159	2025-03-30 18:04:06.131248+00
42	87	96	Cocoyam	60	0.5	5.5	330	360	15	FitForExport	1031	174	2025-03-30 18:51:11.315721+00
39	82	91	curry 	120	1	4	480	600	35	FitForExport	1023	159	2025-03-30 18:04:06.131248+00
30	79	87	Sweet poteto	51	0.4	10	510	530.4	15	FitForExport	1023	159	2025-03-30 17:27:46.454069+00
40	82	91	sugaecane	2	0.1	10	20	20.2	2	FitForExport	1023	159	2025-03-30 18:04:06.131248+00
31	79	87	AVOCADO	81	0.4	10	810	842.4	25	FitForExport	1023	159	2025-03-30 17:27:46.454069+00
44	94	98	Raw mangoes	30	0	5.5	165	165	10	FitForExport	1031	214	2025-03-30 20:28:51.482001+00
45	94	98	COCOYAM	60	0.5	5.5	330	360	20	FitForExport	1031	214	2025-03-30 20:28:51.482001+00
46	94	98	Peanuts	50	0.1	5	250	255	15	FitForExport	1031	214	2025-03-30 20:28:51.482001+00
58	96	101	Matooke (Kawanda)	10	0.5	10	100	105	10	FitForExport	1061	229	2025-03-31 01:21:29.249349+00
57	96	101	Yellow Banana	3	0.5	8	24	25.5	3	FitForExport	1061	229	2025-03-31 01:21:29.249349+00
56	96	101	Okra	10	0.5	5	50	55	10	FitForExport	1061	229	2025-03-31 01:21:29.249349+00
55	96	101	Sugarcane	6	0.5	10	60	63	5	FitForExport	1061	229	2025-03-31 01:21:29.249349+00
54	96	101	Pineapples	5	0.5	12	60	62.5	5	FitForExport	1061	229	2025-03-31 01:21:29.249349+00
53	96	101	Sweet Potatoes	5	0.5	10	50	52.5	5	FitForExport	1061	229	2025-03-31 01:21:29.249349+00
52	96	101	Avocado	25	0.5	10	250	262.5	10	FitForExport	1061	229	2025-03-31 01:21:29.249349+00
51	96	101	Plantain	12	0.5	10	120	126	10	FitForExport	1061	229	2025-03-31 01:21:29.249349+00
50	96	101	Matooke	10	0.5	10	100	105	10	FitForExport	1061	229	2025-03-31 01:21:29.249349+00
49	96	101	Garden Eggs	10	0.5	5	50	55	10	FitForExport	1061	229	2025-03-31 01:21:29.249349+00
47	96	101	Cassava	5	0.5	10	50	52.5	5	FitForExport	1061	229	2025-03-31 01:21:29.249349+00
48	96	101	Cocoyams	5	0.5	10	50	52.5	5	FitForExport	322	229	2025-03-31 01:21:29.249349+00
59	97	102	Cassava	6	0.5	10	60	63	6	FitForExport	1061	229	2025-03-31 01:38:04.841168+00
65	97	102	Okra	13	0.5	5	65	71.5	10	FitForExport	1061	229	2025-03-31 01:38:04.841168+00
64	97	102	Avocado	17	0.5	10	170	178.5	10	FitForExport	1061	229	2025-03-31 01:38:04.841168+00
63	97	102	Ginger	2	0.5	10	20	21	2	FitForExport	1061	229	2025-03-31 01:38:04.841168+00
62	97	102	Matooke	14	0.5	10	140	147	10	FitForExport	1061	229	2025-03-31 01:38:04.841168+00
60	97	102	Cocoyams	25	0.5	10	250	262.5	10	FitForExport	1061	229	2025-03-31 01:38:04.841168+00
66	104	109	Pilawo Masala	4	0.5	3	12	14	4	FitForExport	1033	127	2025-03-31 12:08:06.836993+00
67	104	109	Tea Masala	2	0.5	3	6	7	2	FitForExport	1033	127	2025-03-31 12:08:06.836993+00
68	111	115	Yams	6	0.5	10	60	63	6	FitForExport	1061	229	2025-03-31 17:05:22.127024+00
69	111	115	Millet Flour	10	0.5	10	100	105	10	FitForExport	1061	229	2025-03-31 17:05:22.127024+00
61	97	102	Garden eggs	6	0.5	10	60	63	6	FitForExport	320	229	2025-03-31 01:38:04.841168+00
\.


--
-- Data for Name: qcp4_products; Type: TABLE DATA; Schema: public; Owner: -
--

COPY public.qcp4_products (id, qcp4_id, traceability_code, product_id, totalboxes, boxweight, productnetweight, totalproductnetweight, totalproductgrossweight, status, sampledboxes, created_at) FROM stdin;
11	2	UG/122/013/2522884	16	42	0.5	7.5	315	336	FitForExport	5	2025-03-26 19:27:46.512526+00
1	1	UG/106/01/65011	1	165	0.5	7	1155	1237.5	FitForExport	20	2025-03-26 15:35:44.764318+00
2	1	UG/105/07/24112595	8	22	0.5	10	220	231	FitForExport	10	2025-03-26 15:35:44.764318+00
12	2	UG/235/022/265001	36	15	0	5	75	75	FitForExport	5	2025-03-26 19:27:46.512526+00
3	1	UG/105/09/24112595	10	27	0.5	10	270	283.5	FitForExport	10	2025-03-26 15:35:44.764318+00
4	1	UG/105/013/24112595	16	43	0.5	10	430	451.5	FitForExport	10	2025-03-26 15:35:44.764318+00
13	2	UG/108/032/40006	47	2	0	8.2	16.4	16.4	FitForExport	2	2025-03-26 19:27:46.512526+00
5	1	UG/224/025/24112596	39	40	0.5	10	400	420	FitForExport	10	2025-03-26 15:35:44.764318+00
45	9	UG/104/01/24102378	1	30	0.5	8	240	255	FitForExport	10	2025-03-27 13:27:08.999403+00
6	1	UG/113/032/132	47	16	0.5	10	160	168	FitForExport	10	2025-03-26 15:35:44.764318+00
14	2	UG/105/033/24102416	48	5	0.5	5	25	27.5	FitForExport	5	2025-03-26 19:27:46.512526+00
7	1	UG/117/033/24112602	48	45	0.5	10	450	472.5	FitForExport	10	2025-03-26 15:35:44.764318+00
15	3	UG/106/02/2492362	2	25	0.5	4	100	112.5	FitForExport	5	2025-03-27 04:02:18.479049+00
16	3	UG/119/005/24112815	6	75	0.5	6	450	487.5	FitForExport	12	2025-03-27 04:02:18.479049+00
17	3	UG/119/005/24112814	6	75	0.5	6	450	487.5	FitForExport	13	2025-03-27 04:02:18.479049+00
18	3	UG/405/07/65010	8	100	0.5	9.5	950	1000	FitForExport	23	2025-03-27 04:02:18.479049+00
19	3	UG/121/07/24102461	8	100	0.5	9.5	950	1000	FitForExport	22	2025-03-27 04:02:18.479049+00
34	6	UG/106/05/35041	6	75	0.5	6	450	487.5	FitForExport	75	2025-03-27 11:36:27.537179+00
20	3	UG/105/07/45070	8	100	0.5	9.5	950	1000	FitForExport	24	2025-03-27 04:02:18.479049+00
23	4	UG/121/05/25011	6	5	0.5	6	30	32.5	FitForExport	5	2025-03-27 10:06:24.839444+00
21	3	UG/405/07/24102480	8	100	0.5	9.5	950	1000	FitForExport	22	2025-03-27 04:02:18.479049+00
50	9	UG/117/033/110004	48	25	0.5	10	250	262.5	FitForExport	15	2025-03-27 13:27:08.999403+00
22	3	UG/423/007/325001	8	100	0.5	9.5	950	1000	FitForExport	24	2025-03-27 04:02:18.479049+00
24	4	UG/405/07/45080	8	17	0.5	10	170	178.5	FitForExport	10	2025-03-27 10:06:24.839444+00
8	2	UG/113/01/101	1	30	0.5	5	150	165	FitForExport	5	2025-03-26 19:27:46.512526+00
35	6	UG/106/07/24112530	8	200	0.5	10	2000	2100	FitForExport	70	2025-03-27 11:36:27.537179+00
9	2	UG/418/08/240001	9	10	0.5	5	50	55	FitForExport	10	2025-03-26 19:27:46.512526+00
25	4	UG/418/08/80055	9	21	0.56	6	126	137.76	FitForExport	10	2025-03-27 10:06:24.839444+00
10	2	UG/418/09/240001	10	40	0.5	7.5	300	320	FitForExport	5	2025-03-26 19:27:46.512526+00
26	4	UG/122/013/45101	16	4	0.5	10	40	42	FitForExport	4	2025-03-27 10:06:24.839444+00
27	4	UG/104/026/2512872	40	60	1	12	720	780	FitForExport	12	2025-03-27 10:06:24.839444+00
48	9	UG/415/07/24102380	8	59	0.5	8	472	501.5	FitForExport	20	2025-03-27 13:27:08.999403+00
46	9	UG/117/01/24102375	1	32	0.5	8	256	272	FitForExport	10	2025-03-27 13:27:08.999403+00
47	9	UG/104/01/24102374	1	50	0.5	8	400	425	FitForExport	20	2025-03-27 13:27:08.999403+00
49	9	UG/406/014/24102379	17	63	0.5	5	315	346.5	FitForExport	38	2025-03-27 13:27:08.999403+00
51	9	UG/117/051/24102409	73	18	0.5	5	90	99	FitForExport	10	2025-03-27 13:27:08.999403+00
44	8	UG/105/09/24112603	10	34	0.5	6	204	221	FitForExport	10	2025-03-27 12:50:12.310555+00
52	10	UG/122/007/45033	8	350	0.5	10	3500	3675	FitForExport	60	2025-03-27 13:35:20.328447+00
36	7	UG/122/09/100037	10	20	0.5	10	200	210	FitForExport	20	2025-03-27 12:46:49.046866+00
38	7	UG/122/94/45033	115	5	0.5	10	50	52.5	FitForExport	5	2025-03-27 12:46:49.046866+00
39	7	UG/104/032/24112582	47	10	0.5	10	100	105	FitForExport	10	2025-03-27 12:46:49.046866+00
40	7	UG/105/013/24102398	16	40	0.5	10	400	420	FitForExport	20	2025-03-27 12:46:49.046866+00
41	7	UG/122/007/45033	8	10	0.5	10	100	105	FitForExport	10	2025-03-27 12:46:49.046866+00
42	7	UG/106/01/24102398	1	90	0.5	7	630	675	FitForExport	40	2025-03-27 12:46:49.046866+00
59	12	UG/105/09/24102453	10	100	0.5	8	800	850	FitForExport	20	2025-03-27 15:44:00.294763+00
61	12	UG/105/013/24102453	16	150	0.5	8	1200	1275	FitForExport	35	2025-03-27 15:44:00.294763+00
62	12	UG/106/01/24102455	1	60	0.5	5.5	330	360	FitForExport	35	2025-03-27 15:44:00.294763+00
60	12	UG/124/07/24102449	8	70	0.5	8	560	595	FitForExport	20	2025-03-27 15:44:00.294763+00
57	12	UG/204/022/130010	36	50	0.1	5	250	255	FitForExport	15	2025-03-27 15:44:00.294763+00
58	12	UG/119/012/25069	13	100	0.5	5.5	550	600	FitForExport	25	2025-03-27 15:44:00.294763+00
56	12	UG/113/032/24102456	47	30	0.5	8	240	255	FitForExport	15	2025-03-27 15:44:00.294763+00
53	11	UG/116/026/24112787	40	40	0.3	15	600	612	FitForExport	40	2025-03-27 14:48:01.37781+00
54	11	UG/405/07/24102427	8	20	0.3	10	200	206	FitForExport	20	2025-03-27 14:48:01.37781+00
28	5	UG/104/01/5016	1	60	0.5	7	420	450	FitForExport	35	2025-03-27 10:18:25.597682+00
29	5	UG/113/07/25	8	3	0.5	10	30	31.5	FitForExport	3	2025-03-27 10:18:25.597682+00
31	5	UG/113/032/24102472	47	5	0.5	5	25	27.5	FitForExport	5	2025-03-27 10:18:25.597682+00
32	5	UG/113/033/25	48	20	0.5	10	200	210	FitForExport	10	2025-03-27 10:18:25.597682+00
30	5	UG/117/09/110065	10	35	0.5	10	350	367.5	FitForExport	15	2025-03-27 10:18:25.597682+00
33	5	UG/106/094/35262	115	5	0.5	10	50	52.5	FitForExport	5	2025-03-27 10:18:25.597682+00
43	8	UG/105/07/24112604	8	80	0.5	10	800	840	FitForExport	20	2025-03-27 12:50:12.310555+00
37	7	UG/409/025/24112670	39	30	0.5	10	300	315	FitForExport	30	2025-03-27 12:46:49.046866+00
89	14	UG/105/02/5041	2	69	0.5	3.5	241.5	276	FitForExport	5	2025-03-27 18:36:47.006532+00
63	12	UG/119/01/24102454	1	60	0.5	5.5	330	360	FitForExport	30	2025-03-27 15:44:00.294763+00
55	12	UG/105/033/24102453	48	60	0.5	5.5	330	360	FitForExport	20	2025-03-27 15:44:00.294763+00
72	14	UG/122/013/45101	16	324	0.5	7.5	2430	2592	FitForExport	5	2025-03-27 18:36:47.006532+00
68	13	UG/105/09/24102453	10	60	0.5	10	600	630	FitForExport	20	2025-03-27 15:52:37.205502+00
81	14	UG/235/022/265001	36	100	0	5	500	500	FitForExport	5	2025-03-27 18:36:47.006532+00
67	13	UG/105/013/24102453	16	14	0.5	10	140	147	FitForExport	10	2025-03-27 15:52:37.205502+00
73	14	UG/105/013/24102398	16	289	0.5	7.5	2167.5	2312	FitForExport	5	2025-03-27 18:36:47.006532+00
70	13	UG/124/07/24102449	8	20	0.5	10	200	210	FitForExport	10	2025-03-27 15:52:37.205502+00
97	14	UG/113/01/24102397	1	20	0.5	5	100	110	FitForExport	5	2025-03-27 18:36:47.006532+00
66	13	UG/204/022/24102443	36	23	0.5	10	230	241.5	FitForExport	10	2025-03-27 15:52:37.205502+00
74	14	UG/122/013/2522884	16	97	0.5	7.5	727.5	776	FitForExport	5	2025-03-27 18:36:47.006532+00
69	13	UG/106/08/24102449	9	6	0.5	7	42	45	FitForExport	6	2025-03-27 15:52:37.205502+00
82	14	UG/204/0463/2492370	478	35	0.5	4.5	157.5	175	FitForExport	5	2025-03-27 18:36:47.006532+00
65	13	UG/105/033/24102453	48	10	0.5	10	100	105	FitForExport	10	2025-03-27 15:52:37.205502+00
75	14	UG/224/050/2492370	72	150	0.5	1	150	225	FitForExport	10	2025-03-27 18:36:47.006532+00
64	13	UG/307/0407/24102443	420	6	0.5	10	60	63	FitForExport	6	2025-03-27 15:52:37.205502+00
98	15	UG/405/07/24102427	8	400	0.5	4	1600	1800	Pending	\N	2025-03-27 18:40:25.189181+00
99	15	UG/405/07/24102427	8	186	1	7.5	1395	1581	Pending	\N	2025-03-27 18:40:25.189181+00
90	14	UG/117/02/110021	2	42	0.5	3.5	147	168	FitForExport	5	2025-03-27 18:36:47.006532+00
71	14	UG/105/013/24102419	16	142	0.5	7.5	1065	1136	FitForExport	5	2025-03-27 18:36:47.006532+00
76	14	UG/224/050/2492370	72	35	0.5	5.5	192.5	210	FitForExport	5	2025-03-27 18:36:47.006532+00
83	14	UG/418/09/240001	10	500	0.5	7.5	3750	4000	FitForExport	5	2025-03-27 18:36:47.006532+00
77	14	UG/204/04/2492370	5	35	0.5	4.5	157.5	175	FitForExport	5	2025-03-27 18:36:47.006532+00
78	14	UG/330/300/2522886	316	5	0.5	7.5	37.5	40	FitForExport	5	2025-03-27 18:36:47.006532+00
84	14	UG/104/01/24102405	1	73	0.5	5	365	401.5	FitForExport	5	2025-03-27 18:36:47.006532+00
79	14	UG/105/033/24102416	48	112	0.5	5	560	616	FitForExport	5	2025-03-27 18:36:47.006532+00
91	14	UG/108/02/40260	2	16	0.5	3.5	56	64	FitForExport	5	2025-03-27 18:36:47.006532+00
80	14	UG/106/01/35074	1	31	0.5	5	155	170.5	FitForExport	5	2025-03-27 18:36:47.006532+00
85	14	UG/108/032/40006	47	168	0.5	8.2	1377.6	1461.6	FitForExport	5	2025-03-27 18:36:47.006532+00
86	14	UG/106/012/35074	13	167	0.5	5	835	918.5	FitForExport	5	2025-03-27 18:36:47.006532+00
92	14	UG/126/02/3018	2	21	0.5	3.5	73.5	84	FitForExport	5	2025-03-27 18:36:47.006532+00
87	14	UG/418/08/240001	9	250	0.5	5	1250	1375	FitForExport	5	2025-03-27 18:36:47.006532+00
88	14	UG/418/07/240001	8	159	0.5	7.5	1192.5	1272	FitForExport	5	2025-03-27 18:36:47.006532+00
93	14	UG/113/01/101	1	41	0.5	5	205	225.5	FitForExport	5	2025-03-27 18:36:47.006532+00
104	17	UG/122/07/24112572	8	400	0.5	4	1600	1800	FitForExport	126	2025-03-27 19:15:40.725522+00
94	14	UG/106/01/24102506	1	37	0.5	5	185	203.5	FitForExport	5	2025-03-27 18:36:47.006532+00
103	16	UG/204/034/75013	49	33	0.5	5	165	181.5	FitForExport	16	2025-03-27 19:11:26.649491+00
95	14	UG/104/01/5036	1	26	0.5	5	130	143	FitForExport	5	2025-03-27 18:36:47.006532+00
96	14	UG/106/01/24102505	1	27	0.5	5	135	148.5	FitForExport	5	2025-03-27 18:36:47.006532+00
105	17	UG/122/07/24112572	8	186	0.5	7.5	1395	1488	FitForExport	74	2025-03-27 19:15:40.725522+00
102	16	UG/204/014/75013	17	70	0.5	5	350	385	FitForExport	16	2025-03-27 19:11:26.649491+00
101	16	UG/115/009/24112777	10	70	0.5	5	350	385	FitForExport	17	2025-03-27 19:11:26.649491+00
100	16	UG/106/01/35061	1	46	0.5	5	230	253	FitForExport	16	2025-03-27 19:11:26.649491+00
106	18	UG/115/007/24112740	8	300	0.4	3.7	1110	1230	FitForExport	95	2025-03-27 20:07:28.887845+00
114	20	UG/104/026/2512869	40	2	0.5	8	16	17	FitForExport	2	2025-03-28 05:19:19.015694+00
115	20	UG/418/09/24102500	10	2	0.5	8	16	17	FitForExport	2	2025-03-28 05:19:19.015694+00
116	20	UG/415/07/24102380	8	2	0.5	8	16	17	FitForExport	2	2025-03-28 05:19:19.015694+00
119	21	UG/122/013/24102381	16	10	0.5	8	80	85	FitForExport	10	2025-03-28 05:38:47.238261+00
120	21	UG/415/07/24102380	8	15	0.5	8	120	127.5	FitForExport	15	2025-03-28 05:38:47.238261+00
107	19	UG/119/0444/24112812	458	75	0.5	6	450	487.5	FitForExport	12	2025-03-28 04:48:59.627559+00
108	19	UG/405/07/24102480	8	100	0.5	9.5	950	1000	FitForExport	14	2025-03-28 04:48:59.627559+00
109	19	UG/119/0444/24112813	458	75	0.5	6	450	487.5	FitForExport	14	2025-03-28 04:48:59.627559+00
110	19	UG/121/07/24102461	8	110	0.5	9.5	1045	1100	FitForExport	22	2025-03-28 04:48:59.627559+00
111	19	UG/405/07/65010	8	120	0.5	9.5	1140	1200	FitForExport	24	2025-03-28 04:48:59.627559+00
112	19	UG/105/07/45070	8	120	0.5	9.5	1140	1200	FitForExport	18	2025-03-28 04:48:59.627559+00
113	19	UG/119/012/24102467	13	35	0.5	6	210	227.5	FitForExport	16	2025-03-28 04:48:59.627559+00
117	21	UG/406/014/24102379	17	40	0.5	5	200	220	FitForExport	40	2025-03-28 05:38:47.238261+00
118	21	UG/117/051/24102409	73	36	0.5	5	180	198	FitForExport	36	2025-03-28 05:38:47.238261+00
152	29	UG/106/5/24112638	6	5	0.35	10	50	51.75	FitForExport	5	2025-03-28 12:40:56.496799+00
121	22	UG/117/01/24102375	1	40	0.5	7.5	300	320	FitForExport	20	2025-03-28 05:58:58.678446+00
137	24	UG/224/025/24112525	39	19	0	5	95	95	FitForExport	10	2025-03-28 07:32:08.468156+00
122	22	UG/117/01/24102408	1	30	0.5	7.5	225	240	FitForExport	30	2025-03-28 05:58:58.678446+00
128	23	UG/122/07/24112562	8	200	0	10	2000	2000	FitForExport	75	2025-03-28 07:24:09.910047+00
123	23	UG/105/013/24102453	16	20	0	10	200	200	FitForExport	20	2025-03-28 07:24:09.910047+00
127	23	UG/110/09/45088	10	8	0	10	80	80	FitForExport	8	2025-03-28 07:24:09.910047+00
125	23	UG/104/026/5040	40	5	0	13	65	65	FitForExport	5	2025-03-28 07:24:09.910047+00
126	23	UG/122/038/45018	53	5	0	10	50	50	FitForExport	5	2025-03-28 07:24:09.910047+00
124	23	UG/106/005/24102520	6	5	0	6	30	30	FitForExport	5	2025-03-28 07:24:09.910047+00
135	24	UG/110/08/45088	9	35	0	5	175	175	FitForExport	20	2025-03-28 07:32:08.468156+00
139	24	UG/106/012/35074	13	59	0	6	354	354	FitForExport	30	2025-03-28 07:32:08.468156+00
138	24	UG/105/013/24102453	16	70	0	8	560	560	FitForExport	20	2025-03-28 07:32:08.468156+00
129	24	UG/224/050/2492370	72	40	0	1	40	40	FitForExport	15	2025-03-28 07:32:08.468156+00
134	24	UG/113/032/24112533	47	30	0	8	240	240	FitForExport	10	2025-03-28 07:32:08.468156+00
130	24	UG/110/09/45088	10	70	0	8	560	560	FitForExport	30	2025-03-28 07:32:08.468156+00
132	24	UG/204/0463/2492370	478	7	0	5	35	35	FitForExport	7	2025-03-28 07:32:08.468156+00
136	24	UG/204/04/2492370	5	35	0	5	175	175	FitForExport	15	2025-03-28 07:32:08.468156+00
131	24	UG/122/07/24112562	8	25	0	8	200	200	FitForExport	10	2025-03-28 07:32:08.468156+00
133	24	UG/106/01/35075	1	21	0	6	126	126	FitForExport	15	2025-03-28 07:32:08.468156+00
154	29	UG/110/09/24112639	10	50	0.35	10	500	517.5	FitForExport	10	2025-03-28 12:40:56.496799+00
153	29	UG/106/07/24112638	8	100	0.35	10	1000	1035	FitForExport	20	2025-03-28 12:40:56.496799+00
155	29	UG/106/013/24112638	16	100	0.35	10	1000	1035	FitForExport	30	2025-03-28 12:40:56.496799+00
156	29	UG/106/033/24112638	48	20	0.35	10	200	207	FitForExport	10	2025-03-28 12:40:56.496799+00
157	29	UG/106/38/24112638	53	30	0.35	10	300	310.5	FitForExport	10	2025-03-28 12:40:56.496799+00
141	26	UG/122/07/24112562	8	273	0	10	2730	2730	FitForExport	90	2025-03-28 11:12:55.770735+00
140	25	UG/122/07/24112562	8	202	0	10	2020	2020	FitForExport	85	2025-03-28 11:12:46.703134+00
178	32	UG/105/013/24102453	16	30	0	8	240	240	FitForExport	10	2025-03-28 14:27:06.106413+00
175	32	UG/110/08/45088	9	10	0	5	50	50	FitForExport	10	2025-03-28 14:27:06.106413+00
177	32	UG/106/012/35074	13	25	0	6	150	150	FitForExport	10	2025-03-28 14:27:06.106413+00
180	32	UG/113/032/24112533	47	70	0	8	560	560	FitForExport	20	2025-03-28 14:27:06.106413+00
179	32	UG/113/025/24112533	39	20	0	5	100	100	FitForExport	10	2025-03-28 14:27:06.106413+00
174	32	UG/204/04/2492370	5	15	0	5	75	75	FitForExport	10	2025-03-28 14:27:06.106413+00
166	31	UG/106/09/24102460	10	100	0.5	10	1000	1050	FitForExport	30	2025-03-28 13:24:39.426141+00
167	31	UG/105/013/24102502	16	100	0.5	10	1000	1050	FitForExport	35	2025-03-28 13:24:39.426141+00
172	31	UG/106/094/35262	115	50	0.5	10	500	525	FitForExport	15	2025-03-28 13:24:39.426141+00
169	31	UG/113/032/24102472	47	35	0.5	10	350	367.5	FitForExport	15	2025-03-28 13:24:39.426141+00
171	31	UG/215/022/5275	36	70	0.5	10	700	735	FitForExport	25	2025-03-28 13:24:39.426141+00
173	31	UG/113/07/25	8	25	0.5	10	250	262.5	FitForExport	10	2025-03-28 13:24:39.426141+00
165	31	UG/104/01/5016	1	170	0.5	7	1190	1275	FitForExport	85	2025-03-28 13:24:39.426141+00
168	31	UG/113/033/25	48	30	0.5	10	300	315	FitForExport	10	2025-03-28 13:24:39.426141+00
148	28	UG/106/01/35001	1	200	0.5	7	1400	1500	FitForExport	100	2025-03-28 12:30:01.111234+00
149	28	UG/106/012/24112530	13	1000	0.1	5	5000	5100	FitForExport	80	2025-03-28 12:30:01.111234+00
150	28	UG/106/07/24112530	8	100	0.2	4	400	420	FitForExport	70	2025-03-28 12:30:01.111234+00
151	28	UG/121/033/24112530	48	100	0.5	10	1000	1050	FitForExport	70	2025-03-28 12:30:01.111234+00
142	27	UG/105/07/45070	8	90	0.5	7.5	675	720	FitForExport	22	2025-03-28 11:26:51.228118+00
144	27	UG/110/033/45089	48	40	0.5	7.5	300	320	FitForExport	12	2025-03-28 11:26:51.228118+00
145	27	UG/110/08/45089	9	90	0.5	5	450	495	FitForExport	18	2025-03-28 11:26:51.228118+00
146	27	UG/102/025/24112687	39	24	0.5	5	120	132	FitForExport	12	2025-03-28 11:26:51.228118+00
147	27	UG/119/0444/24112813	458	10	0.5	6	60	65	FitForExport	3	2025-03-28 11:26:51.228118+00
158	30	UG/106/02/2492362	2	20	0.5	4	80	90	FitForExport	11	2025-03-28 12:43:39.375753+00
159	30	UG/105/07/24102465	8	50	0.5	9.5	475	500	FitForExport	24	2025-03-28 12:43:39.375753+00
160	30	UG/405/07/24102480	8	50	0.5	9.5	475	500	FitForExport	22	2025-03-28 12:43:39.375753+00
161	30	UG/121/07/45091	8	100	0.5	9.5	950	1000	FitForExport	25	2025-03-28 12:43:39.375753+00
162	30	UG/423/007/325001	8	100	0.5	9.5	950	1000	FitForExport	25	2025-03-28 12:43:39.375753+00
163	30	UG/121/07/24102461	8	80	0.5	9.5	760	800	FitForExport	15	2025-03-28 12:43:39.375753+00
176	32	UG/110/09/45088	10	10	0	8	80	80	FitForExport	10	2025-03-28 14:27:06.106413+00
209	38	UG/124/08/2482358	9	60	0.5	5	300	330	FitForExport	5	2025-03-28 16:30:56.654784+00
181	32	UG/204/0463/2492370	478	10	0	5	50	50	FitForExport	10	2025-03-28 14:27:06.106413+00
224	40	UG/118/024/2512870	38	5	0	10.5	52.5	52.5	FitForExport	2	2025-03-28 17:40:40.407999+00
202	37	UG/124/09/24112611	10	200	0	8	1600	1600	FitForExport	15	2025-03-28 16:26:44.335596+00
210	38	UG/124/09/2482358	10	15	0.5	7	105	112.5	FitForExport	5	2025-03-28 16:30:56.654784+00
203	37	UG/119/013/24112611	16	100	0	8	800	800	FitForExport	15	2025-03-28 16:26:44.335596+00
199	36	UG/124/09/2482358	10	120	0.5	7	840	900	FitForExport	5	2025-03-28 16:04:57.444252+00
204	37	UG/124/08/24112611	9	20	0	5	100	100	FitForExport	15	2025-03-28 16:26:44.335596+00
211	38	UG/106/012/35083	13	30	0.5	6	180	195	FitForExport	5	2025-03-28 16:30:56.654784+00
205	37	UG/122/033/24102423	48	20	0	7	140	140	FitForExport	10	2025-03-28 16:26:44.335596+00
217	39	UG/122/035/60	50	16	0.5	4	64	72	FitForExport	16	2025-03-28 16:34:54.508162+00
206	37	UG/122/025/24102423	39	50	0	5	250	250	FitForExport	15	2025-03-28 16:26:44.335596+00
212	38	UG/122/013/2482358	16	30	0.5	7	210	225	FitForExport	5	2025-03-28 16:30:56.654784+00
207	38	UG/104/01/80010	1	10	0.5	5	50	55	FitForExport	10	2025-03-28 16:30:56.654784+00
200	36	UG/106/012/35083	13	65	0.5	6	390	422.5	FitForExport	5	2025-03-28 16:04:57.444252+00
208	38	UG/124/07/2482358	8	20	0.5	7	140	150	FitForExport	5	2025-03-28 16:30:56.654784+00
213	38	UG/235/025/24112774	39	15	0.5	5	75	82.5	FitForExport	5	2025-03-28 16:30:56.654784+00
201	36	UG/122/013/2482358	16	150	0.5	7	1050	1125	FitForExport	5	2025-03-28 16:04:57.444252+00
195	36	UG/122/032/45043	47	60	0.5	9	540	570	FitForExport	5	2025-03-28 16:04:57.444252+00
218	39	UG/113/038/60	53	12	0.5	4	48	54	FitForExport	12	2025-03-28 16:34:54.508162+00
196	36	UG/104/01/24102384	1	100	0.5	5	500	550	FitForExport	25	2025-03-28 16:04:57.444252+00
182	33	UG/121/02/25026	2	200	0	4	800	800	FitForExport	30	2025-03-28 14:49:03.861724+00
197	36	UG/124/07/2482358	8	20	0.5	7	140	150	FitForExport	5	2025-03-28 16:04:57.444252+00
223	40	UG/404/022/24112709	36	20	0.5	12	240	250	FitForExport	7	2025-03-28 17:40:40.407999+00
198	36	UG/124/08/2482358	9	20	0.5	5	100	110	FitForExport	5	2025-03-28 16:04:57.444252+00
183	33	UG/115/02/20001	2	50	0	4	200	200	FitForExport	25	2025-03-28 14:49:03.861724+00
219	39	UG/119/049/24112551	71	6	0.5	4	24	27	FitForExport	6	2025-03-28 16:34:54.508162+00
214	39	UG/113/01/110005	1	10	0.5	5	50	55	FitForExport	10	2025-03-28 16:34:54.508162+00
226	41	UG/108/02/2021	2	20	0.5	4	80	90	FitForExport	10	2025-03-28 17:45:37.907575+00
215	39	UG/122/09/45018	10	17	0.5	4	68	76.5	FitForExport	17	2025-03-28 16:34:54.508162+00
220	39	UG/104/467/24112584	482	4	0.5	4	16	18	FitForExport	4	2025-03-28 16:34:54.508162+00
216	39	UG/122/034/60	49	40	0.5	4	160	180	FitForExport	40	2025-03-28 16:34:54.508162+00
222	40	UG/106/013/24112707	16	100	0.5	10	1000	1050	FitForExport	25	2025-03-28 17:40:40.407999+00
225	40	UG/104/01/5016	1	150	0.5	10	1500	1575	FitForExport	30	2025-03-28 17:40:40.407999+00
229	41	UG/105/09/24112695	10	17	0.5	4	68	76.5	FitForExport	7	2025-03-28 17:45:37.907575+00
227	41	UG/108/003/2021	3	160	0.5	4	640	720	FitForExport	10	2025-03-28 17:45:37.907575+00
221	40	UG/118/09/24112681	10	250	0.5	10	2500	2625	FitForExport	30	2025-03-28 17:40:40.407999+00
170	31	UG/106/08/24102460	9	2	0.5	5	10	11	FitForExport	2	2025-03-28 13:24:39.426141+00
228	41	UG/410/08/24112539	9	7	0.5	4	28	31.5	FitForExport	7	2025-03-28 17:45:37.907575+00
234	42	UG/106/033/24112586	48	0	0.5	0	0	0	Pending	\N	2025-03-28 18:37:48.163687+00
230	42	UG/106/01/65011	1	140	0.5	7	980	1050	FitForExport	70	2025-03-28 18:37:48.163687+00
231	42	UG/418/009/80055	10	20	0.9	10	200	218	FitForExport	20	2025-03-28 18:37:48.163687+00
232	42	UG/121/012/30013	13	100	0.5	10	1000	1050	FitForExport	50	2025-03-28 18:37:48.163687+00
233	42	UG/126/013/24112640	16	90	0.5	10	900	945	FitForExport	55	2025-03-28 18:37:48.163687+00
235	42	UG/106/094/24112586	115	5	7	0.9	4.5	39.5	FitForExport	5	2025-03-28 18:37:48.163687+00
237	43	UG/106/01/65011	1	140	0.5	7	980	1050	FitForExport	90	2025-03-28 19:25:03.014453+00
238	43	UG/106/012/24112530	13	100	0.5	10	1000	1050	FitForExport	50	2025-03-28 19:25:03.014453+00
239	43	UG/106/094/24112586	115	5	0.9	10	50	54.5	FitForExport	5	2025-03-28 19:25:03.014453+00
194	35	UG/105/013/24112695	16	200	0.5	8	1600	1700	FitForExport	20	2025-03-28 15:45:38.068334+00
193	35	UG/410/09/24112539	10	63	0.8	16	1008	1058.4	FitForExport	20	2025-03-28 15:45:38.068334+00
191	35	UG/104/01/80010	1	100	0.5	8	800	850	FitForExport	30	2025-03-28 15:45:38.068334+00
184	34	UG/106/01/35001	1	20	0.5	5.5	110	120	FitForExport	10	2025-03-28 14:59:04.219193+00
185	34	UG/106/01/35001	1	90	0.5	4.5	405	450	FitForExport	28	2025-03-28 14:59:04.219193+00
186	34	UG/122/08/24112566	9	30	0.5	4.5	135	150	FitForExport	10	2025-03-28 14:59:04.219193+00
187	34	UG/122/09/24112566	10	100	0.5	7.5	750	800	FitForExport	40	2025-03-28 14:59:04.219193+00
188	34	UG/106/012/24112563	13	65	0.5	4.5	292.5	325	FitForExport	20	2025-03-28 14:59:04.219193+00
189	34	UG/122/013/24112559	16	130	0.5	7.5	975	1040	FitForExport	22	2025-03-28 14:59:04.219193+00
190	34	UG/113/022/24112561	36	90	0.1	4.89	440.09999999999997	449.09999999999997	FitForExport	38	2025-03-28 14:59:04.219193+00
236	43	UG/126/013/24112640	16	90	0.5	10	900	945	FitForExport	50	2025-03-28 19:25:03.014453+00
240	43	UG/418/009/80055	10	20	0.9	10	200	218	FitForExport	17	2025-03-28 19:25:03.014453+00
241	44	UG/107/02/24112608	2	30	0.5	4	120	135	FitForExport	15	2025-03-28 23:58:20.657217+00
242	44	UG/116/03/50035	3	20	0.5	5	100	110	FitForExport	10	2025-03-28 23:58:20.657217+00
243	44	UG/105/07/24112604	8	50	0.3	4	200	215	FitForExport	15	2025-03-28 23:58:20.657217+00
244	44	UG/105/013/24112603	16	88	0.5	8	704	748	FitForExport	20	2025-03-28 23:58:20.657217+00
192	35	UG/410/07/35072	8	50	0.5	8	400	425	FitForExport	20	2025-03-28 15:45:38.068334+00
143	27	UG/104/013/24102481	16	100	0.5	7.5	750	800	FitForExport	24	2025-03-28 11:26:51.228118+00
164	30	UG/119/0444/24112813	458	5	0.5	6	30	32.5	FitForExport	3	2025-03-28 12:43:39.375753+00
245	45	UG/121/07/45091	8	250	0.3	3.7	925	1000	FitForExport	15	2025-03-29 05:28:03.959222+00
246	45	UG/423/007/325001	8	250	0.3	3.7	925	1000	FitForExport	21	2025-03-29 05:28:03.959222+00
265	49	UG/105/038/24112603	53	35	1	8	280	315	FitForExport	10	2025-03-29 11:41:56.712622+00
252	47	UG/122/013/24102381	16	101	0.5	9.5	959.5	1010	FitForExport	20	2025-03-29 06:52:43.048521+00
253	47	UG/117/09/24102412	10	140	1	16	2240	2380	FitForExport	22	2025-03-29 06:52:43.048521+00
266	49	UG/105/008/24112603	9	5	0.5	6	30	32.5	FitForExport	5	2025-03-29 11:41:56.712622+00
247	46	UG/113/01/215	1	5	0.35	10	50	51.75	FitForExport	5	2025-03-29 05:38:59.196317+00
248	46	UG/113/03/58	3	35	0.35	10	350	362.25	FitForExport	10	2025-03-29 05:38:59.196317+00
267	49	UG/105/013/24112603	16	13	0.5	8	104	110.5	FitForExport	10	2025-03-29 11:41:56.712622+00
249	46	UG/110/09/24112639	10	3	0.35	10	30	31.05	FitForExport	3	2025-03-29 05:38:59.196317+00
250	46	UG/105/013/24102398	16	30	0.35	10	300	310.5	FitForExport	10	2025-03-29 05:38:59.196317+00
268	49	UG/116/03/50035	3	80	0.5	5	400	440	FitForExport	20	2025-03-29 11:41:56.712622+00
251	46	UG/110/033/24112639	48	10	0.35	10	100	103.5	FitForExport	10	2025-03-29 05:38:59.196317+00
269	49	UG/105/09/24112603	10	18	0.5	8	144	153	FitForExport	10	2025-03-29 11:41:56.712622+00
270	50	UG/105/038/24112603	53	125	1	8	1000	1125	FitForExport	20	2025-03-29 12:51:26.875651+00
272	51	UG/204/014/235002	17	24	0.5	5	120	132	FitForExport	10	2025-03-29 14:23:39.936067+00
271	51	UG/106/07/35249	8	12	0.5	10	120	126	FitForExport	10	2025-03-29 14:23:39.936067+00
273	52	UG/106/07/35249	8	15	0.5	9	135	142.5	FitForExport	10	2025-03-29 14:29:42.636336+00
278	53	UG/106/033/24102410	48	3	0.5	10	30	31.5	FitForExport	3	2025-03-29 15:30:02.736279+00
277	53	UG/115/013/24122840	16	5	0.5	10	50	52.5	FitForExport	2	2025-03-29 15:30:02.736279+00
275	53	UG/405/008/24122841	9	1	0.5	10	10	10.5	FitForExport	1	2025-03-29 15:30:02.736279+00
274	53	UG/122/07/24112572	8	20	0.5	10	200	210	FitForExport	7	2025-03-29 15:30:02.736279+00
280	54	UG/107/032/2452331	47	40	0.2	20	800	808	FitForExport	20	2025-03-29 16:11:50.703515+00
281	54	UG/106/005/24112543	6	1	0.5	6	6	6.5	FitForExport	1	2025-03-29 16:11:50.703515+00
282	54	UG/107/03/2452338	3	110	0.5	5	550	605	FitForExport	55	2025-03-29 16:11:50.703515+00
283	54	UG/107/03/2452339	3	43	0.5	5	215	236.5	FitForExport	15	2025-03-29 16:11:50.703515+00
287	55	UG/113/013/24102504	16	15	0.5	10	150	157.5	FitForExport	10	2025-03-29 16:42:23.997967+00
285	55	UG/117/09/110065	10	10	0.5	10	100	105	FitForExport	10	2025-03-29 16:42:23.997967+00
286	55	UG/106/094/35262	115	5	0.5	10	50	52.5	FitForExport	5	2025-03-29 16:42:23.997967+00
284	55	UG/104/01/5016	1	12	0.5	7	84	90	FitForExport	10	2025-03-29 16:42:23.997967+00
290	55	UG/215/022/5275	36	15	0.5	5	75	82.5	FitForExport	10	2025-03-29 16:42:23.997967+00
293	55	UG/113/033/25	48	8	0.5	10	80	84	FitForExport	8	2025-03-29 16:42:23.997967+00
288	55	UG/113/300/24102472	316	1	0.5	10	10	10.5	FitForExport	1	2025-03-29 16:42:23.997967+00
291	55	UG/113/07/25	8	5	0.5	10	50	52.5	FitForExport	5	2025-03-29 16:42:23.997967+00
294	55	UG/104/3/5016	3	50	0.5	5	250	275	FitForExport	30	2025-03-29 16:42:23.997967+00
292	55	UG/113/032/24102472	47	8	0.5	10	80	84	FitForExport	8	2025-03-29 16:42:23.997967+00
295	56	UG/410/07/35072	8	10	0.5	10	100	105	FitForExport	10	2025-03-29 16:43:16.142368+00
296	56	UG/111/08/24112526	9	20	0.5	6	120	130	FitForExport	10	2025-03-29 16:43:16.142368+00
297	56	UG/111/09/24112526	10	50	0.5	10	500	525	FitForExport	19	2025-03-29 16:43:16.142368+00
298	56	UG/119/012/24112583	13	10	0.5	8	80	85	FitForExport	10	2025-03-29 16:43:16.142368+00
260	48	UG/122/8/253997	9	100	0.5	6	600	650	FitForExport	20	2025-03-29 10:39:05.516859+00
259	48	UG/122/7/253997	8	100	0.5	10	1000	1050	FitForExport	20	2025-03-29 10:39:05.516859+00
255	48	UG/122/13/253996	16	50	0.5	10	500	525	FitForExport	20	2025-03-29 10:39:05.516859+00
261	48	UG/122/300/253996	316	10	0.5	10	100	105	FitForExport	10	2025-03-29 10:39:05.516859+00
262	48	UG/122/033/24112559	48	3	0.5	10	30	31.5	FitForExport	3	2025-03-29 10:39:05.516859+00
258	48	UG/113/445/113	459	20	0.5	2.5	50	60	FitForExport	10	2025-03-29 10:39:05.516859+00
257	48	UG/113/39/113	54	3	0.5	8	24	25.5	FitForExport	3	2025-03-29 10:39:05.516859+00
254	48	UG/106/032/113	47	10	0.1	12	120	121	FitForExport	10	2025-03-29 10:39:05.516859+00
264	48	UG/113/26/113	40	20	0.5	5	100	110	FitForExport	10	2025-03-29 10:39:05.516859+00
256	48	UG/122/038/24112559	53	3	0.5	12	36	37.5	FitForExport	3	2025-03-29 10:39:05.516859+00
316	59	UG/122/13/253996	16	40	0.5	10	400	420	Pending	\N	2025-03-29 17:18:58.221288+00
317	59	UG/122/033/24112559	48	6	0.5	10	60	63	Pending	\N	2025-03-29 17:18:58.221288+00
318	59	UG/113/18/113	22	5	0.5	12	60	62.5	Pending	\N	2025-03-29 17:18:58.221288+00
319	59	UG/122/09/24112559	10	60	0.5	10	600	630	Pending	\N	2025-03-29 17:18:58.221288+00
320	59	UG/106/01/2472348	1	10	0.5	10	100	105	Pending	\N	2025-03-29 17:18:58.221288+00
321	59	UG/122/8/253997	9	3	0.5	6	18	19.5	Pending	\N	2025-03-29 17:18:58.221288+00
322	59	UG/122/7/253997	8	6	0.5	10	60	63	Pending	\N	2025-03-29 17:18:58.221288+00
323	59	UG/113/39/113	54	6	0.5	5	30	33	Pending	\N	2025-03-29 17:18:58.221288+00
324	59	UG/122/300/253996	316	10	0.5	10	100	105	Pending	\N	2025-03-29 17:18:58.221288+00
325	59	UG/106/032/113	47	3	0.5	10	30	31.5	Pending	\N	2025-03-29 17:18:58.221288+00
326	59	UG/113/445/113	459	4	0.5	5	20	22	Pending	\N	2025-03-29 17:18:58.221288+00
327	59	UG/113/42/113	61	3	0.5	10	30	31.5	Pending	\N	2025-03-29 17:18:58.221288+00
279	53	UG/115/0443/24122840	457	2	0.5	10	20	21	FitForExport	2	2025-03-29 15:30:02.736279+00
276	53	UG/405/009/24122841	10	50	0.5	10	500	525	FitForExport	18	2025-03-29 15:30:02.736279+00
342	63	UG/105/07/24112604	8	75	0.5	10	750	787.5	FitForExport	20	2025-03-30 02:47:34.915911+00
333	60	UG/122/033/45067	48	22	0.5	5	110	121	FitForExport	9	2025-03-29 18:36:34.950021+00
337	62	UG/124/09/270025	10	50	0.5	7	350	375	FitForExport	15	2025-03-29 22:22:49.265002+00
332	60	UG/106/01/35061	1	42	0.5	5	210	231	FitForExport	13	2025-03-29 18:36:34.950021+00
312	58	UG/106/01/24102455	1	70	0.5	10	700	735	FitForExport	40	2025-03-29 16:50:21.993262+00
331	60	UG/115/009/24112777	10	70	0.5	5	350	385	FitForExport	4	2025-03-29 18:36:34.950021+00
336	62	UG/124/013/270025	16	71	0.5	7	497	532.5	FitForExport	20	2025-03-29 22:22:49.265002+00
330	60	UG/102/0442/24112715	456	30	0.5	5	150	165	FitForExport	14	2025-03-29 18:36:34.950021+00
306	57	UG/113/013/24102504	16	16	0.5	10	160	168	FitForExport	10	2025-03-29 16:46:46.457908+00
329	60	UG/204/014/75013	17	70	0.5	5	350	385	FitForExport	5	2025-03-29 18:36:34.950021+00
335	62	UG/104/002/2452329	2	21	0.5	4	84	94.5	FitForExport	15	2025-03-29 22:22:49.265002+00
328	60	UG/105/013/45094	16	22	0.5	5	110	121	FitForExport	22	2025-03-29 18:36:34.950021+00
313	58	UG/105/09/24102453	10	80	0.5	10	800	840	FitForExport	45	2025-03-29 16:50:21.993262+00
339	62	UG/104/01/2452329	1	34	0.5	6	204	221	FitForExport	20	2025-03-29 22:22:49.265002+00
338	62	UG/124/07/270025	8	31	0.5	7	217	232.5	FitForExport	10	2025-03-29 22:22:49.265002+00
302	57	UG/104/01/5016	1	40	0.5	7	280	300	FitForExport	25	2025-03-29 16:46:46.457908+00
340	62	UG/320/023/24112552	37	25	0.5	6	150	162.5	FitForExport	10	2025-03-29 22:22:49.265002+00
314	58	UG/105/013/24102453	16	100	0.5	10	1000	1050	FitForExport	25	2025-03-29 16:50:21.993262+00
310	58	UG/106/01/35001	1	70	0.5	10	700	735	FitForExport	32	2025-03-29 16:50:21.993262+00
311	58	UG/104/01/80010	1	70	0.5	10	700	735	FitForExport	30	2025-03-29 16:50:21.993262+00
315	58	UG/204/022/24102443	36	50	0.5	10	500	525	FitForExport	15	2025-03-29 16:50:21.993262+00
289	55	UG/215/022/5275	36	10	0.5	10	100	105	FitForExport	10	2025-03-29 16:42:23.997967+00
305	57	UG/113/07/25	8	3	0.5	10	30	31.5	FitForExport	3	2025-03-29 16:46:46.457908+00
341	63	UG/105/09/24112603	10	34	0.5	6	204	221	FitForExport	15	2025-03-30 02:47:34.915911+00
304	57	UG/106/09/24102460	10	40	0.5	10	400	420	FitForExport	10	2025-03-29 16:46:46.457908+00
307	57	UG/113/033/25	48	15	0.5	10	150	157.5	FitForExport	10	2025-03-29 16:46:46.457908+00
303	57	UG/106/08/24102460	9	2	0.5	5	10	11	FitForExport	2	2025-03-29 16:46:46.457908+00
309	57	UG/113/300/24102472	316	2	0.5	10	20	21	FitForExport	2	2025-03-29 16:46:46.457908+00
308	57	UG/106/094/35262	115	7	0.5	10	70	73.5	FitForExport	7	2025-03-29 16:46:46.457908+00
299	56	UG/113/032/24112533	47	7	0.5	10	70	73.5	FitForExport	7	2025-03-29 16:43:16.142368+00
300	56	UG/113/025/24112533	39	10	0.5	10	100	105	FitForExport	10	2025-03-29 16:43:16.142368+00
301	56	UG/119/013/24112540	16	40	0.5	8	320	340	FitForExport	10	2025-03-29 16:43:16.142368+00
355	66	UG/124/08/2482358	9	20	0.5	5	100	110	FitForExport	5	2025-03-30 07:15:22.109366+00
356	66	UG/104/032/24102458	47	30	0.5	9	270	285	FitForExport	6	2025-03-30 07:15:22.109366+00
357	66	UG/124/09/2482358	10	40	0.5	7	280	300	FitForExport	5	2025-03-30 07:15:22.109366+00
350	65	UG/106/02/2472347	2	97	0.5	4	388	436.5	FitForExport	18	2025-03-30 05:39:08.12238+00
351	65	UG/108/02/24102431	2	112	0.5	4	448	504	FitForExport	25	2025-03-30 05:39:08.12238+00
353	65	UG/108/02/24102438	2	47	0.5	4	188	211.5	FitForExport	12	2025-03-30 05:39:08.12238+00
343	64	UG/104/01/24102384	1	100	0.5	5	500	550	FitForExport	25	2025-03-30 05:20:42.70036+00
344	64	UG/122/013/2482358	16	160	0.5	7	1120	1200	FitForExport	14	2025-03-30 05:20:42.70036+00
345	64	UG/124/08/2482358	9	40	0.5	5	200	220	FitForExport	5	2025-03-30 05:20:42.70036+00
346	64	UG/124/07/2482358	8	40	0.5	7	280	300	FitForExport	5	2025-03-30 05:20:42.70036+00
347	64	UG/106/012/35083	13	50	0.5	6	300	325	FitForExport	5	2025-03-30 05:20:42.70036+00
348	64	UG/235/025/24112774	39	40	0.5	5	200	220	FitForExport	5	2025-03-30 05:20:42.70036+00
349	64	UG/124/09/2482358	10	100	0.5	7	700	750	FitForExport	5	2025-03-30 05:20:42.70036+00
334	61	UG/122/07/5085	8	250	0.3	3.7	925	1000	FitForExport	1	2025-03-29 20:25:36.632913+00
354	66	UG/235/025/24112774	39	40	0.5	5	200	220	FitForExport	5	2025-03-30 07:15:22.109366+00
365	69	UG/105/07/24112604	8	80	0.5	10	800	840	FitForExport	30	2025-03-30 10:16:26.739616+00
358	66	UG/113/018/24102458	21	30	0.5	10	300	315	FitForExport	5	2025-03-30 07:15:22.109366+00
362	67	UG/106/005/24102428	6	25	0.5	6	150	162.5	FitForExport	15	2025-03-30 07:18:03.874378+00
359	66	UG/124/07/2482358	8	20	0.5	7	140	150	FitForExport	6	2025-03-30 07:15:22.109366+00
366	69	UG/105/09/24112603	10	34	0.5	6	204	221	FitForExport	10	2025-03-30 10:16:26.739616+00
360	66	UG/122/013/2482358	16	80	0.5	7	560	600	FitForExport	12	2025-03-30 07:15:22.109366+00
352	65	UG/106/02/35083	2	256	0.5	4	1024	1152	FitForExport	25	2025-03-30 05:39:08.12238+00
391	75	UG/124/09/24112611	10	83	0.5	10	830	871.5	FitForExport	20	2025-03-30 14:12:54.554053+00
367	70	UG/124/08/24112611	9	60	0	5	300	300	FitForExport	15	2025-03-30 10:19:45.764348+00
364	68	UG/105/038/24112603	53	75	1	8	600	675	FitForExport	20	2025-03-30 09:51:26.512904+00
368	70	UG/108/023/24112522	37	60	0	6	360	360	FitForExport	20	2025-03-30 10:19:45.764348+00
369	70	UG/113/032/24112533	47	50	0	8	400	400	FitForExport	10	2025-03-30 10:19:45.764348+00
370	70	UG/121/02/30013	2	250	0	4	1000	1000	FitForExport	25	2025-03-30 10:19:45.764348+00
371	70	UG/124/07/24112611	8	50	0	8	400	400	FitForExport	15	2025-03-30 10:19:45.764348+00
372	70	UG/106/012/24102520	13	50	0	5	250	250	FitForExport	15	2025-03-30 10:19:45.764348+00
373	70	UG/119/013/24112611	16	60	0	8	480	480	FitForExport	15	2025-03-30 10:19:45.764348+00
378	72	UG/105/038/24112603	53	150	1	8	1200	1350	FitForExport	20	2025-03-30 10:37:59.198108+00
379	73	UG/105/038/24112603	53	125	1	8	1000	1125	FitForExport	30	2025-03-30 10:42:55.629808+00
374	71	UG/105/07/24112604	8	90	0.5	10	900	945	FitForExport	10	2025-03-30 10:32:59.292127+00
375	71	UG/107/02/24112608	2	20	0.5	4	80	90	FitForExport	20	2025-03-30 10:32:59.292127+00
376	71	UG/105/008/24112603	9	6	0.5	6	36	39	FitForExport	5	2025-03-30 10:32:59.292127+00
377	71	UG/105/038/24112603	53	25	1	8	200	225	FitForExport	10	2025-03-30 10:32:59.292127+00
392	75	UG/119/013/30001	16	46	0.5	10	460	483	FitForExport	46	2025-03-30 14:12:54.554053+00
396	76	UG/406/003/24102379	3	57	0.5	5	285	313.5	FitForExport	16	2025-03-30 14:32:02.190242+00
393	75	UG/124/07/24112611	8	22	0.5	10	220	231	FitForExport	22	2025-03-30 14:12:54.554053+00
394	75	UG/124/08/24112611	9	5	0.5	6	30	32.5	FitForExport	5	2025-03-30 14:12:54.554053+00
395	75	UG/431/032/24112619	47	7	0.5	10	70	73.5	FitForExport	7	2025-03-30 14:12:54.554053+00
389	75	UG/113/33/24112731	48	8	0.5	10	80	84	FitForExport	8	2025-03-30 14:12:54.554053+00
390	75	UG/104/01/5016	1	14	0.5	6	84	91	FitForExport	14	2025-03-30 14:12:54.554053+00
363	67	UG/122/07/45054	8	150	0.265	4	600	639.75	FitForExport	30	2025-03-30 07:18:03.874378+00
361	67	UG/113/02/24112598	2	52	0.265	4	208	221.78	FitForExport	20	2025-03-30 07:18:03.874378+00
407	80	UG/115/007/24112799	8	94	0.4	10	940	977.6	FitForExport	40	2025-03-30 17:30:38.531993+00
406	79	UG/113/003/24112801	3	29	0.2	10	290	295.8	FitForExport	15	2025-03-30 17:27:46.454069+00
401	78	UG/104/014/5037	17	40	0.5	5	200	220	FitForExport	40	2025-03-30 17:09:13.498579+00
402	78	UG/104/01/80010	1	30	0.5	5	150	165	FitForExport	30	2025-03-30 17:09:13.498579+00
403	78	UG/122/09/45018	10	71	0.5	5	355	390.5	FitForExport	40	2025-03-30 17:09:13.498579+00
404	78	UG/113/011/60	12	11	0.5	5	55	60.5	FitForExport	11	2025-03-30 17:09:13.498579+00
405	78	UG/122/013/45018	16	16	0.5	5	80	88	FitForExport	16	2025-03-30 17:09:13.498579+00
408	81	UG/122/09/45018	10	115	0.5	20	2300	2357.5	FitForExport	40	2025-03-30 17:47:00.525133+00
409	81	UG/104/01/5036	1	20	0.5	8	160	170	FitForExport	20	2025-03-30 17:47:00.525133+00
410	81	UG/122/08/45018	9	15	0.5	6	90	97.5	FitForExport	15	2025-03-30 17:47:00.525133+00
411	81	UG/122/300/45018	316	8	0.5	10	80	84	FitForExport	8	2025-03-30 17:47:00.525133+00
412	81	UG/122/033/45018	48	11	0.5	10	110	115.5	FitForExport	11	2025-03-30 17:47:00.525133+00
413	81	UG/122/013/45018	16	61	0.5	10	610	640.5	FitForExport	40	2025-03-30 17:47:00.525133+00
414	81	UG/119/012/24112551	13	3	0.5	8	24	25.5	FitForExport	3	2025-03-30 17:47:00.525133+00
380	74	UG/105/032/24112809	47	4	0.1	10	40	40.4	FitForExport	4	2025-03-30 12:47:14.345798+00
381	74	UG/108/038/24112806	53	20	0.1	10	200	202	FitForExport	5	2025-03-30 12:47:14.345798+00
382	74	UG/410/094/24112804	115	70	0.4	5	350	378	FitForExport	5	2025-03-30 12:47:14.345798+00
383	74	UG/410/008/24112804	9	32	0.4	5	160	172.8	FitForExport	5	2025-03-30 12:47:14.345798+00
384	74	UG/421/004/24122842	5	130	0.4	5	650	702	FitForExport	25	2025-03-30 12:47:14.345798+00
385	74	UG/108/007/24112806	8	60	0.4	5	300	324	FitForExport	5	2025-03-30 12:47:14.345798+00
386	74	UG/108/0441/24112806	455	2	0.5	5	10	11	FitForExport	2	2025-03-30 12:47:14.345798+00
387	74	UG/106/012/24112805	13	2	0.4	5	10	10.8	FitForExport	2	2025-03-30 12:47:14.345798+00
388	74	UG/105/043/24112809	443	4	0.7	10	40	42.8	FitForExport	4	2025-03-30 12:47:14.345798+00
397	77	UG/105/07/45070	8	100	0.5	9.5	950	1000	FitForExport	17	2025-03-30 15:52:16.246802+00
398	77	UG/121/07/45091	8	100	0.5	9.5	950	1000	FitForExport	15	2025-03-30 15:52:16.246802+00
399	77	UG/405/07/65010	8	50	0.5	9.5	475	500	FitForExport	9	2025-03-30 15:52:16.246802+00
448	86	UG/105/033/2512876	48	50	0.5	5	250	275	FitForExport	5	2025-03-30 18:34:11.803247+00
417	82	UG/108/003/24112735	3	20	0.2	5	100	104	FitForExport	15	2025-03-30 18:04:06.131248+00
439	86	UG/224/050/2492370	72	45	0.5	5.5	247.5	270	FitForExport	5	2025-03-30 18:34:11.803247+00
418	82	UG/119/02/24112712	2	65	0.4	4	260	286	FitForExport	30	2025-03-30 18:04:06.131248+00
431	86	UG/418/07/240001	8	147	0.5	7.5	1102.5	1176	FitForExport	5	2025-03-30 18:34:11.803247+00
440	86	UG/224/050/2492370	72	65	0.5	1	65	97.5	FitForExport	5	2025-03-30 18:34:11.803247+00
432	86	UG/105/013/24102398	16	200	0.5	7.5	1500	1600	FitForExport	5	2025-03-30 18:34:11.803247+00
449	86	UG/113/01/24102397	1	39	0.5	5	195	214.5	FitForExport	5	2025-03-30 18:34:11.803247+00
433	86	UG/122/013/24102417	16	192	0.5	7.5	1440	1536	FitForExport	5	2025-03-30 18:34:11.803247+00
441	86	UG/204/0463/2492370	478	34	0.5	4.4	149.60000000000002	166.60000000000002	FitForExport	5	2025-03-30 18:34:11.803247+00
434	86	UG/122/013/24102423	16	183	0.5	7.5	1372.5	1464	FitForExport	5	2025-03-30 18:34:11.803247+00
435	86	UG/122/013/45101	16	50	0.5	7.5	375	400	FitForExport	5	2025-03-30 18:34:11.803247+00
442	86	UG/108/03/24102385	3	4	0.5	4.4	17.6	19.6	FitForExport	4	2025-03-30 18:34:11.803247+00
436	86	UG/104/03/5036	3	50	0.5	4.5	225	250	FitForExport	5	2025-03-30 18:34:11.803247+00
450	86	UG/106/01/24102506	1	55	0.5	5	275	302.5	FitForExport	5	2025-03-30 18:34:11.803247+00
437	86	UG/104/03/5036	3	3	0.5	2.7	8.100000000000001	9.600000000000001	FitForExport	3	2025-03-30 18:34:11.803247+00
443	86	UG/108/03/24102385	3	118	0.5	2.7	318.6	377.6	FitForExport	5	2025-03-30 18:34:11.803247+00
438	86	UG/108/032/40006	47	50	0	8.2	409.99999999999994	409.99999999999994	FitForExport	5	2025-03-30 18:34:11.803247+00
444	86	UG/126/02/3018	2	35	0.5	3.5	122.5	140	FitForExport	5	2025-03-30 18:34:11.803247+00
451	86	UG/104/01/24102405	1	35	0.5	5	175	192.5	FitForExport	5	2025-03-30 18:34:11.803247+00
445	86	UG/117/02/110021	2	58	0.5	3.5	203	232	FitForExport	5	2025-03-30 18:34:11.803247+00
446	86	UG/108/02/24102403	2	18	0.5	3.5	63	72	FitForExport	5	2025-03-30 18:34:11.803247+00
452	86	UG/113/01/101	1	65	0.5	5	325	357.5	FitForExport	5	2025-03-30 18:34:11.803247+00
447	86	UG/113/02/24102508	2	20	0.5	3.5	70	80	FitForExport	5	2025-03-30 18:34:11.803247+00
453	86	UG/106/01/24102505	1	17	0.5	5	85	93.5	FitForExport	5	2025-03-30 18:34:11.803247+00
420	83	UG/122/07/45018	8	70	0.5	8	560	595	FitForExport	40	2025-03-30 18:17:11.128528+00
421	83	UG/122/08/45018	9	5	0.5	6	30	32.5	FitForExport	5	2025-03-30 18:17:11.128528+00
422	83	UG/122/09/45018	10	130	0.5	16	2080	2145	FitForExport	40	2025-03-30 18:17:11.128528+00
423	83	UG/119/012/24112551	13	45	0.5	8	360	382.5	FitForExport	45	2025-03-30 18:17:11.128528+00
424	83	UG/122/033/45018	48	41	0.5	10	410	430.5	FitForExport	41	2025-03-30 18:17:11.128528+00
426	83	UG/122/013/45018	16	125	0.5	8	1000	1062.5	FitForExport	40	2025-03-30 18:17:11.128528+00
427	83	UG/113/032/60	47	8	0.5	10	80	84	FitForExport	8	2025-03-30 18:17:11.128528+00
430	85	UG/122/07/5085	8	265	0.4	9.8	2597	2703	FitForExport	90	2025-03-30 18:28:18.581736+00
429	85	UG/106/005/24112743	6	85	0.4	6	510	544	FitForExport	30	2025-03-30 18:28:18.581736+00
477	88	UG/106/012/35074	13	42	0.5	4.5	189	210	FitForExport	14	2025-03-30 18:51:37.845018+00
476	88	UG/105/013/24112695	16	115	0.5	8	920	977.5	FitForExport	30	2025-03-30 18:51:37.845018+00
475	88	UG/105/08/24112695	9	65	0.5	4.5	292.5	325	FitForExport	21	2025-03-30 18:51:37.845018+00
474	88	UG/410/07/24112539	8	20	0.5	8	160	170	FitForExport	7	2025-03-30 18:51:37.845018+00
473	88	UG/105/033/24112695	48	20	0.5	5	100	110	FitForExport	7	2025-03-30 18:51:37.845018+00
471	88	UG/105/09/24112695	10	115	0.5	7.5	862.5	920	FitForExport	30	2025-03-30 18:51:37.845018+00
469	88	UG/113/032/132	47	92	0.5	8	736	782	FitForExport	30	2025-03-30 18:51:37.845018+00
468	88	UG/105/300/24112695	316	10	0.5	5	50	55	FitForExport	3	2025-03-30 18:51:37.845018+00
467	88	UG/204/0463/2492370	478	15	0.5	5	75	82.5	FitForExport	5	2025-03-30 18:51:37.845018+00
466	88	UG/204/04/2492370	5	36	0.5	4	144	162	FitForExport	13	2025-03-30 18:51:37.845018+00
472	88	UG/104/01/24112637	1	10	0.5	5	50	55	FitForExport	3	2025-03-30 18:51:37.845018+00
415	81	UG/122/07/45018	8	16	0.5	10	160	168	FitForExport	16	2025-03-30 17:47:00.525133+00
416	81	UG/204/022/355005	36	4	0	20	80	80	FitForExport	4	2025-03-30 17:47:00.525133+00
454	87	UG/108/023/24112522	37	40	0.5	5.5	220	240	FitForExport	20	2025-03-30 18:51:11.315721+00
455	87	UG/105/013/24102453	16	300	0.5	8	2400	2550	FitForExport	95	2025-03-30 18:51:11.315721+00
456	87	UG/119/012/25069	13	100	0.5	5.5	550	600	FitForExport	25	2025-03-30 18:51:11.315721+00
458	87	UG/106/08/35212	9	30	0.5	5.5	165	180	FitForExport	10	2025-03-30 18:51:11.315721+00
459	87	UG/119/02/24102454	2	175	0.5	4	700	787.5	FitForExport	90	2025-03-30 18:51:11.315721+00
460	87	UG/119/02/25069	2	175	0.5	4	700	787.5	FitForExport	90	2025-03-30 18:51:11.315721+00
461	87	UG/106/01/35001	1	83	0.5	5.5	456.5	498	FitForExport	40	2025-03-30 18:51:11.315721+00
462	87	UG/113/03/1	3	700	0.5	3	2100	2450	FitForExport	120	2025-03-30 18:51:11.315721+00
463	87	UG/104/01/24102374	1	83	0.5	5.5	456.5	498	FitForExport	45	2025-03-30 18:51:11.315721+00
464	87	UG/104/01/80010	1	84	0.5	5.5	462	504	FitForExport	45	2025-03-30 18:51:11.315721+00
465	87	UG/122/02/24112568	2	350	0.5	4	1400	1575	FitForExport	95	2025-03-30 18:51:11.315721+00
428	84	UG/104/003/2512866	3	162	0.5	5	810	891	FitForExport	48	2025-03-30 18:21:47.337206+00
419	83	UG/104/01/80010	1	30	0.5	8	240	255	FitForExport	30	2025-03-30 18:17:11.128528+00
425	83	UG/119/049/24112551	71	8	0.5	6	48	52	FitForExport	8	2025-03-30 18:17:11.128528+00
470	88	UG/205/025/235044	39	40	0.5	5	200	220	FitForExport	13	2025-03-30 18:51:37.845018+00
488	90	UG/124/09/24102449	10	80	0.5	8	640	680	FitForExport	10	2025-03-30 18:57:37.105895+00
489	90	UG/124/022/24102449	36	50	0	4	200	200	FitForExport	5	2025-03-30 18:57:37.105895+00
490	90	UG/222/050/24112802	72	5	0.5	2	10	12.5	FitForExport	5	2025-03-30 18:57:37.105895+00
491	90	UG/124/033/24102449	48	20	0.5	5	100	110	FitForExport	5	2025-03-30 18:57:37.105895+00
492	90	UG/119/012/24112553	13	70	0.5	5	350	385	FitForExport	5	2025-03-30 18:57:37.105895+00
493	90	UG/124/07/24102449	8	20	0.5	8	160	170	FitForExport	5	2025-03-30 18:57:37.105895+00
494	90	UG/106/08/24102449	9	37	0.5	5	185	203.5	FitForExport	5	2025-03-30 18:57:37.105895+00
495	90	UG/106/013/24102449	16	120	0.5	8	960	1020	FitForExport	10	2025-03-30 18:57:37.105895+00
512	93	UG/104/01/24102374	1	50	0	5.5	275	275	FitForExport	25	2025-03-30 20:23:26.828648+00
496	90	UG/106/032/24102449	47	50	0	8	400	400	FitForExport	5	2025-03-30 18:57:37.105895+00
504	92	UG/108/023/24112522	37	70	0.5	5	350	385	FitForExport	35	2025-03-30 20:22:41.405568+00
457	87	UG/124/07/24102449	8	70	0.5	8	560	595	FitForExport	20	2025-03-30 18:51:11.315721+00
514	94	UG/124/07/24102449	8	70	0	8	560	560	FitForExport	20	2025-03-30 20:28:51.482001+00
520	94	UG/105/09/24102453	10	100	0.5	8	800	850	FitForExport	20	2025-03-30 20:28:51.482001+00
499	91	UG/105/09/100001	10	195	0.5	8	1560	1657.5	FitForExport	49	2025-03-30 19:39:06.419631+00
519	94	UG/105/013/24102453	16	150	0	8	1200	1200	FitForExport	45	2025-03-30 20:28:51.482001+00
515	94	UG/119/012/25069	13	80	0.5	5.5	440	480	FitForExport	25	2025-03-30 20:28:51.482001+00
518	94	UG/104/01/24102374	1	40	0.5	5.5	220	240	FitForExport	25	2025-03-30 20:28:51.482001+00
510	93	UG/119/012/25069	13	100	0.5	5.5	550	600	FitForExport	25	2025-03-30 20:23:26.828648+00
513	94	UG/106/01/35001	1	40	0.5	5.5	220	240	FitForExport	20	2025-03-30 20:28:51.482001+00
516	94	UG/108/023/24112522	37	30	0.5	5.5	165	180	FitForExport	10	2025-03-30 20:28:51.482001+00
503	91	UG/105/033/100001	48	5	0.5	8	40	42.5	FitForExport	5	2025-03-30 19:39:06.419631+00
517	94	UG/113/032/24102456	47	30	0.4	8	240	252	FitForExport	10	2025-03-30 20:28:51.482001+00
507	93	UG/105/09/24102453	10	50	0.5	8	400	425	FitForExport	15	2025-03-30 20:23:26.828648+00
511	93	UG/106/01/35001	1	50	0.5	5.5	275	300	FitForExport	30	2025-03-30 20:23:26.828648+00
500	91	UG/105/12/100001	13	15	0.5	8	120	127.5	FitForExport	10	2025-03-30 19:39:06.419631+00
487	89	UG/104/01/24102374	1	50	0.5	5	250	275	FitForExport	25	2025-03-30 18:56:34.71896+00
497	91	UG/105/07/100001	8	74	0.5	8	592	629	FitForExport	22	2025-03-30 19:39:06.419631+00
501	91	UG/105/013/100001	16	135	0.5	8	1080	1147.5	FitForExport	48	2025-03-30 19:39:06.419631+00
498	91	UG/105/08/100001	9	45	0.5	5	225	247.5	FitForExport	10	2025-03-30 19:39:06.419631+00
505	93	UG/106/02/24102455	2	125	0	4	500	500	FitForExport	95	2025-03-30 20:23:26.828648+00
482	89	UG/105/09/24102453	10	100	0	8	800	800	FitForExport	25	2025-03-30 18:56:34.71896+00
502	91	UG/122/032/45043	47	80	0.5	10	800	840	FitForExport	24	2025-03-30 19:39:06.419631+00
506	93	UG/119/02/24102454	2	125	0	4	500	500	FitForExport	75	2025-03-30 20:23:26.828648+00
508	93	UG/105/013/24102453	16	100	0	8	800	800	FitForExport	25	2025-03-30 20:23:26.828648+00
479	89	UG/204/022/24102443	36	80	0.1	5	400	408	FitForExport	25	2025-03-30 18:56:34.71896+00
480	89	UG/119/012/25069	13	100	0.5	5	500	550	FitForExport	25	2025-03-30 18:56:34.71896+00
509	93	UG/113/032/24102456	47	50	0.5	8	400	425	FitForExport	20	2025-03-30 20:23:26.828648+00
485	89	UG/106/01/35001	1	50	0.5	5	250	275	FitForExport	25	2025-03-30 18:56:34.71896+00
481	89	UG/105/013/24102453	16	160	0.5	8	1280	1360	FitForExport	45	2025-03-30 18:56:34.71896+00
486	89	UG/122/008/24112568	9	30	0.5	5	150	165	FitForExport	10	2025-03-30 18:56:34.71896+00
521	95	UG/122/07/24112562	8	404	0.5	10	4040	4242	Pending	\N	2025-03-30 23:38:24.902114+00
478	89	UG/113/032/24102456	47	30	0.2	8	240	246	FitForExport	10	2025-03-30 18:56:34.71896+00
484	89	UG/104/01/80010	1	50	0.5	5	250	275	FitForExport	25	2025-03-30 18:56:34.71896+00
400	77	UG/119/0444/24112813	458	100	0.5	6	600	650	FitForExport	23	2025-03-30 15:52:16.246802+00
483	89	UG/124/07/24102449	8	70	0	8	560	560	FitForExport	20	2025-03-30 18:56:34.71896+00
522	96	UG/121/013/24112764	16	5	0.5	10	50	52.5	FitForExport	5	2025-03-31 01:21:29.249349+00
523	97	UG/121/013/24112764	16	20	0.5	10	200	210	FitForExport	10	2025-03-31 01:38:04.841168+00
524	98	UG/105/005/24122845	6	18	0.7	10	180	192.6	FitForExport	5	2025-03-31 05:42:40.691625+00
530	99	UG/106/01/24112567	1	18	0.5	7	126	135	FitForExport	6	2025-03-31 08:48:11.05954+00
529	99	UG/108/002/24112811	2	22	0.5	4	88	99	FitForExport	7	2025-03-31 08:48:11.05954+00
528	99	UG/106/012/24112530	13	21	0.1	5	105	107.1	FitForExport	7	2025-03-31 08:48:11.05954+00
527	99	UG/405/007/80075	8	16	0.5	10	160	168	FitForExport	5	2025-03-31 08:48:11.05954+00
526	99	UG/105/013/24112734	16	25	0.5	10	250	262.5	FitForExport	8	2025-03-31 08:48:11.05954+00
525	99	UG/418/009/24122852	10	40	0.5	10	400	420	FitForExport	13	2025-03-31 08:48:11.05954+00
570	103	UG/418/08/240001	9	163	0.5	5	815	896.5	FitForExport	5	2025-03-31 10:32:53.757116+00
556	101	UG/405/07/24102427	8	105	0.3	10	1050	1081.5	FitForExport	49	2025-03-31 09:07:47.866791+00
546	100	UG/410/010/24112710	11	5	1	20	100	105	FitForExport	2	2025-03-31 08:58:19.096033+00
557	101	UG/105/0444/285050	458	200	0.3	5	1000	1060	FitForExport	49	2025-03-31 09:07:47.866791+00
571	103	UG/113/032/24102397	47	191	0	8.2	1566.1999999999998	1566.1999999999998	FitForExport	5	2025-03-31 10:32:53.757116+00
532	99	UG/121/033/24112530	48	5	0.5	10	50	52.5	FitForExport	2	2025-03-31 08:48:11.05954+00
575	103	UG/224/050/2492370	72	51	0.5	1	51	76.5	FitForExport	5	2025-03-31 10:32:53.757116+00
531	99	UG/106/08/24102449	9	9	0.5	6	54	58.5	FitForExport	3	2025-03-31 08:48:11.05954+00
579	103	UG/122/013/24102417	16	125	0.5	7.5	937.5	1000	FitForExport	5	2025-03-31 10:32:53.757116+00
572	103	UG/108/032/40006	47	445	0	8.2	3648.9999999999995	3648.9999999999995	FitForExport	5	2025-03-31 10:32:53.757116+00
576	103	UG/330/300/2522886	316	8	0.5	7.5	60	64	FitForExport	5	2025-03-31 10:32:53.757116+00
573	103	UG/418/09/240001	10	328	0.5	7.5	2460	2624	FitForExport	5	2025-03-31 10:32:53.757116+00
553	100	UG/102/047/24112635	69	2	1	2	4	6	FitForExport	2	2025-03-31 08:58:19.096033+00
574	103	UG/235/022/265001	36	120	0	5	600	600	FitForExport	5	2025-03-31 10:32:53.757116+00
577	103	UG/105/033/24102416	48	32	0.5	5	160	176	FitForExport	5	2025-03-31 10:32:53.757116+00
580	103	UG/122/013/24102423	16	50	0.5	7.5	375	400	FitForExport	5	2025-03-31 10:32:53.757116+00
578	103	UG/105/013/24102398	16	291	0.5	7.5	2182.5	2328	FitForExport	5	2025-03-31 10:32:53.757116+00
549	100	UG/106/251/35003	267	24	1	10	240	264	FitForExport	8	2025-03-31 08:58:19.096033+00
555	100	UG/113/03/15003	3	22	1	10	220	242	FitForExport	7	2025-03-31 08:58:19.096033+00
552	100	UG/116/0337/15003	351	1	1	5	5	6	FitForExport	1	2025-03-31 08:58:19.096033+00
554	100	UG/429/0249/24112711	265	12	1	15	180	192	FitForExport	4	2025-03-31 08:58:19.096033+00
539	100	UG/102/018/24112635	21	6	4	15	90	114	FitForExport	2	2025-03-31 08:58:19.096033+00
551	100	UG/104/014/5038	17	3	1	10	30	33	FitForExport	3	2025-03-31 08:58:19.096033+00
548	100	UG/104/0259/135090	275	41	1	25	1025	1066	FitForExport	13	2025-03-31 08:58:19.096033+00
550	100	UG/104/04/135090	5	11	1	20	220	231	FitForExport	4	2025-03-31 08:58:19.096033+00
545	100	UG/104/053/24112630	75	1	1	2	2	3	FitForExport	1	2025-03-31 08:58:19.096033+00
547	100	UG/404/031/24112711	46	25	1	20	500	525	FitForExport	8	2025-03-31 08:58:19.096033+00
542	100	UG/408/013/155001	16	1	1	15	15	16	FitForExport	1	2025-03-31 08:58:19.096033+00
536	100	UG/429/0275/24112626	291	39	1	28	1092	1131	FitForExport	13	2025-03-31 08:58:19.096033+00
544	100	UG/116/029/24112714	44	84	1	25	2100	2184	FitForExport	20	2025-03-31 08:58:19.096033+00
541	100	UG/104/026/24112625	40	9	1	15	135	144	FitForExport	3	2025-03-31 08:58:19.096033+00
543	100	UG/212/039/24112628	54	13	1	15	195	208	FitForExport	4	2025-03-31 08:58:19.096033+00
538	100	UG/418/09/24112710	10	7	1	20	140	147	FitForExport	2	2025-03-31 08:58:19.096033+00
540	100	UG/212/028/24112628	43	2	1	20	40	42	FitForExport	2	2025-03-31 08:58:19.096033+00
533	100	UG/404/0246/24112636	262	46	1	10	460	506	FitForExport	14	2025-03-31 08:58:19.096033+00
535	100	UG/113/021/130002	33	10	1	10	100	110	FitForExport	4	2025-03-31 08:58:19.096033+00
537	100	UG/122/016/100003	19	30	1	10	300	330	FitForExport	10	2025-03-31 08:58:19.096033+00
567	102	UG/410/010/24112710	11	25	1	20	500	525	FitForExport	8	2025-03-31 09:16:29.491285+00
569	102	UG/405/020/135001	32	132	1	25	3300	3432	FitForExport	30	2025-03-31 09:16:29.491285+00
534	100	UG/113/02/5038	2	22	1	9	198	220	FitForExport	7	2025-03-31 08:58:19.096033+00
562	102	UG/106/036/35003	51	60	1	25	1500	1560	FitForExport	20	2025-03-31 09:16:29.491285+00
566	102	UG/404/031/24112711	46	170	1	20	3400	3570	FitForExport	30	2025-03-31 09:16:29.491285+00
568	102	UG/418/09/24112710	10	78	1	20	1560	1638	FitForExport	30	2025-03-31 09:16:29.491285+00
564	102	UG/104/04/135090	5	16	1	25	400	416	FitForExport	5	2025-03-31 09:16:29.491285+00
565	102	UG/106/0255/35003	271	28	1	10	280	308	FitForExport	6	2025-03-31 09:16:29.491285+00
563	102	UG/212/028/24112628	43	24	1	25	600	624	FitForExport	8	2025-03-31 09:16:29.491285+00
559	102	UG/403/039/24112634	54	35	1	20	700	735	FitForExport	12	2025-03-31 09:16:29.491285+00
561	102	UG/113/03/15003	3	85	1	10	850	935	FitForExport	28	2025-03-31 09:16:29.491285+00
581	104	UG/122/013/45101	16	30	0.5	8	240	255	FitForExport	30	2025-03-31 12:08:06.836993+00
560	102	UG/403/016/24112780	19	30	10	10	300	600	FitForExport	10	2025-03-31 09:16:29.491285+00
558	102	UG/108/012/24112629	13	34	1	25	850	884	FitForExport	11	2025-03-31 09:16:29.491285+00
582	104	UG/122/013/45101	16	116	0.5	10	1160	1218	FitForExport	116	2025-03-31 12:08:06.836993+00
583	104	UG/111/09/24112526	10	129	0.5	16	2064	2128.5	FitForExport	129	2025-03-31 12:08:06.836993+00
584	104	UG/415/07/35201	8	15	0.5	8	120	127.5	FitForExport	15	2025-03-31 12:08:06.836993+00
585	104	UG/415/07/35201	8	63	0.5	10	630	661.5	FitForExport	20	2025-03-31 12:08:06.836993+00
586	104	UG/415/033/35201	48	30	0.5	10	300	315	FitForExport	10	2025-03-31 12:08:06.836993+00
605	107	UG/106/032/24102449	47	4	0.5	10	40	42	FitForExport	4	2025-03-31 13:46:26.152483+00
587	104	UG/119/012/24112583	13	34	0.5	10	340	357	FitForExport	20	2025-03-31 12:08:06.836993+00
629	112	UG/119/031/24112747	46	8	1	17.5	140	148	FitForExport	8	2025-03-31 19:02:50.571524+00
592	104	UG/415/08/35201	9	14	0.5	6	84	91	FitForExport	10	2025-03-31 12:08:06.836993+00
606	107	UG/124/033/24102449	48	4	0.5	10	40	42	FitForExport	4	2025-03-31 13:46:26.152483+00
591	104	UG/409/025/24112670	39	40	0.5	10	400	420	FitForExport	20	2025-03-31 12:08:06.836993+00
625	112	UG/119/013/24112747	16	12	1	10	120	132	FitForExport	10	2025-03-31 19:02:50.571524+00
590	104	UG/409/025/24112670	39	5	0.5	12	60	62.5	FitForExport	5	2025-03-31 12:08:06.836993+00
607	107	UG/119/049/24112553	71	10	0.5	6	60	65	FitForExport	5	2025-03-31 13:46:26.152483+00
589	104	UG/119/049/24112583	71	7	0.5	5	35	38.5	FitForExport	7	2025-03-31 12:08:06.836993+00
588	104	UG/104/032/24112582	47	18	0.5	10	180	189	FitForExport	18	2025-03-31 12:08:06.836993+00
598	106	UG/122/007/45033	8	400	0.5	1	400	600	FitForExport	60	2025-03-31 12:55:43.417712+00
599	106	UG/106/0444/24102428	458	200	0.5	6	1200	1300	FitForExport	60	2025-03-31 12:55:43.417712+00
633	112	UG/119/007/24112747	8	7	1	9	63	70	FitForExport	7	2025-03-31 19:02:50.571524+00
593	105	UG/122/09/100037	10	45	0.5	10	450	472.5	FitForExport	30	2025-03-31 12:33:20.835165+00
608	108	UG/109/03/24102390	3	3	0.5	5	15	16.5	FitForExport	3	2025-03-31 14:19:47.983385+00
594	105	UG/106/01/24102398	1	90	0.5	7	630	675	FitForExport	45	2025-03-31 12:33:20.835165+00
626	112	UG/119/008/24112747	9	30	1	6	180	210	FitForExport	10	2025-03-31 19:02:50.571524+00
595	105	UG/122/007/45033	8	10	0.5	10	100	105	FitForExport	10	2025-03-31 12:33:20.835165+00
609	108	UG/406/014/24102379	17	43	0.5	5	215	236.5	FitForExport	12	2025-03-31 14:19:47.983385+00
596	105	UG/409/025/24112670	39	25	0.5	10	250	262.5	FitForExport	25	2025-03-31 12:33:20.835165+00
630	112	UG/119/012/24112747	13	10	1	10	100	110	FitForExport	10	2025-03-31 19:02:50.571524+00
597	105	UG/122/94/45033	115	10	0.5	10	100	105	FitForExport	10	2025-03-31 12:33:20.835165+00
610	108	UG/406/003/24102379	3	6	0.5	5	30	33	FitForExport	6	2025-03-31 14:19:47.983385+00
600	107	UG/104/01/5016	1	5	0.5	8	40	42.5	FitForExport	5	2025-03-31 13:46:26.152483+00
601	107	UG/115/003/24112553	3	133	0.5	5	665	731.5	FitForExport	15	2025-03-31 13:46:26.152483+00
602	107	UG/124/07/24102449	8	15	0.5	10	150	157.5	FitForExport	5	2025-03-31 13:46:26.152483+00
603	107	UG/124/09/24102449	10	2	0.5	10	20	21	FitForExport	2	2025-03-31 13:46:26.152483+00
604	107	UG/119/012/24112553	13	3	0.5	5	15	16.5	FitForExport	3	2025-03-31 13:46:26.152483+00
627	112	UG/119/026/24112747	40	25	1	10	250	275	FitForExport	10	2025-03-31 19:02:50.571524+00
623	111	UG/108/009/24112763	10	41	1	20	820	861	FitForExport	10	2025-03-31 17:05:22.127024+00
628	112	UG/119/005/24112747	6	5	1	13.8	69	74	FitForExport	5	2025-03-31 19:02:50.571524+00
624	111	UG/121/013/24112764	16	20	0.5	10	200	210	FitForExport	10	2025-03-31 17:05:22.127024+00
263	48	UG/106/09/2472348	10	200	0.5	10	2000	2100	FitForExport	45	2025-03-29 10:39:05.516859+00
631	112	UG/119/0246/24112747	262	3	1	16.6	49.800000000000004	52.800000000000004	FitForExport	3	2025-03-31 19:02:50.571524+00
632	112	UG/119/039/24112747	54	4	1	17.5	70	74	FitForExport	4	2025-03-31 19:02:50.571524+00
635	113	UG/106/018/24112572	21	10	0.4	10	100	104	FitForExport	10	2025-03-31 19:50:59.064208+00
637	113	UG/106/038/24112572	53	4	0	15	60	60	FitForExport	4	2025-03-31 19:50:59.064208+00
638	113	UG/106/02/65011	2	6	0.4	5	30	32.4	FitForExport	6	2025-03-31 19:50:59.064208+00
639	113	UG/113/032/24102456	47	6	0.4	10	60	62.4	FitForExport	6	2025-03-31 19:50:59.064208+00
640	113	UG/106/026/24102410	40	13	0.6	14	182	189.8	FitForExport	10	2025-03-31 19:50:59.064208+00
641	113	UG/106/09/24102410	10	10	0.4	10.5	105	109	FitForExport	10	2025-03-31 19:50:59.064208+00
642	113	UG/106/01/35049	1	8	0.4	8	64	67.2	FitForExport	8	2025-03-31 19:50:59.064208+00
643	113	UG/119/012/24112569	13	9	0.4	10	90	93.6	FitForExport	9	2025-03-31 19:50:59.064208+00
644	113	UG/404/033/24102456	48	2	0.4	10	20	20.8	FitForExport	2	2025-03-31 19:50:59.064208+00
645	113	UG/106/013/24102410	16	10	0.4	10	100	104	FitForExport	10	2025-03-31 19:50:59.064208+00
646	113	UG/106/010/24112572	11	10	0.4	10	100	104	FitForExport	10	2025-03-31 19:50:59.064208+00
611	109	UG/405/07/65010	8	50	0.5	9.5	475	500	FitForExport	12	2025-03-31 15:37:20.766233+00
612	109	UG/105/07/45070	8	100	0.5	9.5	950	1000	FitForExport	23	2025-03-31 15:37:20.766233+00
613	109	UG/405/07/24102480	8	100	0.5	9.5	950	1000	FitForExport	24	2025-03-31 15:37:20.766233+00
614	109	UG/423/007/325001	8	100	0.5	9.5	950	1000	FitForExport	19	2025-03-31 15:37:20.766233+00
615	109	UG/119/0444/24112814	458	70	0.5	6	420	455	FitForExport	26	2025-03-31 15:37:20.766233+00
616	109	UG/119/0444/24112812	458	100	0.5	6	600	650	FitForExport	12	2025-03-31 15:37:20.766233+00
617	110	UG/105/07/24102465	8	110	0.5	7.5	825	880	FitForExport	23	2025-03-31 15:54:10.90203+00
618	110	UG/106/013/24102482	16	120	0.5	7.5	900	960	FitForExport	25	2025-03-31 15:54:10.90203+00
619	110	UG/110/08/24112689	9	90	0.5	5	450	495	FitForExport	12	2025-03-31 15:54:10.90203+00
620	110	UG/110/033/24112689	48	30	0.5	7.5	225	240	FitForExport	11	2025-03-31 15:54:10.90203+00
622	110	UG/121/018/45091	21	25	0.5	10	250	262.5	FitForExport	9	2025-03-31 15:54:10.90203+00
634	112	UG/119/0441/24112747	455	1	1	5	5	6	FitForExport	1	2025-03-31 19:02:50.571524+00
651	114	UG/410/07/24112539	8	1400	0.3	3	4200	4620	Pending	\N	2025-03-31 20:30:30.036641+00
636	113	UG/106/0444/24112524	458	7	0.4	7	49	51.8	FitForExport	7	2025-03-31 19:50:59.064208+00
647	113	UG/106/08/24112572	9	10	0.4	7	70	74	FitForExport	10	2025-03-31 19:50:59.064208+00
648	113	UG/404/0246/24102456	262	3	0.5	10	30	31.5	FitForExport	3	2025-03-31 19:50:59.064208+00
649	113	UG/122/07/24112572	8	8	0.5	10	80	84	FitForExport	8	2025-03-31 19:50:59.064208+00
650	113	UG/205/039/24112573	54	6	0.5	10	60	63	FitForExport	6	2025-03-31 19:50:59.064208+00
652	115	UG/204/07/170007	8	4	0.5	5	20	22	FitForExport	4	2025-04-01 04:56:24.318695+00
653	115	UG/418/09/24102500	10	2	0.5	8	16	17	FitForExport	2	2025-04-01 04:56:24.318695+00
654	115	UG/104/026/2512869	40	2	1	9	18	20	FitForExport	2	2025-04-01 04:56:24.318695+00
655	116	UG/104/01/24102378	1	80	0.5	8	640	680	FitForExport	30	2025-04-01 04:56:50.396499+00
621	110	UG/119/012/24102467	13	40	0.5	5	200	220	FitForExport	4	2025-03-31 15:54:10.90203+00
656	117	UG/106/0444/24112524	458	16	0.5	7.5	120	128	FitForExport	10	2025-04-01 05:17:52.565207+00
657	117	UG/113/331/253999	346	7	0.5	10	70	73.5	FitForExport	5	2025-04-01 05:17:52.565207+00
658	117	UG/104/04/135090	5	2	0.5	2.5	5	6	FitForExport	2	2025-04-01 05:17:52.565207+00
659	117	UG/405/07/24102427	8	20	0.5	10	200	210	FitForExport	10	2025-04-01 05:17:52.565207+00
660	117	UG/113/43/253999	443	5	0.5	10	50	52.5	FitForExport	5	2025-04-01 05:17:52.565207+00
661	117	UG/106/026/24102410	40	30	1	10	300	330	FitForExport	20	2025-04-01 05:17:52.565207+00
662	117	UG/106/08/24112572	9	20	0.5	10	200	210	FitForExport	15	2025-04-01 05:17:52.565207+00
663	117	UG/112/035/15003	50	10	0.5	10	100	105	FitForExport	7	2025-04-01 05:17:52.565207+00
\.


--
-- Data for Name: qcp4_recommendations; Type: TABLE DATA; Schema: public; Owner: -
--

COPY public.qcp4_recommendations (id, qcp4_id, status, qcp4_product_id, reason, weight_rejected, weight_passed, user_id, exportcompany_id, created_at) FROM stdin;
1	1	FitForExport	1		0	1155	320	206	2025-03-26 16:17:39.03556+00
2	1	FitForExport	2		0	220	320	206	2025-03-26 16:18:02.878471+00
3	1	FitForExport	3		0	270	320	206	2025-03-26 16:18:44.259926+00
4	1	FitForExport	4		0	430	320	206	2025-03-26 16:18:53.983596+00
5	1	FitForExport	5		0	400	320	206	2025-03-26 16:21:02.494212+00
6	1	FitForExport	6		0	160	320	206	2025-03-26 16:21:14.172845+00
7	1	FitForExport	7		0	450	320	206	2025-03-26 16:21:23.686188+00
8	3	FitForExport	15		0	100	322	147	2025-03-27 06:33:25.136738+00
9	3	FitForExport	16		0	450	322	147	2025-03-27 06:33:37.859328+00
10	3	FitForExport	17		0	450	322	147	2025-03-27 06:35:56.317548+00
11	3	FitForExport	18		0	950	322	147	2025-03-27 06:36:03.37435+00
12	3	FitForExport	19		0	950	322	147	2025-03-27 06:36:08.675195+00
13	3	FitForExport	20		0	950	322	147	2025-03-27 06:36:13.525564+00
14	3	FitForExport	21		0	950	322	147	2025-03-27 06:36:19.159622+00
15	3	FitForExport	22		0	950	322	147	2025-03-27 06:36:23.385857+00
16	2	FitForExport	8		0	150	319	182	2025-03-27 09:34:33.111753+00
17	2	FitForExport	9		0	50	319	182	2025-03-27 09:34:45.360373+00
18	2	FitForExport	10		0	300	319	182	2025-03-27 09:34:56.562029+00
19	2	FitForExport	11		0	315	319	182	2025-03-27 09:35:07.884367+00
20	2	FitForExport	12		0	75	319	182	2025-03-27 09:35:17.16499+00
21	2	FitForExport	13		0	16.4	319	182	2025-03-27 09:35:26.995476+00
22	2	FitForExport	14		0	25	319	182	2025-03-27 09:35:40.074607+00
23	4	FitForExport	23		0	30	325	217	2025-03-27 10:08:58.703579+00
24	4	FitForExport	24		0	170	325	217	2025-03-27 10:09:12.778426+00
25	4	FitForExport	25		0	126	325	217	2025-03-27 10:09:31.743736+00
26	4	FitForExport	26		0	40	325	217	2025-03-27 10:09:48.152633+00
27	4	FitForExport	27		0	720	325	217	2025-03-27 10:09:58.849929+00
28	6	FitForExport	34		0	450	322	220	2025-03-27 13:19:08.58706+00
29	6	FitForExport	35		0	2000	322	220	2025-03-27 13:19:20.181271+00
30	9	FitForExport	45		0	240	316	254	2025-03-27 14:34:36.192695+00
31	9	FitForExport	46		0	256	316	254	2025-03-27 14:34:45.288522+00
32	9	FitForExport	47		0	400	316	254	2025-03-27 14:34:55.1756+00
33	9	FitForExport	48		0	472	316	254	2025-03-27 14:35:04.245557+00
34	9	FitForExport	49		0	315	316	254	2025-03-27 14:35:14.630935+00
35	9	FitForExport	50		0	250	316	254	2025-03-27 14:35:24.686154+00
36	9	FitForExport	51		0	90	316	254	2025-03-27 14:35:35.244055+00
37	8	FitForExport	43		0	800	320	241	2025-03-27 16:22:53.782456+00
38	8	FitForExport	44		0	204	320	241	2025-03-27 16:23:04.065901+00
39	10	FitForExport	52		0	3500	322	221	2025-03-27 16:37:05.147832+00
40	7	FitForExport	36		0	200	322	221	2025-03-27 16:43:12.295992+00
41	7	FitForExport	37		0	300	322	221	2025-03-27 16:43:26.665917+00
42	7	FitForExport	38		0	50	322	221	2025-03-27 16:43:36.964942+00
43	7	FitForExport	39		0	100	322	221	2025-03-27 16:43:48.674567+00
44	7	FitForExport	40		0	400	322	221	2025-03-27 16:43:58.117043+00
45	7	FitForExport	41		0	100	322	221	2025-03-27 16:44:06.231443+00
46	7	FitForExport	42		0	630	322	221	2025-03-27 16:44:16.634038+00
47	12	FitForExport	59		0	800	326	214	2025-03-27 17:16:39.485501+00
48	12	FitForExport	61		0	1200	326	214	2025-03-27 17:18:23.148552+00
49	12	FitForExport	62		0	330	326	214	2025-03-27 17:19:24.570234+00
50	12	FitForExport	63		0	330	326	214	2025-03-27 17:20:58.435292+00
51	12	FitForExport	60		0	560	326	214	2025-03-27 17:22:47.79969+00
52	12	FitForExport	57		0	250	326	214	2025-03-27 17:24:41.504791+00
53	12	FitForExport	55		0	330	326	214	2025-03-27 17:26:46.870033+00
54	12	FitForExport	58		0	550	326	214	2025-03-27 17:28:19.396242+00
55	12	FitForExport	56		0	240	326	214	2025-03-27 17:31:44.325051+00
56	13	FitForExport	68		0	600	326	214	2025-03-27 17:57:57.260681+00
57	13	FitForExport	67		0	140	326	214	2025-03-27 18:00:52.315174+00
58	13	FitForExport	70		0	200	326	214	2025-03-27 18:06:35.28133+00
59	13	FitForExport	66		0	230	326	214	2025-03-27 18:07:22.814553+00
60	13	FitForExport	69		0	42	326	214	2025-03-27 18:09:21.260416+00
61	13	FitForExport	65		0	100	326	214	2025-03-27 18:10:17.771609+00
62	13	FitForExport	64		0	60	326	214	2025-03-27 18:15:30.885723+00
63	11	FitForExport	53		0	600	323	236	2025-03-27 18:30:42.751032+00
64	11	FitForExport	54		0	200	323	236	2025-03-27 18:31:57.81329+00
65	14	FitForExport	71		0	1065	319	182	2025-03-27 18:58:59.394391+00
66	14	FitForExport	72		0	2430	319	182	2025-03-27 18:59:06.199208+00
67	14	FitForExport	73		0	2167.5	319	182	2025-03-27 18:59:13.831229+00
68	14	FitForExport	74		0	727.5	319	182	2025-03-27 18:59:20.213559+00
69	14	FitForExport	75		0	150	319	182	2025-03-27 18:59:26.630792+00
70	14	FitForExport	76		0	192.5	319	182	2025-03-27 18:59:32.674073+00
71	14	FitForExport	77		0	157.5	319	182	2025-03-27 18:59:39.149508+00
72	14	FitForExport	78		0	37.5	319	182	2025-03-27 18:59:46.909502+00
73	14	FitForExport	79		0	560	319	182	2025-03-27 18:59:54.476769+00
74	14	FitForExport	80		0	155	319	182	2025-03-27 19:00:04.112001+00
75	14	FitForExport	81		0	500	319	182	2025-03-27 19:00:14.765645+00
76	14	FitForExport	82		0	157.5	319	182	2025-03-27 19:00:21.519588+00
77	14	FitForExport	83		0	3750	319	182	2025-03-27 19:00:28.274961+00
78	14	FitForExport	84		0	365	319	182	2025-03-27 19:00:35.032236+00
79	14	FitForExport	85		0	1377.6	319	182	2025-03-27 19:00:42.389385+00
80	14	FitForExport	86		0	835	319	182	2025-03-27 19:00:49.266205+00
81	14	FitForExport	87		0	1250	319	182	2025-03-27 19:00:56.442618+00
82	14	FitForExport	88		0	1192.5	319	182	2025-03-27 19:01:03.679024+00
83	14	FitForExport	89		0	241.5	319	182	2025-03-27 19:01:10.676639+00
85	14	FitForExport	91		0	56	319	182	2025-03-27 19:01:27.26067+00
86	14	FitForExport	92		0	73.5	319	182	2025-03-27 19:01:38.8462+00
87	14	FitForExport	93		0	205	319	182	2025-03-27 19:02:08.220231+00
90	14	FitForExport	96		0	135	319	182	2025-03-27 19:02:35.466179+00
91	14	FitForExport	97		0	100	319	182	2025-03-27 19:02:44.162792+00
84	14	FitForExport	90		0	147	319	182	2025-03-27 19:01:18.168409+00
88	14	FitForExport	94		0	185	319	182	2025-03-27 19:02:19.483803+00
89	14	FitForExport	95		0	130	319	182	2025-03-27 19:02:28.353536+00
92	16	FitForExport	103		0	165	324	185	2025-03-27 19:13:43.740298+00
93	16	FitForExport	102		0	350	324	185	2025-03-27 19:13:50.720376+00
94	16	FitForExport	101		0	350	324	185	2025-03-27 19:13:57.552701+00
95	16	FitForExport	100		0	230	324	185	2025-03-27 19:14:30.110512+00
96	5	FitForExport	28		0	420	326	208	2025-03-27 19:27:39.003407+00
97	17	FitForExport	104		0	1600	323	224	2025-03-27 19:27:46.274568+00
98	5	FitForExport	29		0	30	326	208	2025-03-27 19:27:52.644114+00
99	5	FitForExport	31		0	25	326	208	2025-03-27 19:28:09.352277+00
100	17	FitForExport	105		0	1395	323	224	2025-03-27 19:28:12.850994+00
101	5	FitForExport	32		0	200	326	208	2025-03-27 19:28:23.017533+00
102	5	FitForExport	30		0	350	326	208	2025-03-27 19:30:36.524622+00
103	5	FitForExport	33		0	50	326	208	2025-03-27 19:34:10.957323+00
104	18	FitForExport	106		0	1110	321	159	2025-03-27 20:57:13.534976+00
105	20	FitForExport	114		0	16	316	254	2025-03-28 05:27:22.004612+00
106	20	FitForExport	115		0	16	316	254	2025-03-28 05:27:28.555447+00
107	20	FitForExport	116		0	16	316	254	2025-03-28 05:27:37.875942+00
108	21	FitForExport	117		0	200	316	254	2025-03-28 06:00:40.628197+00
109	21	FitForExport	118		0	180	316	254	2025-03-28 06:00:47.641961+00
110	21	FitForExport	119		0	80	316	254	2025-03-28 06:01:13.977004+00
111	21	FitForExport	120		0	120	316	254	2025-03-28 06:01:33.430166+00
112	22	FitForExport	121		0	300	316	254	2025-03-28 06:06:14.71635+00
113	22	FitForExport	122		0	225	316	254	2025-03-28 06:06:21.145686+00
114	19	FitForExport	107		0	450	322	147	2025-03-28 06:38:48.306453+00
115	19	FitForExport	108		0	950	322	147	2025-03-28 06:38:58.057212+00
116	19	FitForExport	109		0	450	322	147	2025-03-28 06:39:03.030378+00
117	19	FitForExport	110		0	1045	322	147	2025-03-28 06:39:09.156518+00
118	19	FitForExport	111		0	1140	322	147	2025-03-28 06:39:15.047084+00
119	19	FitForExport	112		0	1140	322	147	2025-03-28 06:39:21.208905+00
120	19	FitForExport	113		0	210	322	147	2025-03-28 06:39:26.79841+00
121	23	FitForExport	128		0	2000	326	218	2025-03-28 07:30:24.576105+00
122	23	FitForExport	123		0	200	326	218	2025-03-28 07:32:23.730528+00
123	23	FitForExport	127		0	80	326	218	2025-03-28 07:33:42.050151+00
124	23	FitForExport	125		0	65	326	218	2025-03-28 07:34:28.750894+00
125	23	FitForExport	126		0	50	326	218	2025-03-28 07:36:28.85469+00
126	23	FitForExport	124		0	30	326	218	2025-03-28 07:40:40.449974+00
127	24	FitForExport	135		0	175	326	218	2025-03-28 07:46:31.923831+00
128	24	FitForExport	139		0	354	326	218	2025-03-28 07:49:48.086341+00
129	24	FitForExport	138		0	560	326	218	2025-03-28 07:51:34.228244+00
130	24	FitForExport	129		0	40	326	218	2025-03-28 07:52:50.498002+00
131	24	FitForExport	134		0	240	326	218	2025-03-28 07:54:00.276692+00
132	24	FitForExport	130		0	560	326	218	2025-03-28 07:55:01.200261+00
133	24	FitForExport	132		0	35	326	218	2025-03-28 07:56:28.941814+00
134	24	FitForExport	136		0	175	326	218	2025-03-28 07:57:43.310853+00
135	24	FitForExport	131		0	200	326	218	2025-03-28 07:58:50.411352+00
136	24	FitForExport	133		0	126	326	218	2025-03-28 07:59:55.184381+00
137	24	FitForExport	137		0	95	326	218	2025-03-28 08:02:04.221271+00
138	29	FitForExport	152		0	50	320	192	2025-03-28 13:47:02.411292+00
139	29	FitForExport	153		0	1000	320	192	2025-03-28 13:47:12.650161+00
140	29	FitForExport	154		0	500	320	192	2025-03-28 13:47:22.602228+00
141	29	FitForExport	155		0	1000	320	192	2025-03-28 13:47:32.913912+00
142	29	FitForExport	156		0	200	320	192	2025-03-28 13:47:41.946056+00
143	29	FitForExport	157		0	300	320	192	2025-03-28 13:47:50.429071+00
144	26	FitForExport	141		0	2730	326	218	2025-03-28 14:05:50.104712+00
145	25	FitForExport	140		0	2020	326	218	2025-03-28 14:16:23.64252+00
146	32	FitForExport	176		0	80	326	218	2025-03-28 14:38:49.421136+00
147	32	FitForExport	178		0	240	326	218	2025-03-28 14:40:34.655922+00
148	32	FitForExport	175		0	50	326	218	2025-03-28 14:42:32.830049+00
149	32	FitForExport	177		0	150	326	218	2025-03-28 14:43:49.932182+00
150	32	FitForExport	180		0	560	326	218	2025-03-28 14:45:32.042916+00
151	32	FitForExport	181		0	50	326	218	2025-03-28 14:47:01.249839+00
152	32	FitForExport	179		0	100	326	218	2025-03-28 14:49:23.015174+00
153	32	FitForExport	174		0	75	326	218	2025-03-28 15:02:00.688074+00
154	37	FitForExport	202		0	1600	319	129	2025-03-28 16:29:36.112859+00
155	37	FitForExport	203		0	800	319	129	2025-03-28 16:29:45.88607+00
156	37	FitForExport	204		0	100	319	129	2025-03-28 16:29:57.93394+00
157	37	FitForExport	205		0	140	319	129	2025-03-28 16:30:05.880264+00
158	37	FitForExport	206		0	250	319	129	2025-03-28 16:30:13.762694+00
159	38	FitForExport	207		0	50	327	186	2025-03-28 17:03:05.127267+00
160	38	FitForExport	208		0	140	327	186	2025-03-28 17:03:10.636927+00
161	38	FitForExport	209		0	300	327	186	2025-03-28 17:03:15.081161+00
162	38	FitForExport	210		0	105	327	186	2025-03-28 17:03:19.503225+00
163	38	FitForExport	211		0	180	327	186	2025-03-28 17:03:24.067085+00
164	38	FitForExport	212		0	210	327	186	2025-03-28 17:03:29.909749+00
165	38	FitForExport	213		0	75	327	186	2025-03-28 17:03:36.910195+00
166	36	FitForExport	195		0	540	327	186	2025-03-28 17:17:38.171383+00
167	36	FitForExport	196		0	500	327	186	2025-03-28 17:17:48.755696+00
168	36	FitForExport	197		0	140	327	186	2025-03-28 17:17:57.380682+00
169	36	FitForExport	198		0	100	327	186	2025-03-28 17:18:02.040714+00
170	36	FitForExport	199		0	840	327	186	2025-03-28 17:18:07.172694+00
171	36	FitForExport	200		0	390	327	186	2025-03-28 17:18:12.926334+00
172	36	FitForExport	201		0	1050	327	186	2025-03-28 17:18:18.731728+00
173	33	FitForExport	182		0	800	319	210	2025-03-28 17:23:27.91165+00
174	33	FitForExport	183		0	200	319	210	2025-03-28 17:23:41.395123+00
175	39	FitForExport	214		0	50	323	146	2025-03-28 17:28:36.597512+00
176	39	FitForExport	215		0	68	323	146	2025-03-28 17:28:48.207008+00
177	39	FitForExport	216		0	160	323	146	2025-03-28 17:28:59.413106+00
178	39	FitForExport	217		0	64	323	146	2025-03-28 17:29:10.93974+00
179	39	FitForExport	218		0	48	323	146	2025-03-28 17:29:19.645533+00
180	39	FitForExport	219		0	24	323	146	2025-03-28 17:29:30.759341+00
181	39	FitForExport	220		0	16	323	146	2025-03-28 17:29:39.596519+00
182	40	FitForExport	225		0	1500	317	252	2025-03-28 17:43:53.347486+00
183	40	FitForExport	224		0	52.5	317	252	2025-03-28 17:44:02.253931+00
184	40	FitForExport	223		0	240	317	252	2025-03-28 17:44:08.485716+00
185	40	FitForExport	222		0	1000	317	252	2025-03-28 17:44:14.42577+00
186	40	FitForExport	221		0	2500	317	252	2025-03-28 17:44:21.488061+00
187	41	FitForExport	226		0	80	324	262	2025-03-28 17:48:24.428295+00
188	41	FitForExport	227		0	640	324	262	2025-03-28 17:48:34.353775+00
189	41	FitForExport	228		0	28	324	262	2025-03-28 17:48:42.385678+00
190	41	FitForExport	229		0	68	324	262	2025-03-28 17:48:52.668353+00
191	31	FitForExport	166		0	1000	326	208	2025-03-28 18:06:54.857459+00
192	31	FitForExport	167		0	1000	326	208	2025-03-28 18:07:13.05341+00
193	31	FitForExport	172		0	500	326	208	2025-03-28 18:08:27.199619+00
194	31	FitForExport	170		0	10	326	208	2025-03-28 18:10:09.122573+00
195	31	FitForExport	169		0	350	326	208	2025-03-28 18:13:50.244662+00
196	31	FitForExport	171		0	700	326	208	2025-03-28 18:15:13.00039+00
197	31	FitForExport	173		0	250	326	208	2025-03-28 18:16:35.493808+00
198	31	FitForExport	165		0	1190	326	208	2025-03-28 18:16:56.73405+00
199	31	FitForExport	168		0	300	326	208	2025-03-28 18:18:29.635013+00
200	42	FitForExport	230		0	980	322	228	2025-03-28 18:44:15.677684+00
201	42	FitForExport	231		0	200	322	228	2025-03-28 18:44:23.72515+00
202	42	FitForExport	232		0	1000	322	228	2025-03-28 18:44:29.660493+00
203	42	FitForExport	233		0	900	322	228	2025-03-28 18:44:37.591086+00
204	42	FitForExport	235		0	4.5	322	228	2025-03-28 18:44:45.776319+00
205	43	FitForExport	236		0	900	322	228	2025-03-28 19:26:39.368271+00
206	43	FitForExport	237		0	980	322	228	2025-03-28 19:26:46.572007+00
207	43	FitForExport	238		0	1000	322	228	2025-03-28 19:26:53.410818+00
208	43	FitForExport	239		0	50	322	228	2025-03-28 19:27:02.714498+00
209	43	FitForExport	240		0	200	322	228	2025-03-28 19:27:10.334195+00
210	28	FitForExport	148		0	1400	322	220	2025-03-29 00:14:31.298487+00
211	28	FitForExport	149		0	5000	322	220	2025-03-29 00:14:38.841299+00
212	28	FitForExport	150		0	400	322	220	2025-03-29 00:14:49.963915+00
213	28	FitForExport	151		0	1000	322	220	2025-03-29 00:14:56.940192+00
214	44	FitForExport	241		0	120	320	241	2025-03-29 00:19:49.214733+00
215	44	FitForExport	242		0	100	320	241	2025-03-29 00:20:05.024308+00
216	44	FitForExport	243		0	200	320	241	2025-03-29 00:20:20.924377+00
217	44	FitForExport	244		0	704	320	241	2025-03-29 00:20:38.139895+00
218	35	FitForExport	194		0	1600	326	246	2025-03-29 03:39:24.705916+00
219	35	FitForExport	193		0	1008	326	246	2025-03-29 03:39:28.390505+00
220	35	FitForExport	192		0	400	326	246	2025-03-29 03:39:32.075748+00
221	35	FitForExport	191		0	800	326	246	2025-03-29 03:39:36.364959+00
222	27	FitForExport	142		0	675	322	147	2025-03-29 06:08:59.182668+00
223	27	FitForExport	143		0	750	322	147	2025-03-29 06:09:03.9977+00
224	27	FitForExport	144		0	300	322	147	2025-03-29 06:09:08.891814+00
225	27	FitForExport	145		0	450	322	147	2025-03-29 06:09:13.348483+00
226	27	FitForExport	146		0	120	322	147	2025-03-29 06:09:18.099491+00
227	27	FitForExport	147		0	60	322	147	2025-03-29 06:09:22.807918+00
228	30	FitForExport	158		0	80	322	147	2025-03-29 06:12:35.252716+00
229	30	FitForExport	159		0	475	322	147	2025-03-29 06:12:40.064091+00
230	30	FitForExport	160		0	475	322	147	2025-03-29 06:12:44.491971+00
231	30	FitForExport	161		0	950	322	147	2025-03-29 06:12:48.628121+00
232	30	FitForExport	162		0	950	322	147	2025-03-29 06:12:54.367238+00
233	30	FitForExport	163		0	760	322	147	2025-03-29 06:12:59.026821+00
234	30	FitForExport	164		0	30	322	147	2025-03-29 06:13:03.608317+00
235	45	FitForExport	245		0	925	322	147	2025-03-29 06:15:23.065228+00
236	45	FitForExport	246		0	925	322	147	2025-03-29 06:15:27.775134+00
237	47	FitForExport	252		0	959.5	325	227	2025-03-29 07:36:39.664864+00
238	47	FitForExport	253		0	2240	325	227	2025-03-29 07:36:54.510237+00
239	46	FitForExport	247		0	50	320	192	2025-03-29 08:41:47.55359+00
240	46	FitForExport	248		0	350	320	192	2025-03-29 08:42:00.293447+00
241	46	FitForExport	249		0	30	320	192	2025-03-29 08:42:10.312675+00
242	46	FitForExport	250		0	300	320	192	2025-03-29 08:42:29.01596+00
243	46	FitForExport	251		0	100	320	192	2025-03-29 08:42:39.167025+00
244	34	FitForExport	184		0	110	320	223	2025-03-29 11:04:33.934393+00
245	34	FitForExport	185		0	405	320	223	2025-03-29 11:04:41.981013+00
246	34	FitForExport	186		0	135	320	223	2025-03-29 11:04:51.575412+00
247	34	FitForExport	187		0	750	320	223	2025-03-29 11:04:59.692201+00
248	34	FitForExport	188		0	292.5	320	223	2025-03-29 11:05:07.138899+00
249	34	FitForExport	189		0	975	320	223	2025-03-29 11:05:13.634507+00
250	34	FitForExport	190		0	440.09999999999997	320	223	2025-03-29 11:05:24.465912+00
251	49	FitForExport	265		0	280	320	241	2025-03-29 13:05:49.779264+00
252	49	FitForExport	266		0	30	320	241	2025-03-29 13:05:59.933829+00
253	49	FitForExport	267		0	104	320	241	2025-03-29 13:06:09.966637+00
254	49	FitForExport	268		0	400	320	241	2025-03-29 13:06:20.016668+00
255	49	FitForExport	269		0	144	320	241	2025-03-29 13:06:30.333282+00
256	50	FitForExport	270		0	1000	320	241	2025-03-29 13:09:06.608146+00
257	51	FitForExport	272		0	120	324	235	2025-03-29 14:38:51.414368+00
258	51	FitForExport	271		0	120	324	235	2025-03-29 14:39:19.645709+00
259	52	FitForExport	273		0	135	324	235	2025-03-29 14:48:50.092667+00
260	53	FitForExport	279		0	20	317	136	2025-03-29 17:26:20.700362+00
261	53	FitForExport	278		0	30	317	136	2025-03-29 17:26:25.35009+00
262	53	FitForExport	277		0	50	317	136	2025-03-29 17:26:31.448413+00
263	53	FitForExport	276		0	500	317	136	2025-03-29 17:26:35.660597+00
264	53	FitForExport	275		0	10	317	136	2025-03-29 17:26:41.298182+00
265	53	FitForExport	274		0	200	317	136	2025-03-29 17:26:45.858321+00
266	60	FitForExport	333		0	110	324	185	2025-03-29 18:38:46.71358+00
267	60	FitForExport	332		0	210	324	185	2025-03-29 18:38:53.586434+00
268	60	FitForExport	331		0	350	324	185	2025-03-29 18:39:03.372106+00
269	60	FitForExport	330		0	150	324	185	2025-03-29 18:39:12.892088+00
270	60	FitForExport	329		0	350	324	185	2025-03-29 18:39:19.389707+00
271	60	FitForExport	328		0	110	324	185	2025-03-29 18:39:28.414201+00
272	54	FitForExport	280		0	800	321	131	2025-03-29 19:06:49.750943+00
273	54	FitForExport	281		0	6	321	131	2025-03-29 19:07:01.320451+00
274	54	FitForExport	282		0	550	321	131	2025-03-29 19:16:20.480711+00
275	54	FitForExport	283		0	215	321	131	2025-03-29 19:25:53.502973+00
276	62	FitForExport	339		0	204	321	201	2025-03-30 00:59:06.734389+00
277	62	FitForExport	337		0	350	321	201	2025-03-30 01:01:56.450445+00
278	62	FitForExport	336		0	497	321	201	2025-03-30 01:05:36.33843+00
279	62	FitForExport	335		0	84	321	201	2025-03-30 01:09:37.469649+00
280	62	FitForExport	338		0	217	321	201	2025-03-30 01:12:30.276452+00
281	62	FitForExport	340		0	150	321	201	2025-03-30 01:14:12.097034+00
282	58	FitForExport	310		0	700	326	214	2025-03-30 02:05:49.55429+00
283	58	FitForExport	311		0	700	326	214	2025-03-30 02:06:34.578491+00
284	58	FitForExport	312		0	700	326	214	2025-03-30 02:07:54.674191+00
285	58	FitForExport	313		0	800	326	214	2025-03-30 02:08:50.924934+00
286	58	FitForExport	314		0	1000	326	214	2025-03-30 02:10:10.178334+00
287	58	FitForExport	315		0	500	326	214	2025-03-30 02:11:10.2827+00
288	55	FitForExport	287		0	150	326	208	2025-03-30 02:41:41.535675+00
289	55	FitForExport	285		0	100	326	208	2025-03-30 02:43:34.843069+00
290	55	FitForExport	286		0	50	326	208	2025-03-30 02:44:53.067557+00
291	55	FitForExport	284		0	84	326	208	2025-03-30 02:45:04.740205+00
292	55	FitForExport	289		0	100	326	208	2025-03-30 02:46:50.334645+00
293	55	FitForExport	290		0	75	326	208	2025-03-30 02:47:02.08772+00
294	55	FitForExport	293		0	80	326	208	2025-03-30 02:48:05.597624+00
295	55	FitForExport	288		0	10	326	208	2025-03-30 02:49:50.05009+00
296	55	FitForExport	291		0	50	326	208	2025-03-30 02:51:06.529453+00
297	55	FitForExport	294		0	250	326	208	2025-03-30 02:53:34.038068+00
298	55	FitForExport	292		0	80	326	208	2025-03-30 02:53:49.545009+00
299	63	FitForExport	341		0	204	320	241	2025-03-30 02:58:07.778393+00
300	63	FitForExport	342		0	750	320	241	2025-03-30 02:58:26.362578+00
301	57	FitForExport	302		0	280	326	208	2025-03-30 02:58:33.633135+00
302	57	FitForExport	305		0	30	326	208	2025-03-30 02:58:48.259463+00
303	57	FitForExport	307		0	150	326	208	2025-03-30 02:59:02.589455+00
304	57	FitForExport	309		0	20	326	208	2025-03-30 02:59:15.954227+00
305	57	FitForExport	306		0	160	326	208	2025-03-30 03:01:40.269986+00
306	57	FitForExport	304		0	400	326	208	2025-03-30 03:02:25.573937+00
307	57	FitForExport	303		0	10	326	208	2025-03-30 03:03:03.216807+00
308	57	FitForExport	308		0	70	326	208	2025-03-30 03:05:41.998462+00
309	56	FitForExport	295		0	100	324	261	2025-03-30 05:43:36.863999+00
310	56	FitForExport	296		0	120	324	261	2025-03-30 05:43:47.81694+00
311	56	FitForExport	297		0	500	324	261	2025-03-30 05:43:58.294065+00
312	56	FitForExport	298		0	80	324	261	2025-03-30 05:44:09.994249+00
313	56	FitForExport	299		0	70	324	261	2025-03-30 05:44:18.561687+00
314	56	FitForExport	300		0	100	324	261	2025-03-30 05:44:29.335166+00
315	56	FitForExport	301		0	320	324	261	2025-03-30 05:44:41.62825+00
316	66	FitForExport	354		0	200	327	186	2025-03-30 07:54:53.887948+00
317	66	FitForExport	355		0	100	327	186	2025-03-30 07:54:58.860742+00
318	66	FitForExport	356		0	270	327	186	2025-03-30 07:55:02.853804+00
319	66	FitForExport	357		0	280	327	186	2025-03-30 07:55:08.127795+00
320	66	FitForExport	358		0	300	327	186	2025-03-30 07:55:12.859978+00
321	66	FitForExport	359		0	140	327	186	2025-03-30 07:55:17.126435+00
322	66	FitForExport	360		0	560	327	186	2025-03-30 07:55:20.911251+00
323	65	FitForExport	350		0	388	327	186	2025-03-30 07:58:15.840635+00
324	65	FitForExport	351		0	448	327	186	2025-03-30 07:58:24.127431+00
325	65	FitForExport	352		0	1024	327	186	2025-03-30 07:58:29.820421+00
326	65	FitForExport	353		0	188	327	186	2025-03-30 07:58:36.126649+00
327	64	FitForExport	343		0	500	327	186	2025-03-30 08:01:11.251747+00
328	64	FitForExport	344		0	1120	327	186	2025-03-30 08:01:16.927399+00
329	64	FitForExport	345		0	200	327	186	2025-03-30 08:01:23.04658+00
330	64	FitForExport	346		0	280	327	186	2025-03-30 08:01:29.377167+00
331	64	FitForExport	347		0	300	327	186	2025-03-30 08:01:34.137937+00
332	64	FitForExport	348		0	200	327	186	2025-03-30 08:01:39.330116+00
333	64	FitForExport	349		0	700	327	186	2025-03-30 08:01:45.090066+00
334	70	FitForExport	367		0	300	319	129	2025-03-30 10:26:33.09105+00
335	70	FitForExport	368		0	360	319	129	2025-03-30 10:26:41.192951+00
336	70	FitForExport	369		0	400	319	129	2025-03-30 10:26:49.31082+00
337	70	FitForExport	370		0	1000	319	129	2025-03-30 10:26:58.110031+00
338	70	FitForExport	371		0	400	319	129	2025-03-30 10:27:06.650012+00
339	70	FitForExport	372		0	250	319	129	2025-03-30 10:27:16.658401+00
340	70	FitForExport	373		0	480	319	129	2025-03-30 10:27:38.438023+00
341	72	FitForExport	378		0	1200	320	241	2025-03-30 12:05:19.397288+00
342	73	FitForExport	379		0	1000	320	241	2025-03-30 12:07:18.296574+00
343	71	FitForExport	374		0	900	320	241	2025-03-30 12:09:14.751721+00
344	71	FitForExport	375		0	80	320	241	2025-03-30 12:09:27.296164+00
345	71	FitForExport	376		0	36	320	241	2025-03-30 12:09:44.575579+00
346	71	FitForExport	377		0	200	320	241	2025-03-30 12:10:02.921097+00
347	69	FitForExport	365		0	800	320	241	2025-03-30 12:11:57.510277+00
348	69	FitForExport	366		0	204	320	241	2025-03-30 12:12:14.533809+00
349	68	FitForExport	364		0	600	320	241	2025-03-30 12:14:27.301006+00
350	75	FitForExport	392		0	460	316	149	2025-03-30 14:27:14.938845+00
351	75	FitForExport	393		0	220	316	149	2025-03-30 14:27:22.088059+00
352	75	FitForExport	394		0	30	316	149	2025-03-30 14:27:29.683336+00
353	75	FitForExport	395		0	70	316	149	2025-03-30 14:27:36.234435+00
354	75	FitForExport	389		0	80	316	149	2025-03-30 14:29:28.212111+00
355	75	FitForExport	390		0	84	316	149	2025-03-30 14:29:41.231861+00
356	75	FitForExport	391		0	830	316	149	2025-03-30 14:29:49.851237+00
357	76	FitForExport	396		0	285	325	227	2025-03-30 14:44:13.998222+00
358	67	FitForExport	361		0	208	316	222	2025-03-30 17:16:26.237533+00
359	67	FitForExport	362		0	150	316	222	2025-03-30 17:16:35.258064+00
360	67	FitForExport	363		0	600	316	222	2025-03-30 17:16:54.577541+00
361	80	FitForExport	407		0	940	321	159	2025-03-30 17:56:10.573432+00
362	82	FitForExport	417		0	100	321	159	2025-03-30 18:13:16.698015+00
363	82	FitForExport	418		0	260	321	159	2025-03-30 18:21:25.68791+00
364	79	FitForExport	406		0	290	321	159	2025-03-30 18:37:34.574973+00
365	86	FitForExport	431		0	1102.5	319	182	2025-03-30 18:42:32.887912+00
366	86	FitForExport	432		0	1500	319	182	2025-03-30 18:42:40.827211+00
367	86	FitForExport	433		0	1440	319	182	2025-03-30 18:42:48.610059+00
368	86	FitForExport	434		0	1372.5	319	182	2025-03-30 18:42:55.368965+00
369	86	FitForExport	435		0	375	319	182	2025-03-30 18:43:02.889073+00
370	86	FitForExport	436		0	225	319	182	2025-03-30 18:43:21.990328+00
371	86	FitForExport	437		0	8.100000000000001	319	182	2025-03-30 18:43:55.377449+00
372	86	FitForExport	438		0	409.99999999999994	319	182	2025-03-30 18:44:56.407428+00
373	86	FitForExport	439		0	247.5	319	182	2025-03-30 18:45:03.37155+00
374	86	FitForExport	440		0	65	319	182	2025-03-30 18:45:18.894897+00
375	86	FitForExport	441		0	149.60000000000002	319	182	2025-03-30 18:45:27.023503+00
376	86	FitForExport	442		0	17.6	319	182	2025-03-30 18:45:34.40336+00
377	86	FitForExport	443		0	318.6	319	182	2025-03-30 18:45:41.667997+00
378	86	FitForExport	444		0	122.5	319	182	2025-03-30 18:45:48.564315+00
379	86	FitForExport	445		0	203	319	182	2025-03-30 18:45:55.369571+00
380	86	FitForExport	446		0	63	319	182	2025-03-30 18:46:03.580152+00
381	86	FitForExport	447		0	70	319	182	2025-03-30 18:46:10.542356+00
382	86	FitForExport	448		0	250	319	182	2025-03-30 18:46:17.609849+00
383	86	FitForExport	449		0	195	319	182	2025-03-30 18:46:24.81704+00
384	86	FitForExport	450		0	275	319	182	2025-03-30 18:46:31.739349+00
385	86	FitForExport	451		0	175	319	182	2025-03-30 18:46:41.983557+00
386	86	FitForExport	452		0	325	319	182	2025-03-30 18:46:50.784289+00
387	86	FitForExport	453		0	85	319	182	2025-03-30 18:46:58.53984+00
388	83	FitForExport	419		0	240	323	181	2025-03-30 18:52:16.946843+00
389	83	FitForExport	420		0	560	323	181	2025-03-30 18:52:34.263552+00
390	83	FitForExport	421		0	30	323	181	2025-03-30 18:52:45.869368+00
391	83	FitForExport	422		0	2080	323	181	2025-03-30 18:53:02.11777+00
392	83	FitForExport	423		0	360	323	181	2025-03-30 18:53:16.267595+00
393	83	FitForExport	424		0	410	323	181	2025-03-30 18:53:29.001195+00
394	83	FitForExport	425		0	48	323	181	2025-03-30 18:53:38.039567+00
395	83	FitForExport	426		0	1000	323	181	2025-03-30 18:53:49.362153+00
396	83	FitForExport	427		0	80	323	181	2025-03-30 18:53:57.677113+00
397	85	FitForExport	430		0	2597	321	159	2025-03-30 18:55:40.259746+00
398	85	FitForExport	429		0	510	321	159	2025-03-30 18:58:41.514553+00
399	88	FitForExport	477		0	189	317	237	2025-03-30 19:03:39.689281+00
400	88	FitForExport	476		0	920	317	237	2025-03-30 19:03:45.43897+00
401	88	FitForExport	475		0	292.5	317	237	2025-03-30 19:03:49.848413+00
402	88	FitForExport	474		0	160	317	237	2025-03-30 19:03:54.808092+00
403	78	FitForExport	401		0	200	323	146	2025-03-30 19:03:56.371419+00
404	88	FitForExport	473		0	100	317	237	2025-03-30 19:03:59.299831+00
405	78	FitForExport	402		0	150	323	146	2025-03-30 19:04:06.496225+00
406	88	FitForExport	471		0	862.5	317	237	2025-03-30 19:04:07.30943+00
407	88	FitForExport	470		0	200	317	237	2025-03-30 19:04:13.215316+00
408	88	FitForExport	469		0	736	317	237	2025-03-30 19:04:22.896512+00
409	78	FitForExport	403		0	355	323	146	2025-03-30 19:04:23.24151+00
410	88	FitForExport	468		0	50	317	237	2025-03-30 19:04:27.484004+00
411	78	FitForExport	404		0	55	323	146	2025-03-30 19:04:32.958638+00
412	88	FitForExport	467		0	75	317	237	2025-03-30 19:04:34.33065+00
413	88	FitForExport	466		0	144	317	237	2025-03-30 19:04:40.012146+00
414	78	FitForExport	405		0	80	323	146	2025-03-30 19:04:44.373184+00
415	88	FitForExport	472		0	50	317	237	2025-03-30 19:04:56.812389+00
416	90	FitForExport	488		0	640	319	188	2025-03-30 19:15:37.63427+00
417	90	FitForExport	489		0	200	319	188	2025-03-30 19:15:41.870085+00
418	90	FitForExport	490		0	10	319	188	2025-03-30 19:15:45.414419+00
419	90	FitForExport	491		0	100	319	188	2025-03-30 19:15:48.473899+00
420	90	FitForExport	492		0	350	319	188	2025-03-30 19:15:53.202617+00
421	90	FitForExport	493		0	160	319	188	2025-03-30 19:15:57.352344+00
422	90	FitForExport	494		0	185	319	188	2025-03-30 19:16:03.231486+00
423	90	FitForExport	495		0	960	319	188	2025-03-30 19:16:06.466656+00
424	90	FitForExport	496		0	400	319	188	2025-03-30 19:16:09.876512+00
425	81	FitForExport	408		0	2300	323	146	2025-03-30 20:57:50.148652+00
426	81	FitForExport	409		0	160	323	146	2025-03-30 20:58:06.600711+00
427	81	FitForExport	410		0	90	323	146	2025-03-30 20:58:24.143542+00
428	81	FitForExport	411		0	80	323	146	2025-03-30 20:58:33.229291+00
429	81	FitForExport	412		0	110	323	146	2025-03-30 20:58:43.014365+00
430	81	FitForExport	413		0	610	323	146	2025-03-30 20:58:55.262319+00
431	81	FitForExport	414		0	24	323	146	2025-03-30 20:59:04.297536+00
432	81	FitForExport	415		0	160	323	146	2025-03-30 20:59:21.073228+00
433	81	FitForExport	416		0	80	323	146	2025-03-30 20:59:31.952028+00
434	92	FitForExport	504		0	350	326	214	2025-03-30 21:33:55.740305+00
435	87	FitForExport	454		0	220	326	174	2025-03-30 21:46:05.714242+00
436	87	FitForExport	455		0	2400	326	174	2025-03-30 21:46:19.128611+00
437	87	FitForExport	456		0	550	326	174	2025-03-30 21:46:29.759474+00
438	87	FitForExport	457		0	560	326	174	2025-03-30 21:46:41.090109+00
439	87	FitForExport	458		0	165	326	174	2025-03-30 21:46:51.329743+00
440	87	FitForExport	459		0	700	326	174	2025-03-30 21:47:06.432687+00
441	87	FitForExport	460		0	700	326	174	2025-03-30 21:47:16.46981+00
442	87	FitForExport	461		0	456.5	326	174	2025-03-30 21:47:29.784808+00
443	87	FitForExport	462		0	2100	326	174	2025-03-30 21:47:41.80486+00
444	87	FitForExport	463		0	456.5	326	174	2025-03-30 21:47:54.56903+00
445	87	FitForExport	464		0	462	326	174	2025-03-30 21:48:04.592291+00
446	87	FitForExport	465		0	1400	326	174	2025-03-30 21:48:20.320044+00
447	84	FitForExport	428		0	810	318	197	2025-03-30 21:49:13.29998+00
448	94	FitForExport	520		0	800	326	214	2025-03-30 21:55:52.918987+00
449	94	FitForExport	519		0	1200	326	214	2025-03-30 21:57:24.3241+00
450	94	FitForExport	518		0	220	326	214	2025-03-30 21:58:11.125195+00
451	94	FitForExport	513		0	220	326	214	2025-03-30 21:59:15.844281+00
452	94	FitForExport	514		0	560	326	214	2025-03-30 22:00:51.004369+00
453	94	FitForExport	515		0	440	326	214	2025-03-30 22:03:30.68481+00
454	94	FitForExport	516		0	165	326	214	2025-03-30 22:05:34.107483+00
455	94	FitForExport	517		0	240	326	214	2025-03-30 22:06:56.50447+00
456	93	FitForExport	511		0	275	326	214	2025-03-30 22:15:46.23495+00
457	93	FitForExport	512		0	275	326	214	2025-03-30 22:17:32.909279+00
458	93	FitForExport	510		0	550	326	214	2025-03-30 22:19:10.508442+00
459	93	FitForExport	507		0	400	326	214	2025-03-30 22:20:47.624668+00
460	91	FitForExport	497		0	592	318	197	2025-03-30 22:21:34.768302+00
461	91	FitForExport	498		0	225	318	197	2025-03-30 22:21:44.031081+00
462	91	FitForExport	499		0	1560	318	197	2025-03-30 22:21:53.616156+00
463	91	FitForExport	500		0	120	318	197	2025-03-30 22:22:02.383892+00
464	91	FitForExport	501		0	1080	318	197	2025-03-30 22:22:11.60904+00
465	91	FitForExport	502		0	800	318	197	2025-03-30 22:22:21.619717+00
466	93	FitForExport	508		0	800	326	214	2025-03-30 22:22:30.073734+00
467	91	FitForExport	503		0	40	318	197	2025-03-30 22:22:31.695288+00
468	93	FitForExport	505		0	500	326	214	2025-03-30 22:23:18.333805+00
469	93	FitForExport	506		0	500	326	214	2025-03-30 22:23:53.202285+00
470	93	FitForExport	509		0	400	326	214	2025-03-30 22:27:26.119309+00
471	89	FitForExport	481		0	1280	326	174	2025-03-30 23:18:41.055439+00
472	89	FitForExport	482		0	800	326	174	2025-03-30 23:19:54.354892+00
473	89	FitForExport	480		0	500	326	174	2025-03-30 23:21:28.808377+00
474	89	FitForExport	486		0	150	326	174	2025-03-30 23:23:36.070557+00
475	89	FitForExport	478		0	240	326	174	2025-03-30 23:25:21.759995+00
476	89	FitForExport	487		0	250	326	174	2025-03-30 23:26:46.104924+00
477	89	FitForExport	485		0	250	326	174	2025-03-30 23:26:58.918816+00
478	89	FitForExport	484		0	250	326	174	2025-03-30 23:27:09.908731+00
479	89	FitForExport	483		0	560	326	174	2025-03-30 23:28:09.933645+00
480	89	FitForExport	479		0	400	326	174	2025-03-30 23:31:10.599097+00
481	96	FitForExport	522		0	50	324	229	2025-03-31 01:25:17.483742+00
482	97	FitForExport	523		0	200	324	229	2025-03-31 01:41:17.519747+00
483	74	FitForExport	380		0	40	327	238	2025-03-31 05:33:59.266792+00
484	74	FitForExport	381		0	200	327	238	2025-03-31 05:34:10.492718+00
485	74	FitForExport	382		0	350	327	238	2025-03-31 05:34:19.693968+00
486	74	FitForExport	383		0	160	327	238	2025-03-31 05:34:27.250559+00
487	74	FitForExport	384		0	650	327	238	2025-03-31 05:34:31.79023+00
488	74	FitForExport	385		0	300	327	238	2025-03-31 05:34:36.449955+00
489	74	FitForExport	386		0	10	327	238	2025-03-31 05:34:42.151117+00
490	74	FitForExport	387		0	10	327	238	2025-03-31 05:34:46.428812+00
491	74	FitForExport	388		0	40	327	238	2025-03-31 05:34:55.067899+00
492	77	FitForExport	397		0	950	322	147	2025-03-31 05:36:19.231049+00
493	77	FitForExport	398		0	950	322	147	2025-03-31 05:36:27.253659+00
494	77	FitForExport	399		0	475	322	147	2025-03-31 05:36:35.45383+00
495	77	FitForExport	400		0	600	322	147	2025-03-31 05:36:43.956619+00
496	98	FitForExport	524		0	180	327	238	2025-03-31 05:44:49.086242+00
497	101	FitForExport	556		0	1050	318	236	2025-03-31 09:29:04.990574+00
498	101	FitForExport	557		0	1000	318	236	2025-03-31 09:29:15.443704+00
499	99	FitForExport	532		0	50	317	183	2025-03-31 09:49:35.42727+00
500	99	FitForExport	531		0	54	317	183	2025-03-31 09:49:40.295955+00
501	99	FitForExport	530		0	126	317	183	2025-03-31 09:49:44.165426+00
502	99	FitForExport	529		0	88	317	183	2025-03-31 09:49:47.736286+00
503	99	FitForExport	528		0	105	317	183	2025-03-31 09:49:54.265262+00
504	99	FitForExport	527		0	160	317	183	2025-03-31 09:49:59.005813+00
505	99	FitForExport	526		0	250	317	183	2025-03-31 09:50:03.439956+00
506	99	FitForExport	525		0	400	317	183	2025-03-31 09:50:06.86527+00
507	103	FitForExport	570		0	815	319	182	2025-03-31 10:46:53.952761+00
508	103	FitForExport	571		0	1566.1999999999998	319	182	2025-03-31 10:47:01.315571+00
509	103	FitForExport	572		0	3648.9999999999995	319	182	2025-03-31 10:47:08.026029+00
510	103	FitForExport	573		0	2460	319	182	2025-03-31 10:47:15.181818+00
511	103	FitForExport	574		0	600	319	182	2025-03-31 10:47:22.114976+00
512	103	FitForExport	575		0	51	319	182	2025-03-31 10:47:32.685122+00
513	103	FitForExport	576		0	60	319	182	2025-03-31 10:47:40.490106+00
514	103	FitForExport	577		0	160	319	182	2025-03-31 10:47:49.932433+00
515	103	FitForExport	578		0	2182.5	319	182	2025-03-31 10:47:56.982275+00
516	103	FitForExport	579		0	937.5	319	182	2025-03-31 10:48:05.964446+00
517	103	FitForExport	580		0	375	319	182	2025-03-31 10:48:13.394651+00
518	100	FitForExport	555		0	220	317	232	2025-03-31 11:43:12.690523+00
519	100	FitForExport	554		0	180	317	232	2025-03-31 11:43:18.873236+00
520	100	FitForExport	553		0	4	317	232	2025-03-31 11:43:26.26709+00
521	100	FitForExport	552		0	5	317	232	2025-03-31 11:43:30.376231+00
522	100	FitForExport	551		0	30	317	232	2025-03-31 11:43:36.585456+00
523	100	FitForExport	550		0	220	317	232	2025-03-31 11:43:49.019186+00
524	100	FitForExport	549		0	240	317	232	2025-03-31 11:44:06.504553+00
525	100	FitForExport	548		0	1025	317	232	2025-03-31 11:44:12.109101+00
526	100	FitForExport	547		0	500	317	232	2025-03-31 11:44:16.08916+00
527	100	FitForExport	546		0	100	317	232	2025-03-31 11:44:20.425309+00
528	100	FitForExport	545		0	2	317	232	2025-03-31 11:44:27.100385+00
529	100	FitForExport	544		0	2100	317	232	2025-03-31 11:44:37.259388+00
530	100	FitForExport	543		0	195	317	232	2025-03-31 11:44:44.90379+00
531	100	FitForExport	542		0	15	317	232	2025-03-31 11:44:56.0394+00
532	100	FitForExport	541		0	135	317	232	2025-03-31 11:45:04.199849+00
533	100	FitForExport	540		0	40	317	232	2025-03-31 11:45:57.79478+00
534	100	FitForExport	539		0	90	317	232	2025-03-31 11:46:02.054351+00
535	100	FitForExport	538		0	140	317	232	2025-03-31 11:46:09.654923+00
536	100	FitForExport	537		0	300	317	232	2025-03-31 11:46:16.46617+00
537	100	FitForExport	536		0	1092	317	232	2025-03-31 11:46:20.114349+00
538	100	FitForExport	535		0	100	317	232	2025-03-31 11:46:24.149579+00
539	100	FitForExport	534		0	198	317	232	2025-03-31 11:46:27.724+00
540	100	FitForExport	533		0	460	317	232	2025-03-31 11:46:31.788767+00
541	102	FitForExport	569		0	3300	317	232	2025-03-31 12:00:47.651398+00
542	102	FitForExport	568		0	1560	317	232	2025-03-31 12:01:05.198692+00
543	102	FitForExport	567		0	500	317	232	2025-03-31 12:01:09.239088+00
544	102	FitForExport	566		0	3400	317	232	2025-03-31 12:01:14.073325+00
545	102	FitForExport	565		0	280	317	232	2025-03-31 12:01:18.843009+00
546	102	FitForExport	564		0	400	317	232	2025-03-31 12:01:23.481784+00
547	102	FitForExport	563		0	600	317	232	2025-03-31 12:01:28.749896+00
548	102	FitForExport	562		0	1500	317	232	2025-03-31 12:01:33.666459+00
549	102	FitForExport	561		0	850	317	232	2025-03-31 12:01:37.503272+00
550	102	FitForExport	560		0	300	317	232	2025-03-31 12:01:41.399331+00
551	102	FitForExport	559		0	700	317	232	2025-03-31 12:01:47.205192+00
552	102	FitForExport	558		0	850	317	232	2025-03-31 12:01:50.600499+00
553	104	FitForExport	581		0	240	316	127	2025-03-31 13:38:15.849314+00
554	104	FitForExport	582		0	1160	316	127	2025-03-31 13:39:02.045357+00
555	104	FitForExport	583		0	2064	316	127	2025-03-31 13:40:40.740622+00
556	104	FitForExport	584		0	120	316	127	2025-03-31 13:40:57.687152+00
557	104	FitForExport	585		0	630	316	127	2025-03-31 13:41:32.747734+00
558	104	FitForExport	586		0	300	316	127	2025-03-31 13:44:02.368204+00
559	104	FitForExport	587		0	340	316	127	2025-03-31 13:44:27.756271+00
560	104	FitForExport	592		0	84	316	127	2025-03-31 13:45:47.497331+00
561	104	FitForExport	591		0	400	316	127	2025-03-31 13:46:20.398958+00
562	104	FitForExport	590		0	60	316	127	2025-03-31 13:47:28.737328+00
563	104	FitForExport	589		0	35	316	127	2025-03-31 13:48:00.652598+00
564	104	FitForExport	588		0	180	316	127	2025-03-31 13:48:37.114288+00
565	106	FitForExport	598		0	400	322	221	2025-03-31 13:50:09.62724+00
566	106	FitForExport	599		0	1200	322	221	2025-03-31 13:50:29.205312+00
567	105	FitForExport	593		0	450	322	221	2025-03-31 13:53:18.419206+00
568	105	FitForExport	594		0	630	322	221	2025-03-31 13:53:23.68152+00
569	105	FitForExport	595		0	100	322	221	2025-03-31 13:53:33.313047+00
570	105	FitForExport	596		0	250	322	221	2025-03-31 13:53:45.364317+00
571	105	FitForExport	597		0	100	322	221	2025-03-31 13:53:52.814444+00
572	107	FitForExport	600		0	40	319	188	2025-03-31 14:07:52.986917+00
573	107	FitForExport	601		0	665	319	188	2025-03-31 14:07:56.82296+00
574	107	FitForExport	602		0	150	319	188	2025-03-31 14:08:01.186278+00
575	107	FitForExport	603		0	20	319	188	2025-03-31 14:08:04.806743+00
576	107	FitForExport	604		0	15	319	188	2025-03-31 14:08:08.86706+00
577	107	FitForExport	605		0	40	319	188	2025-03-31 14:08:12.371582+00
578	107	FitForExport	606		0	40	319	188	2025-03-31 14:08:17.067021+00
579	107	FitForExport	607		0	60	319	188	2025-03-31 14:08:20.355481+00
580	108	FitForExport	608		0	15	325	227	2025-03-31 14:22:41.131848+00
581	108	FitForExport	609		0	215	325	227	2025-03-31 14:22:55.376005+00
582	108	FitForExport	610		0	30	325	227	2025-03-31 14:23:06.996243+00
583	111	FitForExport	623		0	820	324	229	2025-03-31 17:06:48.588311+00
584	111	FitForExport	624		0	200	324	229	2025-03-31 17:06:55.911013+00
585	61	FitForExport	334		0	925	320	133	2025-03-31 18:09:09.906561+00
586	48	FitForExport	263		0	2000	322	190	2025-03-31 18:33:09.79671+00
587	48	FitForExport	260		0	600	322	190	2025-03-31 18:34:27.556383+00
588	48	FitForExport	259		0	1000	322	190	2025-03-31 18:37:34.624541+00
589	48	FitForExport	255		0	500	322	190	2025-03-31 18:38:58.659508+00
590	48	FitForExport	261		0	100	322	190	2025-03-31 18:40:11.348257+00
591	48	FitForExport	262		0	30	322	190	2025-03-31 18:42:24.181171+00
592	48	FitForExport	258		0	50	322	190	2025-03-31 18:46:50.967504+00
593	48	FitForExport	257		0	24	322	190	2025-03-31 18:48:21.769978+00
594	48	FitForExport	254		0	120	322	190	2025-03-31 18:49:49.377286+00
595	48	FitForExport	264		0	100	322	190	2025-03-31 18:52:19.680022+00
596	48	FitForExport	256		0	36	322	190	2025-03-31 19:05:14.488133+00
597	112	FitForExport	625		0	120	318	141	2025-03-31 19:08:31.278931+00
598	112	FitForExport	626		0	180	318	141	2025-03-31 19:08:37.189523+00
599	112	FitForExport	627		0	250	318	141	2025-03-31 19:08:42.817235+00
600	112	FitForExport	628		0	69	318	141	2025-03-31 19:08:49.447415+00
601	112	FitForExport	629		0	140	318	141	2025-03-31 19:08:57.039972+00
602	112	FitForExport	630		0	100	318	141	2025-03-31 19:09:04.992645+00
603	112	FitForExport	631		0	49.800000000000004	318	141	2025-03-31 19:09:12.352146+00
604	112	FitForExport	632		0	70	318	141	2025-03-31 19:09:18.595191+00
605	112	FitForExport	633		0	63	318	141	2025-03-31 19:09:25.471148+00
606	112	FitForExport	634		0	5	318	141	2025-03-31 19:09:34.875081+00
607	113	FitForExport	635		0	100	318	128	2025-03-31 20:37:35.424181+00
608	113	FitForExport	636		0	49	318	128	2025-03-31 20:37:49.327015+00
609	113	FitForExport	637		0	60	318	128	2025-03-31 20:38:00.525998+00
610	113	FitForExport	638		0	30	318	128	2025-03-31 20:38:08.52615+00
611	113	FitForExport	639		0	60	318	128	2025-03-31 20:38:15.326164+00
612	113	FitForExport	640		0	182	318	128	2025-03-31 20:38:21.3643+00
613	113	FitForExport	641		0	105	318	128	2025-03-31 20:38:30.206421+00
614	113	FitForExport	642		0	64	318	128	2025-03-31 20:38:37.526009+00
615	113	FitForExport	643		0	90	318	128	2025-03-31 20:38:43.404334+00
616	113	FitForExport	644		0	20	318	128	2025-03-31 20:38:50.606167+00
617	113	FitForExport	645		0	100	318	128	2025-03-31 20:39:00.06511+00
618	113	FitForExport	646		0	100	318	128	2025-03-31 20:39:08.40354+00
619	113	FitForExport	647		0	70	318	128	2025-03-31 20:39:15.385511+00
620	113	FitForExport	648		0	30	318	128	2025-03-31 20:39:21.481164+00
621	113	FitForExport	649		0	80	318	128	2025-03-31 20:39:28.145564+00
622	113	FitForExport	650		0	60	318	128	2025-03-31 20:39:35.325591+00
623	115	FitForExport	652		0	20	316	254	2025-04-01 06:16:05.692084+00
624	115	FitForExport	653		0	16	316	254	2025-04-01 06:16:15.604669+00
625	115	FitForExport	654		0	18	316	254	2025-04-01 06:16:24.249283+00
626	109	FitForExport	611		0	475	322	147	2025-04-01 06:17:26.853779+00
627	109	FitForExport	612		0	950	322	147	2025-04-01 06:17:32.274155+00
628	109	FitForExport	613		0	950	322	147	2025-04-01 06:17:36.910079+00
629	109	FitForExport	614		0	950	322	147	2025-04-01 06:17:42.103655+00
630	109	FitForExport	615		0	420	322	147	2025-04-01 06:17:46.658745+00
631	109	FitForExport	616		0	600	322	147	2025-04-01 06:17:52.243977+00
632	116	FitForExport	655		0	640	316	254	2025-04-01 06:22:03.620927+00
633	110	FitForExport	617		0	825	322	147	2025-04-01 06:22:11.278284+00
634	110	FitForExport	618		0	900	322	147	2025-04-01 06:22:17.054336+00
635	110	FitForExport	619		0	450	322	147	2025-04-01 06:22:22.266475+00
636	110	FitForExport	620		0	225	322	147	2025-04-01 06:22:27.485903+00
637	110	FitForExport	621		0	200	322	147	2025-04-01 06:22:32.918113+00
638	110	FitForExport	622		0	250	322	147	2025-04-01 06:22:38.233669+00
639	117	FitForExport	656		0	120	324	264	2025-04-01 06:44:46.631169+00
640	117	FitForExport	657		0	70	324	264	2025-04-01 06:45:06.489655+00
641	117	FitForExport	658		0	5	324	264	2025-04-01 06:45:20.603169+00
642	117	FitForExport	659		0	200	324	264	2025-04-01 06:45:42.979066+00
643	117	FitForExport	660		0	50	324	264	2025-04-01 06:46:02.819932+00
644	117	FitForExport	661		0	300	324	264	2025-04-01 06:46:22.316528+00
645	117	FitForExport	662		0	200	324	264	2025-04-01 06:46:38.154161+00
646	117	FitForExport	663		0	100	324	264	2025-04-01 06:47:16.924213+00
\.


--
-- Data for Name: qcp5; Type: TABLE DATA; Schema: public; Owner: -
--

COPY public.qcp5 (id, packinglist_id, user_id, status, exportcompany_id, created_at) FROM stdin;
1	2	1038	Pending	182	2025-03-27 10:24:29.730547+00
2	5	1078	Pending	217	2025-03-27 10:53:13.289589+00
3	7	1080	Pending	220	2025-03-27 13:41:05.785657+00
4	8	1031	Pending	254	2025-03-27 14:37:57.304064+00
5	10	1070	Pending	241	2025-03-27 16:27:38.074601+00
6	11	1033	Pending	221	2025-03-27 16:39:23.864703+00
7	9	1033	Pending	221	2025-03-27 16:46:07.465144+00
8	14	1031	Pending	214	2025-03-27 17:36:23.274586+00
9	13	1031	Pending	214	2025-03-27 18:29:18.948963+00
10	12	1082	Pending	236	2025-03-27 18:57:11.629529+00
11	4	1038	Pending	182	2025-03-27 19:17:23.574386+00
12	19	1002	Pending	185	2025-03-27 19:25:03.908652+00
13	6	1054	Pending	208	2025-03-27 19:38:16.395066+00
14	20	1082	Pending	224	2025-03-27 19:44:06.811236+00
15	21	1023	Pending	159	2025-03-27 20:59:30.472893+00
16	23	1031	Pending	254	2025-03-28 05:58:12.0372+00
17	24	1031	Pending	254	2025-03-28 06:04:43.886201+00
18	25	1031	Pending	254	2025-03-28 06:08:13.607463+00
19	22	1012	Pending	147	2025-03-28 06:43:20.900284+00
20	26	1081	Pending	218	2025-03-28 07:42:24.113974+00
21	27	1081	Pending	218	2025-03-28 08:03:58.072598+00
22	30	1029	Pending	192	2025-03-28 13:49:35.522479+00
23	28	1081	Pending	218	2025-03-28 14:12:06.747601+00
24	29	1081	Pending	218	2025-03-28 14:23:41.850759+00
25	32	1081	Pending	218	2025-03-28 15:07:49.342541+00
26	42	1081	Pending	129	2025-03-28 16:52:51.797526+00
27	44	1034	Pending	186	2025-03-28 17:12:33.186768+00
28	38	1081	Pending	210	2025-03-28 17:27:34.079172+00
29	40	1034	Pending	186	2025-03-28 17:40:00.335479+00
30	45	1055	Pending	252	2025-03-28 17:50:29.855888+00
31	46	1044	Pending	262	2025-03-28 17:51:43.269631+00
32	43	1011	Pending	146	2025-03-28 17:57:09.456359+00
33	36	1054	Pending	208	2025-03-28 18:25:30.93477+00
34	48	1037	Pending	228	2025-03-28 19:54:09.528762+00
35	34	1080	Pending	220	2025-03-29 00:23:08.405282+00
36	49	1070	Pending	241	2025-03-29 00:30:12.327849+00
37	41	1044	Pending	246	2025-03-29 03:46:04.980894+00
38	31	1012	Pending	147	2025-03-29 06:11:16.203917+00
39	33	1012	Pending	147	2025-03-29 06:14:36.326102+00
40	50	1012	Pending	147	2025-03-29 06:16:52.135678+00
41	51	1059	Pending	227	2025-03-29 07:52:21.551345+00
42	35	1029	Pending	192	2025-03-29 09:00:14.129371+00
43	39	1092	Pending	223	2025-03-29 11:49:52.057385+00
44	55	1070	Pending	241	2025-03-29 13:07:38.882966+00
45	53	1070	Pending	241	2025-03-29 13:10:06.745688+00
46	59	1061	Pending	235	2025-03-29 14:45:00.761658+00
47	54	1061	Pending	235	2025-03-29 14:53:42.656482+00
48	56	1082	Pending	136	2025-03-29 17:40:15.398748+00
49	63	1002	Pending	185	2025-03-29 18:45:25.82435+00
50	61	1000	Pending	131	2025-03-29 19:38:32.069007+00
51	65	1103	Pending	201	2025-03-30 01:25:01.266138+00
52	16	1031	Pending	214	2025-03-30 02:14:20.072727+00
53	58	1054	Pending	208	2025-03-30 02:55:35.81863+00
54	66	1070	Pending	241	2025-03-30 03:00:43.55292+00
55	57	1054	Pending	208	2025-03-30 03:12:13.406433+00
56	60	1044	Pending	261	2025-03-30 05:48:14.09558+00
57	69	1034	Pending	186	2025-03-30 07:57:12.459955+00
58	68	1034	Pending	186	2025-03-30 08:00:10.678404+00
59	67	1034	Pending	186	2025-03-30 08:03:12.820996+00
60	72	1081	Pending	129	2025-03-30 10:33:13.530537+00
61	76	1070	Pending	241	2025-03-30 12:06:43.567259+00
62	77	1070	Pending	241	2025-03-30 12:08:40.298114+00
63	75	1070	Pending	241	2025-03-30 12:11:32.476099+00
64	74	1070	Pending	241	2025-03-30 12:13:54.36525+00
65	71	1070	Pending	241	2025-03-30 12:16:02.201543+00
66	82	995	Pending	149	2025-03-30 14:41:07.252081+00
67	83	1031	Pending	227	2025-03-30 14:58:05.474638+00
68	70	1081	Pending	222	2025-03-30 17:27:43.228419+00
69	88	1023	Pending	159	2025-03-30 17:59:49.175342+00
70	91	1023	Pending	159	2025-03-30 18:24:19.725003+00
71	87	1023	Pending	159	2025-03-30 18:40:46.243275+00
72	93	1011	Pending	181	2025-03-30 18:56:40.569008+00
73	94	1023	Pending	159	2025-03-30 19:01:19.982826+00
74	80	1038	Pending	182	2025-03-30 19:01:24.056007+00
75	85	1088	Pending	237	2025-03-30 19:11:42.338579+00
76	79	1021	Pending	188	2025-03-30 19:18:38.61005+00
77	86	1011	Pending	146	2025-03-30 20:31:24.040866+00
78	89	1011	Pending	146	2025-03-30 21:02:29.216353+00
79	100	1031	Pending	214	2025-03-30 21:38:17.358136+00
80	98	1031	Pending	214	2025-03-30 22:12:03.103004+00
81	92	1048	Pending	197	2025-03-30 22:15:24.02195+00
82	90	1048	Pending	197	2025-03-30 22:25:26.233943+00
83	96	1031	Pending	174	2025-03-30 22:59:10.227451+00
84	99	1031	Pending	214	2025-03-30 23:10:05.375192+00
85	95	1031	Pending	174	2025-03-30 23:33:18.74367+00
86	101	1061	Pending	229	2025-03-31 01:31:05.460333+00
87	102	1061	Pending	229	2025-03-31 01:45:03.351524+00
88	78	1068	Pending	238	2025-03-31 05:39:32.832364+00
89	84	1012	Pending	147	2025-03-31 05:44:23.363616+00
90	103	1068	Pending	238	2025-03-31 05:46:53.055444+00
91	106	1082	Pending	236	2025-03-31 09:32:27.065356+00
92	105	1078	Pending	183	2025-03-31 10:01:43.68969+00
93	104	1038	Pending	182	2025-03-31 11:13:20.186763+00
94	73	1063	Pending	232	2025-03-31 11:54:45.491114+00
95	81	1063	Pending	232	2025-03-31 12:05:10.578471+00
96	111	1033	Pending	221	2025-03-31 13:52:16.196503+00
97	110	1033	Pending	221	2025-03-31 13:56:09.638859+00
98	109	1033	Pending	127	2025-03-31 14:13:49.573275+00
99	107	1021	Pending	188	2025-03-31 14:15:18.169757+00
100	112	1031	Pending	227	2025-03-31 14:34:26.197088+00
101	115	1061	Pending	229	2025-03-31 17:10:03.148653+00
102	64	1090	Pending	133	2025-03-31 18:10:58.062435+00
103	118	1010	Pending	141	2025-03-31 19:11:36.754722+00
104	52	1100	Pending	190	2025-03-31 19:12:45.430132+00
105	108	1106	Pending	128	2025-03-31 20:46:40.650503+00
106	113	1012	Pending	147	2025-04-01 06:20:59.016256+00
107	116	1031	Pending	254	2025-04-01 06:21:12.562606+00
108	117	1031	Pending	254	2025-04-01 06:23:47.689281+00
109	114	1012	Pending	147	2025-04-01 06:26:13.377434+00
110	120	1082	Pending	264	2025-04-01 06:53:44.045057+00
\.


--
-- Data for Name: qcp5_attributes; Type: TABLE DATA; Schema: public; Owner: -
--

COPY public.qcp5_attributes (id, qcp5_id, qcp5_product_id, qualityattributes_id, user_id, exportcompany_id, created_at) FROM stdin;
1	1	2	1	21	182	2025-03-27 12:25:10.884466+00
2	1	1	1	21	182	2025-03-27 12:25:17.400009+00
3	1	3	1	21	182	2025-03-27 12:25:21.359148+00
4	1	4	1	21	182	2025-03-27 12:25:26.100428+00
5	1	5	1	21	182	2025-03-27 12:25:30.759083+00
6	1	6	1	21	182	2025-03-27 12:25:35.126786+00
7	1	7	1	21	182	2025-03-27 12:25:39.259034+00
8	11	50	1	23	182	2025-03-27 22:12:48.803205+00
9	11	51	1	23	182	2025-03-27 22:13:12.876816+00
10	11	52	1	23	182	2025-03-27 22:13:38.572346+00
11	11	53	1	23	182	2025-03-27 22:14:57.389855+00
12	11	54	1	23	182	2025-03-27 22:15:16.534529+00
13	11	55	1	23	182	2025-03-27 22:15:43.570357+00
14	11	56	1	23	182	2025-03-27 22:16:05.434539+00
15	11	57	1	23	182	2025-03-27 22:16:40.987172+00
16	11	58	1	23	182	2025-03-27 22:17:09.598011+00
17	11	59	1	23	182	2025-03-27 22:17:50.44563+00
18	11	60	1	23	182	2025-03-27 22:18:10.424719+00
19	11	61	1	23	182	2025-03-27 22:18:42.492658+00
20	11	62	1	23	182	2025-03-27 22:19:07.446581+00
21	11	63	1	23	182	2025-03-27 22:19:26.705267+00
22	11	64	1	23	182	2025-03-27 22:19:49.600037+00
23	11	65	1	23	182	2025-03-27 22:20:12.500716+00
24	11	66	1	23	182	2025-03-27 22:20:30.118653+00
25	11	67	1	23	182	2025-03-27 22:20:59.506925+00
26	11	68	1	23	182	2025-03-27 22:21:40.587004+00
27	11	69	1	23	182	2025-03-27 22:22:05.720076+00
28	11	70	1	23	182	2025-03-27 22:22:43.948114+00
29	11	71	1	23	182	2025-03-27 22:23:17.168717+00
30	11	72	1	23	182	2025-03-27 22:23:42.684483+00
31	11	73	1	23	182	2025-03-27 22:24:18.888397+00
32	11	74	1	23	182	2025-03-27 22:24:36.09111+00
33	11	75	1	23	182	2025-03-27 22:24:55.239645+00
34	11	76	1	23	182	2025-03-27 22:25:15.834562+00
35	12	77	1	23	185	2025-03-28 04:30:03.595672+00
36	12	78	1	23	185	2025-03-28 04:30:24.337172+00
37	12	79	1	23	185	2025-03-28 04:30:43.457039+00
38	12	80	1	23	185	2025-03-28 04:31:07.498514+00
39	8	32	1	23	214	2025-03-28 04:41:36.215943+00
40	8	33	1	23	214	2025-03-28 04:41:55.727221+00
41	8	34	1	23	214	2025-03-28 04:42:23.917007+00
42	8	35	1	23	214	2025-03-28 04:43:00.634422+00
43	8	36	1	23	214	2025-03-28 04:43:22.827445+00
44	8	37	1	23	214	2025-03-28 04:46:25.287006+00
45	8	38	1	23	214	2025-03-28 04:46:52.974624+00
46	8	39	1	23	214	2025-03-28 04:47:17.086491+00
47	8	40	1	23	214	2025-03-28 04:47:43.033619+00
48	9	41	1	23	214	2025-03-28 04:50:21.371291+00
49	9	42	1	23	214	2025-03-28 04:50:40.78901+00
50	9	43	1	23	214	2025-03-28 04:50:58.819919+00
51	9	44	1	23	214	2025-03-28 04:51:17.906253+00
52	9	45	1	23	214	2025-03-28 04:51:45.300669+00
53	9	46	1	23	214	2025-03-28 04:52:05.74923+00
54	9	47	1	23	214	2025-03-28 04:52:26.221608+00
55	13	81	1	23	208	2025-03-28 04:53:49.906031+00
56	13	82	1	23	208	2025-03-28 04:54:07.33661+00
57	13	83	1	23	208	2025-03-28 04:54:24.817453+00
58	13	84	1	23	208	2025-03-28 04:54:41.509723+00
59	13	85	1	23	208	2025-03-28 04:55:11.923838+00
60	13	86	1	23	208	2025-03-28 04:55:35.347728+00
61	5	22	1	23	241	2025-03-28 04:58:33.261107+00
62	5	23	1	23	241	2025-03-28 04:58:56.649247+00
63	26	139	1	21	129	2025-03-28 23:06:14.780468+00
64	26	140	1	21	129	2025-03-28 23:06:19.585021+00
65	26	141	1	21	129	2025-03-28 23:06:24.591982+00
66	26	143	1	21	129	2025-03-28 23:06:31.951547+00
67	26	142	1	21	129	2025-03-28 23:06:43.161465+00
68	32	169	1	21	146	2025-03-28 23:09:35.755225+00
69	32	170	1	21	146	2025-03-28 23:09:42.221467+00
70	32	171	1	21	146	2025-03-28 23:09:46.477494+00
71	32	172	1	21	146	2025-03-28 23:09:51.117423+00
72	32	173	1	21	146	2025-03-28 23:09:57.401053+00
73	32	174	1	21	146	2025-03-28 23:10:01.423984+00
74	32	175	1	21	146	2025-03-28 23:10:05.657952+00
75	34	185	1	21	228	2025-03-29 04:52:31.902621+00
76	34	186	1	21	228	2025-03-29 04:52:35.789061+00
77	34	187	1	21	228	2025-03-29 04:52:39.779934+00
78	34	188	1	21	228	2025-03-29 04:52:43.85007+00
79	34	189	1	21	228	2025-03-29 04:52:49.545764+00
80	30	160	1	21	252	2025-03-29 04:53:24.904629+00
81	30	161	1	21	252	2025-03-29 04:53:28.845285+00
82	30	162	1	21	252	2025-03-29 04:53:35.539507+00
83	30	163	1	21	252	2025-03-29 04:53:42.658562+00
84	30	164	1	21	252	2025-03-29 04:53:46.477838+00
85	27	144	1	21	186	2025-03-29 04:54:34.242771+00
86	27	145	1	21	186	2025-03-29 04:54:37.949287+00
87	27	146	1	21	186	2025-03-29 04:54:45.817362+00
88	27	147	1	21	186	2025-03-29 04:54:49.705813+00
89	27	148	1	21	186	2025-03-29 04:54:55.366641+00
90	27	149	1	21	186	2025-03-29 04:54:58.990473+00
91	27	150	1	21	186	2025-03-29 04:55:07.969112+00
92	29	154	1	21	186	2025-03-29 04:55:54.091804+00
93	29	153	1	21	186	2025-03-29 04:56:03.115399+00
94	29	155	1	21	186	2025-03-29 04:56:07.139621+00
95	29	156	1	21	186	2025-03-29 04:56:11.411311+00
96	29	157	1	21	186	2025-03-29 04:56:15.183744+00
97	29	158	1	21	186	2025-03-29 04:56:19.25222+00
98	29	159	1	21	186	2025-03-29 04:56:23.072896+00
99	35	193	1	21	220	2025-03-29 04:57:15.498709+00
100	35	190	1	21	220	2025-03-29 04:57:19.505255+00
101	35	191	1	21	220	2025-03-29 04:57:23.632941+00
102	35	192	1	21	220	2025-03-29 04:57:27.597377+00
103	36	194	1	21	241	2025-03-29 05:39:55.962845+00
104	36	195	1	21	241	2025-03-29 05:40:00.130926+00
105	36	196	1	21	241	2025-03-29 05:40:03.947544+00
106	36	197	1	21	241	2025-03-29 05:40:07.993145+00
107	37	198	1	21	246	2025-03-29 05:47:26.203823+00
108	37	199	1	21	246	2025-03-29 05:47:30.543225+00
109	37	200	1	21	246	2025-03-29 05:47:34.455061+00
110	37	201	1	21	246	2025-03-29 05:47:38.291467+00
111	24	130	1	21	218	2025-03-29 05:50:27.311385+00
112	23	129	1	21	218	2025-03-29 05:50:54.159048+00
113	28	151	1	21	210	2025-03-29 05:54:41.955915+00
114	28	152	1	21	210	2025-03-29 05:54:45.81956+00
115	51	256	1	21	201	2025-03-30 06:10:19.946783+00
116	51	257	1	21	201	2025-03-30 06:10:26.648829+00
117	51	258	1	21	201	2025-03-30 06:10:51.011011+00
118	51	259	1	21	201	2025-03-30 06:10:59.594099+00
119	51	260	1	21	201	2025-03-30 06:11:04.095735+00
120	51	261	1	21	201	2025-03-30 06:11:08.747406+00
121	55	282	1	21	208	2025-03-30 09:10:58.173145+00
122	55	281	1	21	208	2025-03-30 09:11:08.624191+00
123	55	283	1	21	208	2025-03-30 09:11:13.233612+00
124	55	284	1	21	208	2025-03-30 09:11:17.557203+00
125	55	285	1	21	208	2025-03-30 09:11:21.213115+00
126	55	286	1	21	208	2025-03-30 09:11:25.118077+00
127	55	287	1	21	208	2025-03-30 09:11:28.633291+00
128	55	288	1	21	208	2025-03-30 09:11:32.932339+00
129	53	268	1	21	208	2025-03-30 09:14:09.902152+00
130	53	269	1	21	208	2025-03-30 09:14:16.06597+00
131	53	270	1	21	208	2025-03-30 09:14:21.779318+00
132	53	271	1	21	208	2025-03-30 09:14:28.055334+00
133	53	272	1	21	208	2025-03-30 09:14:33.559962+00
134	53	273	1	21	208	2025-03-30 09:14:37.29832+00
135	53	274	1	21	208	2025-03-30 09:14:43.200792+00
136	53	275	1	21	208	2025-03-30 09:14:46.899219+00
137	53	276	1	21	208	2025-03-30 09:14:50.922322+00
138	53	277	1	21	208	2025-03-30 09:14:54.945107+00
139	53	278	1	21	208	2025-03-30 09:14:59.461039+00
140	31	165	1	21	262	2025-03-30 09:16:02.638099+00
141	31	166	1	21	262	2025-03-30 09:16:07.581082+00
142	31	167	1	21	262	2025-03-30 09:16:16.658343+00
143	31	168	1	21	262	2025-03-30 09:16:20.849663+00
144	58	303	1	21	186	2025-03-30 09:19:28.495843+00
145	58	304	1	21	186	2025-03-30 09:19:32.06401+00
146	58	305	1	21	186	2025-03-30 09:19:35.787621+00
147	58	306	1	21	186	2025-03-30 09:19:39.328449+00
148	49	246	1	15	185	2025-03-30 12:28:21.614058+00
149	49	248	1	15	185	2025-03-30 12:29:00.355547+00
150	49	249	1	15	185	2025-03-30 12:29:11.125041+00
151	49	250	1	15	185	2025-03-30 12:29:24.08541+00
152	49	251	1	15	185	2025-03-30 12:29:40.655654+00
153	52	262	1	15	214	2025-03-30 12:32:56.276001+00
154	52	263	1	15	214	2025-03-30 12:33:09.6318+00
155	52	264	1	15	214	2025-03-30 12:33:22.434849+00
156	52	265	1	15	214	2025-03-30 12:33:38.472355+00
157	52	266	1	15	214	2025-03-30 12:34:03.214619+00
158	52	267	1	15	214	2025-03-30 12:34:17.291892+00
159	50	252	1	15	131	2025-03-30 12:37:24.05451+00
160	50	255	1	15	131	2025-03-30 12:38:12.15482+00
161	91	477	1	23	236	2025-03-31 12:54:58.746706+00
162	91	478	1	23	236	2025-03-31 12:55:27.209429+00
163	90	476	1	23	238	2025-03-31 12:57:10.969274+00
164	87	462	1	23	229	2025-03-31 13:09:12.291662+00
165	80	415	1	23	214	2025-03-31 13:15:20.0838+00
166	80	416	1	23	214	2025-03-31 13:16:08.264439+00
167	80	417	1	23	214	2025-03-31 13:17:06.813955+00
168	80	418	1	23	214	2025-03-31 13:17:32.482481+00
169	80	419	1	23	214	2025-03-31 13:17:53.603682+00
170	80	420	1	23	214	2025-03-31 13:19:30.216921+00
171	80	421	1	23	214	2025-03-31 13:19:49.102592+00
172	80	422	1	23	214	2025-03-31 13:20:09.138038+00
173	86	461	1	23	229	2025-03-31 13:22:18.225492+00
174	84	443	1	23	214	2025-03-31 13:25:37.42358+00
175	84	444	1	23	214	2025-03-31 13:26:02.035629+00
176	84	445	1	23	214	2025-03-31 13:26:31.499259+00
177	84	446	1	23	214	2025-03-31 13:27:10.155811+00
178	75	379	1	23	237	2025-03-31 13:30:38.704331+00
179	75	380	1	23	237	2025-03-31 13:31:04.336016+00
180	75	381	1	23	237	2025-03-31 13:32:19.434926+00
181	75	382	1	23	237	2025-03-31 13:32:47.655593+00
182	75	383	1	23	237	2025-03-31 13:33:23.904487+00
183	75	384	1	23	237	2025-03-31 13:34:58.449002+00
184	75	385	1	23	237	2025-03-31 13:37:18.627177+00
185	75	386	1	23	237	2025-03-31 13:38:31.438164+00
186	75	387	1	23	237	2025-03-31 13:39:52.877351+00
187	75	388	1	23	237	2025-03-31 13:41:07.007563+00
188	75	389	1	23	237	2025-03-31 13:41:37.846312+00
189	75	390	1	23	237	2025-03-31 13:42:10.135793+00
190	72	345	1	23	181	2025-03-31 14:05:25.824163+00
191	72	346	1	23	181	2025-03-31 14:05:44.787292+00
192	72	347	1	23	181	2025-03-31 14:06:17.524413+00
193	72	348	1	23	181	2025-03-31 14:07:50.622042+00
194	72	349	1	23	181	2025-03-31 14:08:12.863301+00
195	72	350	1	23	181	2025-03-31 14:08:39.902841+00
196	72	351	1	23	181	2025-03-31 14:08:59.745758+00
197	72	352	1	23	181	2025-03-31 14:09:18.6549+00
198	72	353	1	23	181	2025-03-31 14:09:38.285367+00
199	60	314	1	23	129	2025-03-31 14:16:29.023363+00
200	60	315	1	23	129	2025-03-31 14:16:50.679182+00
201	60	316	1	23	129	2025-03-31 14:17:10.153842+00
202	60	317	1	23	129	2025-03-31 14:17:47.358843+00
203	60	318	1	23	129	2025-03-31 14:18:24.611444+00
204	60	319	1	23	129	2025-03-31 14:18:49.919822+00
205	60	320	1	23	129	2025-03-31 14:19:12.082351+00
206	68	338	1	23	222	2025-03-31 14:21:44.778963+00
207	68	339	1	23	222	2025-03-31 14:22:04.710954+00
208	68	340	1	23	222	2025-03-31 14:22:27.510844+00
209	99	552	1	21	188	2025-03-31 16:32:12.002504+00
210	99	553	1	21	188	2025-03-31 16:32:16.312652+00
211	99	554	1	21	188	2025-03-31 16:32:20.379162+00
212	99	555	1	21	188	2025-03-31 16:32:24.313024+00
213	99	556	1	21	188	2025-03-31 16:32:28.250662+00
214	99	557	1	21	188	2025-03-31 16:32:31.900342+00
215	99	558	1	21	188	2025-03-31 16:32:35.860527+00
216	99	559	1	21	188	2025-03-31 16:32:40.127854+00
217	96	533	1	24	221	2025-04-01 06:36:06.129858+00
218	97	535	1	24	221	2025-04-01 06:39:49.966208+00
219	97	536	1	24	221	2025-04-01 06:40:24.812318+00
220	97	537	1	24	221	2025-04-01 06:40:54.65869+00
221	97	538	1	24	221	2025-04-01 06:41:19.719448+00
222	97	539	1	24	221	2025-04-01 06:41:39.656914+00
223	96	534	1	24	221	2025-04-01 06:43:51.738312+00
224	73	354	1	24	159	2025-04-01 06:47:05.766965+00
225	73	355	3	24	159	2025-04-01 06:48:16.775112+00
226	110	619	1	24	264	2025-04-01 07:07:37.021717+00
\.


--
-- Data for Name: qcp5_other_attributes; Type: TABLE DATA; Schema: public; Owner: -
--

COPY public.qcp5_other_attributes (id, qcp5_id, qcp5_other_id, other, qualityattributes_id, user_id, exportcompany_id, created_at) FROM stdin;
\.


--
-- Data for Name: qcp5_otherrecommendations; Type: TABLE DATA; Schema: public; Owner: -
--

COPY public.qcp5_otherrecommendations (id, qcp5_id, qcp5_others_id, status, reason, weight_rejected, weight_passed, user_id, exportcompany_id, created_at) FROM stdin;
\.


--
-- Data for Name: qcp5_others; Type: TABLE DATA; Schema: public; Owner: -
--

COPY public.qcp5_others (id, qcp5_id, packinglist_id, product_name, noofboxes, boxweight, productnetweight, totalproductnetweight, totalproductgrossweight, sampledboxes, status, user_id, exportcompany_id, created_at) FROM stdin;
1	2	5	Tumeric	1	0	7	7	7	\N	Pending	1078	217	2025-03-27 10:53:13.299096+00
2	8	14	Raw mangoes	30	0.5	5.5	165	180	\N	Pending	1031	214	2025-03-27 17:36:23.286775+00
3	8	14	soursop	30	0.5	5.5	165	180	\N	Pending	1031	214	2025-03-27 17:36:23.288951+00
4	9	13	Beans	15	0.5	10	150	157.5	\N	Pending	1031	214	2025-03-27 18:29:18.958689+00
5	9	13	cassava	5	0.5	10	50	52.5	\N	Pending	1031	214	2025-03-27 18:29:18.960693+00
6	27	44	yams	12	0.5	7	84	90	\N	Pending	1034	186	2025-03-28 17:12:33.196002+00
7	27	44	yams	15	0.5	7	105	112.5	\N	Pending	1034	186	2025-03-28 17:12:33.197542+00
8	29	40	yams	51	0.5	7	357	382.5	\N	Pending	1034	186	2025-03-28 17:40:00.348938+00
9	29	40	yams	15	0.5	7	105	112.5	\N	Pending	1034	186	2025-03-28 17:40:00.350132+00
10	30	45	BEANS	20	0.5	12	240	250	\N	Pending	1055	252	2025-03-28 17:50:29.863589+00
11	43	39	Sugarcane	25	0.1	-28.1	-702.5	-700	\N	Pending	1092	223	2025-03-29 11:49:52.066161+00
12	46	59	Matooke	30	0.5	10	300	315	\N	Pending	1061	235	2025-03-29 14:45:00.767222+00
13	46	59	Peanuts	25	0.3	5	125	132.5	\N	Pending	1061	235	2025-03-29 14:45:00.768837+00
14	46	59	Garden eggs	40	0.5	6	240	260	\N	Pending	1061	235	2025-03-29 14:45:00.770051+00
15	46	59	Sweet potatoes	52	0.5	10	520	546	\N	Pending	1061	235	2025-03-29 14:45:00.771213+00
16	46	59	Apple Bananas	10	0.5	10	100	105	\N	Pending	1061	235	2025-03-29 14:45:00.772315+00
17	47	54	Peanuts	32	0.3	10	320	329.6	\N	Pending	1061	235	2025-03-29 14:53:42.660549+00
18	47	54	Antroewa	11	0.5	8	88	93.5	\N	Pending	1061	235	2025-03-29 14:53:42.662028+00
19	47	54	Garden eggs	84	0.5	8	672	714	\N	Pending	1061	235	2025-03-29 14:53:42.662971+00
20	47	54	Matooke	30	0.5	8	240	255	\N	Pending	1061	235	2025-03-29 14:53:42.663716+00
21	48	56	royco	1	0.5	2	2	2.5	\N	Pending	1082	136	2025-03-29 17:40:15.408183+00
22	48	56	g nut paste	1	0.5	10	10	10.5	\N	Pending	1082	136	2025-03-29 17:40:15.4096+00
23	48	56	sugarcane	3	0.5	10	30	31.5	\N	Pending	1082	136	2025-03-29 17:40:15.410433+00
24	57	69	yams	40	0.5	7	280	300	\N	Pending	1034	186	2025-03-30 07:57:12.468024+00
25	59	67	yams	60	0.5	7	420	450	\N	Pending	1034	186	2025-03-30 08:03:12.83018+00
26	66	82	Sorghum flour 	3	0.5	10	30	31.5	\N	Pending	995	149	2025-03-30 14:41:07.271297+00
27	69	88	Matooke	60	0.4	10	600	624	\N	Pending	1023	159	2025-03-30 17:59:49.178809+00
28	69	88	Uganda Yam	24	0.4	10	240	249.6	\N	Pending	1023	159	2025-03-30 17:59:49.179963+00
29	69	88	Sukuma Wiki	2	0.2	1	2	2.4	\N	Pending	1023	159	2025-03-30 17:59:49.18079+00
30	69	88	Sweet poteto	46	0.4	10	460	478.4	\N	Pending	1023	159	2025-03-30 17:59:49.181565+00
31	70	91	raw mango	4	0.4	10	40	41.6	\N	Pending	1023	159	2025-03-30 18:24:19.731637+00
32	70	91	AVOCADO	218	0.4	10	2180	2267.2	\N	Pending	1023	159	2025-03-30 18:24:19.733849+00
33	70	91	Sweet poteto	80	4	10	800	1120	\N	Pending	1023	159	2025-03-30 18:24:19.73501+00
34	70	91	matooke	56	0.4	9	504	526.4	\N	Pending	1023	159	2025-03-30 18:24:19.736131+00
35	70	91	curry 	120	1	4	480	600	\N	Pending	1023	159	2025-03-30 18:24:19.737001+00
36	70	91	sugaecane	2	0.1	10	20	20.2	\N	Pending	1023	159	2025-03-30 18:24:19.737955+00
37	71	87	curry leaves	20	1	5	100	120	\N	Pending	1023	159	2025-03-30 18:40:46.24863+00
38	71	87	ginger	5	0.4	10	50	52	\N	Pending	1023	159	2025-03-30 18:40:46.250225+00
39	71	87	Sweet poteto	51	0.4	10	510	530.4	\N	Pending	1023	159	2025-03-30 18:40:46.251237+00
40	71	87	AVOCADO	81	0.4	10	810	842.4	\N	Pending	1023	159	2025-03-30 18:40:46.252185+00
41	79	100	Passion friut	250	0.5	2.5	625	750	\N	Pending	1031	214	2025-03-30 21:38:17.362836+00
42	80	98	Raw mangoes	30	0	5.5	165	165	\N	Pending	1031	214	2025-03-30 22:12:03.112212+00
43	80	98	COCOYAM	60	0.5	5.5	330	360	\N	Pending	1031	214	2025-03-30 22:12:03.113708+00
44	80	98	Peanuts	50	0.1	5	250	255	\N	Pending	1031	214	2025-03-30 22:12:03.114587+00
45	83	96	Cocoyam	60	0.5	5.5	330	360	\N	Pending	1031	174	2025-03-30 22:59:10.239527+00
46	86	101	Matooke (Kawanda)	10	0.5	10	100	105	\N	Pending	1061	229	2025-03-31 01:31:05.464999+00
47	86	101	Yellow Banana	3	0.5	8	24	25.5	\N	Pending	1061	229	2025-03-31 01:31:05.466513+00
48	86	101	Okra	10	0.5	5	50	55	\N	Pending	1061	229	2025-03-31 01:31:05.467727+00
49	86	101	Sugarcane	6	0.5	10	60	63	\N	Pending	1061	229	2025-03-31 01:31:05.46899+00
50	86	101	Pineapples	5	0.5	12	60	62.5	\N	Pending	1061	229	2025-03-31 01:31:05.470491+00
51	86	101	Sweet Potatoes	5	0.5	10	50	52.5	\N	Pending	1061	229	2025-03-31 01:31:05.471777+00
52	86	101	Avocado	25	0.5	10	250	262.5	\N	Pending	1061	229	2025-03-31 01:31:05.472825+00
53	86	101	Plantain	12	0.5	10	120	126	\N	Pending	1061	229	2025-03-31 01:31:05.473719+00
54	86	101	Matooke	10	0.5	10	100	105	\N	Pending	1061	229	2025-03-31 01:31:05.474647+00
55	86	101	Garden Eggs	10	0.5	5	50	55	\N	Pending	1061	229	2025-03-31 01:31:05.475584+00
56	86	101	Cocoyams	5	0.5	10	50	52.5	\N	Pending	1061	229	2025-03-31 01:31:05.476522+00
57	86	101	Cassava	5	0.5	10	50	52.5	\N	Pending	1061	229	2025-03-31 01:31:05.477414+00
58	87	102	Cassava	6	0.5	10	60	63	\N	Pending	1061	229	2025-03-31 01:45:03.355573+00
59	87	102	Okra	13	0.5	5	65	71.5	\N	Pending	1061	229	2025-03-31 01:45:03.356985+00
60	87	102	Avocado	17	0.5	10	170	178.5	\N	Pending	1061	229	2025-03-31 01:45:03.35778+00
61	87	102	Ginger	2	0.5	10	20	21	\N	Pending	1061	229	2025-03-31 01:45:03.358581+00
62	87	102	Matooke	14	0.5	10	140	147	\N	Pending	1061	229	2025-03-31 01:45:03.359502+00
63	87	102	Garden eggs	6	0.5	10	60	63	\N	Pending	1061	229	2025-03-31 01:45:03.360356+00
64	87	102	Cocoyams	25	0.5	10	250	262.5	\N	Pending	1061	229	2025-03-31 01:45:03.361093+00
65	98	109	Pilawo Masala	4	0.5	3	12	14	\N	Pending	1033	127	2025-03-31 14:13:49.589395+00
66	98	109	Tea Masala	2	0.5	3	6	7	\N	Pending	1033	127	2025-03-31 14:13:49.590838+00
67	101	115	Yams	6	0.5	10	60	63	\N	Pending	1061	229	2025-03-31 17:10:03.157031+00
68	101	115	Millet Flour	10	0.5	10	100	105	\N	Pending	1061	229	2025-03-31 17:10:03.159051+00
\.


--
-- Data for Name: qcp5_products; Type: TABLE DATA; Schema: public; Owner: -
--

COPY public.qcp5_products (id, qcp5_id, traceability_code, status, product_id, totalboxes, boxweight, productnetweight, totalproductnetweight, totalproductgrossweight, sampledboxes, created_at) FROM stdin;
8	2	UG/121/05/25011	Pending	6	5	0.5	6	30	32.5	\N	2025-03-27 10:53:13.291489+00
9	2	UG/405/07/45080	Pending	8	17	0.5	10	170	178.5	\N	2025-03-27 10:53:13.292966+00
10	2	UG/418/08/80055	Pending	9	21	0.56	6	126	137.76	\N	2025-03-27 10:53:13.293912+00
11	2	UG/122/013/45101	Pending	16	4	0.5	10	40	42	\N	2025-03-27 10:53:13.294671+00
12	2	UG/104/026/2512872	Pending	40	60	1	12	720	780	\N	2025-03-27 10:53:13.295785+00
2	1	UG/235/022/265001	FitForExport	36	15	0	5	75	75	15	2025-03-27 10:24:29.734944+00
1	1	UG/122/013/2522884	FitForExport	16	42	0.5	7.5	315	336	10	2025-03-27 10:24:29.733231+00
3	1	UG/108/032/40006	FitForExport	47	2	0	8.2	16.4	16.4	2	2025-03-27 10:24:29.735888+00
4	1	UG/105/033/24102416	FitForExport	48	5	0.5	5	25	27.5	5	2025-03-27 10:24:29.736642+00
5	1	UG/113/01/101	FitForExport	1	30	0.5	5	150	165	30	2025-03-27 10:24:29.737401+00
6	1	UG/418/08/240001	FitForExport	9	10	0.5	5	50	55	10	2025-03-27 10:24:29.738317+00
87	14	UG/122/07/24112572	Pending	8	400	0.5	4	1600	1800	\N	2025-03-27 19:44:06.813081+00
7	1	UG/418/09/240001	FitForExport	10	40	0.5	7.5	300	320	40	2025-03-27 10:24:29.739282+00
13	3	UG/106/05/35041	Pending	6	75	0.5	6	450	487.5	\N	2025-03-27 13:41:05.787745+00
14	3	UG/106/07/24112530	Pending	8	200	0.5	10	2000	2100	\N	2025-03-27 13:41:05.789227+00
15	4	UG/104/01/24102378	Pending	1	30	0.5	8	240	255	\N	2025-03-27 14:37:57.306908+00
16	4	UG/117/033/110004	Pending	48	25	0.5	10	250	262.5	\N	2025-03-27 14:37:57.308765+00
17	4	UG/415/07/24102380	Pending	8	59	0.5	8	472	501.5	\N	2025-03-27 14:37:57.309864+00
18	4	UG/117/01/24102375	Pending	1	32	0.5	8	256	272	\N	2025-03-27 14:37:57.310939+00
19	4	UG/104/01/24102374	Pending	1	50	0.5	8	400	425	\N	2025-03-27 14:37:57.312334+00
20	4	UG/406/014/24102379	Pending	17	63	0.5	5	315	346.5	\N	2025-03-27 14:37:57.313493+00
21	4	UG/117/051/24102409	Pending	73	18	0.5	5	90	99	\N	2025-03-27 14:37:57.314562+00
24	6	UG/122/007/45033	Pending	8	350	0.5	10	3500	3675	\N	2025-03-27 16:39:23.866955+00
25	7	UG/122/09/100037	Pending	10	20	0.5	10	200	210	\N	2025-03-27 16:46:07.466668+00
26	7	UG/122/94/45033	Pending	115	5	0.5	10	50	52.5	\N	2025-03-27 16:46:07.468656+00
27	7	UG/104/032/24112582	Pending	47	10	0.5	10	100	105	\N	2025-03-27 16:46:07.470259+00
28	7	UG/105/013/24102398	Pending	16	40	0.5	10	400	420	\N	2025-03-27 16:46:07.471253+00
29	7	UG/122/007/45033	Pending	8	10	0.5	10	100	105	\N	2025-03-27 16:46:07.472295+00
30	7	UG/106/01/24102398	Pending	1	90	0.5	7	630	675	\N	2025-03-27 16:46:07.47319+00
31	7	UG/409/025/24112670	Pending	39	30	0.5	10	300	315	\N	2025-03-27 16:46:07.474029+00
48	10	UG/116/026/24112787	Pending	40	40	0.3	15	600	612	\N	2025-03-27 18:57:11.63185+00
49	10	UG/405/07/24102427	Pending	8	20	0.3	10	200	206	\N	2025-03-27 18:57:11.63411+00
88	14	UG/122/07/24112572	Pending	8	186	0.5	7.5	1395	1488	\N	2025-03-27 19:44:06.814197+00
50	11	UG/105/02/5041	FitForExport	2	69	0.5	3.5	241.5	276	15	2025-03-27 19:17:23.576461+00
51	11	UG/122/013/45101	FitForExport	16	324	0.5	7.5	2430	2592	8	2025-03-27 19:17:23.577673+00
32	8	UG/105/09/24102453	FitForExport	10	100	0.5	8	800	850	8	2025-03-27 17:36:23.276647+00
33	8	UG/105/013/24102453	FitForExport	16	150	0.5	8	1200	1275	10	2025-03-27 17:36:23.278191+00
34	8	UG/106/01/24102455	FitForExport	1	60	0.5	5.5	330	360	10	2025-03-27 17:36:23.279193+00
35	8	UG/124/07/24102449	FitForExport	8	70	0.5	8	560	595	7	2025-03-27 17:36:23.280412+00
36	8	UG/204/022/130010	FitForExport	36	50	0.1	5	250	255	5	2025-03-27 17:36:23.281522+00
37	8	UG/119/012/25069	FitForExport	13	100	0.5	5.5	550	600	10	2025-03-27 17:36:23.282531+00
38	8	UG/113/032/24102456	FitForExport	47	30	0.5	8	240	255	5	2025-03-27 17:36:23.283546+00
39	8	UG/119/01/24102454	FitForExport	1	60	0.5	5.5	330	360	10	2025-03-27 17:36:23.284431+00
40	8	UG/105/033/24102453	FitForExport	48	60	0.5	5.5	330	360	5	2025-03-27 17:36:23.285334+00
41	9	UG/105/09/24102453	FitForExport	10	60	0.5	10	600	630	7	2025-03-27 18:29:18.950984+00
42	9	UG/105/013/24102453	FitForExport	16	14	0.5	10	140	147	4	2025-03-27 18:29:18.952509+00
43	9	UG/124/07/24102449	FitForExport	8	20	0.5	10	200	210	4	2025-03-27 18:29:18.953313+00
44	9	UG/204/022/24102443	FitForExport	36	23	0.5	10	230	241.5	4	2025-03-27 18:29:18.954215+00
45	9	UG/106/08/24102449	FitForExport	9	6	0.5	7	42	45	2	2025-03-27 18:29:18.955149+00
46	9	UG/105/033/24102453	FitForExport	48	10	0.5	10	100	105	3	2025-03-27 18:29:18.956049+00
47	9	UG/307/0407/24102443	FitForExport	420	6	0.5	10	60	63	2	2025-03-27 18:29:18.956912+00
81	13	UG/104/01/5016	FitForExport	1	60	0.5	7	420	450	10	2025-03-27 19:38:16.396752+00
82	13	UG/113/07/25	FitForExport	8	3	0.5	10	30	31.5	3	2025-03-27 19:38:16.397902+00
83	13	UG/113/032/24102472	FitForExport	47	5	0.5	5	25	27.5	5	2025-03-27 19:38:16.398736+00
84	13	UG/113/033/25	FitForExport	48	20	0.5	10	200	210	5	2025-03-27 19:38:16.399551+00
85	13	UG/117/09/110065	FitForExport	10	35	0.5	10	350	367.5	5	2025-03-27 19:38:16.400756+00
86	13	UG/106/094/35262	FitForExport	115	5	0.5	10	50	52.5	5	2025-03-27 19:38:16.401852+00
22	5	UG/105/09/24112603	FitForExport	10	34	0.5	6	204	221	7	2025-03-27 16:27:38.076591+00
23	5	UG/105/07/24112604	FitForExport	8	80	0.5	10	800	840	10	2025-03-27 16:27:38.077825+00
89	15	UG/115/007/24112740	Pending	8	300	0.4	3.7	1110	1230	\N	2025-03-27 20:59:30.474746+00
66	11	UG/108/02/40260	FitForExport	2	16	0.5	3.5	56	64	5	2025-03-27 19:17:23.588923+00
52	11	UG/235/022/265001	FitForExport	36	100	0	5	500	500	5	2025-03-27 19:17:23.578338+00
80	12	UG/106/01/35061	FitForExport	1	46	0.5	5	230	253	10	2025-03-27 19:25:03.913059+00
53	11	UG/105/013/24102398	FitForExport	16	289	0.5	7.5	2167.5	2312	9	2025-03-27 19:17:23.579492+00
67	11	UG/106/01/35074	FitForExport	1	31	0.5	5	155	170.5	7	2025-03-27 19:17:23.589565+00
54	11	UG/113/01/24102397	FitForExport	1	20	0.5	5	100	110	5	2025-03-27 19:17:23.5803+00
90	16	UG/104/026/2512869	Pending	40	2	0.5	8	16	17	\N	2025-03-28 05:58:12.038837+00
55	11	UG/122/013/2522884	FitForExport	16	97	0.5	7.5	727.5	776	8	2025-03-27 19:17:23.581017+00
68	11	UG/108/032/40006	FitForExport	47	168	0.5	8.2	1377.6	1461.6	12	2025-03-27 19:17:23.590161+00
56	11	UG/204/0463/2492370	FitForExport	478	35	0.5	4.5	157.5	175	5	2025-03-27 19:17:23.581673+00
91	16	UG/418/09/24102500	Pending	10	2	0.5	8	16	17	\N	2025-03-28 05:58:12.040008+00
57	11	UG/224/050/2492370	FitForExport	72	150	0.5	1	150	225	9	2025-03-27 19:17:23.582276+00
69	11	UG/106/012/35074	FitForExport	13	167	0.5	5	835	918.5	12	2025-03-27 19:17:23.590724+00
58	11	UG/117/02/110021	FitForExport	2	42	0.5	3.5	147	168	10	2025-03-27 19:17:23.583056+00
92	16	UG/415/07/24102380	Pending	8	2	0.5	8	16	17	\N	2025-03-28 05:58:12.040661+00
59	11	UG/105/013/24102419	FitForExport	16	142	0.5	7.5	1065	1136	8	2025-03-27 19:17:23.583739+00
70	11	UG/126/02/3018	FitForExport	2	21	0.5	3.5	73.5	84	5	2025-03-27 19:17:23.591302+00
60	11	UG/224/050/2492370	FitForExport	72	35	0.5	5.5	192.5	210	5	2025-03-27 19:17:23.584431+00
93	17	UG/122/013/24102381	Pending	16	10	0.5	8	80	85	\N	2025-03-28 06:04:43.888354+00
61	11	UG/418/09/240001	FitForExport	10	500	0.5	7.5	3750	4000	13	2025-03-27 19:17:23.585037+00
71	11	UG/418/08/240001	FitForExport	9	250	0.5	5	1250	1375	12	2025-03-27 19:17:23.59193+00
62	11	UG/204/04/2492370	FitForExport	5	35	0.5	4.5	157.5	175	5	2025-03-27 19:17:23.585642+00
94	17	UG/415/07/24102380	Pending	8	15	0.5	8	120	127.5	\N	2025-03-28 06:04:43.889632+00
63	11	UG/330/300/2522886	FitForExport	316	5	0.5	7.5	37.5	40	5	2025-03-27 19:17:23.586497+00
72	11	UG/418/07/240001	FitForExport	8	159	0.5	7.5	1192.5	1272	8	2025-03-27 19:17:23.592587+00
64	11	UG/104/01/24102405	FitForExport	1	73	0.5	5	365	401.5	8	2025-03-27 19:17:23.587364+00
95	17	UG/406/014/24102379	Pending	17	40	0.5	5	200	220	\N	2025-03-28 06:04:43.890387+00
65	11	UG/105/033/24102416	FitForExport	48	112	0.5	5	560	616	8	2025-03-27 19:17:23.588236+00
96	17	UG/117/051/24102409	Pending	73	36	0.5	5	180	198	\N	2025-03-28 06:04:43.891215+00
73	11	UG/113/01/101	FitForExport	1	41	0.5	5	205	225.5	8	2025-03-27 19:17:23.593189+00
74	11	UG/106/01/24102506	FitForExport	1	37	0.5	5	185	203.5	7	2025-03-27 19:17:23.593773+00
75	11	UG/104/01/5036	FitForExport	1	26	0.5	5	130	143	5	2025-03-27 19:17:23.594366+00
99	19	UG/119/0444/24112812	Pending	458	75	0.5	6	450	487.5	\N	2025-03-28 06:43:20.902645+00
76	11	UG/106/01/24102505	FitForExport	1	27	0.5	5	135	148.5	5	2025-03-27 19:17:23.594999+00
100	19	UG/405/07/24102480	Pending	8	100	0.5	9.5	950	1000	\N	2025-03-28 06:43:20.904117+00
77	12	UG/204/034/75013	FitForExport	49	33	0.5	5	165	181.5	7	2025-03-27 19:25:03.910406+00
101	19	UG/119/0444/24112813	Pending	458	75	0.5	6	450	487.5	\N	2025-03-28 06:43:20.905378+00
78	12	UG/204/014/75013	FitForExport	17	70	0.5	5	350	385	14	2025-03-27 19:25:03.911461+00
102	19	UG/121/07/24102461	Pending	8	110	0.5	9.5	1045	1100	\N	2025-03-28 06:43:20.90624+00
79	12	UG/115/009/24112777	FitForExport	10	70	0.5	5	350	385	7	2025-03-27 19:25:03.912349+00
103	19	UG/405/07/65010	Pending	8	120	0.5	9.5	1140	1200	\N	2025-03-28 06:43:20.907066+00
104	19	UG/105/07/45070	Pending	8	120	0.5	9.5	1140	1200	\N	2025-03-28 06:43:20.907932+00
105	19	UG/119/012/24102467	Pending	13	35	0.5	6	210	227.5	\N	2025-03-28 06:43:20.908638+00
106	20	UG/122/07/24112562	Pending	8	200	0	10	2000	2000	\N	2025-03-28 07:42:24.115965+00
107	20	UG/105/013/24102453	Pending	16	20	0	10	200	200	\N	2025-03-28 07:42:24.117199+00
108	20	UG/110/09/45088	Pending	10	8	0	10	80	80	\N	2025-03-28 07:42:24.117969+00
109	20	UG/104/026/5040	Pending	40	5	0	13	65	65	\N	2025-03-28 07:42:24.118714+00
110	20	UG/122/038/45018	Pending	53	5	0	10	50	50	\N	2025-03-28 07:42:24.119433+00
111	20	UG/106/005/24102520	Pending	6	5	0	6	30	30	\N	2025-03-28 07:42:24.120156+00
112	21	UG/224/025/24112525	Pending	39	19	0	5	95	95	\N	2025-03-28 08:03:58.074828+00
113	21	UG/110/08/45088	Pending	9	35	0	5	175	175	\N	2025-03-28 08:03:58.076227+00
114	21	UG/106/012/35074	Pending	13	59	0	6	354	354	\N	2025-03-28 08:03:58.076992+00
115	21	UG/105/013/24102453	Pending	16	70	0	8	560	560	\N	2025-03-28 08:03:58.077595+00
116	21	UG/224/050/2492370	Pending	72	40	0	1	40	40	\N	2025-03-28 08:03:58.078237+00
117	21	UG/113/032/24112533	Pending	47	30	0	8	240	240	\N	2025-03-28 08:03:58.079206+00
118	21	UG/110/09/45088	Pending	10	70	0	8	560	560	\N	2025-03-28 08:03:58.080049+00
119	21	UG/204/0463/2492370	Pending	478	7	0	5	35	35	\N	2025-03-28 08:03:58.08097+00
120	21	UG/204/04/2492370	Pending	5	35	0	5	175	175	\N	2025-03-28 08:03:58.081693+00
121	21	UG/122/07/24112562	Pending	8	25	0	8	200	200	\N	2025-03-28 08:03:58.082383+00
97	18	UG/117/01/24102375	FitForExport	1	40	0.5	7.5	300	320	15	2025-03-28 06:08:13.610698+00
122	21	UG/106/01/35075	Pending	1	21	0	6	126	126	\N	2025-03-28 08:03:58.08313+00
123	22	UG/106/5/24112638	Pending	6	5	0.35	10	50	51.75	\N	2025-03-28 13:49:35.525908+00
124	22	UG/110/09/24112639	Pending	10	50	0.35	10	500	517.5	\N	2025-03-28 13:49:35.527647+00
125	22	UG/106/07/24112638	Pending	8	100	0.35	10	1000	1035	\N	2025-03-28 13:49:35.528653+00
126	22	UG/106/013/24112638	Pending	16	100	0.35	10	1000	1035	\N	2025-03-28 13:49:35.529591+00
127	22	UG/106/033/24112638	Pending	48	20	0.35	10	200	207	\N	2025-03-28 13:49:35.53047+00
128	22	UG/106/38/24112638	Pending	53	30	0.35	10	300	310.5	\N	2025-03-28 13:49:35.531346+00
140	26	UG/119/013/24112611	FitForExport	16	100	0	8	800	800	100	2025-03-28 16:52:51.801839+00
141	26	UG/124/08/24112611	FitForExport	9	20	0	5	100	100	20	2025-03-28 16:52:51.802796+00
143	26	UG/122/025/24102423	FitForExport	39	50	0	5	250	250	50	2025-03-28 16:52:51.804685+00
142	26	UG/122/033/24102423	FitForExport	48	20	0	7	140	140	20	2025-03-28 16:52:51.803708+00
169	32	UG/122/035/60	FitForExport	50	16	0.5	4	64	72	10	2025-03-28 17:57:09.458603+00
170	32	UG/113/038/60	FitForExport	53	12	0.5	4	48	54	12	2025-03-28 17:57:09.460025+00
171	32	UG/119/049/24112551	FitForExport	71	6	0.5	4	24	27	6	2025-03-28 17:57:09.460817+00
172	32	UG/113/01/110005	FitForExport	1	10	0.5	5	50	55	10	2025-03-28 17:57:09.461699+00
173	32	UG/122/09/45018	FitForExport	10	17	0.5	4	68	76.5	17	2025-03-28 17:57:09.462391+00
174	32	UG/104/467/24112584	FitForExport	482	4	0.5	4	16	18	4	2025-03-28 17:57:09.463305+00
185	34	UG/106/01/65011	FitForExport	1	140	0.5	7	980	1050	20	2025-03-28 19:54:09.530704+00
186	34	UG/106/012/24112530	FitForExport	13	100	0.5	10	1000	1050	100	2025-03-28 19:54:09.532163+00
160	30	UG/118/024/2512870	FitForExport	38	5	0	10.5	52.5	52.5	5	2025-03-28 17:50:29.85784+00
161	30	UG/404/022/24112709	FitForExport	36	20	0.5	12	240	250	10	2025-03-28 17:50:29.859296+00
162	30	UG/106/013/24112707	FitForExport	16	100	0.5	10	1000	1050	100	2025-03-28 17:50:29.860127+00
163	30	UG/104/01/5016	FitForExport	1	150	0.5	10	1500	1575	100	2025-03-28 17:50:29.861107+00
164	30	UG/118/09/24112681	FitForExport	10	250	0.5	10	2500	2625	180	2025-03-28 17:50:29.86207+00
144	27	UG/124/08/2482358	FitForExport	9	60	0.5	5	300	330	1	2025-03-28 17:12:33.188795+00
145	27	UG/124/09/2482358	FitForExport	10	15	0.5	7	105	112.5	15	2025-03-28 17:12:33.190376+00
146	27	UG/106/012/35083	FitForExport	13	30	0.5	6	180	195	30	2025-03-28 17:12:33.191175+00
148	27	UG/104/01/80010	FitForExport	1	10	0.5	5	50	55	10	2025-03-28 17:12:33.192834+00
149	27	UG/124/07/2482358	FitForExport	8	20	0.5	7	140	150	20	2025-03-28 17:12:33.193715+00
150	27	UG/235/025/24112774	FitForExport	39	15	0.5	5	75	82.5	15	2025-03-28 17:12:33.194584+00
154	29	UG/106/012/35083	FitForExport	13	65	0.5	6	390	422.5	65	2025-03-28 17:40:00.34064+00
153	29	UG/124/09/2482358	FitForExport	10	120	0.5	7	840	900	10	2025-03-28 17:40:00.338497+00
155	29	UG/122/013/2482358	FitForExport	16	150	0.5	7	1050	1125	150	2025-03-28 17:40:00.344219+00
156	29	UG/122/032/45043	FitForExport	47	60	0.5	9	540	570	60	2025-03-28 17:40:00.345359+00
157	29	UG/104/01/24102384	FitForExport	1	100	0.5	5	500	550	100	2025-03-28 17:40:00.34618+00
158	29	UG/124/07/2482358	FitForExport	8	20	0.5	7	140	150	20	2025-03-28 17:40:00.347117+00
159	29	UG/124/08/2482358	FitForExport	9	20	0.5	5	100	110	20	2025-03-28 17:40:00.347926+00
129	23	UG/122/07/24112562	FitForExport	8	273	0	10	2730	2730	1	2025-03-28 14:12:06.749845+00
151	28	UG/121/02/25026	FitForExport	2	200	0	4	800	800	20	2025-03-28 17:27:34.081351+00
152	28	UG/115/02/20001	FitForExport	2	50	0	4	200	200	20	2025-03-28 17:27:34.082987+00
176	33	UG/106/09/24102460	FitForExport	10	100	0.5	10	1000	1050	20	2025-03-28 18:25:30.936695+00
177	33	UG/105/013/24102502	FitForExport	16	100	0.5	10	1000	1050	20	2025-03-28 18:25:30.937768+00
178	33	UG/106/094/35262	FitForExport	115	50	0.5	10	500	525	15	2025-03-28 18:25:30.938462+00
179	33	UG/113/032/24102472	FitForExport	47	35	0.5	10	350	367.5	8	2025-03-28 18:25:30.939268+00
180	33	UG/215/022/5275	FitForExport	36	70	0.5	10	700	735	10	2025-03-28 18:25:30.940038+00
181	33	UG/113/07/25	FitForExport	8	25	0.5	10	250	262.5	10	2025-03-28 18:25:30.940716+00
182	33	UG/104/01/5016	FitForExport	1	170	0.5	7	1190	1275	20	2025-03-28 18:25:30.941364+00
183	33	UG/113/033/25	FitForExport	48	30	0.5	10	300	315	10	2025-03-28 18:25:30.942031+00
184	33	UG/106/08/24102460	FitForExport	9	2	0.5	5	10	11	2	2025-03-28 18:25:30.942764+00
132	25	UG/110/08/45088	FitForExport	9	10	0	5	50	50	6	2025-03-28 15:07:49.346521+00
133	25	UG/106/012/35074	FitForExport	13	25	0	6	150	150	8	2025-03-28 15:07:49.347317+00
134	25	UG/113/032/24112533	FitForExport	47	70	0	8	560	560	10	2025-03-28 15:07:49.34821+00
135	25	UG/113/025/24112533	FitForExport	39	20	0	5	100	100	8	2025-03-28 15:07:49.348921+00
136	25	UG/204/04/2492370	FitForExport	5	15	0	5	75	75	8	2025-03-28 15:07:49.349984+00
137	25	UG/110/09/45088	FitForExport	10	10	0	8	80	80	8	2025-03-28 15:07:49.350709+00
138	25	UG/204/0463/2492370	FitForExport	478	10	0	5	50	50	6	2025-03-28 15:07:49.3514+00
165	31	UG/108/02/2021	FitForExport	2	20	0.5	4	80	90	20	2025-03-28 17:51:43.272121+00
166	31	UG/105/09/24112695	FitForExport	10	17	0.5	4	68	76.5	11	2025-03-28 17:51:43.27367+00
167	31	UG/108/003/2021	FitForExport	3	160	0.5	4	640	720	100	2025-03-28 17:51:43.274907+00
168	31	UG/410/08/24112539	FitForExport	9	7	0.5	4	28	31.5	7	2025-03-28 17:51:43.276187+00
139	26	UG/124/09/24112611	FitForExport	10	200	0	8	1600	1600	10	2025-03-28 16:52:51.800284+00
175	32	UG/122/034/60	FitForExport	49	40	0.5	4	160	180	40	2025-03-28 17:57:09.464103+00
187	34	UG/106/094/24112586	FitForExport	115	5	0.9	10	50	54.5	5	2025-03-28 19:54:09.532974+00
202	38	UG/105/07/45070	FitForExport	8	90	0.5	7.5	675	720	12	2025-03-29 06:11:16.206532+00
188	34	UG/126/013/24112640	FitForExport	16	90	0.5	10	900	945	90	2025-03-28 19:54:09.534152+00
189	34	UG/418/009/80055	FitForExport	10	20	0.9	10	200	218	20	2025-03-28 19:54:09.534938+00
147	27	UG/122/013/2482358	FitForExport	16	30	0.5	7	210	225	30	2025-03-28 17:12:33.192047+00
203	38	UG/110/033/45089	FitForExport	48	40	0.5	7.5	300	320	10	2025-03-29 06:11:16.208214+00
193	35	UG/121/033/24112530	FitForExport	48	100	0.5	10	1000	1050	100	2025-03-29 00:23:08.41115+00
190	35	UG/106/01/35001	FitForExport	1	200	0.5	7	1400	1500	10	2025-03-29 00:23:08.407648+00
204	38	UG/110/08/45089	FitForExport	9	90	0.5	5	450	495	12	2025-03-29 06:11:16.209299+00
191	35	UG/106/012/24112530	FitForExport	13	1000	0.1	5	5000	5100	100	2025-03-29 00:23:08.409193+00
192	35	UG/106/07/24112530	FitForExport	8	100	0.2	4	400	420	100	2025-03-29 00:23:08.410199+00
205	38	UG/102/025/24112687	FitForExport	39	24	0.5	5	120	132	8	2025-03-29 06:11:16.210381+00
194	36	UG/107/02/24112608	FitForExport	2	30	0.5	4	120	135	20	2025-03-29 00:30:12.329699+00
195	36	UG/116/03/50035	FitForExport	3	20	0.5	5	100	110	19	2025-03-29 00:30:12.330901+00
206	38	UG/119/0444/24112813	FitForExport	458	10	0.5	6	60	65	6	2025-03-29 06:11:16.211375+00
196	36	UG/105/07/24112604	FitForExport	8	50	0.3	4	200	215	50	2025-03-29 00:30:12.331651+00
197	36	UG/105/013/24112603	FitForExport	16	88	0.5	8	704	748	88	2025-03-29 00:30:12.332275+00
207	38	UG/104/013/24102481	FitForExport	16	100	0.5	7.5	750	800	20	2025-03-29 06:11:16.212203+00
198	37	UG/105/013/24112695	FitForExport	16	200	0.5	8	1600	1700	10	2025-03-29 03:46:04.983+00
199	37	UG/410/09/24112539	FitForExport	10	63	0.8	16	1008	1058.4	63	2025-03-29 03:46:04.984346+00
200	37	UG/104/01/80010	FitForExport	1	100	0.5	8	800	850	100	2025-03-29 03:46:04.985148+00
201	37	UG/410/07/35072	FitForExport	8	50	0.5	8	400	425	50	2025-03-29 03:46:04.985914+00
130	24	UG/122/07/24112562	FitForExport	8	202	0	10	2020	2020	1	2025-03-28 14:23:41.852899+00
208	39	UG/106/02/2492362	Pending	2	20	0.5	4	80	90	\N	2025-03-29 06:14:36.329795+00
209	39	UG/105/07/24102465	Pending	8	50	0.5	9.5	475	500	\N	2025-03-29 06:14:36.331415+00
210	39	UG/405/07/24102480	Pending	8	50	0.5	9.5	475	500	\N	2025-03-29 06:14:36.332348+00
211	39	UG/121/07/45091	Pending	8	100	0.5	9.5	950	1000	\N	2025-03-29 06:14:36.333305+00
212	39	UG/423/007/325001	Pending	8	100	0.5	9.5	950	1000	\N	2025-03-29 06:14:36.334072+00
213	39	UG/121/07/24102461	Pending	8	80	0.5	9.5	760	800	\N	2025-03-29 06:14:36.334835+00
214	39	UG/119/0444/24112813	Pending	458	5	0.5	6	30	32.5	\N	2025-03-29 06:14:36.335577+00
219	42	UG/113/01/215	Pending	1	5	0.35	10	50	51.75	\N	2025-03-29 09:00:14.131798+00
220	42	UG/113/03/58	Pending	3	35	0.35	10	350	362.25	\N	2025-03-29 09:00:14.133496+00
221	42	UG/110/09/24112639	Pending	10	3	0.35	10	30	31.05	\N	2025-03-29 09:00:14.134421+00
222	42	UG/105/013/24102398	Pending	16	30	0.35	10	300	310.5	\N	2025-03-29 09:00:14.135226+00
223	42	UG/110/033/24112639	Pending	48	10	0.35	10	100	103.5	\N	2025-03-29 09:00:14.136185+00
131	25	UG/105/013/24102453	FitForExport	16	30	0	8	240	240	11	2025-03-28 15:07:49.345081+00
224	43	UG/106/01/35001	Pending	1	20	0.5	5.5	110	120	\N	2025-03-29 11:49:52.059406+00
225	43	UG/106/01/35001	Pending	1	90	0.5	4.5	405	450	\N	2025-03-29 11:49:52.060697+00
226	43	UG/122/08/24112566	Pending	9	30	0.5	4.5	135	150	\N	2025-03-29 11:49:52.061529+00
227	43	UG/122/09/24112566	Pending	10	100	0.5	7.5	750	800	\N	2025-03-29 11:49:52.062266+00
228	43	UG/106/012/24112563	Pending	13	65	0.5	4.5	292.5	325	\N	2025-03-29 11:49:52.06326+00
229	43	UG/122/013/24112559	Pending	16	130	0.5	7.5	975	1040	\N	2025-03-29 11:49:52.064034+00
230	43	UG/113/022/24112561	Pending	36	90	0.1	4.89	440.09999999999997	449.09999999999997	\N	2025-03-29 11:49:52.064852+00
231	44	UG/105/038/24112603	Pending	53	35	1	8	280	315	\N	2025-03-29 13:07:38.885216+00
232	44	UG/105/008/24112603	Pending	9	5	0.5	6	30	32.5	\N	2025-03-29 13:07:38.886538+00
233	44	UG/105/013/24112603	Pending	16	13	0.5	8	104	110.5	\N	2025-03-29 13:07:38.887319+00
234	44	UG/116/03/50035	Pending	3	80	0.5	5	400	440	\N	2025-03-29 13:07:38.88805+00
235	44	UG/105/09/24112603	Pending	10	18	0.5	8	144	153	\N	2025-03-29 13:07:38.888686+00
236	45	UG/105/038/24112603	Pending	53	125	1	8	1000	1125	\N	2025-03-29 13:10:06.747792+00
237	46	UG/204/014/235002	Pending	17	24	0.5	5	120	132	\N	2025-03-29 14:45:00.764059+00
238	46	UG/106/07/35249	Pending	8	12	0.5	10	120	126	\N	2025-03-29 14:45:00.765573+00
239	47	UG/106/07/35249	Pending	8	15	0.5	9	135	142.5	\N	2025-03-29 14:53:42.658736+00
215	40	UG/121/07/45091	FitForExport	8	250	0.3	3.7	925	1000	20	2025-03-29 06:16:52.137511+00
256	51	UG/124/09/270025	FitForExport	10	50	0.5	7	350	375	10	2025-03-30 01:25:01.268765+00
216	40	UG/423/007/325001	FitForExport	8	250	0.3	3.7	925	1000	20	2025-03-29 06:16:52.138992+00
257	51	UG/124/013/270025	FitForExport	16	71	0.5	7	497	532.5	71	2025-03-30 01:25:01.270532+00
217	41	UG/122/013/24102381	FitForExport	16	101	0.5	9.5	959.5	1010	15	2025-03-29 07:52:21.553209+00
258	51	UG/104/002/2452329	FitForExport	2	21	0.5	4	84	94.5	21	2025-03-30 01:25:01.271623+00
218	41	UG/117/09/24102412	FitForExport	10	140	1	16	2240	2380	15	2025-03-29 07:52:21.554226+00
98	18	UG/117/01/24102408	FitForExport	1	30	0.5	7.5	225	240	10	2025-03-28 06:08:13.612273+00
240	48	UG/106/033/24102410	Pending	48	3	0.5	10	30	31.5	\N	2025-03-29 17:40:15.401501+00
241	48	UG/115/013/24122840	Pending	16	5	0.5	10	50	52.5	\N	2025-03-29 17:40:15.403148+00
242	48	UG/405/008/24122841	Pending	9	1	0.5	10	10	10.5	\N	2025-03-29 17:40:15.404156+00
243	48	UG/122/07/24112572	Pending	8	20	0.5	10	200	210	\N	2025-03-29 17:40:15.405035+00
244	48	UG/115/0443/24122840	Pending	457	2	0.5	10	20	21	\N	2025-03-29 17:40:15.405707+00
245	48	UG/405/009/24122841	Pending	10	50	0.5	10	500	525	\N	2025-03-29 17:40:15.406899+00
259	51	UG/104/01/2452329	FitForExport	1	34	0.5	6	204	221	34	2025-03-30 01:25:01.272742+00
260	51	UG/124/07/270025	FitForExport	8	31	0.5	7	217	232.5	31	2025-03-30 01:25:01.273584+00
261	51	UG/320/023/24112552	FitForExport	37	25	0.5	6	150	162.5	25	2025-03-30 01:25:01.274381+00
268	53	UG/113/013/24102504	FitForExport	16	15	0.5	10	150	157.5	10	2025-03-30 02:55:35.821681+00
269	53	UG/117/09/110065	FitForExport	10	10	0.5	10	100	105	10	2025-03-30 02:55:35.823705+00
246	49	UG/122/033/45067	FitForExport	48	22	0.5	5	110	121	12	2025-03-29 18:45:25.826633+00
247	49	UG/106/01/35061	FitForExport	1	42	0.5	5	210	231	18	2025-03-29 18:45:25.828007+00
248	49	UG/115/009/24112777	FitForExport	10	70	0.5	5	350	385	30	2025-03-29 18:45:25.828768+00
249	49	UG/102/0442/24112715	FitForExport	456	30	0.5	5	150	165	10	2025-03-29 18:45:25.829672+00
250	49	UG/204/014/75013	FitForExport	17	70	0.5	5	350	385	20	2025-03-29 18:45:25.830708+00
251	49	UG/105/013/45094	FitForExport	16	22	0.5	5	110	121	10	2025-03-29 18:45:25.831591+00
262	52	UG/106/01/24102455	FitForExport	1	70	0.5	10	700	735	30	2025-03-30 02:14:20.074852+00
263	52	UG/105/09/24102453	FitForExport	10	80	0.5	10	800	840	25	2025-03-30 02:14:20.076239+00
264	52	UG/105/013/24102453	FitForExport	16	100	0.5	10	1000	1050	20	2025-03-30 02:14:20.077081+00
265	52	UG/106/01/35001	FitForExport	1	70	0.5	10	700	735	30	2025-03-30 02:14:20.077994+00
266	52	UG/104/01/80010	FitForExport	1	70	0.5	10	700	735	10	2025-03-30 02:14:20.078846+00
267	52	UG/204/022/24102443	FitForExport	36	50	0.5	10	500	525	25	2025-03-30 02:14:20.079722+00
252	50	UG/107/032/2452331	FitForExport	47	40	0.2	20	800	808	20	2025-03-29 19:38:32.071181+00
253	50	UG/106/005/24112543	FitForExport	6	1	0.5	6	6	6.5	1	2025-03-29 19:38:32.072492+00
254	50	UG/107/03/2452338	FitForExport	3	110	0.5	5	550	605	30	2025-03-29 19:38:32.073389+00
255	50	UG/107/03/2452339	FitForExport	3	43	0.5	5	215	236.5	10	2025-03-29 19:38:32.074313+00
289	56	UG/410/07/35072	Pending	8	10	0.5	10	100	105	\N	2025-03-30 05:48:14.098019+00
290	56	UG/111/08/24112526	Pending	9	20	0.5	6	120	130	\N	2025-03-30 05:48:14.099358+00
291	56	UG/111/09/24112526	Pending	10	50	0.5	10	500	525	\N	2025-03-30 05:48:14.100153+00
292	56	UG/119/012/24112583	Pending	13	10	0.5	8	80	85	\N	2025-03-30 05:48:14.100971+00
293	56	UG/113/032/24112533	Pending	47	7	0.5	10	70	73.5	\N	2025-03-30 05:48:14.101819+00
294	56	UG/113/025/24112533	Pending	39	10	0.5	10	100	105	\N	2025-03-30 05:48:14.102675+00
295	56	UG/119/013/24112540	Pending	16	40	0.5	8	320	340	\N	2025-03-30 05:48:14.103476+00
296	57	UG/124/08/2482358	Pending	9	20	0.5	5	100	110	\N	2025-03-30 07:57:12.461956+00
297	57	UG/104/032/24102458	Pending	47	30	0.5	9	270	285	\N	2025-03-30 07:57:12.463293+00
298	57	UG/124/09/2482358	Pending	10	40	0.5	7	280	300	\N	2025-03-30 07:57:12.464071+00
299	57	UG/235/025/24112774	Pending	39	40	0.5	5	200	220	\N	2025-03-30 07:57:12.464795+00
300	57	UG/113/018/24102458	Pending	21	30	0.5	10	300	315	\N	2025-03-30 07:57:12.465465+00
301	57	UG/124/07/2482358	Pending	8	20	0.5	7	140	150	\N	2025-03-30 07:57:12.466106+00
302	57	UG/122/013/2482358	Pending	16	80	0.5	7	560	600	\N	2025-03-30 07:57:12.46693+00
307	59	UG/104/01/24102384	Pending	1	100	0.5	5	500	550	\N	2025-03-30 08:03:12.822862+00
308	59	UG/122/013/2482358	Pending	16	160	0.5	7	1120	1200	\N	2025-03-30 08:03:12.824196+00
309	59	UG/124/08/2482358	Pending	9	40	0.5	5	200	220	\N	2025-03-30 08:03:12.825095+00
310	59	UG/124/07/2482358	Pending	8	40	0.5	7	280	300	\N	2025-03-30 08:03:12.826004+00
311	59	UG/106/012/35083	Pending	13	50	0.5	6	300	325	\N	2025-03-30 08:03:12.826973+00
312	59	UG/235/025/24112774	Pending	39	40	0.5	5	200	220	\N	2025-03-30 08:03:12.82781+00
313	59	UG/124/09/2482358	Pending	10	100	0.5	7	700	750	\N	2025-03-30 08:03:12.828687+00
288	55	UG/106/094/35262	FitForExport	115	7	0.5	10	70	73.5	7	2025-03-30 03:12:13.414909+00
282	55	UG/104/01/5016	FitForExport	1	40	0.5	7	280	300	40	2025-03-30 03:12:13.410488+00
320	60	UG/119/013/24112611	FitForExport	16	60	0	8	480	480	6	2025-03-30 10:33:13.541282+00
281	55	UG/113/013/24102504	FitForExport	16	16	0.5	10	160	168	1	2025-03-30 03:12:13.409211+00
270	53	UG/106/094/35262	FitForExport	115	5	0.5	10	50	52.5	5	2025-03-30 02:55:35.827905+00
283	55	UG/113/07/25	FitForExport	8	3	0.5	10	30	31.5	3	2025-03-30 03:12:13.411309+00
277	53	UG/113/032/24102472	FitForExport	47	8	0.5	10	80	84	8	2025-03-30 02:55:35.837197+00
284	55	UG/106/09/24102460	FitForExport	10	40	0.5	10	400	420	40	2025-03-30 03:12:13.412117+00
271	53	UG/104/01/5016	FitForExport	1	12	0.5	7	84	90	12	2025-03-30 02:55:35.830722+00
285	55	UG/113/033/25	FitForExport	48	15	0.5	10	150	157.5	1	2025-03-30 03:12:13.41282+00
279	54	UG/105/07/24112604	FitForExport	8	75	0.5	10	750	787.5	20	2025-03-30 03:00:43.554967+00
286	55	UG/106/08/24102460	FitForExport	9	2	0.5	5	10	11	2	2025-03-30 03:12:13.413418+00
272	53	UG/215/022/5275	FitForExport	36	15	0.5	5	75	82.5	1	2025-03-30 02:55:35.831841+00
287	55	UG/113/300/24102472	FitForExport	316	2	0.5	10	20	21	2	2025-03-30 03:12:13.413992+00
278	53	UG/215/022/5275	FitForExport	36	10	0.5	10	100	105	10	2025-03-30 02:55:35.83839+00
315	60	UG/108/023/24112522	FitForExport	37	60	0	6	360	360	10	2025-03-30 10:33:13.535397+00
273	53	UG/113/033/25	FitForExport	48	8	0.5	10	80	84	8	2025-03-30 02:55:35.832767+00
303	58	UG/106/02/2472347	FitForExport	2	97	0.5	4	388	436.5	10	2025-03-30 08:00:10.681028+00
274	53	UG/113/300/24102472	FitForExport	316	1	0.5	10	10	10.5	1	2025-03-30 02:55:35.833826+00
280	54	UG/105/09/24112603	FitForExport	10	34	0.5	6	204	221	12	2025-03-30 03:00:43.556192+00
275	53	UG/113/07/25	FitForExport	8	5	0.5	10	50	52.5	1	2025-03-30 02:55:35.835173+00
304	58	UG/108/02/24102431	FitForExport	2	112	0.5	4	448	504	100	2025-03-30 08:00:10.682672+00
276	53	UG/104/3/5016	FitForExport	3	50	0.5	5	250	275	50	2025-03-30 02:55:35.836235+00
318	60	UG/124/07/24112611	FitForExport	8	50	0	8	400	400	5	2025-03-30 10:33:13.539269+00
305	58	UG/108/02/24102438	FitForExport	2	47	0.5	4	188	211.5	47	2025-03-30 08:00:10.683629+00
314	60	UG/124/08/24112611	FitForExport	9	60	0	5	300	300	7	2025-03-30 10:33:13.53306+00
306	58	UG/106/02/35083	FitForExport	2	256	0.5	4	1024	1152	100	2025-03-30 08:00:10.684468+00
316	60	UG/113/032/24112533	FitForExport	47	50	0	8	400	400	5	2025-03-30 10:33:13.537061+00
317	60	UG/121/02/30013	FitForExport	2	250	0	4	1000	1000	20	2025-03-30 10:33:13.538153+00
319	60	UG/106/012/24102520	FitForExport	13	50	0	5	250	250	5	2025-03-30 10:33:13.540252+00
321	61	UG/105/038/24112603	FitForExport	53	150	1	8	1200	1350	10	2025-03-30 12:06:43.569527+00
323	63	UG/105/07/24112604	Pending	8	90	0.5	10	900	945	\N	2025-03-30 12:11:32.478217+00
324	63	UG/107/02/24112608	Pending	2	20	0.5	4	80	90	\N	2025-03-30 12:11:32.479392+00
325	63	UG/105/008/24112603	Pending	9	6	0.5	6	36	39	\N	2025-03-30 12:11:32.480241+00
326	63	UG/105/038/24112603	Pending	53	25	1	8	200	225	\N	2025-03-30 12:11:32.481152+00
327	64	UG/105/07/24112604	Pending	8	80	0.5	10	800	840	\N	2025-03-30 12:13:54.367594+00
328	64	UG/105/09/24112603	Pending	10	34	0.5	6	204	221	\N	2025-03-30 12:13:54.369052+00
329	65	UG/105/038/24112603	Pending	53	75	1	8	600	675	\N	2025-03-30 12:16:02.203565+00
330	66	UG/124/09/24112611	Pending	10	83	0.5	10	830	871.5	\N	2025-03-30 14:41:07.256913+00
331	66	UG/119/013/30001	Pending	16	46	0.5	10	460	483	\N	2025-03-30 14:41:07.261534+00
332	66	UG/124/07/24112611	Pending	8	22	0.5	10	220	231	\N	2025-03-30 14:41:07.262566+00
333	66	UG/124/08/24112611	Pending	9	5	0.5	6	30	32.5	\N	2025-03-30 14:41:07.26462+00
334	66	UG/431/032/24112619	Pending	47	7	0.5	10	70	73.5	\N	2025-03-30 14:41:07.266393+00
335	66	UG/113/33/24112731	Pending	48	8	0.5	10	80	84	\N	2025-03-30 14:41:07.267339+00
336	66	UG/104/01/5016	Pending	1	14	0.5	6	84	91	\N	2025-03-30 14:41:07.269349+00
337	67	UG/406/003/24102379	Pending	3	57	0.5	5	285	313.5	\N	2025-03-30 14:58:05.476754+00
342	70	UG/108/003/24112735	Pending	3	20	0.2	5	100	104	\N	2025-03-30 18:24:19.728203+00
343	70	UG/119/02/24112712	Pending	2	65	0.4	4	260	286	\N	2025-03-30 18:24:19.730067+00
344	71	UG/113/003/24112801	Pending	3	29	0.2	10	290	295.8	\N	2025-03-30 18:40:46.246352+00
356	74	UG/105/033/2512876	Pending	48	50	0.5	5	250	275	\N	2025-03-30 19:01:24.058263+00
357	74	UG/224/050/2492370	Pending	72	45	0.5	5.5	247.5	270	\N	2025-03-30 19:01:24.059291+00
358	74	UG/418/07/240001	Pending	8	147	0.5	7.5	1102.5	1176	\N	2025-03-30 19:01:24.060421+00
359	74	UG/224/050/2492370	Pending	72	65	0.5	1	65	97.5	\N	2025-03-30 19:01:24.061235+00
360	74	UG/105/013/24102398	Pending	16	200	0.5	7.5	1500	1600	\N	2025-03-30 19:01:24.062059+00
361	74	UG/113/01/24102397	Pending	1	39	0.5	5	195	214.5	\N	2025-03-30 19:01:24.062945+00
362	74	UG/122/013/24102417	Pending	16	192	0.5	7.5	1440	1536	\N	2025-03-30 19:01:24.063848+00
363	74	UG/204/0463/2492370	Pending	478	34	0.5	4.4	149.60000000000002	166.60000000000002	\N	2025-03-30 19:01:24.065388+00
364	74	UG/122/013/24102423	Pending	16	183	0.5	7.5	1372.5	1464	\N	2025-03-30 19:01:24.066275+00
365	74	UG/122/013/45101	Pending	16	50	0.5	7.5	375	400	\N	2025-03-30 19:01:24.067168+00
366	74	UG/108/03/24102385	Pending	3	4	0.5	4.4	17.6	19.6	\N	2025-03-30 19:01:24.068151+00
367	74	UG/104/03/5036	Pending	3	50	0.5	4.5	225	250	\N	2025-03-30 19:01:24.068953+00
368	74	UG/106/01/24102506	Pending	1	55	0.5	5	275	302.5	\N	2025-03-30 19:01:24.069755+00
369	74	UG/104/03/5036	Pending	3	3	0.5	2.7	8.100000000000001	9.600000000000001	\N	2025-03-30 19:01:24.070552+00
370	74	UG/108/03/24102385	Pending	3	118	0.5	2.7	318.6	377.6	\N	2025-03-30 19:01:24.071326+00
371	74	UG/108/032/40006	Pending	47	50	0	8.2	409.99999999999994	409.99999999999994	\N	2025-03-30 19:01:24.072156+00
372	74	UG/126/02/3018	Pending	2	35	0.5	3.5	122.5	140	\N	2025-03-30 19:01:24.072923+00
373	74	UG/104/01/24102405	Pending	1	35	0.5	5	175	192.5	\N	2025-03-30 19:01:24.073744+00
374	74	UG/117/02/110021	Pending	2	58	0.5	3.5	203	232	\N	2025-03-30 19:01:24.074568+00
375	74	UG/108/02/24102403	Pending	2	18	0.5	3.5	63	72	\N	2025-03-30 19:01:24.075906+00
376	74	UG/113/01/101	Pending	1	65	0.5	5	325	357.5	\N	2025-03-30 19:01:24.076776+00
377	74	UG/113/02/24102508	Pending	2	20	0.5	3.5	70	80	\N	2025-03-30 19:01:24.077574+00
378	74	UG/106/01/24102505	Pending	1	17	0.5	5	85	93.5	\N	2025-03-30 19:01:24.078273+00
380	75	UG/105/013/24112695	FitForExport	16	115	0.5	8	920	977.5	10	2025-03-30 19:11:42.340975+00
381	75	UG/105/08/24112695	FitForExport	9	65	0.5	4.5	292.5	325	6	2025-03-30 19:11:42.341487+00
382	75	UG/410/07/24112539	FitForExport	8	20	0.5	8	160	170	5	2025-03-30 19:11:42.342009+00
383	75	UG/105/033/24112695	FitForExport	48	20	0.5	5	100	110	5	2025-03-30 19:11:42.342591+00
384	75	UG/105/09/24112695	FitForExport	10	115	0.5	7.5	862.5	920	10	2025-03-30 19:11:42.343174+00
385	75	UG/113/032/132	FitForExport	47	92	0.5	8	736	782	9	2025-03-30 19:11:42.34376+00
386	75	UG/105/300/24112695	FitForExport	316	10	0.5	5	50	55	5	2025-03-30 19:11:42.344295+00
345	72	UG/122/07/45018	FitForExport	8	70	0.5	8	560	595	7	2025-03-30 18:56:40.571099+00
346	72	UG/122/08/45018	FitForExport	9	5	0.5	6	30	32.5	5	2025-03-30 18:56:40.572305+00
348	72	UG/119/012/24112551	FitForExport	13	45	0.5	8	360	382.5	5	2025-03-30 18:56:40.573759+00
349	72	UG/122/033/45018	FitForExport	48	41	0.5	10	410	430.5	5	2025-03-30 18:56:40.574515+00
350	72	UG/122/013/45018	FitForExport	16	125	0.5	8	1000	1062.5	12	2025-03-30 18:56:40.575141+00
351	72	UG/113/032/60	FitForExport	47	8	0.5	10	80	84	3	2025-03-30 18:56:40.575833+00
352	72	UG/104/01/80010	FitForExport	1	30	0.5	8	240	255	10	2025-03-30 18:56:40.576642+00
353	72	UG/119/049/24112551	FitForExport	71	8	0.5	6	48	52	4	2025-03-30 18:56:40.577297+00
338	68	UG/106/005/24102428	FitForExport	6	25	0.5	6	150	162.5	8	2025-03-30 17:27:43.230369+00
339	68	UG/122/07/45054	FitForExport	8	150	0.265	4	600	639.75	15	2025-03-30 17:27:43.23164+00
340	68	UG/113/02/24112598	FitForExport	2	52	0.265	4	208	221.78	10	2025-03-30 17:27:43.232405+00
341	69	UG/115/007/24112799	FitForExport	8	94	0.4	10	940	977.6	10	2025-03-30 17:59:49.177099+00
322	62	UG/105/038/24112603	FitForExport	53	125	1	8	1000	1125	10	2025-03-30 12:08:40.299947+00
355	73	UG/106/005/24112743	FitForExport	6	85	0.4	6	510	544	10	2025-03-30 19:01:19.985983+00
391	76	UG/124/09/24102449	Pending	10	80	0.5	8	640	680	\N	2025-03-30 19:18:38.612189+00
392	76	UG/124/022/24102449	Pending	36	50	0	4	200	200	\N	2025-03-30 19:18:38.613491+00
393	76	UG/222/050/24112802	Pending	72	5	0.5	2	10	12.5	\N	2025-03-30 19:18:38.614403+00
394	76	UG/124/033/24102449	Pending	48	20	0.5	5	100	110	\N	2025-03-30 19:18:38.615513+00
395	76	UG/119/012/24112553	Pending	13	70	0.5	5	350	385	\N	2025-03-30 19:18:38.616494+00
396	76	UG/124/07/24102449	Pending	8	20	0.5	8	160	170	\N	2025-03-30 19:18:38.617329+00
397	76	UG/106/08/24102449	Pending	9	37	0.5	5	185	203.5	\N	2025-03-30 19:18:38.618209+00
398	76	UG/106/013/24102449	Pending	16	120	0.5	8	960	1020	\N	2025-03-30 19:18:38.619085+00
399	76	UG/106/032/24102449	Pending	47	50	0	8	400	400	\N	2025-03-30 19:18:38.619948+00
400	77	UG/104/014/5037	Pending	17	40	0.5	5	200	220	\N	2025-03-30 20:31:24.043394+00
401	77	UG/104/01/80010	Pending	1	30	0.5	5	150	165	\N	2025-03-30 20:31:24.045037+00
402	77	UG/122/09/45018	Pending	10	71	0.5	5	355	390.5	\N	2025-03-30 20:31:24.045956+00
403	77	UG/113/011/60	Pending	12	11	0.5	5	55	60.5	\N	2025-03-30 20:31:24.046998+00
404	77	UG/122/013/45018	Pending	16	16	0.5	5	80	88	\N	2025-03-30 20:31:24.047946+00
405	78	UG/122/09/45018	Pending	10	115	0.5	20	2300	2357.5	\N	2025-03-30 21:02:29.218696+00
406	78	UG/104/01/5036	Pending	1	20	0.5	8	160	170	\N	2025-03-30 21:02:29.219896+00
407	78	UG/122/08/45018	Pending	9	15	0.5	6	90	97.5	\N	2025-03-30 21:02:29.220669+00
408	78	UG/122/300/45018	Pending	316	8	0.5	10	80	84	\N	2025-03-30 21:02:29.22142+00
409	78	UG/122/033/45018	Pending	48	11	0.5	10	110	115.5	\N	2025-03-30 21:02:29.222289+00
410	78	UG/122/013/45018	Pending	16	61	0.5	10	610	640.5	\N	2025-03-30 21:02:29.223042+00
411	78	UG/119/012/24112551	Pending	13	3	0.5	8	24	25.5	\N	2025-03-30 21:02:29.223721+00
412	78	UG/122/07/45018	Pending	8	16	0.5	10	160	168	\N	2025-03-30 21:02:29.224368+00
413	78	UG/204/022/355005	Pending	36	4	0	20	80	80	\N	2025-03-30 21:02:29.225206+00
414	79	UG/108/023/24112522	Pending	37	70	0.5	5	350	385	\N	2025-03-30 21:38:17.360722+00
423	81	UG/104/003/2512866	Pending	3	162	0.5	5	810	891	\N	2025-03-30 22:15:24.024321+00
424	82	UG/105/09/100001	Pending	10	195	0.5	8	1560	1657.5	\N	2025-03-30 22:25:26.23585+00
425	82	UG/105/033/100001	Pending	48	5	0.5	8	40	42.5	\N	2025-03-30 22:25:26.237045+00
426	82	UG/105/12/100001	Pending	13	15	0.5	8	120	127.5	\N	2025-03-30 22:25:26.237824+00
427	82	UG/105/07/100001	Pending	8	74	0.5	8	592	629	\N	2025-03-30 22:25:26.238605+00
428	82	UG/105/013/100001	Pending	16	135	0.5	8	1080	1147.5	\N	2025-03-30 22:25:26.239287+00
429	82	UG/105/08/100001	Pending	9	45	0.5	5	225	247.5	\N	2025-03-30 22:25:26.240049+00
430	82	UG/122/032/45043	Pending	47	80	0.5	10	800	840	\N	2025-03-30 22:25:26.24069+00
431	83	UG/108/023/24112522	Pending	37	40	0.5	5.5	220	240	\N	2025-03-30 22:59:10.229491+00
432	83	UG/105/013/24102453	Pending	16	300	0.5	8	2400	2550	\N	2025-03-30 22:59:10.230508+00
433	83	UG/119/012/25069	Pending	13	100	0.5	5.5	550	600	\N	2025-03-30 22:59:10.23145+00
434	83	UG/106/08/35212	Pending	9	30	0.5	5.5	165	180	\N	2025-03-30 22:59:10.232253+00
435	83	UG/119/02/24102454	Pending	2	175	0.5	4	700	787.5	\N	2025-03-30 22:59:10.232977+00
436	83	UG/119/02/25069	Pending	2	175	0.5	4	700	787.5	\N	2025-03-30 22:59:10.233778+00
437	83	UG/106/01/35001	Pending	1	83	0.5	5.5	456.5	498	\N	2025-03-30 22:59:10.234533+00
438	83	UG/113/03/1	Pending	3	700	0.5	3	2100	2450	\N	2025-03-30 22:59:10.235219+00
439	83	UG/104/01/24102374	Pending	1	83	0.5	5.5	456.5	498	\N	2025-03-30 22:59:10.236125+00
440	83	UG/104/01/80010	Pending	1	84	0.5	5.5	462	504	\N	2025-03-30 22:59:10.236905+00
441	83	UG/122/02/24112568	Pending	2	350	0.5	4	1400	1575	\N	2025-03-30 22:59:10.237626+00
442	83	UG/124/07/24102449	Pending	8	70	0.5	8	560	595	\N	2025-03-30 22:59:10.238292+00
447	84	UG/106/02/24102455	Pending	2	125	0	4	500	500	\N	2025-03-30 23:10:05.379776+00
448	84	UG/119/02/24102454	Pending	2	125	0	4	500	500	\N	2025-03-30 23:10:05.380445+00
449	84	UG/105/013/24102453	Pending	16	100	0	8	800	800	\N	2025-03-30 23:10:05.381175+00
450	84	UG/113/032/24102456	Pending	47	50	0.5	8	400	425	\N	2025-03-30 23:10:05.381856+00
451	85	UG/104/01/24102374	Pending	1	50	0.5	5	250	275	\N	2025-03-30 23:33:18.745846+00
416	80	UG/105/09/24102453	FitForExport	10	100	0.5	8	800	850	10	2025-03-30 22:12:03.106491+00
417	80	UG/105/013/24102453	FitForExport	16	150	0	8	1200	1200	15	2025-03-30 22:12:03.107322+00
418	80	UG/119/012/25069	FitForExport	13	80	0.5	5.5	440	480	10	2025-03-30 22:12:03.108043+00
419	80	UG/104/01/24102374	FitForExport	1	40	0.5	5.5	220	240	10	2025-03-30 22:12:03.108762+00
420	80	UG/106/01/35001	FitForExport	1	40	0.5	5.5	220	240	10	2025-03-30 22:12:03.109492+00
421	80	UG/108/023/24112522	FitForExport	37	30	0.5	5.5	165	180	7	2025-03-30 22:12:03.110294+00
422	80	UG/113/032/24102456	FitForExport	47	30	0.4	8	240	252	5	2025-03-30 22:12:03.111015+00
443	84	UG/104/01/24102374	FitForExport	1	50	0	5.5	275	275	10	2025-03-30 23:10:05.37695+00
444	84	UG/119/012/25069	FitForExport	13	100	0.5	5.5	550	600	10	2025-03-30 23:10:05.377961+00
446	84	UG/106/01/35001	FitForExport	1	50	0.5	5.5	275	300	10	2025-03-30 23:10:05.379195+00
387	75	UG/204/0463/2492370	FitForExport	478	15	0.5	5	75	82.5	5	2025-03-30 19:11:42.345006+00
388	75	UG/204/04/2492370	FitForExport	5	36	0.5	4	144	162	10	2025-03-30 19:11:42.345816+00
389	75	UG/104/01/24112637	FitForExport	1	10	0.5	5	50	55	10	2025-03-30 19:11:42.34639+00
390	75	UG/205/025/235044	FitForExport	39	40	0.5	5	200	220	7	2025-03-30 19:11:42.346863+00
452	85	UG/105/09/24102453	Pending	10	100	0	8	800	800	\N	2025-03-30 23:33:18.747232+00
453	85	UG/204/022/24102443	Pending	36	80	0.1	5	400	408	\N	2025-03-30 23:33:18.748252+00
454	85	UG/119/012/25069	Pending	13	100	0.5	5	500	550	\N	2025-03-30 23:33:18.749098+00
455	85	UG/106/01/35001	Pending	1	50	0.5	5	250	275	\N	2025-03-30 23:33:18.749939+00
456	85	UG/105/013/24102453	Pending	16	160	0.5	8	1280	1360	\N	2025-03-30 23:33:18.750786+00
457	85	UG/122/008/24112568	Pending	9	30	0.5	5	150	165	\N	2025-03-30 23:33:18.75163+00
458	85	UG/113/032/24102456	Pending	47	30	0.2	8	240	246	\N	2025-03-30 23:33:18.752367+00
459	85	UG/104/01/80010	Pending	1	50	0.5	5	250	275	\N	2025-03-30 23:33:18.753079+00
460	85	UG/124/07/24102449	Pending	8	70	0	8	560	560	\N	2025-03-30 23:33:18.753721+00
463	88	UG/105/032/24112809	Pending	47	4	0.1	10	40	40.4	\N	2025-03-31 05:39:32.835305+00
464	88	UG/108/038/24112806	Pending	53	20	0.1	10	200	202	\N	2025-03-31 05:39:32.836741+00
465	88	UG/410/094/24112804	Pending	115	70	0.4	5	350	378	\N	2025-03-31 05:39:32.837812+00
466	88	UG/410/008/24112804	Pending	9	32	0.4	5	160	172.8	\N	2025-03-31 05:39:32.839211+00
467	88	UG/421/004/24122842	Pending	5	130	0.4	5	650	702	\N	2025-03-31 05:39:32.840165+00
468	88	UG/108/007/24112806	Pending	8	60	0.4	5	300	324	\N	2025-03-31 05:39:32.841163+00
469	88	UG/108/0441/24112806	Pending	455	2	0.5	5	10	11	\N	2025-03-31 05:39:32.842334+00
470	88	UG/106/012/24112805	Pending	13	2	0.4	5	10	10.8	\N	2025-03-31 05:39:32.843382+00
471	88	UG/105/043/24112809	Pending	443	4	0.7	10	40	42.8	\N	2025-03-31 05:39:32.844286+00
472	89	UG/105/07/45070	Pending	8	100	0.5	9.5	950	1000	\N	2025-03-31 05:44:23.367633+00
473	89	UG/121/07/45091	Pending	8	100	0.5	9.5	950	1000	\N	2025-03-31 05:44:23.369678+00
474	89	UG/405/07/65010	Pending	8	50	0.5	9.5	475	500	\N	2025-03-31 05:44:23.371159+00
475	89	UG/119/0444/24112813	Pending	458	100	0.5	6	600	650	\N	2025-03-31 05:44:23.372234+00
479	92	UG/106/01/24112567	Pending	1	18	0.5	7	126	135	\N	2025-03-31 10:01:43.693511+00
480	92	UG/108/002/24112811	Pending	2	22	0.5	4	88	99	\N	2025-03-31 10:01:43.695135+00
481	92	UG/106/012/24112530	Pending	13	21	0.1	5	105	107.1	\N	2025-03-31 10:01:43.695946+00
482	92	UG/405/007/80075	Pending	8	16	0.5	10	160	168	\N	2025-03-31 10:01:43.696694+00
483	92	UG/105/013/24112734	Pending	16	25	0.5	10	250	262.5	\N	2025-03-31 10:01:43.69741+00
484	92	UG/418/009/24122852	Pending	10	40	0.5	10	400	420	\N	2025-03-31 10:01:43.698042+00
485	92	UG/121/033/24112530	Pending	48	5	0.5	10	50	52.5	\N	2025-03-31 10:01:43.698715+00
486	92	UG/106/08/24102449	Pending	9	9	0.5	6	54	58.5	\N	2025-03-31 10:01:43.699347+00
487	93	UG/418/08/240001	Pending	9	163	0.5	5	815	896.5	\N	2025-03-31 11:13:20.188925+00
488	93	UG/113/032/24102397	Pending	47	191	0	8.2	1566.1999999999998	1566.1999999999998	\N	2025-03-31 11:13:20.190177+00
489	93	UG/224/050/2492370	Pending	72	51	0.5	1	51	76.5	\N	2025-03-31 11:13:20.190999+00
490	93	UG/122/013/24102417	Pending	16	125	0.5	7.5	937.5	1000	\N	2025-03-31 11:13:20.192048+00
491	93	UG/108/032/40006	Pending	47	445	0	8.2	3648.9999999999995	3648.9999999999995	\N	2025-03-31 11:13:20.193484+00
492	93	UG/330/300/2522886	Pending	316	8	0.5	7.5	60	64	\N	2025-03-31 11:13:20.194798+00
493	93	UG/418/09/240001	Pending	10	328	0.5	7.5	2460	2624	\N	2025-03-31 11:13:20.195913+00
494	93	UG/235/022/265001	Pending	36	120	0	5	600	600	\N	2025-03-31 11:13:20.196661+00
495	93	UG/105/033/24102416	Pending	48	32	0.5	5	160	176	\N	2025-03-31 11:13:20.197435+00
496	93	UG/122/013/24102423	Pending	16	50	0.5	7.5	375	400	\N	2025-03-31 11:13:20.198139+00
497	93	UG/105/013/24102398	Pending	16	291	0.5	7.5	2182.5	2328	\N	2025-03-31 11:13:20.198775+00
498	94	UG/410/010/24112710	Pending	11	5	1	20	100	105	\N	2025-03-31 11:54:45.494013+00
499	94	UG/102/047/24112635	Pending	69	2	1	2	4	6	\N	2025-03-31 11:54:45.495705+00
500	94	UG/106/251/35003	Pending	267	24	1	10	240	264	\N	2025-03-31 11:54:45.496983+00
501	94	UG/113/03/15003	Pending	3	22	1	10	220	242	\N	2025-03-31 11:54:45.498468+00
502	94	UG/116/0337/15003	Pending	351	1	1	5	5	6	\N	2025-03-31 11:54:45.499531+00
503	94	UG/429/0249/24112711	Pending	265	12	1	15	180	192	\N	2025-03-31 11:54:45.50084+00
504	94	UG/102/018/24112635	Pending	21	6	4	15	90	114	\N	2025-03-31 11:54:45.501796+00
505	94	UG/104/014/5038	Pending	17	3	1	10	30	33	\N	2025-03-31 11:54:45.502844+00
506	94	UG/104/0259/135090	Pending	275	41	1	25	1025	1066	\N	2025-03-31 11:54:45.504581+00
507	94	UG/104/04/135090	Pending	5	11	1	20	220	231	\N	2025-03-31 11:54:45.506042+00
508	94	UG/104/053/24112630	Pending	75	1	1	2	2	3	\N	2025-03-31 11:54:45.507166+00
509	94	UG/404/031/24112711	Pending	46	25	1	20	500	525	\N	2025-03-31 11:54:45.508305+00
510	94	UG/408/013/155001	Pending	16	1	1	15	15	16	\N	2025-03-31 11:54:45.509312+00
511	94	UG/429/0275/24112626	Pending	291	39	1	28	1092	1131	\N	2025-03-31 11:54:45.510268+00
512	94	UG/116/029/24112714	Pending	44	84	1	25	2100	2184	\N	2025-03-31 11:54:45.511235+00
513	94	UG/104/026/24112625	Pending	40	9	1	15	135	144	\N	2025-03-31 11:54:45.51195+00
514	94	UG/212/039/24112628	Pending	54	13	1	15	195	208	\N	2025-03-31 11:54:45.5128+00
515	94	UG/418/09/24112710	Pending	10	7	1	20	140	147	\N	2025-03-31 11:54:45.513649+00
516	94	UG/212/028/24112628	Pending	43	2	1	20	40	42	\N	2025-03-31 11:54:45.51434+00
478	91	UG/105/0444/285050	FitForExport	458	200	0.3	5	1000	1060	20	2025-03-31 09:32:27.070326+00
476	90	UG/105/005/24122845	FitForExport	6	18	0.7	10	180	192.6	5	2025-03-31 05:46:53.057208+00
462	87	UG/121/013/24112764	FitForExport	16	20	0.5	10	200	210	5	2025-03-31 01:45:03.353619+00
461	86	UG/121/013/24112764	FitForExport	16	5	0.5	10	50	52.5	5	2025-03-31 01:31:05.462979+00
517	94	UG/404/0246/24112636	Pending	262	46	1	10	460	506	\N	2025-03-31 11:54:45.515052+00
518	94	UG/113/021/130002	Pending	33	10	1	10	100	110	\N	2025-03-31 11:54:45.515956+00
519	94	UG/122/016/100003	Pending	19	30	1	10	300	330	\N	2025-03-31 11:54:45.516781+00
520	94	UG/113/02/5038	Pending	2	22	1	9	198	220	\N	2025-03-31 11:54:45.5175+00
521	95	UG/410/010/24112710	Pending	11	25	1	20	500	525	\N	2025-03-31 12:05:10.58051+00
522	95	UG/405/020/135001	Pending	32	132	1	25	3300	3432	\N	2025-03-31 12:05:10.581584+00
523	95	UG/106/036/35003	Pending	51	60	1	25	1500	1560	\N	2025-03-31 12:05:10.58246+00
524	95	UG/404/031/24112711	Pending	46	170	1	20	3400	3570	\N	2025-03-31 12:05:10.583206+00
525	95	UG/418/09/24112710	Pending	10	78	1	20	1560	1638	\N	2025-03-31 12:05:10.583974+00
526	95	UG/104/04/135090	Pending	5	16	1	25	400	416	\N	2025-03-31 12:05:10.584732+00
527	95	UG/106/0255/35003	Pending	271	28	1	10	280	308	\N	2025-03-31 12:05:10.585454+00
528	95	UG/212/028/24112628	Pending	43	24	1	25	600	624	\N	2025-03-31 12:05:10.586381+00
529	95	UG/403/039/24112634	Pending	54	35	1	20	700	735	\N	2025-03-31 12:05:10.587091+00
530	95	UG/113/03/15003	Pending	3	85	1	10	850	935	\N	2025-03-31 12:05:10.587755+00
531	95	UG/403/016/24112780	Pending	19	30	10	10	300	600	\N	2025-03-31 12:05:10.588554+00
532	95	UG/108/012/24112629	Pending	13	34	1	25	850	884	\N	2025-03-31 12:05:10.589293+00
477	91	UG/405/07/24102427	FitForExport	8	105	0.3	10	1050	1081.5	15	2025-03-31 09:32:27.068655+00
415	80	UG/124/07/24102449	FitForExport	8	70	0	8	560	560	10	2025-03-30 22:12:03.10519+00
445	84	UG/105/09/24102453	FitForExport	10	50	0.5	8	400	425	5	2025-03-30 23:10:05.378605+00
379	75	UG/106/012/35074	FitForExport	13	42	0.5	4.5	189	210	5	2025-03-30 19:11:42.34012+00
347	72	UG/122/09/45018	FitForExport	10	130	0.5	16	2080	2145	10	2025-03-30 18:56:40.573018+00
540	98	UG/122/013/45101	Pending	16	30	0.5	8	240	255	\N	2025-03-31 14:13:49.576897+00
541	98	UG/122/013/45101	Pending	16	116	0.5	10	1160	1218	\N	2025-03-31 14:13:49.578664+00
542	98	UG/111/09/24112526	Pending	10	129	0.5	16	2064	2128.5	\N	2025-03-31 14:13:49.579661+00
543	98	UG/415/07/35201	Pending	8	15	0.5	8	120	127.5	\N	2025-03-31 14:13:49.580937+00
544	98	UG/415/07/35201	Pending	8	63	0.5	10	630	661.5	\N	2025-03-31 14:13:49.581912+00
545	98	UG/415/033/35201	Pending	48	30	0.5	10	300	315	\N	2025-03-31 14:13:49.582849+00
546	98	UG/119/012/24112583	Pending	13	34	0.5	10	340	357	\N	2025-03-31 14:13:49.584258+00
547	98	UG/415/08/35201	Pending	9	14	0.5	6	84	91	\N	2025-03-31 14:13:49.58514+00
548	98	UG/409/025/24112670	Pending	39	40	0.5	10	400	420	\N	2025-03-31 14:13:49.585943+00
549	98	UG/409/025/24112670	Pending	39	5	0.5	12	60	62.5	\N	2025-03-31 14:13:49.586644+00
550	98	UG/119/049/24112583	Pending	71	7	0.5	5	35	38.5	\N	2025-03-31 14:13:49.587395+00
551	98	UG/104/032/24112582	Pending	47	18	0.5	10	180	189	\N	2025-03-31 14:13:49.588283+00
560	100	UG/109/03/24102390	Pending	3	3	0.5	5	15	16.5	\N	2025-03-31 14:34:26.199693+00
561	100	UG/406/014/24102379	Pending	17	43	0.5	5	215	236.5	\N	2025-03-31 14:34:26.2014+00
562	100	UG/406/003/24102379	Pending	3	6	0.5	5	30	33	\N	2025-03-31 14:34:26.202675+00
554	99	UG/119/049/24112553	FitForExport	71	10	0.5	6	60	65	10	2025-03-31 14:15:18.173623+00
552	99	UG/106/032/24102449	FitForExport	47	4	0.5	10	40	42	4	2025-03-31 14:15:18.171963+00
558	99	UG/124/09/24102449	FitForExport	10	2	0.5	10	20	21	2	2025-03-31 14:15:18.176445+00
553	99	UG/124/033/24102449	FitForExport	48	4	0.5	10	40	42	4	2025-03-31 14:15:18.172852+00
555	99	UG/104/01/5016	FitForExport	1	5	0.5	8	40	42.5	5	2025-03-31 14:15:18.174354+00
559	99	UG/119/012/24112553	FitForExport	13	3	0.5	5	15	16.5	3	2025-03-31 14:15:18.177227+00
556	99	UG/115/003/24112553	FitForExport	3	133	0.5	5	665	731.5	20	2025-03-31 14:15:18.175002+00
563	101	UG/108/009/24112763	Pending	10	41	1	20	820	861	\N	2025-03-31 17:10:03.15275+00
557	99	UG/124/07/24102449	FitForExport	8	15	0.5	10	150	157.5	15	2025-03-31 14:15:18.175626+00
533	96	UG/122/007/45033	FitForExport	8	400	0.5	1	400	600	10	2025-03-31 13:52:16.199117+00
564	101	UG/121/013/24112764	Pending	16	20	0.5	10	200	210	\N	2025-03-31 17:10:03.15499+00
565	102	UG/122/07/5085	Pending	8	250	0.3	3.7	925	1000	\N	2025-03-31 18:10:58.064494+00
566	103	UG/119/031/24112747	Pending	46	8	1	17.5	140	148	\N	2025-03-31 19:11:36.757486+00
567	103	UG/119/013/24112747	Pending	16	12	1	10	120	132	\N	2025-03-31 19:11:36.759+00
568	103	UG/119/007/24112747	Pending	8	7	1	9	63	70	\N	2025-03-31 19:11:36.760125+00
569	103	UG/119/008/24112747	Pending	9	30	1	6	180	210	\N	2025-03-31 19:11:36.761076+00
570	103	UG/119/012/24112747	Pending	13	10	1	10	100	110	\N	2025-03-31 19:11:36.762224+00
571	103	UG/119/026/24112747	Pending	40	25	1	10	250	275	\N	2025-03-31 19:11:36.763116+00
572	103	UG/119/005/24112747	Pending	6	5	1	13.8	69	74	\N	2025-03-31 19:11:36.764089+00
535	97	UG/122/09/100037	FitForExport	10	45	0.5	10	450	472.5	10	2025-03-31 13:56:09.641736+00
536	97	UG/106/01/24102398	FitForExport	1	90	0.5	7	630	675	10	2025-03-31 13:56:09.643487+00
537	97	UG/122/007/45033	FitForExport	8	10	0.5	10	100	105	10	2025-03-31 13:56:09.644591+00
538	97	UG/409/025/24112670	FitForExport	39	25	0.5	10	250	262.5	10	2025-03-31 13:56:09.645966+00
539	97	UG/122/94/45033	FitForExport	115	10	0.5	10	100	105	10	2025-03-31 13:56:09.647045+00
534	96	UG/106/0444/24102428	FitForExport	458	200	0.5	6	1200	1300	10	2025-03-31 13:52:16.200843+00
573	103	UG/119/0246/24112747	Pending	262	3	1	16.6	49.800000000000004	52.800000000000004	\N	2025-03-31 19:11:36.764905+00
574	103	UG/119/039/24112747	Pending	54	4	1	17.5	70	74	\N	2025-03-31 19:11:36.766069+00
575	103	UG/119/0441/24112747	Pending	455	1	1	5	5	6	\N	2025-03-31 19:11:36.766908+00
576	104	UG/122/8/253997	Pending	9	100	0.5	6	600	650	\N	2025-03-31 19:12:45.433111+00
577	104	UG/122/7/253997	Pending	8	100	0.5	10	1000	1050	\N	2025-03-31 19:12:45.434406+00
578	104	UG/122/13/253996	Pending	16	50	0.5	10	500	525	\N	2025-03-31 19:12:45.435224+00
579	104	UG/122/300/253996	Pending	316	10	0.5	10	100	105	\N	2025-03-31 19:12:45.436276+00
580	104	UG/122/033/24112559	Pending	48	3	0.5	10	30	31.5	\N	2025-03-31 19:12:45.437398+00
581	104	UG/113/445/113	Pending	459	20	0.5	2.5	50	60	\N	2025-03-31 19:12:45.438293+00
582	104	UG/113/39/113	Pending	54	3	0.5	8	24	25.5	\N	2025-03-31 19:12:45.439058+00
583	104	UG/106/032/113	Pending	47	10	0.1	12	120	121	\N	2025-03-31 19:12:45.439862+00
584	104	UG/113/26/113	Pending	40	20	0.5	5	100	110	\N	2025-03-31 19:12:45.44058+00
585	104	UG/122/038/24112559	Pending	53	3	0.5	12	36	37.5	\N	2025-03-31 19:12:45.441355+00
586	104	UG/106/09/2472348	Pending	10	200	0.5	10	2000	2100	\N	2025-03-31 19:12:45.442129+00
587	105	UG/106/018/24112572	Pending	21	10	0.4	10	100	104	\N	2025-03-31 20:46:40.653299+00
588	105	UG/106/038/24112572	Pending	53	4	0	15	60	60	\N	2025-03-31 20:46:40.654949+00
589	105	UG/106/02/65011	Pending	2	6	0.4	5	30	32.4	\N	2025-03-31 20:46:40.656047+00
590	105	UG/113/032/24102456	Pending	47	6	0.4	10	60	62.4	\N	2025-03-31 20:46:40.657017+00
591	105	UG/106/026/24102410	Pending	40	13	0.6	14	182	189.8	\N	2025-03-31 20:46:40.658009+00
592	105	UG/106/09/24102410	Pending	10	10	0.4	10.5	105	109	\N	2025-03-31 20:46:40.658825+00
593	105	UG/106/01/35049	Pending	1	8	0.4	8	64	67.2	\N	2025-03-31 20:46:40.659727+00
594	105	UG/119/012/24112569	Pending	13	9	0.4	10	90	93.6	\N	2025-03-31 20:46:40.660649+00
595	105	UG/404/033/24102456	Pending	48	2	0.4	10	20	20.8	\N	2025-03-31 20:46:40.661457+00
596	105	UG/106/013/24102410	Pending	16	10	0.4	10	100	104	\N	2025-03-31 20:46:40.662534+00
597	105	UG/106/010/24112572	Pending	11	10	0.4	10	100	104	\N	2025-03-31 20:46:40.66337+00
598	105	UG/106/0444/24112524	Pending	458	7	0.4	7	49	51.8	\N	2025-03-31 20:46:40.664225+00
599	105	UG/106/08/24112572	Pending	9	10	0.4	7	70	74	\N	2025-03-31 20:46:40.665225+00
600	105	UG/404/0246/24102456	Pending	262	3	0.5	10	30	31.5	\N	2025-03-31 20:46:40.666017+00
601	105	UG/122/07/24112572	Pending	8	8	0.5	10	80	84	\N	2025-03-31 20:46:40.667169+00
602	105	UG/205/039/24112573	Pending	54	6	0.5	10	60	63	\N	2025-03-31 20:46:40.667972+00
603	106	UG/405/07/65010	Pending	8	50	0.5	9.5	475	500	\N	2025-04-01 06:20:59.018555+00
604	106	UG/105/07/45070	Pending	8	100	0.5	9.5	950	1000	\N	2025-04-01 06:20:59.020015+00
605	106	UG/405/07/24102480	Pending	8	100	0.5	9.5	950	1000	\N	2025-04-01 06:20:59.020847+00
606	106	UG/423/007/325001	Pending	8	100	0.5	9.5	950	1000	\N	2025-04-01 06:20:59.021642+00
607	106	UG/119/0444/24112814	Pending	458	70	0.5	6	420	455	\N	2025-04-01 06:20:59.022353+00
608	106	UG/119/0444/24112812	Pending	458	100	0.5	6	600	650	\N	2025-04-01 06:20:59.023311+00
609	107	UG/204/07/170007	Pending	8	4	0.5	5	20	22	\N	2025-04-01 06:21:12.564474+00
610	107	UG/418/09/24102500	Pending	10	2	0.5	8	16	17	\N	2025-04-01 06:21:12.565324+00
611	107	UG/104/026/2512869	Pending	40	2	1	9	18	20	\N	2025-04-01 06:21:12.56609+00
612	108	UG/104/01/24102378	Pending	1	80	0.5	8	640	680	\N	2025-04-01 06:23:47.691067+00
613	109	UG/105/07/24102465	Pending	8	110	0.5	7.5	825	880	\N	2025-04-01 06:26:13.379427+00
614	109	UG/106/013/24102482	Pending	16	120	0.5	7.5	900	960	\N	2025-04-01 06:26:13.380479+00
615	109	UG/110/08/24112689	Pending	9	90	0.5	5	450	495	\N	2025-04-01 06:26:13.38124+00
616	109	UG/110/033/24112689	Pending	48	30	0.5	7.5	225	240	\N	2025-04-01 06:26:13.381942+00
617	109	UG/121/018/45091	Pending	21	25	0.5	10	250	262.5	\N	2025-04-01 06:26:13.382653+00
618	109	UG/119/012/24102467	Pending	13	40	0.5	5	200	220	\N	2025-04-01 06:26:13.383333+00
354	73	UG/122/07/5085	FitForExport	8	265	0.4	9.8	2597	2703	10	2025-03-30 19:01:19.984978+00
620	110	UG/113/331/253999	Pending	346	7	0.5	10	70	73.5	\N	2025-04-01 06:53:44.047959+00
621	110	UG/104/04/135090	Pending	5	2	0.5	2.5	5	6	\N	2025-04-01 06:53:44.048852+00
622	110	UG/405/07/24102427	Pending	8	20	0.5	10	200	210	\N	2025-04-01 06:53:44.049715+00
623	110	UG/113/43/253999	Pending	443	5	0.5	10	50	52.5	\N	2025-04-01 06:53:44.050435+00
624	110	UG/106/026/24102410	Pending	40	30	1	10	300	330	\N	2025-04-01 06:53:44.051181+00
625	110	UG/106/08/24112572	Pending	9	20	0.5	10	200	210	\N	2025-04-01 06:53:44.051912+00
626	110	UG/112/035/15003	Pending	50	10	0.5	10	100	105	\N	2025-04-01 06:53:44.05254+00
619	110	UG/106/0444/24112524	FitForExport	458	16	0.5	7.5	120	128	16	2025-04-01 06:53:44.046742+00
\.


--
