-- Data for Name: farmer_produce; Type: TABLE DATA; Schema: public; Owner: -
--

COPY public.farmer_produce (id, farmer_id, crop_id, plantingdate, acreage, created_at) FROM stdin;
\.


--
-- Data for Name: farmers; Type: TABLE DATA; Schema: public; Owner: -
--

COPY public.farmers (id, fmcode, fmid, fmidtype, fmname, fmphoto, fmphone, fmemail, status, isverified, created_at) FROM stdin;
822	2462342	CM86030102YD6C	NIN	BWEETE JOSEPH	\N	+256786934046	\N	Active	f	2025-03-26 14:50:14.929321+00
823	2472345	CF52071103N36A	NIN	Apio Hellen	\N	+256772612583	\N	Active	f	2025-03-26 14:50:14.932+00
255	17	CFJUXH90KRA	NIN	ALI KIYINGI	\N	708187118	\N	Active	f	2025-03-24 12:32:12.110754+00
290	5041	CFL0NHORLSL	NIN	Mubaraka Sserugo (Julius)	\N	780404936	\N	Active	f	2025-03-24 12:32:12.149386+00
293	5085	CFGHBMQEQAJ	NIN	Byaruhanga Allan	\N	755225730	\N	Active	f	2025-03-24 12:32:12.153883+00
312	30001	CMWV9HTXRM1	NIN	Godfrey Lutwama	\N	785790355	\N	Active	f	2025-03-24 12:32:12.172576+00
313	30013	CMHDJJXGQ83	NIN	Wesige	\N	752211261	\N	Active	f	2025-03-24 12:32:12.173614+00
319	35041	CFQIDBNY1N1	NIN	KASUMBA DENIS	\N	703723335	\N	Active	f	2025-03-24 12:32:12.180912+00
253	2	CF80006107DZGT	NIN	MUYANJA JOHN	\N	771934226	\N	Active	f	2025-03-24 12:32:12.108996+00
254	4	CF860231004Z1L	NIN	Evlyn Kirabo	\N	752846267	\N	Active	f	2025-03-24 12:32:12.110068+00
256	20	CM9805210E79EE	NIN	CHARLES BALABILAWO	\N	759105065	\N	Active	f	2025-03-24 12:32:12.111657+00
257	25	CM4500323C4S	NIN	KAMOGA ABDUL	\N	742188302	\N	Active	f	2025-03-24 12:32:12.112539+00
258	39	CM85052104RXUF	NIN	CLEMENT MPIIMA	\N	772362117	\N	Active	f	2025-03-24 12:32:12.11318+00
259	58	CM77046101P87F	NIN	NSABIMANA JULIUS	\N	781529227	\N	Active	f	2025-03-24 12:32:12.114586+00
260	60	CM70100101ERNA	NIN	KABALI PAUL	\N	772625107	\N	Active	f	2025-03-24 12:32:12.117562+00
261	76	LP0002020654	NIN	DENIS MUGALULA	\N	788166861	\N	Active	f	2025-03-24 12:32:12.11899+00
262	82	CM80052106YQUA	NIN	MUGAGGA HENRY	\N	753508920	\N	Active	f	2025-03-24 12:32:12.119955+00
263	87	CM78030104L0MF	NIN	SSEMUJU SIMON	\N	777352581	\N	Active	f	2025-03-24 12:32:12.121617+00
264	100	CM6105210GQHVL	NIN	LUBEGA CHARLES	\N	706501065	\N	Active	f	2025-03-24 12:32:12.12345+00
265	101	CM8205210713KL	NIN	DANIEL KAMOGA	\N	709482197	\N	Active	f	2025-03-24 12:32:12.12518+00
267	106	LP0002020259	NIN	PIUS BAKIIKA	\N	752311097	\N	Active	f	2025-03-24 12:32:12.127399+00
268	113	LP0002020958	NIN	MAWUL A VICENT	\N	752825780	\N	Active	f	2025-03-24 12:32:12.128004+00
269	132	LP0002020935	NIN	KYEYUNE MICHEAL	\N	752078100	\N	Active	f	2025-03-24 12:32:12.128726+00
270	183	LP0002021094	NIN	MUSISI STEVEN	\N	759669434	\N	Active	f	2025-03-24 12:32:12.129411+00
271	184	CM9410510171XK	NIN	MICHEAL KYEYUNE	\N	752078100	\N	Active	f	2025-03-24 12:32:12.130104+00
272	201	LP0002021191	NIN	Charles Kibuuka	\N	772631290	\N	Active	f	2025-03-24 12:32:12.131708+00
273	213	LP0002021412	NIN	Gloria Nakayiwa	\N	777352581	\N	Active	f	2025-03-24 12:32:12.13395+00
274	214	LP0002021029	NIN	Jalia Nakirya	\N	756092497	\N	Active	f	2025-03-24 12:32:12.134813+00
275	215	LP0002021538	NIN	Jamiru Nkubi	\N	779667625	\N	Active	f	2025-03-24 12:32:12.135582+00
276	2021	LP0002020102	NIN	NAKIJJOBA CHRISTINE	\N	702942022	\N	Active	f	2025-03-24 12:32:12.136414+00
277	3018	CM6561033101CH	NIN	MIREMBE CYRUS	\N	75181430	\N	Active	f	2025-03-24 12:32:12.137324+00
278	5002	CM690991039HOL	NIN	Sekkito. Isma.	\N	782337639	\N	Active	f	2025-03-24 12:32:12.138444+00
279	5007	LP0002020515	NIN	NABULYA MONIC	\N	775766659	\N	Active	f	2025-03-24 12:32:12.13966+00
280	5016	CM8037101ZC8E	NIN	KAMUGISHA JOHNBOSCO	\N	772249829	\N	Active	f	2025-03-24 12:32:12.140614+00
281	5019	CM910211030MYL	NIN	LASSU PATRICK	\N	392159485	\N	Active	f	2025-03-24 12:32:12.141736+00
282	5021	CM8578100UDUD	NIN	MUBOGI KASSIM	\N	778870099	\N	Active	f	2025-03-24 12:32:12.14247+00
283	5022	LP0002020667	NIN	Nkodyo James	\N	789435536	\N	Active	f	2025-03-24 12:32:12.143216+00
284	5024	LP0002020534	NIN	Sali Simon	\N	777993598	\N	Active	f	2025-03-24 12:32:12.143898+00
285	5025	CM87023108VV3F	NIN	SEMIVULE GERALD	\N	773931239	\N	Active	f	2025-03-24 12:32:12.145328+00
287	5037	CM5645656YFEDH	NIN	WAMPONA MOSES	\N	776855580	\N	Active	f	2025-03-24 12:32:12.146653+00
288	5038	LP0002020068	NIN	KASAGGA VICENT	\N	701315582	\N	Active	f	2025-03-24 12:32:12.147488+00
289	5040	LP0002020475	NIN	KAIJA EDDY	\N	773213582	\N	Active	f	2025-03-24 12:32:12.148163+00
291	5047	CM9505210CTVTC	NIN	Denis Mugalura	\N	787339909	\N	Active	f	2025-03-24 12:32:12.150877+00
292	5057	LP0002020647	NIN	KISITU DAVID	\N	787242748	\N	Active	f	2025-03-24 12:32:12.152823+00
294	5093	LP0002020252	NIN	EDDY KAIJA	\N	752213582	\N	Active	f	2025-03-24 12:32:12.154706+00
295	5253	LP0002021676	NIN	NKANGI SMITH	\N	782888162	\N	Active	f	2025-03-24 12:32:12.155724+00
296	5275	LP0002020488	NIN	MARY CLAIRE WOBUDEYA	\N	773753322	\N	Active	f	2025-03-24 12:32:12.157351+00
297	10003	CM93032104YO8H	NIN	SSEZATE HASSAN	\N	700800581	\N	Active	f	2025-03-24 12:32:12.158366+00
298	10016	LP0002020978	NIN	ANDREW KITAKA	\N	753782798	\N	Active	f	2025-03-24 12:32:12.159059+00
299	10019	LP0002020363	NIN	Mpiima Clement Sserubo	\N	756362117	\N	Active	f	2025-03-24 12:32:12.159709+00
300	10020	CM4657678QWE0L	NIN	MUKASA ROBERT	\N	782328836	\N	Active	f	2025-03-24 12:32:12.160405+00
301	15003	LP0002020232	NIN	RYAN SERWANJA	\N	751388857	\N	Active	f	2025-03-24 12:32:12.16104+00
302	20001	LP0002021214	NIN	SSEMWOGERERE JOSEPH	\N	773107413	\N	Active	f	2025-03-24 12:32:12.161672+00
303	20027	LP0002020406	NIN	Herbert Bwanika	\N	759300158	\N	Active	f	2025-03-24 12:32:12.162364+00
304	20034	LP0002020084	NIN	LUYIMA EDWARD	\N	701979792	\N	Active	f	2025-03-24 12:32:12.163017+00
306	25011	LP0002020310	NIN	MUYIMBWA JULIUS	\N	754151253	\N	Active	f	2025-03-24 12:32:12.166649+00
307	25025	LP0002020533	NIN	SENTEMBE WILLINGTON	\N	777823125	\N	Active	f	2025-03-24 12:32:12.167677+00
308	25026	CM660361035V8L	NIN	NAMUGUZI DEO	\N	753857795	\N	Active	f	2025-03-24 12:32:12.16869+00
309	25030	LP0002020151	NIN	LWANGA PASCAL	\N	705028822	\N	Active	f	2025-03-24 12:32:12.169598+00
310	25042	CM8703210A9QCF	NIN	WASUKILA MUHAMMAD	\N	751083597	\N	Active	f	2025-03-24 12:32:12.170585+00
311	25069	CF79099100EJ6J	NIN	NABUKALU TEDDY	\N	777651489	\N	Active	f	2025-03-24 12:32:12.171579+00
314	30043	LP0002020085	NIN	NAMUGUZI RECHARD	\N	701996609	\N	Active	f	2025-03-24 12:32:12.176346+00
316	35001	LP0002020569	NIN	SSENTONGO RICHARD	\N	781659507	\N	Active	f	2025-03-24 12:32:12.178559+00
317	35003	CM3567890IJKLU	NIN	Sam Mpanga	\N	776108449	\N	Active	f	2025-03-24 12:32:12.179345+00
318	35004	LP0002020083	NIN	MUTALE ACHILEO	\N	701979791	\N	Active	f	2025-03-24 12:32:12.180215+00
320	35049	LP0002020275	NIN	KIGGUNDU KONOWEKA	\N	752795310	\N	Active	f	2025-03-24 12:32:12.181997+00
321	35060	CM860321094YAL	NIN	MOSES SEMAMBO	\N	701135886	\N	Active	f	2025-03-24 12:32:12.182949+00
323	35068	LP0002021278	NIN	KAKONGE STEVEN	\N	774224502	\N	Active	f	2025-03-24 12:32:12.18544+00
322	35061	CM97030102C9YC	NIN	SSENKAABA REMMY	\N	708202717	\N	Active	f	2025-03-24 12:32:12.184499+00
324	35072	CM9405210G466C	NIN	MUGABE EDWIN	\N	772745146	\N	Active	f	2025-03-24 12:32:12.186297+00
325	35074	CM93030106CHTA	NIN	SEKIGENYI JOSEPH ALEX	\N	786479626	\N	Active	f	2025-03-24 12:32:12.187244+00
824	24102396	CM60099100GYUE	NIN	Lutwama Gofrey	\N	+256707685079	\N	Active	f	2025-03-26 14:50:14.933537+00
330	35107	CFHVSEDT0ON	NIN	MUYIMBWA JULIAS	\N	754151253	\N	Active	f	2025-03-24 12:32:12.201413+00
355	40242	CFZY6KK19MG	NIN	MAGIDU KALINGE	\N	756896477	\N	Active	f	2025-03-24 12:32:12.223535+00
327	35083	CF6003410AKNKD	NIN	BARYAYEBWA JOVENTA	\N	705319307	\N	Active	f	2025-03-24 12:32:12.198107+00
328	35101	LP0002020182	NIN	WILLIAM MUSISI	\N	706673564	\N	Active	f	2025-03-24 12:32:12.199435+00
329	35104	LP0002020525	NIN	TADIUS KIGUNDU	\N	777093289	\N	Active	f	2025-03-24 12:32:12.200526+00
332	35201	CM77049101DHAL	NIN	ABUDU-LATIF KAKAIRE	\N	706846929	\N	Active	f	2025-03-24 12:32:12.203702+00
333	35212	CM95030102UC9L	NIN	SEBALU NICHOLASI	\N	702575071	\N	Active	f	2025-03-24 12:32:12.204816+00
334	35216	LP0002020358	NIN	DENIS NSUBUGA	\N	756913528	\N	Active	f	2025-03-24 12:32:12.205809+00
335	35218	LP0002020152	NIN	ASASIRA MARTIN	\N	705107839	\N	Active	f	2025-03-24 12:32:12.206753+00
336	35221	LP0002021001	NIN	NTALE PASCAL	\N	754659768	\N	Active	f	2025-03-24 12:32:12.207513+00
337	35224	LP0002020962	NIN	KIMBOWA MADI	\N	753017593	\N	Active	f	2025-03-24 12:32:12.208356+00
338	35225	LP0002020418	NIN	KEMIGISHA JOANITA	\N	759983479	\N	Active	f	2025-03-24 12:32:12.209174+00
340	35259	LP0002020376	NIN	NOAH MUTIMBA	\N	757436308	\N	Active	f	2025-03-24 12:32:12.211433+00
339	35249	LP0002021858	NIN	Zimwanguyiza Zimwanguyiza	\N	787019909	\N	Active	f	2025-03-24 12:32:12.209965+00
341	35262	LP0002020964	NIN	SENTAMU NZABA	\N	753192789	\N	Active	f	2025-03-24 12:32:12.212287+00
342	35299	LP0002021087	NIN	John Kifampa	\N	759320090	\N	Active	f	2025-03-24 12:32:12.212981+00
343	35309	LP0002020944	NIN	Julius Kimera	\N	752323905	\N	Active	f	2025-03-24 12:32:12.213667+00
344	35336	LP0002021144	NIN	Sarah Nantege	\N	771456382	\N	Active	f	2025-03-24 12:32:12.214325+00
345	40006	CM960321099Z4G	NIN	SSENGENDO VINCENT	\N	701045112	\N	Active	f	2025-03-24 12:32:12.215163+00
346	40011	CM8903210PKKH	NIN	ROBERT SSEBULIBA	\N	700436781	\N	Active	f	2025-03-24 12:32:12.216013+00
348	40014	CM74047101RZ3L	NIN	MUSISI EMMANUEL	\N	702872982	\N	Active	f	2025-03-24 12:32:12.217914+00
349	40022	LP0002020427	NIN	MAJIDU WAKWAYA	\N	771618556	\N	Active	f	2025-03-24 12:32:12.218833+00
350	40029	CM8605210GUANG	NIN	NTIRUSHWA RICHARD	\N	756250034	\N	Active	f	2025-03-24 12:32:12.219572+00
351	40033	LP0002021118	NIN	Abdallah Hakim Katamba	\N	765439037	\N	Active	f	2025-03-24 12:32:12.220395+00
353	40040	CM910321090RQK	NIN	LAWRENCE MUTUMBA	\N	752374309	\N	Active	f	2025-03-24 12:32:12.222123+00
352	40039	LP0002020417	NIN	JOEL BUKENYA	\N	759883074	\N	Active	f	2025-03-24 12:32:12.221291+00
354	40058	LP0002020613	NIN	MIKE SEGAWA SSALI	\N	783446257	\N	Active	f	2025-03-24 12:32:12.222829+00
356	40260	LP0002020767	NIN	Kasibante Ssentamu	\N	703989029	\N	Active	f	2025-03-24 12:32:12.224308+00
357	40279	LP0002020745	NIN	Suzan Sendi Mukasa	\N	702996511	\N	Active	f	2025-03-24 12:32:12.224994+00
358	40282	LP0002020815	NIN	Yazid Bulagala	\N	706207097	\N	Active	f	2025-03-24 12:32:12.225734+00
359	45009	LP0002020105	NIN	SSELUGO JULIUS	\N	703972936	\N	Active	f	2025-03-24 12:32:12.226419+00
360	45018	LP0002020079	NIN	Andrew Kavuma	\N	701693953	\N	Active	f	2025-03-24 12:32:12.227086+00
361	45023	LP0002020634	NIN	CHARLES KAGWA	\N	785747991	\N	Active	f	2025-03-24 12:32:12.227837+00
362	45033	LP0002020545	NIN	SSALI IDDI	\N	779517252	\N	Active	f	2025-03-24 12:32:12.228478+00
363	45041	CF77031104Q9CJ	NIN	NAKIWALA TEOPISTA	\N	701685439	\N	Active	f	2025-03-24 12:32:12.229193+00
364	45043	LP0002021414	NIN	DENIS NDUGA	\N	777384660	\N	Active	f	2025-03-24 12:32:12.229989+00
365	45054	LP0002020157	NIN	ANUWAR KIMERA	\N	705420464	\N	Active	f	2025-03-24 12:32:12.230745+00
366	45063	LP0002021675	NIN	KAGWA CHARLES	\N	782859050	\N	Active	f	2025-03-24 12:32:12.231434+00
367	45066	LP0002020685	NIN	Nyanzi Kennedy	\N	700694943	\N	Active	f	2025-03-24 12:32:12.232301+00
368	45067	LP0002020738	NIN	SSEBATA FRED	\N	702795965	\N	Active	f	2025-03-24 12:32:12.233202+00
369	45070	LP0002020981	NIN	Bob Tinyenfuza	\N	753873371	\N	Active	f	2025-03-24 12:32:12.235729+00
370	45080	LP0002020426	NIN	ABDALLAHALATIF KAKAIRE	\N	771570409	\N	Active	f	2025-03-24 12:32:12.237344+00
371	45088	LP0002020264	NIN	MBABAZI HASSAN	\N	752391181	\N	Active	f	2025-03-24 12:32:12.238602+00
373	45091	LP0002020279	NIN	ALI SEMPALA	\N	752885884	\N	Active	f	2025-03-24 12:32:12.24051+00
372	45089	LP0002020776	NIN	Ngabirano Ngabirano	\N	704375757	\N	Active	f	2025-03-24 12:32:12.239682+00
374	45094	LP0002020407	NIN	BWANIKA HERBERT	\N	759300168	\N	Active	f	2025-03-24 12:32:12.241291+00
375	45096	CM86N6103C8AZB	NIN	MUSANJE IBRAHIM	\N	753421911	\N	Active	f	2025-03-24 12:32:12.242091+00
376	45099	LP0002020617	NIN	MIKE MUTYABA	\N	783667679	\N	Active	f	2025-03-24 12:32:12.242835+00
377	45100	LP0002020529	NIN	PETER LUYIMA	\N	777404213	\N	Active	f	2025-03-24 12:32:12.243663+00
378	45101	LP0002020361	NIN	YASIN KIGGUNDU	\N	756273758	\N	Active	f	2025-03-24 12:32:12.244406+00
379	50035	CM92036103DOLK	NIN	WAREED KHALIPHAN	\N	705906193	\N	Active	f	2025-03-24 12:32:12.245088+00
380	55003	CM76009104R0YD	NIN	AGUSSE KALIMBA	\N	757408545	\N	Active	f	2025-03-24 12:32:12.245797+00
381	55006	CM74068106DTIJ	NIN	KATEREGA CHARLES	\N	752029233	\N	Active	f	2025-03-24 12:32:12.246559+00
382	55010	LP0002020159	NIN	UMAR KIBIRIGE	\N	705604326	\N	Active	f	2025-03-24 12:32:12.247228+00
383	55023	LP0002020270	NIN	EDWARD MBAZIIRA	\N	752593588	\N	Active	f	2025-03-24 12:32:12.247894+00
384	65010	LP0002020329	NIN	JONATHAN NDADIZE	\N	754681444	\N	Active	f	2025-03-24 12:32:12.248564+00
385	65011	CM86030105AE8C	NIN	KIGGUNDU THADIAS	\N	752795310	\N	Active	f	2025-03-24 12:32:12.249342+00
386	65020	LP0002020163	NIN	PETER KABUYE	\N	705901879	\N	Active	f	2025-03-24 12:32:12.250197+00
387	75013	LP0002020303	NIN	KIYIMBA FRED	\N	753782798	\N	Active	f	2025-03-24 12:32:12.250841+00
388	75016	LP0002021012	NIN	JOSHUA BAMUSONGA	\N	755068662	\N	Active	f	2025-03-24 12:32:12.251568+00
389	80010	CM780231070AFE	NIN	CHARLES WAKHATA	\N	704731048	\N	Active	f	2025-03-24 12:32:12.252344+00
391	80075	LP0002020810	NIN	Kalansa joshua	\N	705963302	\N	Active	f	2025-03-24 12:32:12.254065+00
392	85004	CM811091002KJL	NIN	MUBANGIZI JOHN	\N	783079150	\N	Active	f	2025-03-24 12:32:12.254917+00
393	100001	LP0002021874	NIN	Joseph Bwete	\N	787490991	\N	Active	f	2025-03-24 12:32:12.25571+00
394	100003	LP0002020365	NIN	JULIUS TUMWEBAZE	\N	756543456	\N	Active	f	2025-03-24 12:32:12.256404+00
395	100007	LP0002020247	NIN	BAKER MABIRIZI	\N	752186032	\N	Active	f	2025-03-24 12:32:12.257112+00
396	100037	LP0002020235	NIN	MATIA MUGEJA	\N	751637954	\N	Active	f	2025-03-24 12:32:12.257835+00
397	110001	CM95054100TNEK	NIN	SHAGA GREENS	\N	752340712	\N	Active	f	2025-03-24 12:32:12.258569+00
398	110004	LP0002020621	NIN	MATSIKO LEVI	\N	783826463	\N	Active	f	2025-03-24 12:32:12.259277+00
430	235044	CM80037101ZHN	NIN	MARY CLAIRE	\N	753753322	\N	Active	f	2025-03-24 12:32:12.305264+00
431	235050	LP0002021159	NIN	ZAC Farms	\N	771919334	\N	Active	f	2025-03-24 12:32:12.30608+00
433	240005	CM850551100NJ8A	NIN	GERALD TWONGIRE	\N	756901870	\N	Active	f	2025-03-24 12:32:12.308355+00
435	265001	LP0002020527	NIN	Kakaira Menya Muhammad	\N	777195787	\N	Active	f	2025-03-24 12:32:12.309853+00
434	250007	CM752554TD248M	NIN	TUKAHABWA DENIS	\N	708020526	\N	Active	f	2025-03-24 12:32:12.309135+00
436	265002	LP0002020546	NIN	MUZAALE MUHAMMED	\N	779654414	\N	Active	f	2025-03-24 12:32:12.31059+00
437	270006	CM73105106LUZF	NIN	LUSWATA DOMINIC	\N	777165294	\N	Active	f	2025-03-24 12:32:12.312663+00
438	270025	CM790491018UYL	NIN	MANYA HANNIGTON	\N	756448552	\N	Active	f	2025-03-24 12:32:12.313376+00
439	285050	CM91024105dj1l	NIN	KASITA SWAIBU	\N	757818487	\N	Active	f	2025-03-24 12:32:12.314385+00
440	325001	CM67106100TG0H	NIN	MUHWEEZI PATRICK	\N	773142224	\N	Active	f	2025-03-24 12:32:12.315481+00
409	135001	CMSGZEYNZSR	NIN	GERALD OBWANA	\N	772524424	\N	Active	f	2025-03-24 12:32:12.284223+00
441	355002	LP0002020228	NIN	MUHAMMAD MUZAALE	\N	751180310	\N	Active	f	2025-03-24 12:32:12.316343+00
442	355005	CM87007107J8FK	NIN	HAMIS KASISA	\N	756773322	\N	Active	f	2025-03-24 12:32:12.317061+00
413	145008	CMW1S6YCFVZ	NIN	Nakijoba Christin	\N	773745578	\N	Active	f	2025-03-24 12:32:12.288243+00
443	2442323	CF9404214HU4F	NIN	ZUNUNA TIBENDA	\N	+256750683139	\N	Active	f	2025-03-24 12:32:12.317884+00
444	2442324	CM253774994729M	NIN	BRIAN KISAZI	\N	+256778050105	\N	Active	f	2025-03-24 12:32:12.318594+00
445	2442328	CM703726390HJ	NIN	Ssekubulwa Wahabu	\N	+256703726390	\N	Active	f	2025-03-24 12:32:12.319325+00
825	170011	CM 95049102F9PJ	NIN	KINDAMBIRE EMMAH	\N	709563950	\N	Active	f	2025-03-26 14:50:14.934787+00
420	175114	CMN8HA1XZUV	NIN	Rosemary Arinaitwe	\N	785576585	\N	Active	f	2025-03-24 12:32:12.296938+00
423	185038	CM0G3EOM5T4	NIN	John Kamugisha	\N	789466791	\N	Active	f	2025-03-24 12:32:12.29963+00
425	215002	CFJPUXBSGGS	NIN	MOSES TUMUREBIRE	\N	772880305	\N	Active	f	2025-03-24 12:32:12.301293+00
432	240001	CM591LSDS7L	NIN	Christopher Gonza	\N	705243775	\N	Active	f	2025-03-24 12:32:12.307667+00
446	2452329	CMD2JKNVWSB	NIN	LUBEGA CHARLES	\N	+256772613002	\N	Active	f	2025-03-24 12:32:12.320035+00
447	2452330	CM98YJD7DI5	NIN	AGRICADO FARM A	\N	+256774447379	\N	Active	f	2025-03-24 12:32:12.320787+00
448	2452331	CMUY1EB0N1Z	NIN	AGRICADO FARM B	\N	+256774447379	\N	Active	f	2025-03-24 12:32:12.32148+00
449	2452334	CFKZXLJZ2BW	NIN	AGRICADO FARM C	\N	+256774447379	\N	Active	f	2025-03-24 12:32:12.322255+00
450	2452335	CMQDMQY0UKR	NIN	AGRICADO FARM D	\N	+256752652094	\N	Active	f	2025-03-24 12:32:12.323045+00
451	2452336	CMNG950F5T0	NIN	AGRICADO FARM E	\N	+256774447379	\N	Active	f	2025-03-24 12:32:12.323912+00
452	2452337	CFO5O0LI4IY	NIN	AGRICADO FARM F	\N	+256774447379	\N	Active	f	2025-03-24 12:32:12.324668+00
453	2452338	CFU2PTFORKS	NIN	AGRICADO FARM G	\N	+256774447379	\N	Active	f	2025-03-24 12:32:12.325388+00
454	2452339	CMG7N3BGTSO	NIN	AGRICADO FARM H	\N	+256774447379	\N	Active	f	2025-03-24 12:32:12.326101+00
455	2452340	CFQVFMYO1IY	NIN	AGRICADO FARM I	\N	+256752652094	\N	Active	f	2025-03-24 12:32:12.326823+00
456	2472347	CMU4TAQXKRE	NIN	Maganda Faruk	\N	+256775251751	\N	Active	f	2025-03-24 12:32:12.327565+00
457	2472348	CF7OXZ8QI9W	NIN	Lukwago Henry	\N	+256742007864	\N	Active	f	2025-03-24 12:32:12.328288+00
458	2482358	CM6LCUERWGZ	NIN	RONALD KIRYOWA	\N	+256759313332	\N	Active	f	2025-03-24 12:32:12.328966+00
459	2492362	CM4HI59PKYV	NIN	KAKANDE CHARLES	\N	+256752717279	\N	Active	f	2025-03-24 12:32:12.329763+00
460	2492369	CFZZHHWHXQ8	NIN	KIGOZI GRACE NALWOGA	\N	+256701032144	\N	Active	f	2025-03-24 12:32:12.330495+00
461	2492370	CFJQLHTGZRR	NIN	MULYAZAWO JAFALI	\N	+256753362933	\N	Active	f	2025-03-24 12:32:12.331246+00
462	2492371	CF3EWBM6O4T	NIN	Musobya Edward	\N	+256783154684	\N	Active	f	2025-03-24 12:32:12.332289+00
463	2512853	CFRZYQ4JJXU	NIN	WAFULA LAWRENCE	\N	+256708262661	\N	Active	f	2025-03-24 12:32:12.333228+00
464	2512854	CMJLYM2XP3P	NIN	KUTEESA EDITH	\N	+256775158949	\N	Active	f	2025-03-24 12:32:12.333917+00
465	2512855	CFJ096GWIEL	NIN	ARRON MITI	\N	+256754668928	\N	Active	f	2025-03-24 12:32:12.334711+00
466	2512856	CM99JHEV15R	NIN	Joshua Kayongo	\N	+256787829635	\N	Active	f	2025-03-24 12:32:12.335415+00
467	2512857	CFHNXT652FY	NIN	Barasa Isaac	\N	+256776661426	\N	Active	f	2025-03-24 12:32:12.336043+00
468	2512859	CFCNJJ6P6OR	NIN	David Mugenyi	\N	+256788967803	\N	Active	f	2025-03-24 12:32:12.336726+00
469	2512860	CF1UIRAV3S2	NIN	PAPA PATRICK	\N	+256777442403	\N	Active	f	2025-03-24 12:32:12.3376+00
400	110006	LP0002020344	NIN	Mubiru Charles	\N	755373452	\N	Active	f	2025-03-24 12:32:12.273897+00
401	110007	CM81082105RWG	NIN	MATIA SSOZI	\N	756956176	\N	Active	f	2025-03-24 12:32:12.277453+00
402	110015	CM7007102CL6L	NIN	KYEYAGO JAMES	\N	755603244	\N	Active	f	2025-03-24 12:32:12.278469+00
403	110021	LP0002020074	NIN	MAUREEN NABUKALU	\N	701540459	\N	Active	f	2025-03-24 12:32:12.279353+00
404	110026	CM8501010AACFF	NIN	BAMUTURAKI MOSES	\N	704840218	\N	Active	f	2025-03-24 12:32:12.280151+00
405	110027	LP0002021020	NIN	MUSOKE DAVID	\N	755357638	\N	Active	f	2025-03-24 12:32:12.281096+00
406	110065	CM20037101ZK8E	NIN	MUHANGUZI INNOCENT	\N	705260068	\N	Active	f	2025-03-24 12:32:12.281878+00
407	130002	LP0002020239	NIN	ROOHAZ MUNIR	\N	751702989	\N	Active	f	2025-03-24 12:32:12.28276+00
408	130010	LP0002020179	NIN	WOBUDEYA CLAIRE	\N	706645183	\N	Active	f	2025-03-24 12:32:12.283488+00
410	135051	LP0002021957	NIN	NUWAGIRA NICHOLAS	\N	789932395	\N	Active	f	2025-03-24 12:32:12.284928+00
411	135090	LP0002021096	NIN	DEO NGOBI	\N	759740740	\N	Active	f	2025-03-24 12:32:12.285747+00
412	145004	LP0002020355	NIN	Jane Nalubwama	\N	755793393	\N	Active	f	2025-03-24 12:32:12.286482+00
415	155001	CM71018104QWVL	NIN	MUGISHA FRED	\N	782230077	\N	Active	f	2025-03-24 12:32:12.290232+00
416	170007	CM93008106D56J	NIN	MUSOBYA EDWARD	\N	755578098	\N	Active	f	2025-03-24 12:32:12.291771+00
417	170022	LP0002020691	NIN	LUKAKAMWA ISAAC	\N	700961430	\N	Active	f	2025-03-24 12:32:12.293323+00
418	175031	LP0002021273	NIN	Rugumyangabo Eve	\N	774074030	\N	Active	f	2025-03-24 12:32:12.295023+00
419	175106	LP0002021289	NIN	Kenneth Tumwebaze	\N	774422552	\N	Active	f	2025-03-24 12:32:12.296122+00
421	180001	CM790211013GDG	NIN	OSIRE PASCAL	\N	755110055	\N	Active	f	2025-03-24 12:32:12.297717+00
422	185011	LP0002021897	NIN	Tumuronde Adonia	\N	788451201	\N	Active	f	2025-03-24 12:32:12.298628+00
424	190001	CM82035106WKVK	NIN	JOSEPH OKOBOI	\N	705929054	\N	Active	f	2025-03-24 12:32:12.300577+00
426	221288	LP0002021507	NIN	NAM CISSY	\N	779242595	\N	Active	f	2025-03-24 12:32:12.302009+00
428	235025	CM67034104EJOK	NIN	SADIKI NELSON BYARUHANGA	\N	392907048	\N	Active	f	2025-03-24 12:32:12.303627+00
429	235039	CM610103V1MK	NIN	LUTALO KAMYA JAMIR	\N	753197141	\N	Active	f	2025-03-24 12:32:12.304454+00
470	2512861	CMIP59DWK8L	NIN	EPAA RICHARD	\N	+256752019973	\N	Active	f	2025-03-24 12:32:12.338707+00
471	2512862	CFVICNKDPZU	NIN	OKIROR ALEX	\N	+256773978791	\N	Active	f	2025-03-24 12:32:12.340455+00
472	2512864	CMVJKIM3FEL	NIN	PADE GEORGE	\N	+256765579395	\N	Active	f	2025-03-24 12:32:12.341455+00
473	2512865	CM797PFLBAK	NIN	Omaset Nicholas Osamai	\N	+256780521464	\N	Active	f	2025-03-24 12:32:12.342307+00
474	2512866	CMZLDFIFMMN	NIN	Atwongyeire Ambrose	\N	+256701199604	\N	Active	f	2025-03-24 12:32:12.343156+00
475	24102374	CFB3K86I8B1	NIN	NYAMAHUNGE MAUREEN	\N	+256709481990	\N	Active	f	2025-03-24 12:32:12.344719+00
476	24102375	CFXR5WSO2M2	NIN	EMALU JACOB	\N	+256775372903	\N	Active	f	2025-03-24 12:32:12.346368+00
477	24102378	CFZ73X21KYM	NIN	WABULAKHA RONALD OMWENE	\N	+256781193490	\N	Active	f	2025-03-24 12:32:12.347072+00
478	24102379	CMRO2ZKD2N2	NIN	EYO OSCAR	\N	+256702049167	\N	Active	f	2025-03-24 12:32:12.34787+00
479	24102380	CMXC8ZJYCCZ	NIN	TUMUSIIME WILSON KYENJOJO	\N	+256783490823	\N	Active	f	2025-03-24 12:32:12.348835+00
480	24102381	CMW7KXYPSYC	NIN	MATOVU DANIEL	\N	+256700359196	\N	Active	f	2025-03-24 12:32:12.34973+00
481	24102384	CFXGZSIM2V0	NIN	Nyanzi Sowedi	\N	+256757094680	\N	Active	f	2025-03-24 12:32:12.350407+00
482	24102385	CMNL6RM2O88	NIN	Musanje Dirisa	\N	+256758584143	\N	Active	f	2025-03-24 12:32:12.351094+00
483	24102388	CMYC6ARDB3T	NIN	Nanyanzi Sarah	\N	+256741298330	\N	Active	f	2025-03-24 12:32:12.351895+00
484	24102389	CF35OW2UXMQ	NIN	Kimbowa Topher	\N	+256750791823	\N	Active	f	2025-03-24 12:32:12.352595+00
485	24102390	CF3CFWP3Q66	NIN	Semambo Jeremiah	\N	+256743008642	\N	Active	f	2025-03-24 12:32:12.353257+00
486	24102391	CF38YQNWVXE	NIN	Emong Luke	\N	+256741577707	\N	Active	f	2025-03-24 12:32:12.353975+00
487	24102392	CM0VFCM5J97	NIN	Mwene Banabakintu	\N	+256777702773	\N	Active	f	2025-03-24 12:32:12.354724+00
488	24102393	CMP83PQOCZE	NIN	Kirabo Evelyn	\N	+256752846267	\N	Active	f	2025-03-24 12:32:12.355437+00
489	24102397	CMLTKZAQAW4	NIN	NYOMBI THOMAS	\N	+256700744244	\N	Active	f	2025-03-24 12:32:12.356143+00
490	24102398	CFFBTRQNHZF	NIN	Ssekyanzi Abdul	\N	+256754418841	\N	Active	f	2025-03-24 12:32:12.356805+00
491	24102399	CF1FLPWSYFV	NIN	Kateregga Rashid	\N	+256742581912	\N	Active	f	2025-03-24 12:32:12.357416+00
492	24102400	CFTHCEW6BI8	NIN	Lubanga Hudson	\N	+256741256473	\N	Active	f	2025-03-24 12:32:12.358269+00
493	24102401	CMWDWBCL0LE	NIN	Mukasa Joseph Ntale	\N	+256754880037	\N	Active	f	2025-03-24 12:32:12.359032+00
494	24102402	CF1N59PP2BT	NIN	Mulangira kasim	\N	+256758873473	\N	Active	f	2025-03-24 12:32:12.359753+00
495	24102403	CFQ3M2MNMDH	NIN	Brian Kiddawalime	\N	+256756720920	\N	Active	f	2025-03-24 12:32:12.360526+00
496	24102404	CMTZ4N6GDZT	NIN	Kakata Mutwalibi	\N	+256702621542	\N	Active	f	2025-03-24 12:32:12.362047+00
497	24102405	CF4KD3EFPEE	NIN	Maureen Nabagereka	\N	+256702038056	\N	Active	f	2025-03-24 12:32:12.363264+00
498	24102406	CFGBWDUCGQX	NIN	MUSISI WILLIAM	\N	+256706673564	\N	Active	f	2025-03-24 12:32:12.364009+00
499	24102407	CMJ5ZDW8FDW	NIN	Mukiza David	\N	+256700998587	\N	Active	f	2025-03-24 12:32:12.364788+00
500	24102408	CMGNGE6UCDQ	NIN	Kalisa Emmanuel	\N	+256750992968	\N	Active	f	2025-03-24 12:32:12.365815+00
501	24102409	CFEQQ5RNAXP	NIN	KATO WILLIAM	\N	+256708294480	\N	Active	f	2025-03-24 12:32:12.366771+00
502	24102410	CFTTPTCT92P	NIN	Derrick mwanje	\N	+256770678612	\N	Active	f	2025-03-24 12:32:12.367575+00
503	24102411	CMB02RALBST	NIN	TUMSIIME CLEMENT	\N	+256701513589	\N	Active	f	2025-03-24 12:32:12.369211+00
504	24102412	CM84D3OUQPJ	NIN	AMISTUS FARM	\N	+256706941406	\N	Active	f	2025-03-24 12:32:12.36991+00
505	24102413	CMJI5CYMTJI	NIN	MUDASIRU MUTOOTO	\N	+256759296553	\N	Active	f	2025-03-24 12:32:12.370665+00
506	24102415	CFIK01CKUGJ	NIN	KABUYE MICHEAL	\N	+256752322984	\N	Active	f	2025-03-24 12:32:12.371433+00
507	24102416	CFF8WYRW1W8	NIN	NANYONJO TEOPISTA	\N	+256752354852	\N	Active	f	2025-03-24 12:32:12.372218+00
508	24102417	CM5Z3LT2T3B	NIN	KABUYE YUDA	\N	+256752925357	\N	Active	f	2025-03-24 12:32:12.372942+00
509	24102419	CFWG9IBKRQS	NIN	MBALILE PHILIMON	\N	+256752307507	\N	Active	f	2025-03-24 12:32:12.373686+00
510	24102420	CMG8U2HVZS6	NIN	KIRYOOWA ANTHONY	\N	+256751470452	\N	Active	f	2025-03-24 12:32:12.374429+00
511	24102421	CMXPVXHF70Q	NIN	TUMUSIIME EVA	\N	+256703531280	\N	Active	f	2025-03-24 12:32:12.375187+00
512	24102422	CFCEX6KF0RM	NIN	WAIRA Ezekiel	\N	+256761545386	\N	Active	f	2025-03-24 12:32:12.3759+00
513	24102423	CM5WPGH91TM	NIN	NSEREKO  DANIEL	\N	+256752129619	\N	Active	f	2025-03-24 12:32:12.376617+00
514	24102427	CMNLQ8ESLF7	NIN	Nsamba Simon	\N	+256703779566	\N	Active	f	2025-03-24 12:32:12.377358+00
515	24102428	CF6V9PHEW1W	NIN	SSERUWU HENRY	\N	+256757869010	\N	Active	f	2025-03-24 12:32:12.378094+00
516	24102429	CMRMC1OQ8HE	NIN	NSEREKO EMMANUEL	\N	+256704019090	\N	Active	f	2025-03-24 12:32:12.378745+00
517	24102430	CMUYWGGQEMJ	NIN	Likeji Ivan	\N	+256751552274	\N	Active	f	2025-03-24 12:32:12.379517+00
518	24102431	CFC0EB0B7CH	NIN	KYEYUNE WILLIAM	\N	+256700351387	\N	Active	f	2025-03-24 12:32:12.380198+00
519	24102437	CMLQ3VQI80K	NIN	LUWAGA FRED	\N	+256750662520	\N	Active	f	2025-03-24 12:32:12.380831+00
520	24102438	CMMFAG9L6X5	NIN	SSENABULYA EDWARD	\N	+256709564359	\N	Active	f	2025-03-24 12:32:12.381591+00
521	24102439	CME92I52KIB	NIN	GALABUZI MEDDIE	\N	+256751808865	\N	Active	f	2025-03-24 12:32:12.382832+00
522	24102440	CFJKEORJ703	NIN	SAULO MARAGWE	\N	+256754003323	\N	Active	f	2025-03-24 12:32:12.383649+00
523	24102442	CMUR5ZOC2RU	NIN	KAGGWA CHARLES	\N	+256785747991	\N	Active	f	2025-03-24 12:32:12.384397+00
524	24102443	CMLVJRT2Y98	NIN	NAJJUUKO PHONIA	\N	+256754828952	\N	Active	f	2025-03-24 12:32:12.385276+00
525	24102446	CFJ6CW3246H	NIN	SSENONO STEPHEN	\N	+256703449061	\N	Active	f	2025-03-24 12:32:12.38602+00
526	24102449	CF1VGAK0HRT	NIN	MUGISAHU HAGGAI	\N	+256750372761	\N	Active	f	2025-03-24 12:32:12.386685+00
527	24102450	CF0L3M6DJ9M	NIN	Kayazza Abuda	\N	+256772047881	\N	Active	f	2025-03-24 12:32:12.38751+00
528	24102451	CFCBTCGO6GR	NIN	AKTUKWASA JOHN	\N	+256741368159	\N	Active	f	2025-03-24 12:32:12.388521+00
529	24102453	CMEYWWTZW6W	NIN	SSAWULA MOHAMMAD	\N	+256706234385	\N	Active	f	2025-03-24 12:32:12.389491+00
530	24102454	CFQ4RC9EN41	NIN	SALIMU BUTUWE	\N	+256753286219	\N	Active	f	2025-03-24 12:32:12.390211+00
531	24102455	CF5GIYOCDIS	NIN	MUJJABI RONALD	\N	+256706551871	\N	Active	f	2025-03-24 12:32:12.391146+00
532	24102456	CF8DGX8LY0C	NIN	SSENDI DANIEL	\N	+256750007797	\N	Active	f	2025-03-24 12:32:12.392099+00
533	24102457	CFIC8TFGR9Q	NIN	Mazekia Peace	\N	+256764350123	\N	Active	f	2025-03-24 12:32:12.392901+00
534	24102458	CFLR5ER77YP	NIN	Mukiiza James	\N	+256757748805	\N	Active	f	2025-03-24 12:32:12.393614+00
535	24102459	CMFY530Y10T	NIN	Bazalanda Hassen	\N	+256702253099	\N	Active	f	2025-03-24 12:32:12.395139+00
536	24102460	CFLCDAJ6O91	NIN	MUWONGE MUZAFAR	\N	+256706893639	\N	Active	f	2025-03-24 12:32:12.396312+00
537	24102461	CMIZG0ZXNYF	NIN	ALI\tSSEMPALA	\N	+256708080653	\N	Active	f	2025-03-24 12:32:12.397019+00
538	24102462	CMZ2H4F8GI9	NIN	NSUBUGA CHARLES ABAS	\N	+256752584645	\N	Active	f	2025-03-24 12:32:12.397659+00
539	24102463	CM4F5GX11JY	NIN	Lusiba roger	\N	+256744699782	\N	Active	f	2025-03-24 12:32:12.398529+00
540	24102464	CM69W1NT8FJ	NIN	Namalwa Milly	\N	+256780376899	\N	Active	f	2025-03-24 12:32:12.400007+00
541	24102466	CFF5MAB80D7	NIN	Kikomeko musa	\N	+256752042061	\N	Active	f	2025-03-24 12:32:12.401482+00
542	24102467	CM20JFU3WRG	NIN	ABDUL MAJID\tMUGGA	\N	+256776770881	\N	Active	f	2025-03-24 12:32:12.403375+00
543	24102468	CM7148D01L9	NIN	WELISHE BEN	\N	+256756138300	\N	Active	f	2025-03-24 12:32:12.404186+00
544	24102471	CM61GEW2FS1	NIN	Herbert Asingura	\N	+256789250231	\N	Active	f	2025-03-24 12:32:12.406164+00
545	24102472	CMLU6VAHXP4	NIN	Nalumansi Jane	\N	+256756555513	\N	Active	f	2025-03-24 12:32:12.406868+00
546	24102473	CF189CZ0MV5	NIN	Lawrence kiwewa	\N	+256770797291	\N	Active	f	2025-03-24 12:32:12.407519+00
547	24102474	CMAH88YEUXX	NIN	LUBEGA STEVEN	\N	+256754399451	\N	Active	f	2025-03-24 12:32:12.40837+00
548	24102475	CFVICGFY8SA	NIN	Nakitende Doreen	\N	+256709429378	\N	Active	f	2025-03-24 12:32:12.409932+00
549	24102476	CFTNG7T0RJK	NIN	Ssemakula Charles	\N	+256783549596	\N	Active	f	2025-03-24 12:32:12.411332+00
550	24102477	CME8PWP6N0O	NIN	Nyonsaba Daniel	\N	+256705720544	\N	Active	f	2025-03-24 12:32:12.412129+00
551	24102478	CM9DLT5PZNP	NIN	Katende David	\N	+256782985356	\N	Active	f	2025-03-24 12:32:12.412835+00
552	24102479	CFYLSVNTLSV	NIN	OMASET WILFRED	\N	+256756607159	\N	Active	f	2025-03-24 12:32:12.413494+00
553	24102480	CM2XPNAIZMG	NIN	BITAMALE\tFRED	\N	+256705436282	\N	Active	f	2025-03-24 12:32:12.414229+00
554	24102481	CF47AUNROZV	NIN	VINCENT\tMUSISI	\N	+256754720224	\N	Active	f	2025-03-24 12:32:12.414998+00
555	24102482	CFLKN8UM6B5	NIN	SULAIMAN\tKASOZI	\N	+256706143743	\N	Active	f	2025-03-24 12:32:12.416073+00
556	24102483	CFFO0RZHLUA	NIN	Ssemwogerere Raphael	\N	+256754254722	\N	Active	f	2025-03-24 12:32:12.417132+00
557	24102484	CFFSJMW5V9F	NIN	Wafula Bashir	\N	+256774595882	\N	Active	f	2025-03-24 12:32:12.41793+00
558	24102485	CFDLX5HS2SS	NIN	Kalumba Aramanzani	\N	+256705511703	\N	Active	f	2025-03-24 12:32:12.418758+00
559	24102486	CMFMQ0TV2LL	NIN	Mukasa Joseph Kiyingi	\N	+256701382704	\N	Active	f	2025-03-24 12:32:12.419638+00
560	24102487	CM2SYAX3PJZ	NIN	Namuyiga Bena	\N	+256753459757	\N	Active	f	2025-03-24 12:32:12.42039+00
561	24102488	CMQ9FVVBTRS	NIN	Livingstone Migadde	\N	+256753459757	\N	Active	f	2025-03-24 12:32:12.421142+00
562	24102489	CMF2R17M6AP	NIN	Ssekweyama musa	\N	+256755042057	\N	Active	f	2025-03-24 12:32:12.42196+00
563	24102491	CFRGJEQXJTQ	NIN	Semango Shabani	\N	+256770385838	\N	Active	f	2025-03-24 12:32:12.422789+00
564	24102492	CFR6X90U23M	NIN	Birungi Teopista	\N	+256776389922	\N	Active	f	2025-03-24 12:32:12.423438+00
565	24102493	CFV3S7L0Y2C	NIN	Kabugo Paul	\N	+256777590522	\N	Active	f	2025-03-24 12:32:12.424067+00
566	24102494	CF38UX0GBSK	NIN	Luzelwaka Yuda	\N	+256787923405	\N	Active	f	2025-03-24 12:32:12.424738+00
567	24102495	CFB7EZGQV9R	NIN	Katerega Patrick	\N	+256783627218	\N	Active	f	2025-03-24 12:32:12.425508+00
568	24102496	CFQ3CSTKMZI	NIN	Ssali Jerome	\N	+256760986134	\N	Active	f	2025-03-24 12:32:12.426249+00
569	24102497	CFFV7W5O6JW	NIN	Kayondo Emmanuel	\N	+256783227052	\N	Active	f	2025-03-24 12:32:12.426943+00
570	24102498	CMHG8DT3TVI	NIN	Nakachwa mayimuna	\N	+256774385905	\N	Active	f	2025-03-24 12:32:12.427662+00
571	24102499	CFFZ6RIP5NY	NIN	ZUNGU BENEFENSIO	\N	+256781423312	\N	Active	f	2025-03-24 12:32:12.428403+00
572	24102500	CMWT9T59AMC	NIN	MANYIGAMUKAMA CYRIL	\N	+256772048270	\N	Active	f	2025-03-24 12:32:12.429134+00
573	24102501	CF15OSUVEZ8	NIN	Mwanje Vicent	\N	+256780582850	\N	Active	f	2025-03-24 12:32:12.429881+00
574	24102502	CFTKPQUF4SS	NIN	Kiggundu Yasin	\N	+256756273758	\N	Active	f	2025-03-24 12:32:12.430646+00
575	24102503	CFEMKPFAV3Z	NIN	Mulindwa eriah kato	\N	+256708248036	\N	Active	f	2025-03-24 12:32:12.431698+00
576	24102504	CMFSFNUL1J1	NIN	Kakande meddy	\N	+256753514099	\N	Active	f	2025-03-24 12:32:12.432705+00
577	24102505	CM9KO3X2FDG	NIN	SSENOGA JAMES	\N	+256750987175	\N	Active	f	2025-03-24 12:32:12.433642+00
578	24102506	CF2ZPB1350B	NIN	Katerega Rashid	\N	+256742581912	\N	Active	f	2025-03-24 12:32:12.434403+00
579	24102507	CFWA2Z3ELEW	NIN	Nalukwaata Ruth	\N	+256758050893	\N	Active	f	2025-03-24 12:32:12.435182+00
580	24102508	CFD560M51SD	NIN	Mugaga Henry	\N	+256742941348	\N	Active	f	2025-03-24 12:32:12.435978+00
581	24102509	CFUWW3UESB6	NIN	KIRYA DANIEL	\N	+256700278912	\N	Active	f	2025-03-24 12:32:12.436727+00
582	24102510	CFC3UZGC5XQ	NIN	Nyinabange Monica	\N	+256752021916	\N	Active	f	2025-03-24 12:32:12.437688+00
583	24102511	CF456M03Q5I	NIN	HENRY\tLIVINGSTON	\N	+256757869010	\N	Active	f	2025-03-24 12:32:12.438727+00
584	24102513	CF6ZQZ6WRFS	NIN	TAAKYA\tNAMBALIRWA	\N	+256782950247	\N	Active	f	2025-03-24 12:32:12.439662+00
585	24102519	CMDAPMUGJ3I	NIN	Katumba Andrew	\N	+256706598981	\N	Active	f	2025-03-24 12:32:12.44039+00
586	24102520	CFKJBM2458V	NIN	Antony matovu	\N	+256758365961	\N	Active	f	2025-03-24 12:32:12.441047+00
587	24102521	CMPZ14UBKL7	NIN	AGUSE \tKALIMBA	\N	+256782408545	\N	Active	f	2025-03-24 12:32:12.441755+00
588	24112522	CMHDZS7WMHX	NIN	LUMALA MOSES	\N	+256701879530	\N	Active	f	2025-03-24 12:32:12.442604+00
589	24112524	CMNG41KM04D	NIN	Gerald Mutebi	\N	+256703454941	\N	Active	f	2025-03-24 12:32:12.443433+00
590	24112525	CFHWY8LG81W	NIN	Wobudeya Mary Claire	\N	+256773753322	\N	Active	f	2025-03-24 12:32:12.44423+00
591	24112526	CMSPIIYPYFC	NIN	Ssekikubo Deo	\N	+256706607265	\N	Active	f	2025-03-24 12:32:12.445007+00
592	24112528	CF0MFEERPZH	NIN	Kayanga Mawazi	\N	+256775520950	\N	Active	f	2025-03-24 12:32:12.4458+00
593	24112529	CF7ZK7S55CP	NIN	Mutesi Irene	\N	+256705515379	\N	Active	f	2025-03-24 12:32:12.446518+00
594	24112530	CMAMYA8VOSI	NIN	Kabanda David	\N	+256776797628	\N	Active	f	2025-03-24 12:32:12.447242+00
595	24112531	CF7U8GHZEQN	NIN	NGATI Benard	\N	+256707333987	\N	Active	f	2025-03-24 12:32:12.448543+00
596	24112532	CMBZVRB5AG2	NIN	Makubuya Abdul	\N	+256708580602	\N	Active	f	2025-03-24 12:32:12.449478+00
597	24112533	CFO7TGDCT0D	NIN	Ssejona Daniel	\N	+256750007797	\N	Active	f	2025-03-24 12:32:12.45034+00
598	24112536	CFB0ECEOI01	NIN	NAKAWESA IMMACULATE	\N	+256753986727	\N	Active	f	2025-03-24 12:32:12.451099+00
599	24112537	CF25TYKJ5KY	NIN	Angel Rusoke	\N	+256775795821	\N	Active	f	2025-03-24 12:32:12.451985+00
600	24112538	CM4XNAB0BY0	NIN	MUGABI EDWIN	\N	+256756622556	\N	Active	f	2025-03-24 12:32:12.453811+00
601	24112539	CM6HGYUML1F	NIN	SEMUJJU GEOFREY	\N	+256701355194	\N	Active	f	2025-03-24 12:32:12.454576+00
602	24112540	CMGPO3BK2XD	NIN	MUHAMAD WASUKIRA	\N	+256706234385	\N	Active	f	2025-03-24 12:32:12.455364+00
603	24112543	CM9YUIPVTY8	NIN	Kayondo Musa	\N	+256704819682	\N	Active	f	2025-03-24 12:32:12.456318+00
604	24112544	CM30UBI5PPB	NIN	Ssentongo William	\N	+256756862350	\N	Active	f	2025-03-24 12:32:12.45697+00
605	24112549	CFQ2IA0NFPO	NIN	Emily Namanya	\N	+256775864490	\N	Active	f	2025-03-24 12:32:12.457605+00
606	24112550	CFB0MQC8GUN	NIN	MEDDIE\tKAKANDE	\N	+256753514099	\N	Active	f	2025-03-24 12:32:12.458198+00
607	24112551	CMC61F0M6YS	NIN	Charles Lwanga	\N	+256765337970	\N	Active	f	2025-03-24 12:32:12.460604+00
608	24112552	CF0DGS1POUT	NIN	Enzaryu Harriet	\N	+256785147103	\N	Active	f	2025-03-24 12:32:12.46143+00
609	24112553	CFDWYP85EWI	NIN	KASULE MOSES	\N	+256782377582	\N	Active	f	2025-03-24 12:32:12.462722+00
610	24112555	CFUMU9XV8XT	NIN	TUSINGU RICHARD	\N	+256778744357	\N	Active	f	2025-03-24 12:32:12.463421+00
611	24112556	CFEXJH2OOQF	NIN	ZIJJA FARM	\N	+256772371704	\N	Active	f	2025-03-24 12:32:12.464121+00
612	24112557	CFK8UJ24PPW	NIN	BULAYIIMU MUSANJI	\N	+256763611339	\N	Active	f	2025-03-24 12:32:12.465181+00
613	24112558	CM1TYRB78GQ	NIN	SSENYONGA SIRAJE	\N	+256760482457	\N	Active	f	2025-03-24 12:32:12.466196+00
614	24112559	CF9012G5AB4	NIN	KAGWA ANDREW	\N	+256782859050	\N	Active	f	2025-03-24 12:32:12.466943+00
615	24112560	CFF272M08JI	NIN	Eliana Lyons	\N	+256704277679	\N	Active	f	2025-03-24 12:32:12.467753+00
616	24112561	CF1NHSKG1RL	NIN	WAISWA DENIS	\N	+256772477628	\N	Active	f	2025-03-24 12:32:12.468747+00
617	24112562	CMFEMFKC1JV	NIN	LUTWAMA FRANCIS	\N	+256753282523	\N	Active	f	2025-03-24 12:32:12.469443+00
618	24112563	CFA3OU5NI5N	NIN	MUKIIBI JOSEPH	\N	+256751202912	\N	Active	f	2025-03-24 12:32:12.470099+00
619	24112566	CFOFWNA5Z0Y	NIN	HUSSIEN KAYIZZI	\N	+256757450861	\N	Active	f	2025-03-24 12:32:12.470998+00
620	24112567	CFSMVZ3JSZH	NIN	PONSIANO\tMAZUKU	\N	+256705115058	\N	Active	f	2025-03-24 12:32:12.471757+00
621	24112568	CFDCVKX39T6	NIN	KALYANGO GEORGE	\N	+256753242122	\N	Active	f	2025-03-24 12:32:12.4725+00
622	24112569	CMMII1KKGQQ	NIN	KIZITO CHARLES	\N	+256701994176	\N	Active	f	2025-03-24 12:32:12.47319+00
623	24112572	CF7XVICGGNU	NIN	MULINDWA EMMANUEL	\N	+256705047372	\N	Active	f	2025-03-24 12:32:12.473859+00
624	24112573	CMHU6NPFRQG	NIN	Bright Rwelemera	\N	+256773614200	\N	Active	f	2025-03-24 12:32:12.474485+00
625	24112575	CFQ66PLP3YQ	NIN	ORCHIDS HOUSE FARM LTD	\N	+256788711414	\N	Active	f	2025-03-24 12:32:12.4752+00
626	24112576	CMKT7Z6V4RK	NIN	Umar Jowege	\N	+256754280147	\N	Active	f	2025-03-24 12:32:12.475897+00
627	24112577	CFWPR2C2XY4	NIN	Kakaire Abdallah	\N	+256706846929	\N	Active	f	2025-03-24 12:32:12.476568+00
628	24112579	CMDR3IHA2NJ	NIN	Bahemuka Ronald	\N	+256703515168	\N	Active	f	2025-03-24 12:32:12.477312+00
629	24112580	CM64TGH8DL7	NIN	Kivumbi Ibrahim	\N	+256702982074	\N	Active	f	2025-03-24 12:32:12.478132+00
630	24112581	CFWP3VJCHME	NIN	Asiimwe Muhammad	\N	+256756575747	\N	Active	f	2025-03-24 12:32:12.478924+00
631	24112582	CFF9Z1V2HZ5	NIN	Tinkasimiire Abdallah	\N	+256781400096	\N	Active	f	2025-03-24 12:32:12.479717+00
632	24112583	CMV6T1AL2HJ	NIN	Sekidde Muzamil	\N	+256754658339	\N	Active	f	2025-03-24 12:32:12.480395+00
633	24112584	CMSYCIK61LL	NIN	Namukwaya Neo	\N	+256787705552	\N	Active	f	2025-03-24 12:32:12.481192+00
634	24112585	CF1BARSJBYI	NIN	TWALILANA\tRAMATHAN	\N	+256756797861	\N	Active	f	2025-03-24 12:32:12.48325+00
635	24112586	CM5HOC6HDVJ	NIN	J0HNBOSCO\tMPANGA	\N	+256703803195	\N	Active	f	2025-03-24 12:32:12.484206+00
636	24112587	CMUFLBEE33B	NIN	SULAIMAN\tKASOZI	\N	+256706143743	\N	Active	f	2025-03-24 12:32:12.48495+00
637	24112588	CMC8SQS5AC4	NIN	Tegu Juma	\N	+256789932395	\N	Active	f	2025-03-24 12:32:12.486149+00
638	24112589	CF24Q3A3CC5	NIN	Tusiime Vinnah	\N	+256789932395	\N	Active	f	2025-03-24 12:32:12.486984+00
639	24112590	CFWPAUCQKB9	NIN	Atumanya Racheal	\N	+256789932395	\N	Active	f	2025-03-24 12:32:12.488097+00
640	24112591	CMK8ODA6FP6	NIN	Tugumisirize Urban	\N	+256789932395	\N	Active	f	2025-03-24 12:32:12.489325+00
641	24112592	CFOAAMDEAG2	NIN	Ntegge\tMpigi	\N	+256751363277	\N	Active	f	2025-03-24 12:32:12.490114+00
642	24112593	CFDZ2TCCN7T	NIN	Tomusange Musa	\N	+256757803746	\N	Active	f	2025-03-24 12:32:12.49076+00
643	24112594	CFZI6L1CEXK	NIN	Ssentamu Julius	\N	+256757803746	\N	Active	f	2025-03-24 12:32:12.491492+00
644	24112595	CF8FIT9H948	NIN	Nanyonga Noel	\N	+256757803746	\N	Active	f	2025-03-24 12:32:12.492863+00
645	24112596	CFEOUFD6KY7	NIN	Kakaire Mohammed	\N	+256757803746	\N	Active	f	2025-03-24 12:32:12.493496+00
646	24112597	CMO41OFURCO	NIN	KYALO ALLAN	\N	+256745215037	\N	Active	f	2025-03-24 12:32:12.494142+00
647	24112598	CFAO6EQSN4W	NIN	Edward\tMubiru	\N	+256781535509	\N	Active	f	2025-03-24 12:32:12.494901+00
648	24112599	CMZB1X0NWWE	NIN	Akoro Eunice	\N	+256773534901	\N	Active	f	2025-03-24 12:32:12.495966+00
649	24112600	CMIQWCGEYU0	NIN	Abdulahuman\tKayizi	\N	+256708470610	\N	Active	f	2025-03-24 12:32:12.496892+00
650	24112601	CM1DS2HQSHB	NIN	Lydia Lule	\N	+256782310957	\N	Active	f	2025-03-24 12:32:12.497756+00
651	24112602	CMDO9KWC1Z9	NIN	Kazibwe Isaac	\N	+256757803746	\N	Active	f	2025-03-24 12:32:12.498953+00
652	24112603	CFYOTQVW3DY	NIN	Ssebaleke Charles	\N	+256785357091	\N	Active	f	2025-03-24 12:32:12.499888+00
653	24112604	CMBKGTUL1JI	NIN	Kateregga Baker	\N	+256785357091	\N	Active	f	2025-03-24 12:32:12.500666+00
654	24112605	CFAK2H3IQNI	NIN	Yiga Sirage	\N	+256785357091	\N	Active	f	2025-03-24 12:32:12.501515+00
655	24112607	CF3GXA65BN7	NIN	Katende Edward	\N	+256785357091	\N	Active	f	2025-03-24 12:32:12.502338+00
656	24112608	CFTXDETHWFS	NIN	Muyingo Daniel	\N	+256785357091	\N	Active	f	2025-03-24 12:32:12.503071+00
657	24112609	CM1DH6027IB	NIN	Kuule Samuel	\N	+256785357091	\N	Active	f	2025-03-24 12:32:12.503882+00
658	24112610	CMZDA3JB9GL	NIN	Nyemera Ben Atwooki	\N	+256394005987	\N	Active	f	2025-03-24 12:32:12.504679+00
659	24112611	CF0G9LFEW3K	NIN	Mugisha Haggai	\N	+256394005987	\N	Active	f	2025-03-24 12:32:12.505537+00
660	24112619	CFUDW5RFEJB	NIN	Komwiswa Job Bala	\N	+256394005987	\N	Active	f	2025-03-24 12:32:12.507825+00
661	24112620	CMIJK5T85Y4	NIN	NAMUTEBI CHRISTINE	\N	+256774402127	\N	Active	f	2025-03-24 12:32:12.50857+00
662	24112622	CM41STR3HQN	NIN	Ssegawa Yasin	\N	+256758645064	\N	Active	f	2025-03-24 12:32:12.509198+00
663	24112624	CMIJ2AWZDR6	NIN	MUZAMIRU NASIF	\N	+256754658339	\N	Active	f	2025-03-24 12:32:12.509866+00
664	24112625	CMOL93CUSPF	NIN	Nakibuka Firidaus	\N	+256781695498	\N	Active	f	2025-03-24 12:32:12.510509+00
665	24112626	CMC0M14A4A1	NIN	Afasha Fred	\N	+256781695498	\N	Active	f	2025-03-24 12:32:12.511175+00
666	24112628	CMJ3ETBDZK6	NIN	Kasirye Richard	\N	+256781695498	\N	Active	f	2025-03-24 12:32:12.51181+00
667	24112629	CFXB6XT6OX5	NIN	Kisakye Annet	\N	+256781695498	\N	Active	f	2025-03-24 12:32:12.51263+00
668	24112630	CFCUVGE1MZB	NIN	Lumu Francis	\N	+256781695498	\N	Active	f	2025-03-24 12:32:12.513453+00
669	24112631	CM4P6I03JNH	NIN	Turyatunga Arthur	\N	+256781695498	\N	Active	f	2025-03-24 12:32:12.514256+00
670	24112633	CM6K7HXFWPR	NIN	Byaruhanga John	\N	+256781695498	\N	Active	f	2025-03-24 12:32:12.515169+00
671	24112634	CM79ALXZ0SZ	NIN	Saturday William	\N	+256781695498	\N	Active	f	2025-03-24 12:32:12.51617+00
672	24112635	CMG2MZK41JE	NIN	Sunday Posiano	\N	+256781695498	\N	Active	f	2025-03-24 12:32:12.516947+00
673	24112636	CMF2VYPDYQV	NIN	Usanase Marie Josee	\N	+256781695498	\N	Active	f	2025-03-24 12:32:12.517774+00
674	24112637	CMWUIQWZRWC	NIN	John Bosco	\N	+256777743483	\N	Active	f	2025-03-24 12:32:12.5186+00
676	24112639	CMFC3VM5QI1	NIN	Ssemugera moses	\N	+256778367026	\N	Active	f	2025-03-24 12:32:12.520186+00
677	24112640	CMEQEJVS28W	NIN	SERWADDA\tYASSIN	\N	+256756272184	\N	Active	f	2025-03-24 12:32:12.521852+00
678	24112641	CFK255SQEG1	NIN	MUGISHA\tROBERT	\N	+256772984721	\N	Active	f	2025-03-24 12:32:12.522841+00
679	24112643	CF2E5AMCNJ4	NIN	SHAFIK\tSEMAKULA	\N	+256757598062	\N	Active	f	2025-03-24 12:32:12.523677+00
680	24112644	CFO2P5LO5JF	NIN	SSEKIGENGE ALEX	\N	+256755298030	\N	Active	f	2025-03-24 12:32:12.524426+00
681	24112646	CFP9GWR154S	NIN	MULYAZAAWO SULAIMAN	\N	+256755298030	\N	Active	f	2025-03-24 12:32:12.525075+00
682	24112647	CFKV3OMMMCO	NIN	MUSUUZA RONALD	\N	+256755298030	\N	Active	f	2025-03-24 12:32:12.525667+00
683	24112648	CFG7J2HOXR6	NIN	BYAMUKAMA GODFREY IVAN	\N	+256755298030	\N	Active	f	2025-03-24 12:32:12.52631+00
684	24112649	CF8O3HX0KVG	NIN	KYAGABA\tEPHRAIM	\N	+256708035875	\N	Active	f	2025-03-24 12:32:12.526896+00
685	24112650	CF9FZ9P44OL	NIN	SSEMWEMBA\tJOSHUA	\N	+256758577522	\N	Active	f	2025-03-24 12:32:12.527574+00
686	24112651	CMSHUXQ7JET	NIN	TULIBANGENYI TITO	\N	+256705554670	\N	Active	f	2025-03-24 12:32:12.528234+00
687	24112652	CMVA1Y27Y0I	NIN	Nabaale Racheal	\N	+256705554670	\N	Active	f	2025-03-24 12:32:12.529632+00
688	24112653	CMVM8BSE8RS	NIN	Ssekadda Musasizzi James	\N	+256705554670	\N	Active	f	2025-03-24 12:32:12.531323+00
689	24112654	CFKN6920L26	NIN	Wandira Moses	\N	+256705554670	\N	Active	f	2025-03-24 12:32:12.53245+00
690	24112655	CF6IDT5UI60	NIN	Sssebuzza Joel	\N	+256705554670	\N	Active	f	2025-03-24 12:32:12.533374+00
691	24112656	CMGQ9G7K5O4	NIN	Bisaso Richard	\N	+256705554670	\N	Active	f	2025-03-24 12:32:12.534158+00
692	24112657	CMKLCVXPT5L	NIN	Sabaakaki Robert	\N	+256705554670	\N	Active	f	2025-03-24 12:32:12.535001+00
693	24112658	CM9JZAV95EG	NIN	Namakula Shakirah	\N	+256705554670	\N	Active	f	2025-03-24 12:32:12.535912+00
694	24112659	CMVMU0JBKMD	NIN	Namutebi Loyce	\N	+256705554670	\N	Active	f	2025-03-24 12:32:12.53672+00
695	24112660	CF3D5EFM9C8	NIN	Atulinda Collins	\N	+256705554670	\N	Active	f	2025-03-24 12:32:12.537694+00
696	24112661	CF4HIZQ3LTV	NIN	Kasangaki Nicholas	\N	+256787829824	\N	Active	f	2025-03-24 12:32:12.539035+00
697	24112662	CMTZTYPHOA8	NIN	NAKIGJO ERIOTH	\N	+256771299326	\N	Active	f	2025-03-24 12:32:12.540004+00
698	24112663	CFFLQ7RM0RK	NIN	NANKYA DANIELA JANE	\N	+256771299326	\N	Active	f	2025-03-24 12:32:12.540847+00
699	24112665	CMANLPZW8NG	NIN	Mitegyeko Ssezi	\N	+256772587085	\N	Active	f	2025-03-24 12:32:12.541596+00
700	24112666	CFT8JXFWAD0	NIN	Ssonko Robert	\N	+256778367026	\N	Active	f	2025-03-24 12:32:12.542277+00
701	24112667	CF2AP1C10J6	NIN	NAKAWUKA AMINA	\N	+256778367026	\N	Active	f	2025-03-24 12:32:12.542968+00
702	24112668	CM6M4K0BT8N	NIN	Joan Nabakiibi	\N	+256772868129	\N	Active	f	2025-03-24 12:32:12.543594+00
703	24112670	CFBCBXTQ1U6	NIN	Abigaba \tMOSES	\N	+256772551909	\N	Active	f	2025-03-24 12:32:12.544265+00
704	24112671	CM8B6F9J365	NIN	Ndagi Mixed Farm\tJoan Nabakiibi	\N	+256772868129	\N	Active	f	2025-03-24 12:32:12.544891+00
705	24112675	CM5XWSP5QQG	NIN	Rhiono Veges Farm	\N	+256760832323	\N	Active	f	2025-03-24 12:32:12.545555+00
706	24112676	CFX5A8RGW0E	NIN	MUDEBO SAFINA	\N	+256754745067	\N	Active	f	2025-03-24 12:32:12.546204+00
707	24112677	CMTOWSWAIR2	NIN	MUZUSA RONALD	\N	+256754745067	\N	Active	f	2025-03-24 12:32:12.547083+00
708	24112678	CM8N1OC4E6E	NIN	KAZIBWE RICHARD	\N	+256754745067	\N	Active	f	2025-03-24 12:32:12.547892+00
709	24112679	CF2M6MRGDID	NIN	KABANDA RASHID	\N	+256754745067	\N	Active	f	2025-03-24 12:32:12.548869+00
710	24112680	CFNVU5I9SJB	NIN	Mugala\tEdrine	\N	+256702896452	\N	Active	f	2025-03-24 12:32:12.551349+00
711	24112681	CFXUTELPDLA	NIN	KITAYIMBWA DEOGRACIOUS	\N	+256701133134	\N	Active	f	2025-03-24 12:32:12.552354+00
712	24112686	CFM311UPTDB	NIN	KATO PONSIANO	\N	+256755070757	\N	Active	f	2025-03-24 12:32:12.554158+00
713	24112687	CM4LHZRDD5N	NIN	JALIA MARIA \tNDAGIRE	\N	+256775604870	\N	Active	f	2025-03-24 12:32:12.555925+00
714	24112688	CFSR12CSQVC	NIN	MUHUMUZA DAVID MBANGYA	\N	+256767699877	\N	Active	f	2025-03-24 12:32:12.556698+00
715	24112689	CMG2A9EK2DD	NIN	NABBIMBA \tJOSEPH KEVIN	\N	+256740276106	\N	Active	f	2025-03-24 12:32:12.557407+00
716	24112690	CFXHDBBXE39	NIN	NDUGWA JOHNBOSCO	\N	+256788261965	\N	Active	f	2025-03-24 12:32:12.558162+00
717	24112691	CFIC7JKBYA2	NIN	MUKASA FRED KIWEWA	\N	+256782900259	\N	Active	f	2025-03-24 12:32:12.558983+00
718	24112692	CFPDC5MSNRK	NIN	NAJJEMBA SHARIFAH	\N	+256757582059	\N	Active	f	2025-03-24 12:32:12.559659+00
719	24112693	CF993QT2ZVX	NIN	BYARUGABA LEVETATO	\N	+256786516307	\N	Active	f	2025-03-24 12:32:12.560345+00
720	24112694	CM204DFCFD4	NIN	Mbabazi Maria	\N	+256700295995	\N	Active	f	2025-03-24 12:32:12.561001+00
721	24112695	CM00467A6IJ	NIN	Ssemujju Geoffrey	\N	+256777743483	\N	Active	f	2025-03-24 12:32:12.562443+00
722	24112698	CMDHXZXVPMC	NIN	KASIITA DERRICK	\N	+256774322388	\N	Active	f	2025-03-24 12:32:12.564346+00
723	24112701	CM5WGD4JB1F	NIN	Tugumisirize Urban Barugahare	\N	+256740674512	\N	Active	f	2025-03-24 12:32:12.565424+00
724	24112706	CMZBJIG9YR0	NIN	Kamuhanda Dan	\N	+256777894383	\N	Active	f	2025-03-24 12:32:12.56672+00
725	24112707	CM5LPWU7M7L	NIN	NANYANZI ANNET	\N	+256703810548	\N	Active	f	2025-03-24 12:32:12.567625+00
726	24112708	CM90YE30T8M	NIN	Asiimwe Buhamizo	\N	+256786971627	\N	Active	f	2025-03-24 12:32:12.568542+00
727	24112709	CMS4DN15286	NIN	NIWARINDA ANNITAH	\N	+256700870099	\N	Active	f	2025-03-24 12:32:12.569355+00
728	24112710	CMHEEB4BNOX	NIN	MUKASA IDRIS	\N	+256781695498	\N	Active	f	2025-03-24 12:32:12.570135+00
729	24112711	CFL0JL2RW7H	NIN	Muttu Vicent	\N	+256781695498	\N	Active	f	2025-03-24 12:32:12.570925+00
730	24112712	CMITN5HTB0U	NIN	Mwenje Ismail	\N	+256757195838	\N	Active	f	2025-03-24 12:32:12.571805+00
731	24112713	CMPMBU98NHE	NIN	Kyebambe Peter	\N	+256740203799	\N	Active	f	2025-03-24 12:32:12.572612+00
732	24112714	CMMHVYP3R6N	NIN	Tibiryala Fred	\N	+256781695498	\N	Active	f	2025-03-24 12:32:12.573421+00
733	24112715	CFRH74RIAGX	NIN	KABUYE ALEX	\N	+256744305987	\N	Active	f	2025-03-24 12:32:12.5741+00
734	24112716	CMVP82VT044	NIN	Ssekabembe Victor	\N	+256777743483	\N	Active	f	2025-03-24 12:32:12.574775+00
735	24112721	CF9I1MMMO1E	NIN	Ola Peter	\N	+256781695498	\N	Active	f	2025-03-24 12:32:12.575538+00
736	24112722	CF6C8BKOQ9S	NIN	Kasazi Swarik	\N	+256778367026	\N	Active	f	2025-03-24 12:32:12.57621+00
737	24112727	CFZ8T77NZXF	NIN	ZAC FARMS	\N	+256771919334	\N	Active	f	2025-03-24 12:32:12.576862+00
738	24112731	CF43399NNIO	NIN	Kenneth\tMwanguhya	\N	+256763800732	\N	Active	f	2025-03-24 12:32:12.577529+00
739	24112734	CM2K1TSK1A6	NIN	NAKIBWAMI ROSE	\N	+256754745067	\N	Active	f	2025-03-24 12:32:12.578235+00
826	40030	CM74048102FXQD	NIN	NTABWOBA JULIUS	\N	750869370	\N	Active	f	2025-03-26 14:50:14.93596+00
741	24112736	CFJB9JVXUX3	NIN	Ahebwe Merian	\N	+256708389639	\N	Active	f	2025-03-24 12:32:12.579489+00
742	24112737	CFTS6MCCZC7	NIN	Agaba Bruno	\N	+256708389639	\N	Active	f	2025-03-24 12:32:12.580188+00
743	24112738	CFHS50BUX5U	NIN	Akatukunda Monic	\N	+256708389639	\N	Active	f	2025-03-24 12:32:12.580911+00
744	24112739	CFZ2DB4YNJN	NIN	Tumurebire Moses	\N	+256700167446	\N	Active	f	2025-03-24 12:32:12.581867+00
745	24112740	CMVNWQGY6GG	NIN	Juma Mutaawe	\N	+256753631945	\N	Active	f	2025-03-24 12:32:12.583022+00
746	24112741	CM1K9WQTA8Z	NIN	Ajok Teopista Spacy	\N	+256774784713	\N	Active	f	2025-03-24 12:32:12.584166+00
747	24112742	CMOFZ1JDNH0	NIN	Nanyanzi Salama	\N	+256752300650	\N	Active	f	2025-03-24 12:32:12.58494+00
748	24112743	CFG01AO7LEI	NIN	Kabuye Umar	\N	+256706336957	\N	Active	f	2025-03-24 12:32:12.585779+00
749	24112746	CFYUX2UZSAK	NIN	Thomas Tibaijuka	\N	+256772499800	\N	Active	f	2025-03-24 12:32:12.586526+00
750	24112747	CFG5VS5AFXL	NIN	Kakande Robert	\N	+256775683783	\N	Active	f	2025-03-24 12:32:12.587259+00
751	24112748	CFSP8HAOQK4	NIN	RONALD KAYONDE	\N	+256741094790	\N	Active	f	2025-03-24 12:32:12.588395+00
752	24112749	CMPGN5HNTVL	NIN	Wavamunno\tJimmy Wavuunika	\N	+256394005987	\N	Active	f	2025-03-24 12:32:12.589377+00
753	24112750	CM7RXMRCDNN	NIN	Ndawula Muhamad	\N	+256394005987	\N	Active	f	2025-03-24 12:32:12.590204+00
754	24112751	CF044QTT3S2	NIN	Yongyeraho Erias	\N	+256394005987	\N	Active	f	2025-03-24 12:32:12.591032+00
755	24112752	CMC4QG3N1ZZ	NIN	Abukakar\tKisaami	\N	+256394005987	\N	Active	f	2025-03-24 12:32:12.591704+00
756	24112753	CFOYG9FNLHP	NIN	Atwine\tGilver	\N	+256394005987	\N	Active	f	2025-03-24 12:32:12.59241+00
757	24112754	CFKVA0RCXEA	NIN	Busingye\tGetrude	\N	+256394005987	\N	Active	f	2025-03-24 12:32:12.593124+00
758	24112755	CFP131L5439	NIN	TUMUHIMBISE JUDITH	\N	+256753880713	\N	Active	f	2025-03-24 12:32:12.593831+00
759	24112756	CFHSJL2J9J7	NIN	Kabale\tBesweri	\N	+256394005987	\N	Active	f	2025-03-24 12:32:12.594647+00
760	24112757	CFJW67KK3RQ	NIN	Mpanga\tFaisal	\N	+256394005987	\N	Active	f	2025-03-24 12:32:12.595351+00
761	24112759	CFDSHL6I13A	NIN	Ssekivu\tHenry	\N	+256394005987	\N	Active	f	2025-03-24 12:32:12.596003+00
762	24112760	CML7BFLW382	NIN	LAUREN NUWAHEREZA	\N	+256703466265	\N	Active	f	2025-03-24 12:32:12.596669+00
763	24112761	CMKUBM4DDWI	NIN	GEOFFREY NATUYAMBA	\N	+256784138163	\N	Active	f	2025-03-24 12:32:12.597295+00
764	24112762	CFNWH44HKI4	NIN	Walusimbi Umaru	\N	+256779988807	\N	Active	f	2025-03-24 12:32:12.598077+00
765	24112763	CMMPIW67BXG	NIN	Achilles Katuube	\N	+256783279345	\N	Active	f	2025-03-24 12:32:12.599161+00
766	24112764	CMP4TV9EJIW	NIN	Ssemwogerere Hakim	\N	+256757933322	\N	Active	f	2025-03-24 12:32:12.600661+00
767	24112768	CFR8AAE504P	NIN	Muguzi Perez	\N	+256772892436	\N	Active	f	2025-03-24 12:32:12.60148+00
768	24112774	CF04U5FMMA4	NIN	Nalugoda Hassan	\N	+256706903922	\N	Active	f	2025-03-24 12:32:12.602162+00
769	24112777	CFAHJ2J42X1	NIN	Namatovu Gorret	\N	+256706903922	\N	Active	f	2025-03-24 12:32:12.602992+00
770	24112778	CFF7LD5GSWK	NIN	ONESOURCEFARM\tNELSON	\N	+256776254962	\N	Active	f	2025-03-24 12:32:12.60402+00
771	24112779	CFQ5J39NT6M	NIN	BAITEGAINE  BENJAMIN	\N	+256759198070	\N	Active	f	2025-03-24 12:32:12.604904+00
772	24112780	CME7H6HSUYE	NIN	Mugisa Robinah	\N	+256781695498	\N	Active	f	2025-03-24 12:32:12.605719+00
773	24112782	CMGSJWNSPU9	NIN	Kyalikampa Vincent	\N	+256781695498	\N	Active	f	2025-03-24 12:32:12.606526+00
774	24112783	CMLWZ5HFWHR	NIN	Matovu Ovia	\N	+256772631058	\N	Active	f	2025-03-24 12:32:12.607286+00
775	24112784	CFDO4HTQ9XT	NIN	Nalwanja Asiat	\N	+256789200130	\N	Active	f	2025-03-24 12:32:12.608077+00
776	24112785	CM0KQAHBJ0L	NIN	Mata Joyce	\N	+256775791947	\N	Active	f	2025-03-24 12:32:12.60885+00
777	24112786	CMCB480CWEA	NIN	Ssempijja Jovan	\N	+256775791947	\N	Active	f	2025-03-24 12:32:12.609549+00
778	24112787	CFL9EZCIRPR	NIN	Achan Angella	\N	+256707499916	\N	Active	f	2025-03-24 12:32:12.610244+00
779	24112793	CFSBC61Z06P	NIN	Wandera Beatrice	\N	+256704499835	\N	Active	f	2025-03-24 12:32:12.610981+00
780	24112794	CFXVN8JNBTL	NIN	Nyakimwe Wanyina	\N	+256754745067	\N	Active	f	2025-03-24 12:32:12.611674+00
781	24112795	CMGBXRPJ45T	NIN	Ambrose Asiimwe	\N	+256773611044	\N	Active	f	2025-03-24 12:32:12.612373+00
782	24112796	CFU4K7WCMK4	NIN	Kevin Barret Baguma	\N	+256705216240	\N	Active	f	2025-03-24 12:32:12.613327+00
783	24112797	CFCRV5DTVBL	NIN	Juliet Nasimbwa	\N	+256750532094	\N	Active	f	2025-03-24 12:32:12.613967+00
784	24112799	CMQF1K58AJ9	NIN	Mulumba Edward	\N	+256758916117	\N	Active	f	2025-03-24 12:32:12.614609+00
785	24112800	CM1A4JYI782	NIN	Tebiggwayo Henry	\N	+256700292909	\N	Active	f	2025-03-24 12:32:12.615746+00
786	24112801	CFU6WQCLCYF	NIN	Muhereza Edson	\N	+256780532505	\N	Active	f	2025-03-24 12:32:12.616981+00
787	24112802	CMN4ZJU5NVG	NIN	Waiswa Twaha	\N	+256750825687	\N	Active	f	2025-03-24 12:32:12.617842+00
788	24112803	CFQZ716X5JX	NIN	Taga Francis Nuwagaba	\N	+256772500286	\N	Active	f	2025-03-24 12:32:12.618673+00
789	24112804	CFM7ZJ2ZVQS	NIN	SARAH NDAGIRE	\N	+256740139474	\N	Active	f	2025-03-24 12:32:12.619459+00
790	24112805	CFS2C9PC5ZV	NIN	Tonny kiganda	\N	+256762269699	\N	Active	f	2025-03-24 12:32:12.620202+00
791	24112806	CF5OI41P0SD	NIN	MARTHA NAMPALA	\N	+256775996666	\N	Active	f	2025-03-24 12:32:12.62103+00
792	24112807	CMJY58MW1ZJ	NIN	PROSSY NANSEREKO	\N	+256760932976	\N	Active	f	2025-03-24 12:32:12.621856+00
793	24112808	CF5NIIHFKRU	NIN	JOACHIM KIMULI	\N	+256753466676	\N	Active	f	2025-03-24 12:32:12.622691+00
794	24112809	CMOLU3P9AYE	NIN	GLORIA NABAGGALA	\N	+256740761606	\N	Active	f	2025-03-24 12:32:12.623389+00
795	24112810	CM5EYO7JHO0	NIN	Kiwanuka Jackson	\N	+256753114635	\N	Active	f	2025-03-24 12:32:12.624134+00
796	24112811	CF03WWLKJ85	NIN	BUKENYA\tJOEL	\N	+256754745067	\N	Active	f	2025-03-24 12:32:12.624986+00
797	24112812	CMK9IEHECKO	NIN	Kamya Deogracious	\N	+256702504021	\N	Active	f	2025-03-24 12:32:12.625702+00
798	24112813	CF4W2S0DEBB	NIN	Bukenya Emmanuel	\N	+256741270880	\N	Active	f	2025-03-24 12:32:12.626389+00
799	24112814	CFYH37MADGP	NIN	Kayiwa Mustafa	\N	+256708368021	\N	Active	f	2025-03-24 12:32:12.627116+00
800	24112815	CMF4FEZWQ86	NIN	Kawuki Ronald	\N	+256708513400	\N	Active	f	2025-03-24 12:32:12.627836+00
801	24112818	CFDQ6VAIYHD	NIN	Mukasa Amos	\N	+256753377961	\N	Active	f	2025-03-24 12:32:12.628533+00
802	24112819	CMAW0AZFJA0	NIN	Kiyimba Joseph	\N	+256782012694	\N	Active	f	2025-03-24 12:32:12.629255+00
803	24122820	CFLVLQ8XOEH	NIN	Ssentume Bashir	\N	+256783062555	\N	Active	f	2025-03-24 12:32:12.629882+00
804	24122821	CMG74L5Z506	NIN	Mayengo Eliab Wilson	\N	+256757061700	\N	Active	f	2025-03-24 12:32:12.630509+00
805	24122822	CFGWOGCSUL6	NIN	Omonia\tRay	\N	+256785456048	\N	Active	f	2025-03-24 12:32:12.631211+00
806	24122834	CFNCSXJSV56	NIN	Brian\tGonzaja	\N	+256774571354	\N	Active	f	2025-03-24 12:32:12.632178+00
807	24122835	CFLHO5HSLQ0	NIN	Pakulamusa Delick Fabiano	\N	+256705782572	\N	Active	f	2025-03-24 12:32:12.633273+00
808	24122836	CMG5Y1FR4IB	NIN	Namujju Jenifer	\N	+256706903922	\N	Active	f	2025-03-24 12:32:12.634089+00
809	24122837	CMUU8PLXEDU	NIN	Kabonge Julius	\N	+256759448229	\N	Active	f	2025-03-24 12:32:12.634992+00
810	24122838	CMJXY1JLY5E	NIN	Wampamba Bashir	\N	+256760248785	\N	Active	f	2025-03-24 12:32:12.635748+00
811	24122839	CFERXZFSX7P	NIN	Bashir \tKisuule	\N	+256789808340	\N	Active	f	2025-03-24 12:32:12.636471+00
812	24122840	CFC9XK683DU	NIN	Namuwaya Aisha	\N	+256708172528	\N	Active	f	2025-03-24 12:32:12.637319+00
813	24122841	CMRUH0ZA8N8	NIN	Komuhindo Rose	\N	+256708172528	\N	Active	f	2025-03-24 12:32:12.638401+00
814	24122842	CMPOIZOA7FX	NIN	BABIRYE SUMAYA	\N	+256774415897	\N	Active	f	2025-03-24 12:32:12.639497+00
815	24122845	CMMS84OOBPF	NIN	NAKYANJA MERCY	\N	+256704500330	\N	Active	f	2025-03-24 12:32:12.640487+00
816	24122846	CMU4NL2BY5Z	NIN	NABAKA ESTHER	\N	+256708652250	\N	Active	f	2025-03-24 12:32:12.641272+00
817	24122847	CFP6EDO4OLV	NIN	Inez Dennis	\N	+256704277679	\N	Active	f	2025-03-24 12:32:12.642037+00
818	24122849	CM8CKZWD90D	NIN	ELIAB KATO	\N	+256772616791	\N	Active	f	2025-03-24 12:32:12.642714+00
819	24122850	CFXN192RADN	NIN	Kayaga Justine	\N	+256754745067	\N	Active	f	2025-03-24 12:32:12.643371+00
820	24122851	CMN6Z2OQJ9D	NIN	GWOKYALYA MARIA	\N	+256776477156	\N	Active	f	2025-03-24 12:32:12.644086+00
821	504B	CFJF5B4L3R4	NIN	TOMUSANGA MUSA	\N	750712088	\N	Active	f	2025-03-24 12:32:12.644853+00
252	1	CM82052100YP9F	NIN	Lawrence Ssekamwa	\N	772431839	\N	Active	f	2025-03-24 12:32:12.094518+00
266	102	LP0002020248	NIN	MICHAEL KYEYUNE	\N	752078100	\N	Active	f	2025-03-24 12:32:12.125924+00
286	5036	CM96047105U9KC	NIN	SSEGAWA LAWRENCE	\N	706029525	\N	Active	f	2025-03-24 12:32:12.145974+00
740	24112735	LP0002021015	NIN	Byaruhanga Allan	\N	+256785399594	\N	Active	f	2025-03-24 12:32:12.578855+00
305	24377	CF6003410AKNK	NIN	Joventah Baryaruha	\N	+256705319307	\N	Active	f	2025-03-24 12:32:12.16452+00
315	30048	LP0002020227	NIN	SSENDEGE SULAIMAN	\N	751060599	\N	Active	f	2025-03-24 12:32:12.177739+00
326	35075	LP0002021034	NIN	SSEBAGALA RONNIE	\N	756399157	\N	Active	f	2025-03-24 12:32:12.188344+00
331	35200	LP0002020616	NIN	PAUL LUBEGA	\N	783619636	\N	Active	f	2025-03-24 12:32:12.202606+00
347	40013	CM678940105NHTR	NIN	Wankwaya Magid	\N	750981335	\N	Active	f	2025-03-24 12:32:12.216844+00
827	45035	CM85040105SR4C	NIN	SSEMOJI ALAYSIOUS	\N	750347006	\N	Active	f	2025-03-26 14:50:14.936826+00
390	80055	LP0002020632	NIN	CHRISTOPHER GONZAGA	\N	785107717	\N	Active	f	2025-03-24 12:32:12.253137+00
399	110005	CM80032101C95G	NIN	KALULE GONZAGA	\N	778931724	\N	Active	f	2025-03-24 12:32:12.25994+00
414	145011	CM75047101ZDXF	NIN	RAMANTHAN JANDO	\N	704669707	\N	Active	f	2025-03-24 12:32:12.28934+00
427	235002	CM70008103L44YD	NIN	KISAAME JAMES	\N	773928642	\N	Active	f	2025-03-24 12:32:12.302804+00
828	25036	CM12075635TE5G	NIN	SIRAJE MUBIRU	\N	701711520	\N	Active	f	2025-03-26 14:50:14.937716+00
829	25045	CM790231017YLG	NIN	RICHARD KABAALU	\N	701838349	\N	Active	f	2025-03-26 14:50:14.938788+00
830	65024	CM79068107XOEC	NIN	AGRICULTURAL OUTCOMES UGANDA AGRICULTURAL OUTCOMES UGANDA	\N	701999386	\N	Active	f	2025-03-26 14:50:14.939764+00
831	10022	CM890651036KTJ	NIN	AYEBAZIBWE TOM	\N	702223371	\N	Active	f	2025-03-26 14:50:14.940542+00
832	40240	CM9003410EFVQL	NIN	VICENT BAKASHABA.R	\N	702341534	\N	Active	f	2025-03-26 14:50:14.941323+00
833	20020	CF84023110C0W0J	NIN	DIANAH KAGERE	\N	702376267	\N	Active	f	2025-03-26 14:50:14.942087+00
834	30050	CM84034102YALE	NIN	JUSTUS ABESIGAMUKAMA	\N	702391161	\N	Active	f	2025-03-26 14:50:14.942851+00
835	40042	CF860491026GRH	NIN	KULABA DIANA	\N	702493729	\N	Active	f	2025-03-26 14:50:14.943804+00
836	40239	CM66005107G9GF	NIN	DAVID LAKOR	\N	702516072	\N	Active	f	2025-03-26 14:50:14.944585+00
837	10008	CM9105103DQ1B	NIN	ATUHAIRE ADRIAN	\N	702574406	\N	Active	f	2025-03-26 14:50:14.945406+00
838	235004	CM93016102RYQY	NIN	KIIRYA RICHARD	\N	702695127	\N	Active	f	2025-03-26 14:50:14.94621+00
839	5077	CM44639NM5YS	NIN	CHARLES MUTUMBA	\N	702888748	\N	Active	f	2025-03-26 14:50:14.947046+00
840	170008	CM91049104982E	NIN	BAIDU HAKIM	\N	703679204	\N	Active	f	2025-03-26 14:50:14.947762+00
841	185004	CM60037106DRDE	NIN	MUSTAFA MUGISHA	\N	703780704	\N	Active	f	2025-03-26 14:50:14.948598+00
842	20051	CM79023108X8FF	NIN	LUGOLOOBI CHARLES	\N	703801314	\N	Active	f	2025-03-26 14:50:14.949354+00
843	275001	CM76072101ZW	NIN	MARGRET RHODA FARMS	\N	703813234	\N	Active	f	2025-03-26 14:50:14.950583+00
844	10015	CM86105017KPTD	NIN	SEKATTE HASSAN	\N	703869692	\N	Active	f	2025-03-26 14:50:14.951571+00
845	40075	CM90030102204E	NIN	LAUREEN NTAALE	\N	704336556	\N	Active	f	2025-03-26 14:50:14.952402+00
846	40009	CF81030105TATG	NIN	NATOORO GRACE	\N	704464604	\N	Active	f	2025-03-26 14:50:14.953116+00
847	170001	CM880751041PYJ	NIN	KATULA SINAN	\N	758544149	\N	Active	f	2025-03-26 14:50:14.953831+00
848	110	CM62100104G8N5	NIN	NSUBUGA SIMON	\N	704656530	\N	Active	f	2025-03-26 14:50:14.954543+00
849	235021	CM73013102N52G	NIN	ROBERT WAISWA	\N	704811576	\N	Active	f	2025-03-26 14:50:14.955406+00
850	285005	CM86106101JNVB	NIN	ALEX MUHUMUZA	\N	704853024	\N	Active	f	2025-03-26 14:50:14.956214+00
851	285004	CF781051013ZQH	NIN	NABATEREGGA JULIET	\N	705863182	\N	Active	f	2025-03-26 14:50:14.956993+00
852	35202	CF5308103V7KC	NIN	MARY TONDA	\N	706392435	\N	Active	f	2025-03-26 14:50:14.957698+00
853	235003	CM9809102CYRF	NIN	MUZAFALU MULINDWA	\N	706893639	\N	Active	f	2025-03-26 14:50:14.958489+00
854	20056	CF673998IORTM8Y	NIN	PHIONA MIREMBE	\N	707282597	\N	Active	f	2025-03-26 14:50:14.959244+00
855	30037	CM94091103MFXL	NIN	LUKENGE JACOB	\N	707440785	\N	Active	f	2025-03-26 14:50:14.960344+00
857	2512867	CM97100101VXAJ	NIN	Lukwago Lawrence	\N	+256757015250	\N	Active	f	2025-03-26 14:50:14.962374+00
858	5090	CM790410145RF	NIN	ATUHAIRE RODGERS	\N	702135441	\N	Active	f	2025-03-26 14:50:14.963418+00
859	2462341	CF78068104F0PG	NIN	Kyomuhendo Peninah	\N	+256701411311	\N	Active	f	2025-03-26 14:50:14.964228+00
860	5003	CM75023103PT4C	NIN	NYOMBI GARBRIEL	\N	708544995	\N	Active	f	2025-03-26 14:50:14.965085+00
861	235008	CF9701310657ZC	NIN	PROSSY NANGOBI	\N	708545406	\N	Active	f	2025-03-26 14:50:14.965858+00
862	50	CM7082107MUGL	NIN	MOSES KISAKYE	\N	708881081	\N	Active	f	2025-03-26 14:50:14.966845+00
863	5302	CM09876654444	NIN	NAMAUNJE MORINE	\N	709481990	\N	Active	f	2025-03-26 14:50:14.967836+00
864	75030	CM92008103L23L	NIN	NSIMBI IVAN	\N	740590418	\N	Active	f	2025-03-26 14:50:14.968772+00
865	193	CM88S076JR031	NIN	SSEVIRI JIMMY	\N	750178091	\N	Active	f	2025-03-26 14:50:14.969574+00
866	120016	CF94083102Z52F	NIN	BABIRYE SCOVIA	\N	750609370	\N	Active	f	2025-03-26 14:50:14.970334+00
867	120037	CM880831038E7F	NIN	SSEMUDDU CHARLES	\N	702645853	\N	Active	f	2025-03-26 14:50:14.971181+00
868	120015	CF73013102G1VD	NIN	ARAYO SILVIA	\N	701777048	\N	Active	f	2025-03-26 14:50:14.97196+00
869	170013	CM50431038K3G	NIN	LUKUNGU MUHAMED	\N	700627413	\N	Active	f	2025-03-26 14:50:14.972717+00
870	120076	CM92094100G4GJ	NIN	NOBERT LUBWAMA	\N	703482635	\N	Active	f	2025-03-26 14:50:14.973462+00
871	235009	CF7908310G78TH	NIN	KYOBULA JAMAWA	\N	750612156	\N	Active	f	2025-03-26 14:50:14.974611+00
872	5070	CM87023103XG5F	NIN	NABAGEREKA MOREEN	\N	750735479	\N	Active	f	2025-03-26 14:50:14.975618+00
873	35039	CM7030107EZ5F	NIN	KAWEESA JOSEPH	\N	751393306	\N	Active	f	2025-03-26 14:50:14.976633+00
874	175074	CM600241058EYA	NIN	PADDY SSERUNKUMA	\N	751650955	\N	Active	f	2025-03-26 14:50:14.977501+00
875	235020	CM82013101TAKC	NIN	PAUL MUSERO	\N	752247571	\N	Active	f	2025-03-26 14:50:14.978247+00
876	3	CM8710110155FZA	NIN	NUWAGIRA ASIUS	\N	752284912	\N	Active	f	2025-03-26 14:50:14.978843+00
877	170014	CM700491030LWE	NIN	MARKA LUKELA	\N	752334642	\N	Active	f	2025-03-26 14:50:14.979676+00
878	25010	CM5309911033LLL	NIN	BULUMBA KRISPUS	\N	752409389	\N	Active	f	2025-03-26 14:50:14.980307+00
879	170016	CM730071095MJE	NIN	NALUGODA THOMAS	\N	752432159	\N	Active	f	2025-03-26 14:50:14.980966+00
880	5018	CM6802310782QO	NIN	KIWANUKA FRED	\N	752706226	\N	Active	f	2025-03-26 14:50:14.981956+00
881	120035	CM84083104G2QK	NIN	ANNET NAMULINDA	\N	753109564	\N	Active	f	2025-03-26 14:50:14.982649+00
882	120031	CM88083102D2VK	NIN	JACKSON MUNUKU	\N	753270106	\N	Active	f	2025-03-26 14:50:14.983466+00
883	5039	CF81100105T3RF	NIN	Betty Nakinobe	\N	753420735	\N	Active	f	2025-03-26 14:50:14.984193+00
884	45027	CM79099104M2YL	NIN	KITAYIMBWA PETER	\N	753538124	\N	Active	f	2025-03-26 14:50:14.985035+00
885	20102	CM830681040N1D	NIN	KATONGORE EDWARDE	\N	753682244	\N	Active	f	2025-03-26 14:50:14.985661+00
886	260006	CM8903104KV9C	NIN	GABRIEL SERUWU	\N	753862283	\N	Active	f	2025-03-26 14:50:14.986417+00
887	75015	CM70008103LRTA	NIN	RONALD KIKUYO	\N	754181000	\N	Active	f	2025-03-26 14:50:14.987266+00
888	20030	CM87052102XJYL	NIN	SSENGENDO UMARU	\N	757394244	\N	Active	f	2025-03-26 14:50:14.987997+00
889	120021	CM0101310F57XA	NIN	GERALD IKOOBA	\N	757457293	\N	Active	f	2025-03-26 14:50:14.988702+00
890	170004	CM710491062ZQL	NIN	MASEREKA ABUDALLAH	\N	757465122	\N	Active	f	2025-03-26 14:50:14.989537+00
891	35073	CM92098102X74L	NIN	MUGERWA SULAIMAN	\N	758022384	\N	Active	f	2025-03-26 14:50:14.990355+00
892	50036	CM75069101870G	NIN	GODFERY NAKABAALE	\N	758155388	\N	Active	f	2025-03-26 14:50:14.991189+00
893	110031	CM70082104LHPG	NIN	KIZOTO MIKE	\N	758378633	\N	Active	f	2025-03-26 14:50:14.991957+00
894	2442325	342561789	NIN	Kmokd	\N	+256789291217	\N	Active	f	2025-03-26 14:50:14.992716+00
895	2442326	3423678	NIN	Joy Katenya	\N	+256789291217	\N	Active	f	2025-03-26 14:50:14.993412+00
896	2442327	CFO49404823LV	NIN	abel ngoma	\N	+256759530890	\N	Active	f	2025-03-26 14:50:14.994204+00
897	2462343	CM93036103J2EH	NIN	Musinguzi David	\N	+256777987426	\N	Active	f	2025-03-26 14:50:14.994861+00
898	5133	CF960875545LMP	NIN	NAKKONDE VICTOR VICTOR	\N	758387941	\N	Active	f	2025-03-26 14:50:14.995956+00
899	2512868	CM77032102Q91F	NIN	Lugoloobi Leonard	\N	+256753567156	\N	Active	f	2025-03-26 14:50:14.9967+00
900	24102426	CM84024101V98F	NIN	MUGAMBA PIUS	\N	+256704220423	\N	Active	f	2025-03-26 14:50:14.997377+00
901	2472344	CM84089105ADJC	NIN	Mutama David	\N	+256774314857	\N	Active	f	2025-03-26 14:50:14.998129+00
902	235010	CMO101310G78TH	NIN	ISABIRYE CORNELIUS	\N	700238705	\N	Active	f	2025-03-26 14:50:14.998849+00
903	24374	42900147119	NIN	Byamungu Augustine	\N	+256763069641	\N	Active	f	2025-03-26 14:50:14.999623+00
904	145012	CM79047102ZELH	NIN	LUBOWA ASUMAN	\N	700462540	\N	Active	f	2025-03-26 14:50:15.000436+00
905	110034	CM8906910KWRC	NIN	LAWRENCE SEJJUKO	\N	700936634	\N	Active	f	2025-03-26 14:50:15.001659+00
906	250005	CM750211016XJL	NIN	MWESIGYE PEREZ	\N	701404000	\N	Active	f	2025-03-26 14:50:15.002418+00
907	3040	CM65789GH784	NIN	MUBIRU SOWEDI	\N	701234567	\N	Active	f	2025-03-26 14:50:15.003256+00
908	35109	CF75015101GXWD	NIN	CHRISTINE KEMIGYESHA	\N	701395006	\N	Active	f	2025-03-26 14:50:15.003978+00
909	35009	CM85030105YD6C	NIN	KAJUBI DELICIOUS	\N	701639597	\N	Active	f	2025-03-26 14:50:15.004705+00
910	2522877	CM80087106JXLJ	NIN	KIROYA ERIC	\N	+256772889900	\N	Active	f	2025-03-26 14:50:15.005416+00
911	24102465	CM9205210CC78K	NIN	TINYEFUNZA BOB DAVID	\N	+256753873371	\N	Active	f	2025-03-26 14:50:15.006162+00
913	2482357	CM8908910244JK	NIN	Kyangabo Emma	\N	+256709916425	\N	Active	f	2025-03-26 14:50:15.007463+00
915	2512869	CM3049113MKFE	NIN	KISIKI NOAH	\N	+256761295648	\N	Active	f	2025-03-26 14:50:15.008663+00
916	24102445	CM84018106C7ND	NIN	Jonathan Ndagine	\N	+256771339444	\N	Active	f	2025-03-26 14:50:15.009537+00
917	120025	CM89083101G2ZG	NIN	BERNARD MUCHULA	\N	754218205	\N	Active	f	2025-03-26 14:50:15.010293+00
918	225012	CF86060104DCK	NIN	SUZAN BALUKA	\N	754463735	\N	Active	f	2025-03-26 14:50:15.01107+00
919	45039	CM900131039NYE	NIN	MUKUBA ALEX	\N	754594994	\N	Active	f	2025-03-26 14:50:15.011782+00
920	170010	CM9704910631EK	NIN	ISIKO CRIPUS	\N	754700647	\N	Active	f	2025-03-26 14:50:15.012823+00
921	225010	CM80060101YELF	NIN	YOSIYA SOBYA	\N	754919829	\N	Active	f	2025-03-26 14:50:15.013525+00
922	1007	CM69098104FXGG	NIN	JOSEPH MAYANJA	\N	755044769	\N	Active	f	2025-03-26 14:50:15.014256+00
923	55020	CM82031103KFJF	NIN	JOSEPH BAMWEYANA	\N	755100073	\N	Active	f	2025-03-26 14:50:15.015051+00
924	120019	CM82083101FX9D	NIN	BYABATO YOWERI	\N	755407570	\N	Active	f	2025-03-26 14:50:15.015706+00
925	35042	CF80471044GK7U	NIN	EDITH KABABURE	\N	755449672	\N	Active	f	2025-03-26 14:50:15.016342+00
926	35080	CM90S456H964K	NIN	SSEMBYALA ISAAC	\N	755853020	\N	Active	f	2025-03-26 14:50:15.01698+00
927	25044	CM6809110020RH	NIN	MUSISI LEVY	\N	755978303	\N	Active	f	2025-03-26 14:50:15.017638+00
928	245003	CM84068105TYRH	NIN	LASTO NTAMBALA	\N	756318791	\N	Active	f	2025-03-26 14:50:15.018254+00
929	110028	LP0002020198	NIN	KYAGGWE	\N	708505055	\N	Active	f	2025-03-26 14:50:15.018971+00
930	2522886	CM9908710A98PD	NIN	Manano Deo	\N	+256707001738	\N	Active	f	2025-03-26 14:50:15.020135+00
931	2522878	CM77023101GWPF	NIN	MUYOMBE WILBERFORCE	\N	+256701661166	\N	Active	f	2025-03-26 14:50:15.020843+00
932	2522882	CM7002110543QC	NIN	OKWII DAVID	\N	+256709099001	\N	Active	f	2025-03-26 14:50:15.021724+00
933	24112527	CM8504710EFTHA	NIN	NSAMBA ANDREW	\N	+256771626198	\N	Active	f	2025-03-26 14:50:15.022513+00
934	24112523	CM83064101G51E	NIN	Isasi Jonathan Fred	\N	+256701186547	\N	Active	f	2025-03-26 14:50:15.023482+00
939	24112606	CM0001310EX5ZD	NIN	Kamoga Innocent	\N	+256785357091	\N	Active	f	2025-03-26 14:50:15.028221+00
940	2522883	CM86034101ZHRD	NIN	KK Foods Eastern Farms-Busambu	\N	+256776748806	\N	Active	f	2025-03-26 14:50:15.029088+00
941	2522879	CM80187106JXLJ	NIN	ATIMANEDI FARMS	\N	+256702282828	\N	Active	f	2025-03-26 14:50:15.029967+00
942	24112623	1000254711	NIN	RAVSH	\N	+256781695498	\N	Active	f	2025-03-26 14:50:15.030721+00
943	2512871	CM78105101TL7K	NIN	Lule Godfrey	\N	+256746179067	\N	Active	f	2025-03-26 14:50:15.031545+00
945	24112627	CM91069105MAGC	NIN	Ssaka Hassan	\N	+256781695498	\N	Active	f	2025-03-26 14:50:15.03324+00
946	24112632	CM82013101YY4K	NIN	Mwesigwa Geofrey	\N	+256781695498	\N	Active	f	2025-03-26 14:50:15.034124+00
947	45097	LP0002020982	NIN	FRED TIBIRYALA	\N	753971286	\N	Active	f	2025-03-26 14:50:15.034933+00
948	20048	LP0002020934	NIN	KATEEREGA CHARLES	\N	752029233	\N	Active	f	2025-03-26 14:50:15.035688+00
949	212	LP0002021363	NIN	Fred Mawanda	\N	775965381	\N	Active	f	2025-03-26 14:50:15.036637+00
952	25081	LP0002020208	NIN	MUTYABA LAWRENCE	\N	709574374	\N	Active	f	2025-03-26 14:50:15.038539+00
953	24112645	MULYAZAAWO	NIN	SULAIMAN	\N	+256755298030	\N	Active	f	2025-03-26 14:50:15.03963+00
955	100039	LP0002020396	NIN	IDDI SSALLI	\N	758659040	\N	Active	f	2025-03-26 14:50:15.041083+00
956	24112642	CM58069101HCUE	NIN	KAMOGA REUBEN	\N	+256781572439	\N	Active	f	2025-03-26 14:50:15.041794+00
957	2512876	CF020091L95KK	NIN	Ainembabazi Reacheal	\N	+256763353470	\N	Active	f	2025-03-26 14:50:15.042499+00
958	30034	LP0002020501	NIN	KASAGA EPHRAIM BROWN	\N	774685627	\N	Active	f	2025-03-26 14:50:15.043235+00
959	24112664	CF79023103X1EF	NIN	Joan Nabakiibi	\N	+256772868129	\N	Active	f	2025-03-26 14:50:15.043959+00
960	2522880	CF82004101WQ0C	NIN	Mpangirwe Sarah Ngoma	\N	+256753658700	\N	Active	f	2025-03-26 14:50:15.044706+00
961	2522881	CF98035103F0EL	NIN	ASIO FELISTER	\N	+256759027674	\N	Active	f	2025-03-26 14:50:15.045418+00
962	5315	CF740261012GGD	NIN	JOSEPHINE SSENYONJO	\N	787282406	\N	Active	f	2025-03-26 14:50:15.046304+00
963	2522887	CM91030103XX3H	NIN	KALUNGI MARTIN	\N	+256752778272	\N	Active	f	2025-03-26 14:50:15.04715+00
964	24112674	CM79009101T6PC	NIN	Rukundo Nicholas Kisemb	\N	+256787099599	\N	Active	f	2025-03-26 14:50:15.047832+00
968	24112728	CM740301049PZH	NIN	John Bosco	\N	+256703803195	\N	Active	f	2025-03-26 14:50:15.050068+00
971	2522888	CM71100101ERNA	NIN	James Tinkamanyire	\N	+256700562116	\N	Active	f	2025-03-26 14:50:15.051991+00
972	2512872	CM82023102Z7PL	NIN	Ssebunza Rogers	\N	+256776947027	\N	Active	f	2025-03-26 14:50:15.053117+00
973	2522884	CM851002003HQJ	NIN	Kibuye Micheal	\N	+256773392486	\N	Active	f	2025-03-26 14:50:15.053953+00
974	24112744	CM90045100XFZA	NIN	Karangwa Francis	\N	+256751577970	\N	Active	f	2025-03-26 14:50:15.054602+00
975	2512873	CM85017102RQKJ	NIN	KAVUMA JOHN PAUL	\N	+256752577618	\N	Active	f	2025-03-26 14:50:15.055327+00
976	24112758	CM66491103VAND	NIN	Muyinda Willy	\N	+256394005987	\N	Active	f	2025-03-26 14:50:15.055976+00
977	24112772	CM77026107P5JG	NIN	Kaale Charles	\N	+256750507469	\N	Active	f	2025-03-26 14:50:15.056614+00
978	24112773	CM6609410093VG	NIN	Inyensiko George	\N	+256750507469	\N	Active	f	2025-03-26 14:50:15.05717+00
980	24112781	CM720061018COL	NIN	Baguma Nicholas	\N	+256781695498	\N	Active	f	2025-03-26 14:50:15.058455+00
981	2512870	CF8306810173VC	NIN	NAMALE FATUMAH KAYONGO	\N	+256701665411	\N	Active	f	2025-03-26 14:50:15.059199+00
984	50007	CM720171021YQJ	NIN	Wandera Henry	\N	780208282	\N	Active	f	2025-03-26 14:50:15.0611+00
986	40255	LP0002021275	NIN	Joseph Sserwadda	\N	774119887	\N	Active	f	2025-03-26 14:50:15.062247+00
988	24122843	CF0601200EEMND	NIN	NABAGGALA GLORIA	\N	+256740761606	\N	Active	f	2025-03-26 14:50:15.063555+00
989	24122852	CM910101033U1J	NIN	GONZAAGA CHRISTOPHER	\N	+256705243775	\N	Active	f	2025-03-26 14:50:15.064463+00
990	2512874	CF80045102Q5KH	NIN	Kabeeho Penlope	\N	+256756674060	\N	Active	f	2025-03-26 14:50:15.065282+00
991	145009	LP0002020812	NIN	SSEGAWA LAWRENCE	\N	706029925	\N	Active	f	2025-03-26 14:50:15.065988+00
992	2512858	CM630101099AHA	NIN	KAMAJUGO RICHARD KIRASO	\N	+256772422446	\N	Active	f	2025-03-26 14:50:15.067069+00
993	2522885	CM61027100H1CE	NIN	MULOODI MOSES GABULA	\N	+256772497475	\N	Active	f	2025-03-26 14:50:15.067864+00
994	2512875	CM8003410D9MZJ	NIN	Katuufu Mugarura	\N	+256702091587	\N	Active	f	2025-03-26 14:50:15.068767+00
675	24112638	CMLKY6TKIFX	NIN	Kafuuma Ephuraim	\N	+256778367026	\N	Active	f	2025-03-24 12:32:12.519411+00
995	253995	356	PASSPORT	Delilah Boyle	\N	+256701293950	\N	Active	f	2025-03-28 17:44:15.325961+00
996	253996	CM81030100Q3AD	NIN	MUJUZI JAMES	\N	+256705654026	\N	Active	f	2025-03-29 06:01:47.607853+00
997	253997	CM84024102HGEK	NIN	LWANGA JOHNATHAN	\N	+256703625670	\N	Active	f	2025-03-29 06:36:00.17092+00
998	253998	CM8610510371NM	NIN	KABUGO DENNIS	\N	+256758030650	\N	Active	f	2025-03-30 19:19:05.379739+00
999	253999	CM95008106M8WE	NIN	Katende Eric Eria	08587913-abb8-4005-be34-00d54492a888.PNG	+256754230712	\N	Active	f	2025-03-31 18:10:20.000243+00
\.


--
-- Data for Name: inspectionreport; Type: TABLE DATA; Schema: public; Owner: -
--

COPY public.inspectionreport (id, consignment_no, notes, instruction, user_id, exportcompany_id, created_at) FROM stdin;
1	CN-COLZ4IJA	no pest found	None	320	206	2025-03-26 16:21:37.411053+00
2	CN-BWCYOLIJ	CLEARED FOR EXPORTS	None	322	147	2025-03-27 06:36:41.481979+00
46	CN-D41TGDJU	no pest found	None	320	241	2025-03-29 13:06:42.834777+00
47	CN-MN2MTBG4	no pest found	None	320	241	2025-03-29 13:09:19.297556+00
48	CN-HGQWOY7Z	10/30 boxes of Matooke, 10/12 boxes of Avocado, 10/10 boxes of Apple Bananas, 10/52 boxes of Sweet potatoes, 22/40 boxes of Garden eggs, 10/24 boxes of Okra and 10/25 bags of Fresh Peanuts inspected and found free harmful organisms. 	None	324	235	2025-03-29 14:42:23.312025+00
3	CN-9VWLP5NF	The consignment was inspected and found free from visible pests of quarantine significance.	None	319	182	2025-03-27 09:37:34.627536+00
4	CN-9RHVHAXV	The consignment was inspected and found free from quarantine 	None	325	217	2025-03-27 10:31:40.520244+00
49	CN-PP5T41HS	10/30 boxes of Matooke, 24/84 boxes of Garden eggs, 10/11 boxes of Antroewa, 10/15 boxes of Avocado and 10/32 bags of Fresh Peanuts inspected and found free from harmful organisms. 	None	324	235	2025-03-29 14:50:58.001252+00
50	CN-NGXAHEDZ	The consignment has been inspected and found free from visible pests of quarantine significance.	None	317	136	2025-03-29 17:32:40.416745+00
5	CN-SIGB60V6	inspected and found free from pests of quarantine importance.	None	322	220	2025-03-27 13:21:25.7445+00
6	CN-3D71OQ9C	cleared for export	None	316	254	2025-03-27 14:36:07.6102+00
7	CN-R5L97R70	no pest found	None	320	241	2025-03-27 16:23:21.629541+00
8	CN-WU1PBSD7	SPS Compliant	None	322	221	2025-03-27 16:37:30.58168+00
9	CN-D2YHFKDV	SPS Compliant	None	322	221	2025-03-27 16:44:43.294394+00
10	CN-OQKW578J	SPS Compliant	None	326	214	2025-03-27 17:32:11.233184+00
11	CN-PR8M6F15	SPS Compliant	None	326	214	2025-03-27 18:27:17.707529+00
12	CN-YB3WVC4R	Consignment is fit for export	None	323	236	2025-03-27 18:33:28.827318+00
13	CN-GU0XDPRA	The consignment was inspected and found free from visible pests of quarantine significance.	None	319	182	2025-03-27 19:06:48.392526+00
14	CN-GTCTK3L5	fit for export	None	324	185	2025-03-27 19:14:51.781778+00
15	CN-XP4U14TD	Consignment was found fit for export	None	323	224	2025-03-27 19:29:27.211573+00
16	CN-4EQ7O20D	SPS COMPLIANT	None	326	208	2025-03-27 19:34:29.885395+00
17	CN-2ZYTE6L7	SPS Compliant	None	321	159	2025-03-27 20:57:37.07442+00
51	CN-UXZVVAPV	fit for export	None	324	185	2025-03-29 18:39:51.526017+00
18	CN-UFBWQJVD	Cleared for export	None	316	254	2025-03-28 05:27:59.400409+00
19	CN-3LKOFQ0R	Cleared for export\n	None	316	254	2025-03-28 06:01:59.219127+00
20	CN-ZYPG218G	Cleared for export	None	316	254	2025-03-28 06:06:37.343279+00
21	CN-ZLPRNEWC	NO HARMFUL ORGANISIMS FOUND.	None	322	147	2025-03-28 06:40:00.874036+00
22	CN-PLV0XXIO	SPS Compliant	None	326	218	2025-03-28 07:41:02.419368+00
23	CN-8VWP0RKR	SPS Compliant	None	326	218	2025-03-28 08:02:24.940187+00
24	CN-04U8MXSE	no pest found	None	320	192	2025-03-28 13:48:02.197584+00
25	CN-PHE087D4	SPS Compliant	None	326	218	2025-03-28 14:07:31.066611+00
26	CN-XM1LAQF2	SPS Compliant	None	326	218	2025-03-28 14:16:52.636803+00
27	CN-Y2QRLMDZ	SPS Compliant	None	326	218	2025-03-28 15:03:20.773816+00
28	CN-XFAK4BR9	sps complaint	None	319	129	2025-03-28 16:31:02.234932+00
29	CN-RSD66WR9	No harmful organisms observed 	None	327	186	2025-03-28 17:08:55.664826+00
31	CN-8VWOGWWO	sps complaint	None	319	210	2025-03-28 17:24:34.764482+00
32	CN-S6L5EM5Z	The consignment was inspected and found to be in good condition	None	323	146	2025-03-28 17:30:24.881828+00
30	CN-PM3MI9MC	No harmful organisms observed 	None	327	186	2025-03-28 17:18:47.224959+00
33	CN-UUQG2XK1	The consignment has been inspected and found free from visible pests of quarantien significance.	None	317	252	2025-03-28 17:45:05.943772+00
34	CN-TLU4GUE7	cleared	None	324	262	2025-03-28 17:49:54.530899+00
35	CN-O4QP4W4M	SPS Compliant	None	326	208	2025-03-28 18:18:50.033472+00
36	CN-TAX66NAU	sps compliant	None	322	228	2025-03-28 19:27:28.923546+00
37	CN-YOCPTRAD	inspected and found free from pests of quarantine importance	None	322	220	2025-03-29 00:15:54.543605+00
38	CN-CMIF0TFE	Consignment was inspected and found free of any Pest.	None	320	241	2025-03-29 00:28:22.736108+00
39	CN-MAN33J91	SPS COMPLIANT	None	326	246	2025-03-29 03:39:55.247973+00
40	CN-LGG8N7EK	NO HARMFUL ORGANISMS FOUND.	None	322	147	2025-03-29 06:09:42.265641+00
41	CN-VS86U3C7	NO HARMFUL ORGANISMS FOUND.	None	322	147	2025-03-29 06:13:19.245699+00
42	CN-3N1PYHJM	NO HARMFUL ORGANISMS FOUND.	None	322	147	2025-03-29 06:15:49.3822+00
43	CN-AGU91HJ6	The consignment was inspected and found free from quarantine pests.	None	325	227	2025-03-29 07:38:16.43349+00
44	CN-I2VG1WID	The consignment was inspected and found free from visible pests	None	320	192	2025-03-29 08:46:01.450583+00
45	CN-GV146UBY	The consignment was inspected and found free from visible pests	None	320	223	2025-03-29 11:06:29.066755+00
52	CN-1IGTM3F0	SPS Compliant	None	321	131	2025-03-29 19:26:30.885731+00
53	CN-JNXH01WO	SPS Compliant	None	321	201	2025-03-30 01:20:29.540414+00
54	CN-RQSQYLHN	SPS Compliant	None	326	214	2025-03-30 02:13:04.457673+00
55	CN-142B0HPL	SPS Compliant	None	326	208	2025-03-30 02:54:06.646375+00
56	CN-ST3LLMQS	Consignment was inspected and found free of any pest.	None	320	241	2025-03-30 02:59:14.834723+00
57	CN-EFILKCJN	SPS Compliant	None	326	208	2025-03-30 03:10:52.439582+00
58	CN-V6D31KE7	cleared	None	324	261	2025-03-30 05:44:58.159111+00
59	CN-X5U4C85K	No harmful organisms observed 	None	327	186	2025-03-30 07:55:40.426348+00
60	CN-UTUG1KBJ	No harmful organisms observed 	None	327	186	2025-03-30 07:58:48.089983+00
61	CN-HLO8GEV0	No harmful organisms observed 	None	327	186	2025-03-30 08:02:08.52246+00
62	CN-KKS5CFT6	sps compliant 	None	319	129	2025-03-30 10:28:37.684403+00
63	CN-VFCAZAFG	no pest found	None	320	241	2025-03-30 12:05:35.579331+00
64	CN-TJX7UWD6	no pest found	None	320	241	2025-03-30 12:07:35.270693+00
65	CN-ANLG9Y77	no pest found	None	320	241	2025-03-30 12:10:24.993224+00
66	CN-6I9SYXXN	no pest found	None	320	241	2025-03-30 12:12:45.091158+00
67	CN-95BTI41H	no pest found	None	320	241	2025-03-30 12:14:43.617468+00
68	CN-M0Y1133P	Cleared for export	None	316	149	2025-03-30 14:30:39.697763+00
69	CN-R8IO8B9O	The consignment was inspected and found free from quarantine pests 	None	325	227	2025-03-30 14:44:42.099119+00
70	CN-WJEPZT8Z	cleared for export	None	316	222	2025-03-30 17:17:19.286401+00
71	CN-PLSQYT8Q	SPS Compliant	None	321	159	2025-03-30 17:56:44.332695+00
72	CN-GMSTGPP7	SPS Compliant	None	321	159	2025-03-30 18:21:44.756418+00
73	CN-GHYRG2UD	SPS Compliant	None	321	159	2025-03-30 18:38:07.086144+00
74	CN-FB91KD87	The consignment was inspected and found free from visible pests of quarantine significance.	None	319	182	2025-03-30 18:47:53.454718+00
75	CN-UBJCYIW3	This consignment was inspected and found to be in good condition	None	323	181	2025-03-30 18:54:58.588063+00
76	CN-WBQY9ERU	SPS Compliant	None	321	159	2025-03-30 18:59:09.068212+00
77	CN-7S52Z07U	This consignment was inspected and found to be in good condition	None	323	146	2025-03-30 19:05:37.777848+00
78	CN-WECKAM7W	The consignment has been inspected and found free from visible pests of quarantine significance.	None	317	237	2025-03-30 19:06:07.241175+00
79	CN-U8V393NI	INSPECTED AND FOUND FREE FROM QUARANTINE PESTS.	None	319	188	2025-03-30 19:17:10.95835+00
80	CN-WRUOXDCD	The consignment was inspected and found to be in good condition	None	323	146	2025-03-30 21:00:25.375607+00
81	CN-6FQC2QZ6	SPS Compliant	None	326	214	2025-03-30 21:34:23.853539+00
82	CN-TJIQ2XF7	The consignment was inspected and found free from visible pests	None	318	197	2025-03-30 21:57:27.699998+00
83	CN-S7GVDZ85	SPS Compliant	None	326	214	2025-03-30 22:07:17.37641+00
84	CN-3BA442LI	The consignment was inspected and found free from visible pests of quarantine importance	None	318	197	2025-03-30 22:23:11.060515+00
85	CN-04KZRD3M	SPS Compliant	None	326	174	2025-03-30 22:57:56.508374+00
86	CN-EPFD0HSP	SPS Compliant	None	326	214	2025-03-30 23:08:02.481464+00
87	CN-EX56C8F6	SPS Compliant	None	326	174	2025-03-30 23:31:33.468509+00
88	CN-KIBSB5TT	05/05 boxes of Sweet potatoes, 05/05 boxes of Cassava, 05/05 boxes of Cocoyams, 10/10 boxes of Garden eggs, 10/10 boxes of Bananas, 10/12 boxes of Plantain, 10/25 boxes of Avocado, 05/05 boxes of Pineapples, 056/06 boxes of Sugarcane, 10/10 boxes of Okra, 03/03 boxes of Yellow Bananas and 10/10 boxes of Kawanda Bananas inspected and found free from harmful organisms. 	None	324	229	2025-03-31 01:29:20.248826+00
89	CN-LHPLEB2F	006/06 boxes of Garden eggs, 06/06 boxes of Cassava, 10/25 boxes of Cocoyams, 10/14 boxes of Matooke, 02/02 boxes of Ginger, 10/17 boxes of Avocado, 10/20 boxes of Sweet potatoes and 10/13 boxes of Okra inspected and found free from harmful organisms. 	None	324	229	2025-03-31 01:43:59.334571+00
90	CN-AWJ57BNR	No harmful organisms observed 	None	327	238	2025-03-31 05:35:22.556577+00
91	CN-9RN16XFT	NO HARMFUL ORGANISMS FOUND.	None	322	147	2025-03-31 05:37:13.214506+00
92	CN-B3AFMK2O	No harmful organisms observed 	None	327	238	2025-03-31 05:45:02.344495+00
93	CN-MS0VQY7G	The consignment was inspected and found free from visible pests of quarantine importance	None	318	236	2025-03-31 09:30:17.898034+00
94	CN-7IVT1F3W	The consignment has been inspected and found free from visible pests of quarantine significance.	None	317	183	2025-03-31 09:51:03.082417+00
95	CN-5KTGX64M	The consignment was inspected and found free from visible pests of quarantine significance.	None	319	182	2025-03-31 10:49:23.011654+00
96	CN-SGF27784	The consignment has been inspected and found free from visible pests of quarantine significance.	None	317	232	2025-03-31 11:47:27.491535+00
97	CN-8DLEPA1B	The consignment has been inspected and found free from visible pests of quarantine significance.	None	317	232	2025-03-31 12:02:32.643039+00
98	CN-I1RFPOFP	SPS Compliant	None	322	221	2025-03-31 13:50:54.178231+00
99	CN-EWM4CNT1	SPS Compliant	None	322	221	2025-03-31 13:54:09.706089+00
101	CN-JU5PK68W	INSPECTED AND FOUND FREE FROM QUARANTINE PESTS.	None	319	188	2025-03-31 14:08:58.217862+00
100	CN-8FXKAGQM	cleared for export	None	316	127	2025-03-31 13:56:13.280069+00
102	CN-U92XJNDA	The consignment has been inspected and found free from quarantine pests 	None	325	227	2025-03-31 14:23:43.380976+00
103	CN-EWS1T3IC	10/41 boxes of Matooke, 10/20 boxes of Sweet potatoes, 06/06 boxes of Yams and 10/10 boxes of Maize flour inspected and found free from harmful organisms. 	None	324	229	2025-03-31 17:08:18.679498+00
104	CN-9T1V0839	Fit for export 	None	320	133	2025-03-31 18:09:28.904524+00
105	CN-B8I5DV98	The consignment was inspected and found free from visible pests of quarantine importance	None	318	141	2025-03-31 19:10:08.322181+00
106	CN-80CHU6NN	SPS Compliant	None	322	190	2025-03-31 19:10:51.605323+00
107	CN-53RMQ2XL	The conisgnment was inspected	None	318	128	2025-03-31 20:39:59.877109+00
108	CN-67SJJBRS	cleared for export	None	316	254	2025-04-01 06:16:50.836504+00
109	CN-WW7WFYQW	NO HARMFUL ORGANISMS FOUND.	None	322	147	2025-04-01 06:18:12.310003+00
110	CN-514T2R36	cleared for export	None	316	254	2025-04-01 06:22:22.130974+00
111	CN-UQV1ZPL8	NO HARMFUL ORGANISMS FOUND.	None	322	147	2025-04-01 06:23:11.293984+00
112	CN-XHRS2153	the consignment was inspected and found free from visible pests and diseases of quarantine importance's 	None	324	264	2025-04-01 06:50:27.291563+00
\.


--
-- Data for Name: inspectionreportrecommendation; Type: TABLE DATA; Schema: public; Owner: -
--

COPY public.inspectionreportrecommendation (id, consignment_no, consignment_status, comment, phytocertificate, user_id, exportcompany_id, created_at) FROM stdin;
1	CN-9VWLP5NF	Approved	Cleared for export	ec401729-bad0-4fb1-aba7-d3eec3cc112d.pdf	319	182	2025-03-27 10:24:29.724214+00
2	CN-9RHVHAXV	Approved	Cleared for export 	2aa61a1d-bf41-47af-a0f0-3f380c7db026.pdf	325	217	2025-03-27 10:53:13.285891+00
3	CN-SIGB60V6	Approved		13b8e1d4-57db-417b-9c81-99d3125be208.pdf	322	220	2025-03-27 13:41:05.781315+00
4	CN-3D71OQ9C	Approved		df7d7c83-850d-4a49-85d7-08be17d0f35e.pdf	316	254	2025-03-27 14:37:57.297821+00
5	CN-R5L97R70	Approved	cleared for export	88dbd4a2-4827-407d-8cfe-36bce7bfa898.pdf	320	241	2025-03-27 16:27:38.070037+00
6	CN-WU1PBSD7	Approved	cleared for export	46b2bb5a-5660-42a0-81b4-792157a1bbf6.pdf	322	221	2025-03-27 16:39:23.860104+00
7	CN-D2YHFKDV	Approved	cleared for export	7c96c1a7-71a1-4055-a55a-d183baa048b4.pdf	322	221	2025-03-27 16:46:07.461788+00
8	CN-OQKW578J	Approved	Cleared for export	2dcb420c-99a6-4740-b9c6-c71377b52332.pdf	326	214	2025-03-27 17:36:23.269613+00
9	CN-PR8M6F15	Approved	Cleared for export	5d57a9bb-866d-43c6-8e1d-937d6b26e29c.pdf	326	214	2025-03-27 18:29:18.945057+00
10	CN-YB3WVC4R	Approved	CLEARED FOR EXPORT	95ea7bfe-0df0-4863-8d69-14aefe0d60a9.pdf	323	236	2025-03-27 18:57:11.624802+00
11	CN-GU0XDPRA	Approved	Cleared for export	938ee9a5-195b-42e6-9e00-dce83d106b3a.pdf	319	182	2025-03-27 19:17:23.570199+00
12	CN-GTCTK3L5	Approved	fit for export	77d4fe4a-4973-46b5-92be-2cd934c55d79.pdf	324	185	2025-03-27 19:25:03.903422+00
13	CN-4EQ7O20D	Approved	Cleared for export	af3164a7-80a5-47bb-8a4f-fc64f427b2aa.pdf	326	208	2025-03-27 19:38:16.390897+00
14	CN-XP4U14TD	Approved	CLEARED FOR EXPORT	0740f0ff-76dc-400f-a39f-6238d0d43ab3.pdf	323	224	2025-03-27 19:44:06.805981+00
15	CN-2ZYTE6L7	Approved	Cleared for export	783761b6-8071-45bb-bb27-3f5c96372fb5.pdf	321	159	2025-03-27 20:59:30.468983+00
16	CN-UFBWQJVD	Approved		59717de0-a2e4-43da-b93e-b1817111681a.pdf	316	254	2025-03-28 05:58:12.033413+00
17	CN-3LKOFQ0R	Approved		3b7a76ac-fc3f-468c-b1dd-633cd7221f7a.pdf	316	254	2025-03-28 06:04:43.881697+00
18	CN-ZYPG218G	Approved		025fdb61-9149-434b-a2e6-5d1bf631031b.pdf	316	254	2025-03-28 06:08:13.601838+00
19	CN-ZLPRNEWC	Approved	CLEARED FOR EXPORTS.	12ddbdc4-bf05-48bd-9501-d6b77506dbdc.pdf	322	147	2025-03-28 06:43:20.895534+00
20	CN-PLV0XXIO	Approved	Cleared for export	eab904e9-e3a8-4e3f-a84c-2030a64d8c72.pdf	326	218	2025-03-28 07:42:24.109678+00
21	CN-8VWP0RKR	Approved	Cleared for export	db64f3b0-a6c3-488c-b99a-02f9b8e6f850.pdf	326	218	2025-03-28 08:03:58.06908+00
22	CN-04U8MXSE	Approved	cleared for export	729c9324-f343-4104-b4e6-d8ae666ebf79.pdf	320	192	2025-03-28 13:49:35.516721+00
23	CN-PHE087D4	Approved	Cleared for export	bfe2dfd7-c6d3-4462-bccd-bb0108d005c2.pdf	326	218	2025-03-28 14:12:06.743743+00
24	CN-XM1LAQF2	Approved	SPS COMPLIANT	9c425484-86a4-49a2-b4ed-e32ccc8eaff0.pdf	326	218	2025-03-28 14:23:41.84622+00
25	CN-Y2QRLMDZ	Approved	SPS COMPLIANT	11a6d43f-ae8d-40ac-9385-b7330cf67e5c.pdf	326	218	2025-03-28 15:07:49.337665+00
26	CN-XFAK4BR9	Approved	cleared for export	17bd4390-0ec3-4cd4-92f3-3184244e942d.pdf	319	129	2025-03-28 16:52:51.790552+00
27	CN-RSD66WR9	Approved	Cleared for export 	1bc41443-afde-4f8a-809c-7f18d4552c74.pdf	327	186	2025-03-28 17:12:33.181957+00
28	CN-8VWOGWWO	Approved	cleared for export	b8fdf458-380c-46fe-8dc7-aa8e75ef7573.pdf	319	210	2025-03-28 17:27:34.074355+00
29	CN-PM3MI9MC	Approved	Cleared for export 	24182d24-8820-4e4d-a409-cae3667dea26.pdf	327	186	2025-03-28 17:40:00.331311+00
30	CN-UUQG2XK1	Approved	The consignment has been inspected and found free from visible pests	3ce0f344-672d-4234-bd6e-c1f4b9cabe1f.pdf	317	252	2025-03-28 17:50:29.850985+00
31	CN-TLU4GUE7	Approved	Cleared	4f656b7b-f3c5-4372-b434-d7d9a456a4ac.pdf	324	262	2025-03-28 17:51:43.263563+00
32	CN-S6L5EM5Z	Approved	CLEARED FOR EXPORT	784499af-dc77-425c-ba5a-36c8dcce68bf.pdf	323	146	2025-03-28 17:57:09.452414+00
33	CN-O4QP4W4M	Approved	SPS COMPLIANT	a36c7a93-deb8-4982-8880-c410d680356f.pdf	326	208	2025-03-28 18:25:30.930801+00
34	CN-TAX66NAU	Approved	Cleared for export	fd5a7f87-13f2-4a6a-8a4a-90d7426e91fa.pdf	322	228	2025-03-28 19:54:09.524504+00
35	CN-YOCPTRAD	Approved		efac1bf3-fe12-4b90-871d-1e627c9d92d8.pdf	322	220	2025-03-29 00:23:08.400756+00
36	CN-CMIF0TFE	Approved	Cleared for Export	ab7408d5-b281-4719-83fb-c6da81fd4c8d.pdf	320	241	2025-03-29 00:30:12.324603+00
37	CN-MAN33J91	Approved	CLEARED FOR EXPORT	fe52987b-d7b8-4d98-8665-89e9d7f1f99a.pdf	326	246	2025-03-29 03:46:04.977068+00
38	CN-LGG8N7EK	Approved	CLEARED FOR EXPORTS.	bbb82c44-671a-4f1b-ad71-44d06e75b332.pdf	322	147	2025-03-29 06:11:16.198531+00
39	CN-VS86U3C7	Approved	CLEARED FOR EXPORTS.	75911874-7767-47d3-a706-16d45d53029f.pdf	322	147	2025-03-29 06:14:36.32197+00
40	CN-3N1PYHJM	Approved	CLEARED FOR EXPORTS.	e7b8c94b-a5e7-49b6-89e8-96d8e3509f7e.pdf	322	147	2025-03-29 06:16:52.131633+00
41	CN-AGU91HJ6	Approved	UBH495N	bea8f0ec-4ee7-4fb2-9d2b-fe0d7f21a252.pdf	325	227	2025-03-29 07:52:21.548258+00
42	CN-I2VG1WID	Approved	Cleared for Export	ee27e6e5-73c6-4259-91d7-0451b4e1f1a7.pdf	320	192	2025-03-29 09:00:14.12428+00
43	CN-GV146UBY	Approved	Cleared for export	f2513eb6-06c2-4b75-ba23-5bf7910d6b53.pdf	320	223	2025-03-29 11:49:52.052741+00
44	CN-D41TGDJU	Approved	cleared for export	8f362764-f047-48b8-a243-e58ca7acc075.pdf	320	241	2025-03-29 13:07:38.878136+00
45	CN-MN2MTBG4	Approved	cleared for export	ab199674-95bd-456b-8916-6ede65231227.pdf	320	241	2025-03-29 13:10:06.741282+00
46	CN-HGQWOY7Z	Approved	Cleared for Export 	41e91629-c8ec-4fce-8247-724607756551.pdf	324	235	2025-03-29 14:45:00.7569+00
47	CN-PP5T41HS	Approved	Cleared for Export 	513e7563-346e-4887-ac21-03eefec26196.pdf	324	235	2025-03-29 14:53:42.652556+00
48	CN-NGXAHEDZ	Approved	The consignment was inspected and found to be free from visible pests of quarantine significance.	882c8bd0-b0df-4c80-9e75-77c443d768ca.pdf	317	136	2025-03-29 17:40:15.392276+00
49	CN-UXZVVAPV	Approved	fit for export	0c751545-0a45-4be3-a031-a82d70c1dd12.pdf	324	185	2025-03-29 18:45:25.820225+00
50	CN-1IGTM3F0	Approved	cleared for export	5373f879-d788-4ce7-a436-077557f897f7.pdf	321	131	2025-03-29 19:38:32.063963+00
51	CN-JNXH01WO	Approved	SPS COMPLIANT	323cd4b4-7fac-4265-b17b-9bf6355216d0.pdf	321	201	2025-03-30 01:25:01.261355+00
52	CN-RQSQYLHN	Approved	Cleared for export	7b038ad8-d5eb-4a73-a1e3-8cbc93098dde.pdf	326	214	2025-03-30 02:14:20.068325+00
53	CN-142B0HPL	Approved	Cleared for export	125ddb8d-5f0f-4fd1-8ec0-59dbf2bcada9.pdf	326	208	2025-03-30 02:55:35.810581+00
54	CN-ST3LLMQS	Approved	cleared for export	4aa021dc-6b05-4d5b-8f35-2fa4e6092bb0.pdf	320	241	2025-03-30 03:00:43.549246+00
55	CN-EFILKCJN	Approved	Cleared for export	afb80bc2-c3d1-4a4f-87fc-83d1da016862.pdf	326	208	2025-03-30 03:12:13.399972+00
56	CN-V6D31KE7	Approved	Cleared for export	06ca8e79-3d93-45e5-ba10-a8b034bca0e5.pdf	324	261	2025-03-30 05:48:14.090948+00
57	CN-X5U4C85K	Approved	Cleared for export 	818b5c46-0728-4990-b909-ff5eb247eed0.pdf	327	186	2025-03-30 07:57:12.455478+00
58	CN-UTUG1KBJ	Approved	Cleared for export 	09676a8a-19cf-4846-a931-7687b6b9a1ab.pdf	327	186	2025-03-30 08:00:10.672975+00
59	CN-HLO8GEV0	Approved	Cleared for export 	6674623e-49f6-49d0-a568-fe2cf8db6437.pdf	327	186	2025-03-30 08:03:12.817102+00
60	CN-KKS5CFT6	Approved	cleared for export	e7c94c40-1171-4f75-a6a0-55e424c6bcca.pdf	319	129	2025-03-30 10:33:13.522828+00
61	CN-VFCAZAFG	Approved	cleared for export	20196c62-db24-408f-b51c-10dabd919e00.pdf	320	241	2025-03-30 12:06:43.562591+00
62	CN-TJX7UWD6	Approved	cleared for export	96424400-1c5e-4077-a717-f52d96ca42ff.pdf	320	241	2025-03-30 12:08:40.29383+00
63	CN-ANLG9Y77	Approved	cleared for export	0398653c-5a1e-41fe-9385-f618d7339ed5.pdf	320	241	2025-03-30 12:11:32.47065+00
64	CN-6I9SYXXN	Approved	cleared for export	b21d0bea-b5bd-49ca-9ec2-68a52cb3f76b.pdf	320	241	2025-03-30 12:13:54.361281+00
65	CN-95BTI41H	Approved	cleared for export	8c5b4db6-bc30-42f5-ae29-483a8e01d672.pdf	320	241	2025-03-30 12:16:02.197015+00
66	CN-M0Y1133P	Approved		eb64e4dd-12b0-41bd-ada4-10d6680297df.pdf	316	149	2025-03-30 14:41:07.238151+00
67	CN-R8IO8B9O	Approved	The consignment has been cleared for export  but will be kept temporarily under cold storage 	35491940-8eb9-4ea1-af62-222002057712.pdf	325	227	2025-03-30 14:58:05.470433+00
68	CN-WJEPZT8Z	Approved		56cb8548-7a8e-40c6-a0cd-1cb47cf3a283.pdf	316	222	2025-03-30 17:27:43.224163+00
69	CN-PLSQYT8Q	Approved	Cleared for export	8373d8d4-671a-44bd-99b6-ce2de76540f4.pdf	321	159	2025-03-30 17:59:49.171296+00
70	CN-GMSTGPP7	Approved	Cleared for export	50b8584c-672f-4f91-8cb0-77dff3c2aac6.pdf	321	159	2025-03-30 18:24:19.72103+00
71	CN-GHYRG2UD	Approved	Cleared for export	e1b02647-faec-4a52-9419-3d10e422afe9.pdf	321	159	2025-03-30 18:40:46.23841+00
72	CN-UBJCYIW3	Approved	CLEARED FOR EXPORT	935ce001-832d-4fca-a2ed-f83e25aefecc.pdf	323	181	2025-03-30 18:56:40.56558+00
73	CN-WBQY9ERU	Approved	Cleared for export	54468cb6-95cf-4350-8525-6f733b163298.pdf	321	159	2025-03-30 19:01:19.978791+00
74	CN-FB91KD87	Approved	Cleared for export	b8b3633e-1e82-4535-a331-1e9c773cddcb.pdf	319	182	2025-03-30 19:01:24.052133+00
75	CN-WECKAM7W	Approved	The consignment was inspected and found to be free from visible pests of quarantine significance.	9b26bb9a-653d-4a13-82ac-3a0dc397a75b.pdf	317	237	2025-03-30 19:11:42.335275+00
76	CN-U8V393NI	Approved	FIT FOR EXPORT	044280dc-6241-4e19-bcfc-f4bd0ca4d4ff.pdf	319	188	2025-03-30 19:18:38.60573+00
77	CN-7S52Z07U	Approved	CLEARED FOR EXPORT	9609f0c4-6d10-44e4-87d8-ba65c3f95ecf.pdf	323	146	2025-03-30 20:31:24.034804+00
78	CN-WRUOXDCD	Approved	CLEARED FOR EXPORT	46e21880-13fe-4ca1-b90f-0c497de25523.pdf	323	146	2025-03-30 21:02:29.212095+00
79	CN-6FQC2QZ6	Approved	Cleared for export	d8e08099-b8d9-4409-a216-2a5291d56fc8.pdf	326	214	2025-03-30 21:38:17.352813+00
80	CN-S7GVDZ85	Approved	Cleared for export	a9df1239-dc45-4a1c-84f3-43fb78dbf10b.pdf	326	214	2025-03-30 22:12:03.098272+00
81	CN-TJIQ2XF7	Approved	Cleared for Export	aba81a0f-edb1-443e-b12c-32ef7c16d62a.pdf	318	197	2025-03-30 22:15:24.01762+00
82	CN-3BA442LI	Approved	Cleared for Export	a3ba3e20-3c8b-4333-bfe0-c0af90e3f2f6.pdf	318	197	2025-03-30 22:25:26.230331+00
83	CN-04KZRD3M	Approved	Cleared for export	ff97d9ea-e5da-47d5-ad62-c2d75a9ec3c9.pdf	326	174	2025-03-30 22:59:10.223427+00
84	CN-EPFD0HSP	Approved	Cleared for export	1d4ec21b-9aeb-4cac-beeb-4b5772aff4ea.pdf	326	214	2025-03-30 23:10:05.371891+00
85	CN-EX56C8F6	Approved	Cleared for export	b1a3cf94-bd22-416d-b19b-996668ee24c8.pdf	326	174	2025-03-30 23:33:18.738505+00
86	CN-KIBSB5TT	Approved	Cleared for Export 	359a77f5-d4a1-4791-90bc-3f635cdbcf4e.pdf	324	229	2025-03-31 01:31:05.455475+00
87	CN-LHPLEB2F	Approved	Cleared for Export 	5028cbb4-7a5b-46ca-a72c-f1f5b00adb14.pdf	324	229	2025-03-31 01:45:03.348004+00
88	CN-AWJ57BNR	Approved	Cleared for export 	afe68163-d4da-49bb-9803-f67290551677.pdf	327	238	2025-03-31 05:39:32.826351+00
89	CN-9RN16XFT	Approved	CLEARED FOR EXPORTS.	a95949c5-b6f2-4d84-9a3e-f4af4a7a063a.pdf	322	147	2025-03-31 05:44:23.359541+00
90	CN-B3AFMK2O	Approved	Cleared for export 	a5b9ce44-f821-4f46-94ed-a70bdbbdfb63.pdf	327	238	2025-03-31 05:46:53.051594+00
91	CN-MS0VQY7G	Approved	Cleared for Export	b462d28d-cbe5-4858-802d-b50cb9f173ee.pdf	318	236	2025-03-31 09:32:27.060389+00
92	CN-7IVT1F3W	Approved	The consignment was inspected and found to be free from visible pests of quarantine significance.	0c305a4d-d091-4833-9985-44c9c0e330b7.pdf	317	183	2025-03-31 10:01:43.684113+00
93	CN-5KTGX64M	Approved	Cleared for export	5cdf53e9-5e85-4b24-94b2-471d7c0f840f.pdf	319	182	2025-03-31 11:13:20.181751+00
94	CN-SGF27784	Approved	The consignment was inspected and found to be free from visible pests of quarantine significance.	5e2233ae-b4c5-4380-8146-a2329173fac2.pdf	317	232	2025-03-31 11:54:45.485433+00
95	CN-8DLEPA1B	Approved	The consignment was inspected and found to be free from visible pests of quarantine significance.	f3ba525f-d77f-4713-9f97-84fa1cc5c463.pdf	317	232	2025-03-31 12:05:10.575007+00
96	CN-I1RFPOFP	Approved	cleared for export	802dc558-d0c7-45de-a74d-903a42909ef9.pdf	322	221	2025-03-31 13:52:16.190854+00
97	CN-EWM4CNT1	Approved	cleared for export	6e35a48c-2edf-4b68-99bc-8358c644221f.pdf	322	221	2025-03-31 13:56:09.63317+00
98	CN-8FXKAGQM	Approved		159a0a1c-1cd4-4ac4-933c-3aa0129773a5.pdf	316	127	2025-03-31 14:13:49.569166+00
99	CN-JU5PK68W	Approved	FIT FOR EXPORT	96ffbad0-466b-4e53-a350-a1ba57a3e79f.pdf	319	188	2025-03-31 14:15:18.164599+00
100	CN-U92XJNDA	Approved	The consignment  has  been  inspected  for  export  but will  be kept temporarily under cold storage 	2da2d7b7-feb7-4294-b2ed-28826deb84f3.pdf	325	227	2025-03-31 14:34:26.190895+00
101	CN-EWS1T3IC	Approved	Cleared for Export 	f525ec6a-6e6d-4525-939e-a42e0f5c29b1.pdf	324	229	2025-03-31 17:10:03.142249+00
102	CN-9T1V0839	Approved	Cleared for export 	a7c0e181-96bd-4298-85a4-a3d3a5e975fc.jpg	320	133	2025-03-31 18:10:58.058007+00
103	CN-B8I5DV98	Approved	Cleared for export	f1cef520-ec5c-4995-9e7a-2852b8d68929.pdf	318	141	2025-03-31 19:11:36.74911+00
104	CN-80CHU6NN	Approved	Cleared for export	c7a8c9e1-cd75-4775-9cf0-d150e6332328.pdf	322	190	2025-03-31 19:12:45.425764+00
105	CN-53RMQ2XL	Approved	Cleared for Export 	c4e35847-7113-4c40-b9c4-70fb0ae1e579.pdf	318	128	2025-03-31 20:46:40.64519+00
106	CN-WW7WFYQW	Approved	CLEARED FOR EXPORTS.	3a00eea6-050b-4a22-90d3-4ba6fad532a7.pdf	322	147	2025-04-01 06:20:59.011713+00
107	CN-67SJJBRS	Approved		1dcbf1d1-2648-4dc9-8c63-81df1f840b4d.pdf	316	254	2025-04-01 06:21:12.558734+00
108	CN-514T2R36	Approved		fcac6317-c721-43bf-a2a4-378f3bbc6e5a.pdf	316	254	2025-04-01 06:23:47.685208+00
109	CN-UQV1ZPL8	Approved	CLEARED FOR EXPORTS.	01fb8314-6492-4a32-b3b1-36732f942710.pdf	322	147	2025-04-01 06:26:13.373315+00
110	CN-XHRS2153	Approved	CLEARED FOR EXPORT	0e4ba6e5-f765-4548-8e2e-7165de9a9132.pdf	324	264	2025-04-01 06:53:44.04091+00
\.


--
-- Data for Name: interceptionnotice; Type: TABLE DATA; Schema: public; Owner: -
--

COPY public.interceptionnotice (id, consignment_no, instructions, notes, user_id, exportcompany_id, created_at) FROM stdin;
\.


--
-- Data for Name: modesoftransport; Type: TABLE DATA; Schema: public; Owner: -
--

COPY public.modesoftransport (id, topackhouse, toexit, todestination, motdescription, status, created_at) FROM stdin;
1	t	t	t	AIR	Active	2025-03-24 13:02:51.907869+00
2	t	t	t	ROAD	Active	2025-03-24 13:03:09.474728+00
3	t	t	t	WATER	Active	2025-03-24 13:03:28.471044+00
4	t	t	t	RAILWAY	Active	2025-03-24 13:03:50.900838+00
\.


--
-- Data for Name: notifications; Type: TABLE DATA; Schema: public; Owner: -
--

COPY public.notifications (id, description, user_id, status, read_at, exportcompany_id, created_at) FROM stdin;
\.


--
-- Data for Name: order_crops; Type: TABLE DATA; Schema: public; Owner: -
--

COPY public.order_crops (id, order_id, crop_id, weight, weightreceived, status, created_at) FROM stdin;
1	1	1	595	\N	Active	2025-03-25 22:52:30.642866+00
2	1	10	450	\N	Active	2025-03-25 22:52:30.644419+00
3	1	16	450	\N	Active	2025-03-25 22:52:30.645255+00
4	1	115	100	\N	Active	2025-03-25 22:52:30.646062+00
5	1	48	150	\N	Active	2025-03-25 22:52:30.647108+00
20	4	16	315	500	Active	2025-03-26 17:42:28.788217+00
65	11	10	3750	\N	Active	2025-03-27 09:07:33.950781+00
66	11	9	1600	\N	Active	2025-03-27 09:07:33.952968+00
67	11	8	1275	\N	Active	2025-03-27 09:07:33.953821+00
24	4	47	98.4	600	Active	2025-03-26 17:42:28.791766+00
15	3	141	900	\N	NotRecieved	2025-03-26 15:44:35.621305+00
68	11	1	1750	\N	Active	2025-03-27 09:07:33.954548+00
11	2	8	230	220	Active	2025-03-26 13:48:45.107826+00
69	11	2	1050	\N	Active	2025-03-27 09:07:33.955267+00
70	11	13	1000	\N	Active	2025-03-27 09:07:33.955966+00
12	2	39	420	400	Active	2025-03-26 13:48:45.108707+00
71	11	47	1476	\N	Active	2025-03-27 09:07:33.956716+00
72	12	6	40	\N	Active	2025-03-27 09:12:10.4175+00
9	2	48	480	450	Active	2025-03-26 13:48:45.105913+00
73	12	8	200	\N	Active	2025-03-27 09:12:10.418768+00
74	12	16	50	\N	Active	2025-03-27 09:12:10.419636+00
8	2	16	430	430	Active	2025-03-26 13:48:45.104969+00
16	3	458	900	\N	NotRecieved	2025-03-26 15:44:35.622496+00
75	12	40	900	\N	Active	2025-03-27 09:12:10.420341+00
76	12	9	140	\N	Active	2025-03-27 09:12:10.421109+00
77	12	15	10	\N	Active	2025-03-27 09:12:10.421794+00
52	8	8	30	30	Active	2025-03-27 08:34:48.108779+00
7	2	10	270	280	Active	2025-03-26 13:48:45.103934+00
84	14	6	450	450	Active	2025-03-27 09:36:42.348101+00
10	2	47	160	160	Active	2025-03-26 13:48:45.106795+00
78	13	6	900	300	Active	2025-03-27 09:28:44.531585+00
29	5	478	200	200	Active	2025-03-26 17:51:39.710927+00
6	2	1	1200	1155	Active	2025-03-26 13:48:45.102138+00
18	4	10	300	300	Active	2025-03-26 17:42:28.784946+00
60	9	73	200	375	Active	2025-03-27 08:44:32.217928+00
51	8	1	420	450	Active	2025-03-27 08:34:48.107257+00
21	4	1	150	150	Active	2025-03-26 17:42:28.78917+00
30	5	5	158	200	Active	2025-03-26 17:51:39.712001+00
19	4	9	50	50	Active	2025-03-26 17:42:28.786776+00
17	3	2	100	100	Active	2025-03-26 15:44:35.623709+00
58	9	17	350	615	Active	2025-03-27 08:44:32.215912+00
22	4	36	75	90	Active	2025-03-26 17:42:28.790029+00
14	3	6	900	450	Active	2025-03-26 15:44:35.620039+00
88	15	1	390	\N	Active	2025-03-27 10:51:05.296231+00
89	15	8	360	\N	Active	2025-03-27 10:51:05.296943+00
13	3	8	4750	950	Active	2025-03-26 15:44:35.618622+00
32	6	8	1000	\N	Active	2025-03-27 06:09:58.984013+00
23	4	48	25	30	Active	2025-03-26 17:42:28.790909+00
33	6	458	1000	\N	Active	2025-03-27 06:09:58.985529+00
34	6	2	100	\N	Active	2025-03-27 06:09:58.986695+00
90	15	36	180	\N	Active	2025-03-27 10:51:05.297785+00
35	6	16	1000	\N	Active	2025-03-27 06:09:58.987807+00
36	6	9	1000	\N	Active	2025-03-27 06:09:58.988791+00
37	6	48	1000	\N	Active	2025-03-27 06:09:58.989584+00
38	6	47	1000	\N	Active	2025-03-27 06:09:58.990593+00
39	6	14	100	\N	Active	2025-03-27 06:09:58.991524+00
40	6	39	1000	\N	Active	2025-03-27 06:09:58.99235+00
41	6	61	1000	\N	Active	2025-03-27 06:09:58.993159+00
42	6	24	1000	\N	Active	2025-03-27 06:09:58.993838+00
43	6	53	1000	\N	Active	2025-03-27 06:09:58.994627+00
44	6	40	1000	\N	Active	2025-03-27 06:09:58.995609+00
45	6	37	1000	\N	Active	2025-03-27 06:09:58.996377+00
46	7	40	900	\N	Active	2025-03-27 07:52:15.156322+00
47	7	8	170	\N	Active	2025-03-27 07:52:15.15734+00
48	7	9	150	\N	Active	2025-03-27 07:52:15.157991+00
49	7	6	40	\N	Active	2025-03-27 07:52:15.158607+00
50	7	16	50	\N	Active	2025-03-27 07:52:15.159248+00
57	7	15	30	\N	Active	2025-03-27 08:43:40.181107+00
62	10	3	900	\N	Active	2025-03-27 08:46:10.618009+00
63	10	47	800	\N	Active	2025-03-27 08:46:10.619158+00
64	10	6	6	\N	Active	2025-03-27 08:46:10.620098+00
81	13	9	130	298	Active	2025-03-27 09:28:44.534498+00
93	15	5	132	\N	Active	2025-03-27 10:51:05.299926+00
83	14	8	2000	2450	Active	2025-03-27 09:36:42.346538+00
82	13	40	900	890	Active	2025-03-27 09:28:44.535219+00
80	13	16	50	58	Active	2025-03-27 09:28:44.533653+00
79	13	8	200	200	Active	2025-03-27 09:28:44.532735+00
54	8	115	50	80	Active	2025-03-27 08:34:48.110583+00
56	8	48	200	230	Active	2025-03-27 08:34:48.112326+00
55	8	47	25	55	Active	2025-03-27 08:34:48.11154+00
53	8	10	350	380	Active	2025-03-27 08:34:48.109803+00
59	9	8	500	580	Active	2025-03-27 08:44:32.216966+00
102	17	1	500	\N	Active	2025-03-27 12:07:05.979087+00
28	5	72	347.5	500	Active	2025-03-26 17:51:39.709574+00
27	5	48	600	600	Active	2025-03-26 17:51:39.708328+00
103	18	3	500	\N	Active	2025-03-27 12:36:59.428156+00
96	16	115	50	50	Active	2025-03-27 11:08:59.358972+00
101	16	16	400	400	Active	2025-03-27 11:08:59.3627+00
104	19	8	800	800	Active	2025-03-27 12:39:23.917602+00
100	16	39	300	300	Active	2025-03-27 11:08:59.361978+00
94	15	47	120	120	Active	2025-03-27 10:51:05.300539+00
95	16	1	630	630	Active	2025-03-27 11:08:59.357677+00
97	16	8	100	100	Active	2025-03-27 11:08:59.35992+00
31	5	316	75	100	Active	2025-03-26 17:51:39.714974+00
99	16	10	200	200	Active	2025-03-27 11:08:59.361288+00
105	19	10	204	1047	Active	2025-03-27 12:39:23.918675+00
98	16	47	100	100	Active	2025-03-27 11:08:59.360564+00
26	5	36	500	500	Active	2025-03-26 17:51:39.707043+00
61	9	1	900	775	Active	2025-03-27 08:44:32.219021+00
109	9	48	300	625	Active	2025-03-27 13:16:43.635551+00
25	5	16	6390	850	Active	2025-03-26 17:51:39.70507+00
85	15	10	400	400	Active	2025-03-27 10:51:05.292769+00
86	15	9	100	50	Active	2025-03-27 10:51:05.29443+00
87	15	16	1200	\N	NotRecieved	2025-03-27 10:51:05.295343+00
91	15	13	257	225	Active	2025-03-27 10:51:05.298551+00
108	20	47	800	1000	Active	2025-03-27 12:41:07.181651+00
107	20	6	6	8	Active	2025-03-27 12:41:07.180811+00
106	20	3	900	1300	Active	2025-03-27 12:41:07.179743+00
200	26	13	210	1110	Active	2025-03-28 04:45:36.976655+00
141	26	458	900	900	Active	2025-03-27 15:12:20.097979+00
131	24	420	600	60	Active	2025-03-27 14:38:05.807091+00
130	24	48	100	100	Active	2025-03-27 14:38:05.806323+00
135	24	36	230	230	Active	2025-03-27 14:38:05.810394+00
134	24	16	140	140	Active	2025-03-27 14:38:05.809749+00
128	24	10	600	600	Active	2025-03-27 14:38:05.804169+00
169	33	1	230	\N	Active	2025-03-27 17:22:54.91478+00
117	5	47	1558	1700	Active	2025-03-27 13:33:55.316389+00
110	21	8	3500	10500	Active	2025-03-27 13:25:07.011017+00
133	24	9	42	42	Active	2025-03-27 14:38:05.80895+00
129	24	8	200	200	Active	2025-03-27 14:38:05.805334+00
123	22	48	330	330	Active	2025-03-27 14:22:08.352201+00
124	22	47	240	240	Active	2025-03-27 14:22:08.35337+00
122	22	36	250	250	Active	2025-03-27 14:22:08.351265+00
125	22	13	550	550	Active	2025-03-27 14:22:08.35419+00
126	23	40	600	600	Active	2025-03-27 14:35:38.512094+00
127	23	8	200	200	Active	2025-03-27 14:35:38.513746+00
170	33	49	165	\N	Active	2025-03-27 17:22:54.915629+00
121	22	10	800	800	Active	2025-03-27 14:22:08.350378+00
137	25	6	50	\N	Active	2025-03-27 14:57:59.899285+00
120	22	8	560	560	Active	2025-03-27 14:22:08.349118+00
119	22	16	1200	1200	Active	2025-03-27 14:22:08.346993+00
171	33	17	350	\N	Active	2025-03-27 17:22:54.916603+00
139	26	6	900	\N	NotRecieved	2025-03-27 15:12:20.096119+00
140	26	141	900	\N	NotRecieved	2025-03-27 15:12:20.096912+00
116	5	13	850	1035	Active	2025-03-27 13:33:15.95634+00
181	36	17	350	350	Active	2025-03-27 17:56:06.935784+00
183	37	6	50	\N	NotRecieved	2025-03-27 18:18:45.680624+00
180	36	49	165	165	Active	2025-03-27 17:56:06.934911+00
136	25	8	3000	\N	Active	2025-03-27 14:57:59.898185+00
149	29	10	450	455	Active	2025-03-27 16:28:36.153488+00
151	29	49	115	598	Active	2025-03-27 16:28:36.156006+00
179	36	1	230	230	Active	2025-03-27 17:56:06.933822+00
154	29	1	250	850	Active	2025-03-27 16:28:36.159259+00
153	29	16	200	800	Active	2025-03-27 16:28:36.158276+00
118	22	1	660	590	Active	2025-03-27 14:22:08.345484+00
172	34	1	200	\N	Active	2025-03-27 17:34:58.314214+00
113	5	9	1600	1450	Active	2025-03-27 13:32:34.667954+00
173	34	2	200	\N	Active	2025-03-27 17:34:58.315323+00
174	34	3	200	\N	Active	2025-03-27 17:34:58.316119+00
132	24	24	150	\N	NotRecieved	2025-03-27 14:38:05.808193+00
175	35	1	200	\N	Active	2025-03-27 17:40:12.386482+00
176	35	2	200	\N	Active	2025-03-27 17:40:12.388409+00
112	5	10	3750	3950	Active	2025-03-27 13:32:20.84495+00
143	27	8	3000	\N	Active	2025-03-27 15:25:01.655371+00
144	27	6	50	\N	Active	2025-03-27 15:25:01.656924+00
177	35	3	200	\N	Active	2025-03-27 17:40:12.389301+00
178	36	10	350	350	Active	2025-03-27 17:56:06.932627+00
145	28	1	2100	1500	Active	2025-03-27 15:50:15.375311+00
148	28	36	500	500	Active	2025-03-27 15:50:15.378759+00
115	5	2	1050	274	Active	2025-03-27 13:33:03.360447+00
147	28	10	800	800	Active	2025-03-27 15:50:15.377822+00
146	28	16	1000	1000	Active	2025-03-27 15:50:15.376831+00
155	30	8	3000	\N	Active	2025-03-27 16:57:29.387549+00
156	30	6	50	\N	Active	2025-03-27 16:57:29.389055+00
114	5	8	1275	1500	Active	2025-03-27 13:32:50.682159+00
92	15	48	132	132	Active	2025-03-27 10:51:05.299201+00
111	5	1	1750	300	Active	2025-03-27 13:32:03.864264+00
138	26	8	4275	1850	Active	2025-03-27 15:12:20.09504+00
168	33	10	350	\N	NotRecieved	2025-03-27 17:22:54.91383+00
182	37	8	3000	3000	Active	2025-03-27 18:18:45.679182+00
150	29	39	150	\N	Active	2025-03-27 16:28:36.154758+00
152	29	316	75	\N	Active	2025-03-27 16:28:36.157017+00
196	40	37	30	\N	NotRecieved	2025-03-28 02:22:44.785638+00
160	31	16	1280	1280	Active	2025-03-27 16:59:54.952453+00
165	32	1	200	\N	Active	2025-03-27 17:08:19.361358+00
166	32	2	200	\N	Active	2025-03-27 17:08:19.362431+00
167	32	3	200	\N	Active	2025-03-27 17:08:19.36319+00
184	38	8	3000	3000	Active	2025-03-27 19:07:55.25983+00
142	26	14	210	\N	NotRecieved	2025-03-27 15:12:20.098899+00
185	38	6	50	\N	NotRecieved	2025-03-27 19:07:55.261378+00
203	41	73	350	180	Active	2025-03-28 04:49:42.510251+00
186	39	8	1215	1200	Active	2025-03-27 20:03:01.793286+00
206	42	8	16	16	Active	2025-03-28 04:54:35.553073+00
204	42	10	16	36	Active	2025-03-28 04:54:35.550482+00
205	42	40	16	36	Active	2025-03-28 04:54:35.55203+00
201	41	17	200	200	Active	2025-03-28 04:49:42.508218+00
202	41	16	80	80	Active	2025-03-28 04:49:42.509362+00
207	41	8	130	224	Active	2025-03-28 05:21:14.220266+00
208	43	1	550	530	Active	2025-03-28 05:47:57.103398+00
216	45	16	560	560	Active	2025-03-28 06:22:21.597768+00
210	44	16	200	200	Active	2025-03-28 06:12:56.555145+00
213	44	40	65	65	Active	2025-03-28 06:12:56.557944+00
215	45	13	360	358	Active	2025-03-28 06:22:21.596183+00
194	40	8	300	930	Active	2025-03-28 02:22:44.78423+00
214	44	10	80	80	Active	2025-03-28 06:12:56.558804+00
212	44	53	50	50	Active	2025-03-28 06:12:56.557067+00
188	40	5	650	650	Active	2025-03-28 02:22:44.777637+00
189	40	443	40	40	Active	2025-03-28 02:22:44.778355+00
190	40	115	350	350	Active	2025-03-28 02:22:44.779315+00
191	40	9	160	160	Active	2025-03-28 02:22:44.780138+00
193	40	47	40	40	Active	2025-03-28 02:22:44.78341+00
158	31	9	200	150	Active	2025-03-27 16:59:54.950213+00
197	40	13	15	10	Active	2025-03-28 02:22:44.78759+00
192	40	53	200	850	Active	2025-03-28 02:22:44.781718+00
195	40	7	30	\N	NotRecieved	2025-03-28 02:22:44.784919+00
187	40	6	180	\N	NotRecieved	2025-03-28 02:22:44.776264+00
157	31	1	750	1530	Active	2025-03-27 16:59:54.948302+00
159	31	8	560	560	Active	2025-03-27 16:59:54.951372+00
164	31	10	800	800	Active	2025-03-27 16:59:54.956413+00
161	31	13	500	500	Active	2025-03-27 16:59:54.953451+00
162	31	36	400	400	Active	2025-03-27 16:59:54.954462+00
283	51	10	750	\N	Active	2025-03-28 09:55:26.735224+00
211	44	6	30	30	Active	2025-03-28 06:12:56.556036+00
209	44	8	2000	2000	Active	2025-03-28 06:12:56.553861+00
226	46	8	1200	\N	Active	2025-03-28 07:05:15.418177+00
227	46	10	200	\N	Active	2025-03-28 07:05:15.420468+00
228	46	3	200	\N	Active	2025-03-28 07:05:15.422275+00
229	46	40	100	\N	Active	2025-03-28 07:05:15.423476+00
230	46	13	100	\N	Active	2025-03-28 07:05:15.425208+00
231	46	53	100	\N	Active	2025-03-28 07:05:15.426551+00
232	46	5	50	\N	Active	2025-03-28 07:05:15.427804+00
233	46	72	100	\N	Active	2025-03-28 07:05:15.428905+00
234	46	16	100	\N	Active	2025-03-28 07:05:15.430294+00
235	46	47	20	\N	Active	2025-03-28 07:05:15.431044+00
274	49	8	675	675	Active	2025-03-28 09:22:45.170944+00
279	49	458	120	810	Active	2025-03-28 09:22:45.175589+00
225	45	72	40	600	Active	2025-03-28 06:22:21.60525+00
224	45	10	560	1120	Active	2025-03-28 06:22:21.604359+00
223	45	8	200	760	Active	2025-03-28 06:22:21.603218+00
222	45	478	35	595	Active	2025-03-28 06:22:21.602534+00
221	45	1	126	686	Active	2025-03-28 06:22:21.601852+00
220	45	47	240	800	Active	2025-03-28 06:22:21.601078+00
219	45	9	175	735	Active	2025-03-28 06:22:21.600296+00
218	45	5	175	735	Active	2025-03-28 06:22:21.599434+00
217	45	39	95	95	Active	2025-03-28 06:22:21.598633+00
290	53	10	500	500	Active	2025-03-28 10:12:03.845223+00
304	55	13	150	150	Active	2025-03-28 10:30:12.436964+00
294	53	8	1600	1000	Active	2025-03-28 10:12:03.848495+00
320	59	1	1400	1400	Active	2025-03-28 12:08:17.658607+00
306	55	5	75	75	Active	2025-03-28 10:30:12.438319+00
293	53	16	1300	1000	Active	2025-03-28 10:12:03.847828+00
278	49	39	240	990	Active	2025-03-28 09:22:45.174807+00
276	49	9	450	1200	Active	2025-03-28 09:22:45.173133+00
301	55	10	80	80	Active	2025-03-28 10:30:12.434436+00
308	56	8	2730	2730	Active	2025-03-28 10:41:41.683436+00
277	49	48	300	1050	Active	2025-03-28 09:22:45.174074+00
291	53	48	200	200	Active	2025-03-28 10:12:03.846251+00
309	57	8	2020	2020	Active	2025-03-28 10:42:08.42014+00
275	49	16	750	1500	Active	2025-03-28 09:22:45.172259+00
303	55	39	100	100	Active	2025-03-28 10:30:12.436186+00
302	55	9	50	50	Active	2025-03-28 10:30:12.435273+00
305	55	47	560	560	Active	2025-03-28 10:30:12.437607+00
300	55	16	240	240	Active	2025-03-28 10:30:12.433407+00
307	55	478	50	50	Active	2025-03-28 10:30:12.439014+00
323	59	48	1000	1000	Active	2025-03-28 12:08:17.661498+00
282	50	2	80	80	Active	2025-03-28 09:24:13.179234+00
281	50	458	30	30	Active	2025-03-28 09:24:13.178399+00
280	50	8	3610	1030	Active	2025-03-28 09:24:13.177367+00
321	59	13	5000	5000	Active	2025-03-28 12:08:17.659912+00
319	53	6	50	50	Active	2025-03-28 11:26:59.054725+00
322	59	8	400	400	Active	2025-03-28 12:08:17.660766+00
292	53	53	300	300	Active	2025-03-28 10:12:03.846959+00
315	58	115	500	500	Active	2025-03-28 11:16:32.314022+00
296	54	1	50	50	Active	2025-03-28 10:21:04.250316+00
250	48	8	17	\N	NotRecieved	2025-03-28 09:06:58.754578+00
311	58	47	400	400	Active	2025-03-28 11:16:32.310274+00
324	60	1	60	101	Active	2025-03-28 12:25:27.284152+00
310	58	1	1190	1190	Active	2025-03-28 11:16:32.308864+00
295	54	3	350	350	Active	2025-03-28 10:21:04.249098+00
312	58	9	10	10	Active	2025-03-28 11:16:32.311141+00
316	58	8	250	250	Active	2025-03-28 11:16:32.315265+00
289	52	1	515	515	Active	2025-03-28 10:02:36.903634+00
297	54	10	240	239	Active	2025-03-28 10:21:04.251044+00
314	58	10	1000	1000	Active	2025-03-28 11:16:32.313+00
299	54	48	100	100	Active	2025-03-28 10:21:04.252711+00
317	58	16	1150	1600	Active	2025-03-28 11:16:32.316357+00
287	52	39	441	\N	NotRecieved	2025-03-28 10:02:36.901998+00
325	60	49	150	140	Active	2025-03-28 12:25:27.285695+00
285	52	9	135	135	Active	2025-03-28 10:02:36.900278+00
284	52	10	750	750	Active	2025-03-28 10:02:36.898713+00
286	52	16	975	975	Active	2025-03-28 10:02:36.901271+00
298	54	16	300	300	Active	2025-03-28 10:21:04.251801+00
249	48	19	300	300	Active	2025-03-28 09:06:58.753026+00
251	48	10	150	150	Active	2025-03-28 09:06:58.75549+00
252	48	11	108	108	Active	2025-03-28 09:06:58.756382+00
254	48	46	500	500	Active	2025-03-28 09:06:58.758015+00
255	48	275	1040	1040	Active	2025-03-28 09:06:58.758811+00
256	48	265	180	180	Active	2025-03-28 09:06:58.76024+00
257	48	267	240	240	Active	2025-03-28 09:06:58.761078+00
259	48	262	460	460	Active	2025-03-28 09:06:58.762777+00
262	48	43	42	42	Active	2025-03-28 09:06:58.765593+00
263	48	17	34	34	Active	2025-03-28 09:06:58.766448+00
261	48	351	5	5	Active	2025-03-28 09:06:58.764493+00
264	48	69	6	6	Active	2025-03-28 09:06:58.767292+00
265	48	2	200	200	Active	2025-03-28 09:07:53.519834+00
266	48	3	220	220	Active	2025-03-28 09:09:14.992055+00
268	48	40	136	136	Active	2025-03-28 09:12:32.864616+00
269	48	291	1100	1100	Active	2025-03-28 09:14:18.207341+00
270	48	16	15	15	Active	2025-03-28 09:15:36.857493+00
271	48	54	250	250	Active	2025-03-28 09:16:07.781357+00
272	48	44	2100	2100	Active	2025-03-28 09:18:18.02176+00
258	48	277	118	\N	NotRecieved	2025-03-28 09:06:58.761852+00
247	47	44	1250	\N	NotRecieved	2025-03-28 08:37:53.422978+00
236	47	10	1700	1700	Active	2025-03-28 08:37:53.412405+00
237	47	11	500	500	Active	2025-03-28 08:37:53.41404+00
238	47	46	3500	3500	Active	2025-03-28 08:37:53.414978+00
240	47	5	400	400	Active	2025-03-28 08:37:53.417103+00
243	47	51	1500	1500	Active	2025-03-28 08:37:53.419638+00
242	47	32	3300	3300	Active	2025-03-28 08:37:53.418788+00
241	47	43	600	600	Active	2025-03-28 08:37:53.417982+00
244	47	3	900	900	Active	2025-03-28 08:37:53.420434+00
245	47	54	850	850	Active	2025-03-28 08:37:53.421411+00
248	47	19	300	300	Active	2025-03-28 08:37:53.423753+00
336	62	5	600	\N	Active	2025-03-28 12:59:29.174546+00
379	71	9	100	100	Active	2025-03-28 15:30:28.797002+00
343	52	36	441	956	Active	2025-03-28 13:41:27.312529+00
288	52	13	292.5	292.5	Active	2025-03-28 10:02:36.902719+00
318	58	48	300	300	Active	2025-03-28 11:16:32.31717+00
365	66	316	189	\N	NotRecieved	2025-03-28 14:03:01.772969+00
313	58	36	700	700	Active	2025-03-28 11:16:32.312088+00
378	71	16	800	800	Active	2025-03-28 15:30:28.796256+00
377	71	10	1600	1600	Active	2025-03-28 15:30:28.795093+00
363	66	39	75	75	Active	2025-03-28 14:03:01.771198+00
351	64	316	462	\N	NotRecieved	2025-03-28 13:45:05.153842+00
328	60	5	80	\N	NotRecieved	2025-03-28 12:25:27.28915+00
350	64	16	1050	1050	Active	2025-03-28 13:45:05.153176+00
347	64	13	390	390	Active	2025-03-28 13:45:05.150904+00
348	64	10	840	840	Active	2025-03-28 13:45:05.151736+00
345	64	9	100	100	Active	2025-03-28 13:45:05.147828+00
383	71	47	160	\N	NotRecieved	2025-03-28 15:30:28.800436+00
344	64	1	500	500	Active	2025-03-28 13:45:05.146334+00
334	61	16	1600	3008	Active	2025-03-28 12:35:52.216027+00
335	61	10	1008	2416	Active	2025-03-28 12:35:52.21671+00
326	60	482	20	166	Active	2025-03-28 12:25:27.286662+00
407	76	8	1850	1850	Active	2025-03-29 05:20:51.213935+00
329	60	71	55	202	Active	2025-03-28 12:25:27.290001+00
333	61	8	400	1408	Active	2025-03-28 12:35:52.215177+00
330	60	53	50	198	Active	2025-03-28 12:25:27.291026+00
331	60	50	70	214	Active	2025-03-28 12:25:27.291911+00
342	63	13	1000	1000	Active	2025-03-28 13:20:37.987621+00
327	60	10	70	68	Active	2025-03-28 12:25:27.287738+00
373	70	16	704	704	Active	2025-03-28 15:23:03.482994+00
346	64	8	140	160	Active	2025-03-28 13:45:05.148701+00
364	66	16	210	210	Active	2025-03-28 14:03:01.772069+00
391	65	216	240	\N	NotRecieved	2025-03-28 16:28:29.590854+00
361	66	13	180	180	Active	2025-03-28 14:03:01.769193+00
362	66	10	105	105	Active	2025-03-28 14:03:01.77007+00
370	68	2	1000	1000	Active	2025-03-28 14:32:34.456316+00
396	74	10	200	200	Active	2025-03-28 19:04:40.078468+00
340	63	10	200	200	Active	2025-03-28 13:20:37.986121+00
375	70	8	200	200	Active	2025-03-28 15:23:03.485111+00
376	70	3	100	100	Active	2025-03-28 15:23:03.485837+00
395	74	115	50	50	Active	2025-03-28 19:04:40.077196+00
359	66	9	300	300	Active	2025-03-28 14:03:01.767206+00
374	70	2	120	120	Active	2025-03-28 15:23:03.484429+00
349	64	47	540	540	Active	2025-03-28 13:45:05.152446+00
360	66	8	140	140	Active	2025-03-28 14:03:01.768189+00
384	72	1	60	500	Active	2025-03-28 16:07:26.962901+00
338	63	48	600	600	Active	2025-03-28 13:20:37.982986+00
358	66	1	50	50	Active	2025-03-28 14:03:01.765662+00
352	65	1	1500	1500	Active	2025-03-28 14:01:03.522938+00
369	67	10	68	68	Active	2025-03-28 14:29:11.281821+00
368	67	9	28	28	Active	2025-03-28 14:29:11.280385+00
367	67	3	640	640	Active	2025-03-28 14:29:11.279373+00
332	61	1	800	3808	Active	2025-03-28 12:35:52.213751+00
366	67	2	80	80	Active	2025-03-28 14:29:11.277647+00
392	73	1	980	\N	NotRecieved	2025-03-28 19:02:24.466348+00
381	71	39	250	250	Active	2025-03-28 15:30:28.798487+00
380	71	48	140	140	Active	2025-03-28 15:30:28.79777+00
357	65	38	53	53	Active	2025-03-28 14:01:03.528839+00
355	65	36	240	240	Active	2025-03-28 14:01:03.526847+00
356	65	16	1000	1000	Active	2025-03-28 14:01:03.528105+00
337	63	1	1750	985	Active	2025-03-28 13:20:37.982166+00
353	65	10	2500	2500	Active	2025-03-28 14:01:03.524348+00
382	71	316	80	\N	NotRecieved	2025-03-28 15:30:28.799185+00
394	74	13	1000	1000	Active	2025-03-28 19:04:40.075992+00
390	72	482	20	16	Active	2025-03-28 16:07:26.970225+00
386	72	71	55	24	Active	2025-03-28 16:07:26.965613+00
388	72	53	50	48	Active	2025-03-28 16:07:26.968129+00
389	72	50	70	64	Active	2025-03-28 16:07:26.969184+00
385	72	49	170	160	Active	2025-03-28 16:07:26.964524+00
387	72	10	70	68	Active	2025-03-28 16:07:26.966964+00
354	65	24	240	\N	NotRecieved	2025-03-28 14:01:03.525319+00
341	63	115	50	48	Active	2025-03-28 13:20:37.986741+00
393	74	1	980	980	Active	2025-03-28 19:04:40.074563+00
339	63	16	900	900	Active	2025-03-28 13:20:37.983845+00
397	74	16	900	900	Active	2025-03-28 19:04:40.079694+00
371	69	10	2240	2240	Active	2025-03-28 14:55:54.152968+00
372	69	16	959.5	960	Active	2025-03-28 14:55:54.154078+00
405	75	13	80	\N	NotRecieved	2025-03-28 21:58:34.937408+00
399	75	9	600	600	Active	2025-03-28 21:58:34.93114+00
421	75	8	1000	1000	Active	2025-03-29 06:41:36.098029+00
425	79	41	37	\N	Active	2025-03-29 08:14:58.916404+00
418	75	459	50	50	Active	2025-03-29 06:09:12.962889+00
420	75	316	100	100	Active	2025-03-29 06:30:28.04397+00
419	75	159	84	\N	NotRecieved	2025-03-29 06:10:24.4326+00
416	75	47	120	120	Active	2025-03-29 06:07:46.313817+00
406	75	53	36	36	Active	2025-03-28 21:58:34.938081+00
423	78	1	600	\N	Active	2025-03-29 08:00:52.548839+00
424	78	2	400	\N	Active	2025-03-29 08:00:52.550199+00
398	75	10	2000	2000	Active	2025-03-28 21:58:34.929602+00
426	79	8	17	\N	Active	2025-03-29 08:14:58.917855+00
404	75	16	500	500	Active	2025-03-28 21:58:34.93663+00
402	75	40	100	100	Active	2025-03-28 21:58:34.934808+00
401	75	1	100	\N	NotRecieved	2025-03-28 21:58:34.933857+00
400	75	6	60	\N	NotRecieved	2025-03-28 21:58:34.932007+00
415	77	2	800	\N	NotRecieved	2025-03-29 05:26:40.808985+00
427	80	9	10	10	Active	2025-03-29 08:28:56.14574+00
411	77	8	100	100	Active	2025-03-29 05:26:40.806116+00
408	77	10	500	500	Active	2025-03-29 05:26:40.803746+00
414	77	13	80	80	Active	2025-03-29 05:26:40.808371+00
412	77	39	100	100	Active	2025-03-29 05:26:40.806946+00
422	47	74	350	\N	NotRecieved	2025-03-29 07:02:25.866968+00
409	77	16	400	320	Active	2025-03-29 05:26:40.80472+00
484	89	9	2500	\N	Active	2025-03-29 12:55:31.800547+00
451	84	21	20	\N	Active	2025-03-29 09:52:49.332279+00
403	75	48	30	30	Active	2025-03-28 21:58:34.935822+00
485	89	13	50	\N	Active	2025-03-29 12:55:31.801346+00
450	83	53	1000	1000	Active	2025-03-29 09:32:46.22304+00
489	89	71	70	\N	Active	2025-03-29 12:55:31.803701+00
490	89	455	50	\N	Active	2025-03-29 12:55:31.804454+00
461	86	1	240	\N	NotRecieved	2025-03-29 10:24:29.689543+00
463	86	9	80	\N	NotRecieved	2025-03-29 10:24:29.69286+00
458	86	10	300	\N	NotRecieved	2025-03-29 10:24:29.686147+00
462	86	16	520	\N	NotRecieved	2025-03-29 10:24:29.691372+00
460	86	39	125	\N	NotRecieved	2025-03-29 10:24:29.688684+00
453	85	8	135	140	Active	2025-03-29 09:57:14.348214+00
482	88	456	10	\N	NotRecieved	2025-03-29 12:27:32.602117+00
483	89	40	3000	2983	Active	2025-03-29 12:55:31.79971+00
430	80	115	70	80	Active	2025-03-29 08:28:56.149707+00
410	77	9	120	120	Active	2025-03-29 05:26:40.805451+00
433	80	48	150	160	Active	2025-03-29 08:28:56.152564+00
417	75	54	24	24	Active	2025-03-29 06:08:02.917556+00
454	85	1	640	\N	NotRecieved	2025-03-29 09:57:14.349765+00
432	80	16	160	170	Active	2025-03-29 08:28:56.151658+00
452	85	10	240	\N	NotRecieved	2025-03-29 09:57:14.346827+00
429	80	10	400	410	Active	2025-03-29 08:28:56.148742+00
447	82	16	104	104	Active	2025-03-29 09:23:56.119351+00
448	82	9	30	30	Active	2025-03-29 09:23:56.120917+00
446	82	10	144	144	Active	2025-03-29 09:23:56.117665+00
445	82	3	400	400	Active	2025-03-29 09:23:56.115997+00
455	85	16	200	\N	NotRecieved	2025-03-29 09:57:14.350812+00
481	88	9	10	90	Active	2025-03-29 12:27:32.601287+00
456	85	39	300	\N	NotRecieved	2025-03-29 09:57:14.351988+00
449	82	53	280	280	Active	2025-03-29 09:23:56.121973+00
465	87	47	144	\N	Active	2025-03-29 11:51:30.785059+00
466	87	16	500	\N	Active	2025-03-29 11:51:30.786491+00
467	87	53	36	\N	Active	2025-03-29 11:51:30.787619+00
468	87	54	24	\N	Active	2025-03-29 11:51:30.788517+00
469	87	459	100	\N	Active	2025-03-29 11:51:30.789256+00
470	87	8	1000	\N	Active	2025-03-29 11:51:30.79018+00
471	87	9	600	\N	Active	2025-03-29 11:51:30.791023+00
472	87	316	300	\N	Active	2025-03-29 11:51:30.791694+00
473	87	48	30	\N	Active	2025-03-29 11:51:30.792638+00
474	87	10	2500	\N	Active	2025-03-29 11:51:30.793506+00
475	87	40	150	\N	Active	2025-03-29 11:51:30.794185+00
431	80	8	30	30	Active	2025-03-29 08:28:56.150802+00
428	80	1	280	280	Active	2025-03-29 08:28:56.147611+00
443	81	48	80	80	Active	2025-03-29 08:33:27.003462+00
477	88	8	200	200	Active	2025-03-29 12:27:32.597128+00
442	81	47	80	80	Active	2025-03-29 08:33:27.002658+00
441	81	16	150	150	Active	2025-03-29 08:33:27.001364+00
439	81	115	50	50	Active	2025-03-29 08:33:26.999167+00
440	81	8	50	50	Active	2025-03-29 08:33:27.000333+00
438	81	10	100	100	Active	2025-03-29 08:33:26.998257+00
437	81	36	175	175	Active	2025-03-29 08:33:26.997294+00
436	81	1	84	100	Active	2025-03-29 08:33:26.996127+00
478	88	16	50	50	Active	2025-03-29 12:27:32.598073+00
523	87	15	80	\N	Active	2025-03-29 17:22:55.362429+00
457	85	460	80	\N	NotRecieved	2025-03-29 09:57:14.352864+00
491	88	457	20	20	Active	2025-03-29 14:21:31.022223+00
476	88	10	500	500	Active	2025-03-29 12:27:32.595908+00
486	89	6	150	144	Active	2025-03-29 12:55:31.801938+00
488	89	10	30	27	Active	2025-03-29 12:55:31.803142+00
492	90	9	225	\N	Active	2025-03-29 15:00:30.738022+00
493	90	8	160	\N	Active	2025-03-29 15:00:30.739438+00
494	90	48	100	\N	Active	2025-03-29 15:00:30.740577+00
495	90	1	150	\N	Active	2025-03-29 15:00:30.741421+00
496	90	478	67.5	\N	Active	2025-03-29 15:00:30.74211+00
497	90	10	750	\N	Active	2025-03-29 15:00:30.742924+00
498	90	39	200	\N	Active	2025-03-29 15:00:30.743689+00
499	90	5	250	\N	Active	2025-03-29 15:00:30.744505+00
500	90	47	300	\N	Active	2025-03-29 15:00:30.745295+00
501	90	16	100	\N	Active	2025-03-29 15:00:30.74598+00
502	90	316	50	\N	Active	2025-03-29 15:00:30.746815+00
464	86	17	120	120	Active	2025-03-29 10:24:29.693852+00
459	86	8	120	120	Active	2025-03-29 10:24:29.687835+00
504	91	10	600	660	Active	2025-03-29 15:22:28.865805+00
505	91	1	100	160	Active	2025-03-29 15:22:28.868152+00
515	91	22	60	60	Active	2025-03-29 15:28:00.606492+00
480	88	47	50	\N	NotRecieved	2025-03-29 12:27:32.600367+00
479	88	316	30	\N	NotRecieved	2025-03-29 12:27:32.599231+00
503	88	48	30	30	Active	2025-03-29 15:20:39.575906+00
487	89	8	250	235	Active	2025-03-29 12:55:31.802571+00
506	91	16	400	460	Active	2025-03-29 15:22:28.869219+00
507	91	9	18	78	Active	2025-03-29 15:22:28.870069+00
508	91	316	100	160	Active	2025-03-29 15:22:28.870931+00
509	91	48	60	120	Active	2025-03-29 15:22:28.872015+00
510	91	8	60	120	Active	2025-03-29 15:22:28.872918+00
413	77	47	70	80	Active	2025-03-29 05:26:40.807659+00
435	81	3	250	330	Active	2025-03-29 08:33:26.994476+00
444	81	316	10	10	Active	2025-03-29 08:33:27.004166+00
511	91	47	30	90	Active	2025-03-29 15:22:28.873591+00
434	80	316	20	30	Active	2025-03-29 08:28:56.153376+00
512	91	54	30	90	Active	2025-03-29 15:22:28.874381+00
513	91	459	20	80	Active	2025-03-29 15:22:28.87527+00
514	91	61	30	90	Active	2025-03-29 15:26:35.431592+00
524	91	15	16	676	Active	2025-03-29 17:24:41.160626+00
516	92	10	350	350	Active	2025-03-29 15:49:07.901501+00
517	92	1	210	210	Active	2025-03-29 15:49:07.902911+00
521	92	63	125	\N	NotRecieved	2025-03-29 15:49:07.906493+00
519	92	48	110	110	Active	2025-03-29 15:49:07.904681+00
520	92	456	150	150	Active	2025-03-29 15:49:07.905425+00
527	93	1	1055	1203	Active	2025-03-29 17:44:19.244794+00
525	93	8	1125	1103	Active	2025-03-29 17:44:19.24294+00
530	93	3	765	391	Active	2025-03-29 17:44:19.247355+00
529	93	478	200	175	Active	2025-03-29 17:44:19.246375+00
531	93	2	700	70	Active	2025-03-29 17:44:19.248021+00
528	93	48	250	270	Active	2025-03-29 17:44:19.245624+00
522	92	47	75	\N	NotRecieved	2025-03-29 15:49:07.907292+00
540	92	17	350	350	Active	2025-03-29 18:04:34.948301+00
518	92	16	110	110	Active	2025-03-29 15:49:07.903866+00
585	102	2	2400	2064	Active	2025-03-30 04:48:19.467629+00
609	107	47	400	400	Active	2025-03-30 09:23:15.068539+00
594	104	2	208	208	Active	2025-03-30 07:02:30.153119+00
590	103	39	200	200	Active	2025-03-30 06:34:43.402096+00
551	96	8	925	925	Active	2025-03-29 20:21:17.361076+00
595	104	6	150	150	Active	2025-03-30 07:02:30.153862+00
591	103	47	270	270	Active	2025-03-30 06:34:43.402801+00
593	104	8	600	600	Active	2025-03-30 07:02:30.151694+00
592	103	16	560	560	Active	2025-03-30 06:34:43.403485+00
614	108	9	36	36	Active	2025-03-30 09:25:26.181987+00
550	95	37	170	150	Active	2025-03-29 18:05:41.237466+00
545	95	8	250	217	Active	2025-03-29 18:05:41.232434+00
541	95	1	250	204	Active	2025-03-29 18:05:41.228013+00
543	95	10	370	350	Active	2025-03-29 18:05:41.230361+00
542	95	16	550	497	Active	2025-03-29 18:05:41.229284+00
544	95	2	150	84	Active	2025-03-29 18:05:41.231463+00
546	95	48	130	\N	NotRecieved	2025-03-29 18:05:41.233368+00
547	95	9	150	\N	NotRecieved	2025-03-29 18:05:41.234482+00
548	95	316	20	\N	NotRecieved	2025-03-29 18:05:41.235328+00
549	95	13	240	\N	NotRecieved	2025-03-29 18:05:41.23651+00
582	101	39	200	200	Active	2025-03-30 04:46:35.300968+00
581	101	10	700	491	Active	2025-03-30 04:46:16.13605+00
580	101	13	300	300	Active	2025-03-30 04:45:59.090095+00
579	101	8	280	280	Active	2025-03-30 04:45:19.796424+00
578	101	9	200	200	Active	2025-03-30 04:44:54.433911+00
552	97	8	750	750	Active	2025-03-30 02:37:42.2624+00
553	97	10	204	204	Active	2025-03-30 02:37:42.263559+00
561	99	16	640	\N	Active	2025-03-30 04:37:17.517738+00
562	99	8	120	\N	Active	2025-03-30 04:37:17.518785+00
563	99	48	120	\N	Active	2025-03-30 04:37:17.519641+00
564	99	37	180	\N	Active	2025-03-30 04:37:17.520509+00
565	99	13	75	\N	Active	2025-03-30 04:37:17.521272+00
566	99	1	75	\N	Active	2025-03-30 04:37:17.522014+00
567	99	47	40	\N	Active	2025-03-30 04:37:17.522751+00
577	101	1	500	500	Active	2025-03-30 04:44:00.14169+00
583	101	16	1120	1120	Active	2025-03-30 04:47:05.136672+00
584	101	316	420	\N	NotRecieved	2025-03-30 04:47:32.837845+00
625	113	2	2800	1060	Active	2025-03-30 10:52:52.127181+00
587	103	9	100	100	Active	2025-03-30 06:34:43.399984+00
586	103	8	140	140	Active	2025-03-30 06:34:43.398623+00
588	103	21	300	300	Active	2025-03-30 06:34:43.400774+00
613	108	8	900	900	Active	2025-03-30 09:25:26.180914+00
589	103	10	280	280	Active	2025-03-30 06:34:43.401436+00
246	47	13	850	850	Active	2025-03-28 08:37:53.422206+00
611	107	16	480	1480	Active	2025-03-30 09:23:15.069839+00
608	107	8	400	1400	Active	2025-03-30 09:23:15.067741+00
607	107	9	300	1300	Active	2025-03-30 09:23:15.066564+00
621	112	53	600	600	Active	2025-03-30 09:29:54.12052+00
273	48	75	2	2	Active	2025-03-28 09:18:36.436165+00
620	111	10	204	204	Active	2025-03-30 09:28:59.932608+00
612	107	37	360	1360	Active	2025-03-30 09:23:15.070641+00
610	107	2	1000	1000	Active	2025-03-30 09:23:15.069221+00
606	107	13	250	1250	Active	2025-03-30 09:23:15.065223+00
253	48	21	102	102	Active	2025-03-28 09:06:58.757167+00
619	111	8	800	800	Active	2025-03-30 09:28:59.931762+00
615	108	2	80	317	Active	2025-03-30 09:25:26.182836+00
267	48	33	128	128	Active	2025-03-28 09:10:59.625541+00
260	48	5	272	272	Active	2025-03-28 09:06:58.763687+00
616	108	53	200	200	Active	2025-03-30 09:25:26.183741+00
617	109	53	1200	1200	Active	2025-03-30 09:26:26.517532+00
618	110	53	1000	1000	Active	2025-03-30 09:28:03.490504+00
560	98	47	400	400	Active	2025-03-30 04:34:07.390139+00
239	47	271	280	280	Active	2025-03-28 08:37:53.415956+00
198	40	455	10	10	Active	2025-03-28 02:22:44.788217+00
629	113	9	165	725	Active	2025-03-30 10:52:52.130447+00
557	98	10	640	640	Active	2025-03-30 04:34:07.388454+00
605	93	47	492	4217	Active	2025-03-30 08:55:32.287447+00
627	113	8	560	1120	Active	2025-03-30 10:52:52.128922+00
597	106	10	1560	1560	Active	2025-03-30 08:14:46.424057+00
604	106	48	40	1608	Active	2025-03-30 08:14:46.429205+00
600	106	1	750	\N	NotRecieved	2025-03-30 08:14:46.426594+00
599	106	16	1300	1080	Active	2025-03-30 08:14:46.425832+00
556	98	9	185	185	Active	2025-03-30 04:34:07.387847+00
624	113	1	1375	-4380	Active	2025-03-30 10:52:52.12575+00
596	105	3	1500	810	Active	2025-03-30 08:07:19.148498+00
559	98	13	500	350	Active	2025-03-30 04:34:07.389591+00
622	98	48	100	100	Active	2025-03-30 10:02:06.686486+00
554	98	16	960	960	Active	2025-03-30 04:34:07.385825+00
558	98	8	160	160	Active	2025-03-30 04:34:07.389043+00
630	113	13	550	1110	Active	2025-03-30 10:52:52.131296+00
631	113	16	2400	2960	Active	2025-03-30 10:52:52.131979+00
628	113	37	240	800	Active	2025-03-30 10:52:52.129745+00
555	98	159	280	\N	NotRecieved	2025-03-30 04:34:07.38701+00
573	100	159	100	\N	NotRecieved	2025-03-30 04:40:21.258996+00
602	106	13	200	120	Active	2025-03-30 08:14:46.427976+00
601	106	47	900	800	Active	2025-03-30 08:14:46.427328+00
568	100	37	90	\N	NotRecieved	2025-03-30 04:40:21.253438+00
576	100	48	40	40	Active	2025-03-30 04:40:21.261811+00
536	94	47	5330	3649	Active	2025-03-29 17:48:07.843201+00
537	94	10	2625	3000	Active	2025-03-29 17:48:07.84434+00
534	94	36	1000	600	Active	2025-03-29 17:48:07.840531+00
539	94	72	345	70	Active	2025-03-29 17:48:07.846501+00
533	94	16	3500	4024	Active	2025-03-29 17:48:07.838506+00
571	100	10	30	20	Active	2025-03-30 04:40:21.257073+00
569	100	13	25	15	Active	2025-03-30 04:40:21.254857+00
572	100	1	80	40	Active	2025-03-30 04:40:21.258003+00
575	100	3	700	665	Active	2025-03-30 04:40:21.260955+00
570	100	71	90	60	Active	2025-03-30 04:40:21.255863+00
684	125	1	50	50	Active	2025-03-30 16:03:45.911972+00
690	125	5	144	144	Active	2025-03-30 16:03:45.91693+00
689	125	478	75	75	Active	2025-03-30 16:03:45.916167+00
668	121	458	600	1075	Active	2025-03-30 15:16:48.038715+00
683	125	13	189	239	Active	2025-03-30 16:03:45.911165+00
695	126	8	570	900	Active	2025-03-30 16:30:14.489406+00
701	127	10	2310	2300	Active	2025-03-30 16:39:32.543781+00
667	121	8	2375	475	Active	2025-03-30 15:16:48.037444+00
648	115	47	70	70	Active	2025-03-30 13:23:33.116245+00
645	115	9	30	30	Active	2025-03-30 13:23:33.114022+00
643	115	8	220	220	Active	2025-03-30 13:23:33.112163+00
642	115	16	500	460	Active	2025-03-30 13:23:33.11102+00
641	115	10	830	830	Active	2025-03-30 13:23:33.109977+00
688	125	316	50	50	Active	2025-03-30 16:03:45.915189+00
532	93	72	340	313	Active	2025-03-29 17:44:19.248784+00
687	125	47	736	736	Active	2025-03-30 16:03:45.91435+00
686	125	39	200	200	Active	2025-03-30 16:03:45.913604+00
640	115	1	90	84	Active	2025-03-30 13:23:33.108575+00
644	115	48	100	80	Active	2025-03-30 13:23:33.113093+00
650	117	10	400	\N	Active	2025-03-30 14:11:09.444678+00
651	117	316	100	\N	Active	2025-03-30 14:11:09.445807+00
652	117	1	200	\N	Active	2025-03-30 14:11:09.446974+00
653	117	49	75	\N	Active	2025-03-30 14:11:09.448019+00
654	117	16	170	\N	Active	2025-03-30 14:11:09.44886+00
647	115	36	40	\N	NotRecieved	2025-03-30 13:23:33.115491+00
646	115	39	40	\N	NotRecieved	2025-03-30 13:23:33.114739+00
710	127	24	55	\N	NotRecieved	2025-03-30 16:39:32.553123+00
716	129	3	100	100	Active	2025-03-30 17:16:57.482207+00
649	116	3	300	285	Active	2025-03-30 14:09:02.038319+00
655	118	3	680	\N	Active	2025-03-30 14:58:21.23475+00
656	118	2	76	\N	Active	2025-03-30 14:58:21.236169+00
657	118	10	50	\N	Active	2025-03-30 14:58:21.23716+00
658	118	316	50	\N	Active	2025-03-30 14:58:21.238113+00
659	119	3	1750	\N	Active	2025-03-30 15:00:26.594046+00
660	119	10	600	\N	Active	2025-03-30 15:00:26.595293+00
661	119	16	800	\N	Active	2025-03-30 15:00:26.596205+00
662	119	48	400	\N	Active	2025-03-30 15:00:26.597037+00
663	119	1	400	\N	Active	2025-03-30 15:00:26.597726+00
664	119	47	200	\N	Active	2025-03-30 15:00:26.598553+00
665	119	39	400	\N	Active	2025-03-30 15:00:26.599239+00
666	120	13	20	\N	Active	2025-03-30 15:08:48.353742+00
669	122	10	1875	\N	Active	2025-03-30 15:22:27.519931+00
670	122	16	1425	\N	Active	2025-03-30 15:22:27.521279+00
671	122	1	375	\N	Active	2025-03-30 15:22:27.522045+00
672	122	2	686	\N	Active	2025-03-30 15:22:27.522741+00
673	122	47	96	\N	Active	2025-03-30 15:22:27.523616+00
674	123	14	10	\N	Active	2025-03-30 15:39:39.744411+00
675	124	2	686	\N	Active	2025-03-30 15:44:46.109951+00
676	124	1	375	\N	Active	2025-03-30 15:44:46.111285+00
677	124	10	1875	\N	Active	2025-03-30 15:44:46.112276+00
678	124	16	1425	\N	Active	2025-03-30 15:44:46.113443+00
679	124	47	96	\N	Active	2025-03-30 15:44:46.114448+00
682	125	48	110	110	Active	2025-03-30 16:03:45.91037+00
715	128	16	88	80	Active	2025-03-30 16:42:58.592504+00
714	128	12	60	55	Active	2025-03-30 16:42:58.591716+00
712	128	10	370	355	Active	2025-03-30 16:42:58.590447+00
711	128	1	160	150	Active	2025-03-30 16:42:58.58945+00
703	127	16	620	610	Active	2025-03-30 16:39:32.546187+00
681	125	8	160	160	Active	2025-03-30 16:03:45.909503+00
713	128	17	210	200	Active	2025-03-30 16:42:58.591085+00
693	126	10	2100	2420	Active	2025-03-30 16:30:14.487502+00
706	127	48	120	730	Active	2025-03-30 16:39:32.549431+00
705	127	316	85	700	Active	2025-03-30 16:39:32.548212+00
718	130	3	295	300	Active	2025-03-30 17:17:31.280367+00
598	106	9	225	225	Active	2025-03-30 08:14:46.425148+00
603	106	8	800	592	Active	2025-03-30 08:14:46.42857+00
719	131	8	955	950	Active	2025-03-30 17:17:47.932578+00
680	125	9	292.5	292.5	Active	2025-03-30 16:03:45.908107+00
685	125	10	862.5	862.5	Active	2025-03-30 16:03:45.912826+00
709	127	36	82	700	Active	2025-03-30 16:39:32.552309+00
694	126	16	1020	1340	Active	2025-03-30 16:30:14.48852+00
708	127	8	165	780	Active	2025-03-30 16:39:32.551375+00
707	127	13	30	644	Active	2025-03-30 16:39:32.550529+00
704	127	9	95	710	Active	2025-03-30 16:39:32.547158+00
702	127	1	170	160	Active	2025-03-30 16:39:32.545191+00
691	125	16	920	970	Active	2025-03-30 16:03:45.91759+00
698	126	47	84	420	Active	2025-03-30 16:30:14.491966+00
526	93	16	4688	375	Active	2025-03-29 17:44:19.244133+00
717	129	2	260	265	Active	2025-03-30 17:16:57.484414+00
696	126	13	370	700	Active	2025-03-30 16:30:14.490252+00
697	126	9	35	370	Active	2025-03-30 16:30:14.491128+00
700	126	71	60	388	Active	2025-03-30 16:30:14.493363+00
699	126	48	420	750	Active	2025-03-30 16:30:14.492684+00
692	126	1	340	240	Active	2025-03-30 16:30:14.486069+00
721	132	6	515	515	Active	2025-03-30 18:20:42.285692+00
720	132	8	2600	2615	Active	2025-03-30 18:20:42.283778+00
163	31	47	240	240	Active	2025-03-27 16:59:54.955435+00
722	98	36	200	200	Active	2025-03-30 18:29:48.7554+00
626	113	3	3000	3000	Active	2025-03-30 10:52:52.128134+00
623	98	72	30	10	Active	2025-03-30 10:02:42.010157+00
732	134	16	800	800	Active	2025-03-30 19:06:20.481681+00
723	133	1	440	440	Active	2025-03-30 19:00:38.974972+00
724	133	16	1200	1200	Active	2025-03-30 19:00:38.976551+00
725	133	10	800	800	Active	2025-03-30 19:00:38.977641+00
726	133	8	560	560	Active	2025-03-30 19:00:38.978561+00
728	133	37	165	165	Active	2025-03-30 19:00:38.980049+00
729	133	47	240	240	Active	2025-03-30 19:00:38.980741+00
199	40	480	10	\N	NotRecieved	2025-03-28 02:22:44.788901+00
632	114	10	400	425	Active	2025-03-30 11:54:39.105352+00
633	114	16	250	270	Active	2025-03-30 11:54:39.106857+00
634	114	8	200	190	Active	2025-03-30 11:54:39.107754+00
636	114	2	150	115	Active	2025-03-30 11:54:39.110157+00
637	114	1	150	135	Active	2025-03-30 11:54:39.111495+00
638	114	9	100	80	Active	2025-03-30 11:54:39.112374+00
639	114	48	100	70	Active	2025-03-30 11:54:39.113118+00
740	137	8	4040	4040	Active	2025-03-30 19:46:17.834023+00
813	147	115	100	350	Active	2025-03-31 12:12:58.146224+00
538	94	9	1100	900	Active	2025-03-29 17:48:07.845401+00
794	145	48	300	300	Active	2025-03-31 10:41:21.433056+00
793	145	8	750	750	Active	2025-03-31 10:41:21.432387+00
635	114	13	200	200	Active	2025-03-30 11:54:39.10874+00
779	142	1	400	\N	Active	2025-03-31 08:50:06.093541+00
727	133	13	440	440	Active	2025-03-30 19:00:38.979255+00
780	142	39	250	\N	Active	2025-03-31 08:50:06.094245+00
737	134	1	550	1050	Active	2025-03-30 19:14:22.189983+00
734	134	13	550	1350	Active	2025-03-30 19:06:20.483372+00
733	134	47	400	1200	Active	2025-03-30 19:06:20.482517+00
731	134	10	400	400	Active	2025-03-30 19:06:20.480818+00
782	142	48	150	\N	Active	2025-03-31 08:50:06.095552+00
730	134	2	1000	400	Active	2025-03-30 19:06:20.479213+00
736	135	37	350	350	Active	2025-03-30 19:07:44.075683+00
735	135	6	625	\N	NotRecieved	2025-03-30 19:07:44.074579+00
767	141	316	60	\N	NotRecieved	2025-03-31 07:59:55.300195+00
744	138	16	50	50	Active	2025-03-30 21:44:23.653135+00
790	94	48	225	160	Active	2025-03-31 09:45:23.206468+00
739	136	6	1000	\N	NotRecieved	2025-03-30 19:37:13.878106+00
753	139	16	200	200	Active	2025-03-30 21:47:46.381572+00
792	145	16	1400	1400	Active	2025-03-31 10:41:21.431594+00
746	138	17	50	\N	NotRecieved	2025-03-30 21:44:23.655038+00
748	138	40	50	\N	NotRecieved	2025-03-30 21:44:23.657134+00
749	138	47	60	\N	NotRecieved	2025-03-30 21:44:23.657997+00
741	138	10	210	\N	NotRecieved	2025-03-30 21:44:23.648052+00
791	145	10	2064	2064	Active	2025-03-31 10:41:21.430332+00
743	138	8	250	\N	NotRecieved	2025-03-30 21:44:23.651653+00
747	138	456	50	\N	NotRecieved	2025-03-30 21:44:23.655963+00
745	138	48	50	\N	NotRecieved	2025-03-30 21:44:23.654054+00
742	138	1	50	\N	NotRecieved	2025-03-30 21:44:23.650344+00
750	139	10	80	\N	NotRecieved	2025-03-30 21:47:46.378344+00
751	139	1	50	\N	NotRecieved	2025-03-30 21:47:46.379564+00
752	139	48	250	\N	NotRecieved	2025-03-30 21:47:46.380764+00
754	139	13	40	\N	NotRecieved	2025-03-30 21:47:46.382438+00
755	139	17	150	\N	NotRecieved	2025-03-30 21:47:46.383092+00
756	139	8	170	\N	NotRecieved	2025-03-30 21:47:46.383777+00
757	139	456	50	\N	NotRecieved	2025-03-30 21:47:46.384567+00
786	136	458	1000	2050	Active	2025-03-31 08:58:25.82999+00
758	140	6	180	180	Active	2025-03-31 05:39:14.15137+00
738	136	8	1050	1050	Active	2025-03-30 19:37:13.876791+00
787	144	73	400	900	Active	2025-03-31 09:09:28.867651+00
761	141	29	100	\N	NotRecieved	2025-03-31 07:59:55.294623+00
773	141	6	50	\N	NotRecieved	2025-03-31 07:59:55.306934+00
816	147	39	250	250	Active	2025-03-31 12:12:58.149001+00
788	141	21	100	100	Active	2025-03-31 09:19:51.853617+00
789	141	458	50	50	Active	2025-03-31 09:20:11.899011+00
776	141	53	60	60	Active	2025-03-31 07:59:55.309064+00
774	141	2	30	30	Active	2025-03-31 07:59:55.307622+00
775	141	47	60	60	Active	2025-03-31 07:59:55.308353+00
772	141	40	182	182	Active	2025-03-31 07:59:55.30415+00
771	141	10	105	105	Active	2025-03-31 07:59:55.303238+00
770	141	1	64	64	Active	2025-03-31 07:59:55.302548+00
769	141	13	90	90	Active	2025-03-31 07:59:55.301864+00
574	100	8	150	150	Active	2025-03-30 04:40:21.260119+00
535	94	316	75	70	Active	2025-03-29 17:48:07.841725+00
768	141	48	20	20	Active	2025-03-31 07:59:55.301177+00
766	141	16	100	100	Active	2025-03-31 07:59:55.299464+00
765	141	11	100	100	Active	2025-03-31 07:59:55.298507+00
799	145	39	460	775	Active	2025-03-31 10:41:21.437136+00
798	145	71	35	350	Active	2025-03-31 10:41:21.436154+00
764	141	9	70	70	Active	2025-03-31 07:59:55.297621+00
828	151	6	100	\N	NotRecieved	2025-03-31 14:11:15.926491+00
760	141	54	60	60	Active	2025-03-31 07:59:55.29322+00
762	141	8	80	80	Active	2025-03-31 07:59:55.295725+00
797	145	47	180	495	Active	2025-03-31 10:41:21.435469+00
815	147	10	450	450	Active	2025-03-31 12:12:58.148258+00
814	147	8	100	100	Active	2025-03-31 12:12:58.147379+00
800	146	1	10	\N	Active	2025-03-31 11:15:14.119566+00
801	146	10	10	\N	Active	2025-03-31 11:15:14.121842+00
796	145	9	84	399	Active	2025-03-31 10:41:21.434649+00
795	145	13	340	655	Active	2025-03-31 10:41:21.433917+00
759	100	47	50	40	Active	2025-03-31 06:45:11.453159+00
802	146	21	10	\N	Active	2025-03-31 11:15:14.123127+00
803	146	36	10	\N	Active	2025-03-31 11:15:14.124431+00
804	146	16	10	\N	Active	2025-03-31 11:15:14.125417+00
805	146	48	10	\N	Active	2025-03-31 11:15:14.126266+00
806	146	38	10	\N	Active	2025-03-31 11:15:14.127064+00
807	146	9	10	\N	Active	2025-03-31 11:15:14.12801+00
808	146	13	10	\N	Active	2025-03-31 11:15:14.128903+00
809	146	457	10	\N	Active	2025-03-31 11:15:14.129624+00
810	146	61	10	\N	Active	2025-03-31 11:15:14.130587+00
811	146	484	10	\N	Active	2025-03-31 11:15:14.131377+00
812	147	1	630	630	Active	2025-03-31 12:12:58.143151+00
818	148	458	1200	1200	Active	2025-03-31 12:40:35.629954+00
817	148	8	400	400	Active	2025-03-31 12:40:35.628762+00
821	150	10	1125	\N	Active	2025-03-31 13:47:32.391189+00
822	150	47	30	\N	Active	2025-03-31 13:47:32.392375+00
823	150	9	120	\N	Active	2025-03-31 13:47:32.393092+00
824	150	16	192	\N	Active	2025-03-31 13:47:32.393765+00
819	149	17	250	215	Active	2025-03-31 13:42:16.620185+00
820	149	3	100	295	Active	2025-03-31 13:42:16.621625+00
781	142	16	27	280	Active	2025-03-31 08:50:06.09493+00
785	143	48	60	\N	NotRecieved	2025-03-31 08:52:04.151591+00
783	143	10	1000	820	Active	2025-03-31 08:52:04.149609+00
784	143	16	200	200	Active	2025-03-31 08:52:04.150701+00
829	151	345	70	\N	NotRecieved	2025-03-31 14:11:15.927555+00
763	141	262	30	30	Active	2025-03-31 07:59:55.29654+00
825	151	40	300	300	Active	2025-03-31 14:11:15.923234+00
826	151	9	200	530	Active	2025-03-31 14:11:15.924634+00
827	151	50	100	430	Active	2025-03-31 14:11:15.925661+00
832	151	8	200	530	Active	2025-03-31 14:11:15.930684+00
837	152	24	250	\N	NotRecieved	2025-03-31 15:11:59.132201+00
840	153	6	1020	\N	NotRecieved	2025-03-31 15:12:38.246042+00
860	151	458	120	120	Active	2025-04-01 05:04:25.180013+00
842	153	458	1020	420	Active	2025-03-31 15:20:20.463398+00
830	151	203	70	\N	NotRecieved	2025-03-31 14:11:15.928646+00
856	156	455	5	75	Active	2025-03-31 18:26:19.828749+00
855	156	8	63	63	Active	2025-03-31 18:26:19.82803+00
854	156	54	70	70	Active	2025-03-31 18:26:19.827232+00
853	156	262	50	50	Active	2025-03-31 18:26:19.825686+00
852	156	13	100	100	Active	2025-03-31 18:26:19.82478+00
851	156	46	140	140	Active	2025-03-31 18:26:19.823985+00
850	156	6	69	69	Active	2025-03-31 18:26:19.823084+00
849	156	40	250	250	Active	2025-03-31 18:26:19.822241+00
848	156	9	180	180	Active	2025-03-31 18:26:19.821078+00
847	156	16	120	120	Active	2025-03-31 18:26:19.819296+00
859	157	8	4200	4200	Active	2025-03-31 20:19:06.11843+00
841	152	21	250	250	Active	2025-03-31 15:19:42.868176+00
838	152	13	200	200	Active	2025-03-31 15:11:59.132983+00
836	152	48	225	225	Active	2025-03-31 15:11:59.131401+00
835	152	9	450	450	Active	2025-03-31 15:11:59.130523+00
834	152	16	900	900	Active	2025-03-31 15:11:59.129452+00
833	152	8	825	825	Active	2025-03-31 15:11:59.128049+00
778	142	8	135	100	Active	2025-03-31 08:50:06.092687+00
777	142	10	320	360	Active	2025-03-31 08:50:06.091316+00
857	151	443	50	380	Active	2025-03-31 18:58:21.004796+00
831	151	5	5	335	Active	2025-03-31 14:11:15.929688+00
858	151	346	70	70	Active	2025-03-31 19:01:30.796334+00
845	154	40	27	18	Active	2025-03-31 16:55:27.752001+00
844	154	10	16	16	Active	2025-03-31 16:55:27.750945+00
843	154	8	20	20	Active	2025-03-31 16:55:27.749424+00
846	155	1	640	640	Active	2025-03-31 16:56:12.009347+00
839	153	8	3800	47.5	Active	2025-03-31 15:12:38.244687+00
\.


--
-- Data for Name: orders; Type: TABLE DATA; Schema: public; Owner: -
--

COPY public.orders (id, client_id, exportcompany_id, consignment_no, status, user_id, created_at) FROM stdin;
1	1	249	\N	Active	1005	2025-03-25 22:52:30.639798+00
42	52	254	CN-UFBWQJVD	UnderInspection	1031	2025-03-28 04:54:35.548118+00
2	2	206	CN-COLZ4IJA	UnderInspection	1053	2025-03-26 13:48:45.099665+00
56	66	218	CN-PHE087D4	Completed	1081	2025-03-28 10:41:41.681368+00
3	3	147	CN-BWCYOLIJ	UnderInspection	1012	2025-03-26 15:44:35.615423+00
7	7	217	\N	Canceled	1078	2025-03-27 07:52:15.154456+00
41	6	254	CN-3LKOFQ0R	UnderInspection	1031	2025-03-28 04:49:42.506595+00
12	7	217	\N	Canceled	1078	2025-03-27 09:12:10.414808+00
13	7	217	CN-9RHVHAXV	UnderInspection	1078	2025-03-27 09:28:44.529463+00
26	3	147	CN-ZLPRNEWC	UnderInspection	1012	2025-03-27 15:12:20.092804+00
46	56	159	\N	Active	1023	2025-03-28 07:05:15.415514+00
4	4	182	CN-9VWLP5NF	Completed	1038	2025-03-26 17:42:28.781867+00
71	84	129	CN-XFAK4BR9	Completed	1081	2025-03-28 15:30:28.792999+00
10	26	131	\N	Canceled	1000	2025-03-27 08:46:10.615632+00
18	27	131	\N	Active	1000	2025-03-27 12:36:59.426256+00
44	53	218	CN-PLV0XXIO	UnderInspection	1081	2025-03-28 06:12:56.551464+00
14	31	220	CN-SIGB60V6	UnderInspection	1058	2025-03-27 09:36:42.344058+00
72	67	146	CN-S6L5EM5Z	Completed	1011	2025-03-28 16:07:26.96044+00
11	5	182	CN-3ZIAARS7	Canceled	1038	2025-03-27 09:07:33.947614+00
9	6	254	CN-3D71OQ9C	UnderInspection	1031	2025-03-27 08:44:32.213581+00
45	55	218	CN-8VWP0RKR	UnderInspection	1081	2025-03-28 06:22:21.592609+00
6	3	147	\N	Canceled	1012	2025-03-27 06:09:58.981796+00
25	44	224	\N	Canceled	1083	2025-03-27 14:57:59.89585+00
15	32	210	CN-FKARVZCO	Active	1081	2025-03-27 10:51:05.290648+00
29	45	237	\N	Active	1088	2025-03-27 16:28:36.151177+00
21	36	221	CN-WU1PBSD7	UnderInspection	1033	2025-03-27 13:25:07.00846+00
16	33	221	CN-D2YHFKDV	UnderInspection	1033	2025-03-27 11:08:59.355185+00
27	44	224	\N	Canceled	1087	2025-03-27 15:25:01.653123+00
30	44	224	\N	Canceled	1083	2025-03-27 16:57:29.384662+00
34	43	236	\N	Active	1030	2025-03-27 17:34:58.312055+00
35	44	224	\N	Canceled	1082	2025-03-27 17:40:12.382038+00
32	44	224	\N	Canceled	1083	2025-03-27 17:08:19.359237+00
23	43	236	CN-YB3WVC4R	UnderInspection	1082	2025-03-27 14:35:38.509857+00
37	47	236	CN-61NZJZWX	Active	1082	2025-03-27 18:18:45.67681+00
51	61	223	\N	Canceled	1092	2025-03-28 09:55:26.733209+00
38	44	224	CN-XP4U14TD	UnderInspection	1082	2025-03-27 19:07:55.257272+00
39	50	159	CN-2ZYTE6L7	UnderInspection	1023	2025-03-27 20:03:01.789847+00
5	5	182	CN-GU0XDPRA	Completed	1038	2025-03-26 17:51:39.702216+00
36	46	185	CN-GTCTK3L5	Completed	1002	2025-03-27 17:56:06.930145+00
22	41	214	CN-OQKW578J	Completed	1031	2025-03-27 14:22:08.341134+00
24	40	214	CN-PR8M6F15	Completed	1031	2025-03-27 14:38:05.802188+00
8	21	208	CN-4EQ7O20D	Completed	1054	2025-03-27 08:34:48.104678+00
19	35	241	CN-R5L97R70	Completed	1070	2025-03-27 12:39:23.914947+00
68	32	210	CN-8VWOGWWO	Completed	1081	2025-03-28 14:32:34.45385+00
52	61	223	CN-GV146UBY	UnderInspection	1092	2025-03-28 10:02:36.896587+00
50	60	147	CN-VS86U3C7	UnderInspection	1012	2025-03-28 09:24:13.175421+00
74	24	228	CN-TAX66NAU	Completed	1037	2025-03-28 19:04:40.072006+00
69	19	227	CN-AGU91HJ6	Completed	1059	2025-03-28 14:55:54.150657+00
65	76	252	CN-UUQG2XK1	Completed	1055	2025-03-28 14:01:03.520257+00
62	30	228	\N	Canceled	1037	2025-03-28 12:59:29.172438+00
66	74	186	CN-RSD66WR9	Completed	1034	2025-03-28 14:03:01.763619+00
53	62	192	CN-04U8MXSE	UnderInspection	1029	2025-03-28 10:12:03.843238+00
40	51	238	CN-AWJ57BNR	UnderInspection	1068	2025-03-28 02:22:44.774053+00
64	73	186	CN-PM3MI9MC	Completed	1034	2025-03-28 13:45:05.143995+00
87	85	190	\N	Active	1100	2025-03-29 11:51:30.782281+00
59	70	220	CN-YOCPTRAD	Completed	1058	2025-03-28 12:08:17.656061+00
49	59	147	CN-LGG8N7EK	Completed	1012	2025-03-28 09:22:45.168603+00
83	100	241	CN-MN2MTBG4	UnderInspection	1070	2025-03-29 09:32:46.220964+00
43	8	254	CN-ZYPG218G	Completed	1031	2025-03-28 05:47:57.10002+00
55	54	218	CN-Y2QRLMDZ	Completed	1081	2025-03-28 10:30:12.431601+00
78	91	201	\N	Canceled	1103	2025-03-29 08:00:52.546336+00
97	35	241	CN-ST3LLMQS	Completed	1070	2025-03-30 02:37:42.259918+00
86	103	235	CN-HGQWOY7Z	UnderInspection	1061	2025-03-29 10:24:29.683492+00
63	24	228	CN-8CNXVJM9	UnderInspection	1037	2025-03-28 13:20:37.980521+00
73	24	228	\N	Active	1037	2025-03-28 19:02:24.463817+00
79	92	263	\N	Active	1044	2025-03-29 08:14:58.913632+00
84	76	252	\N	Canceled	1055	2025-03-29 09:52:49.329796+00
70	83	241	CN-CMIF0TFE	Completed	1070	2025-03-28 15:23:03.480221+00
61	71	246	CN-MAN33J91	Completed	1044	2025-03-28 12:35:52.210925+00
57	65	218	CN-XM1LAQF2	Completed	1081	2025-03-28 10:42:08.417711+00
58	21	208	CN-O4QP4W4M	Completed	1054	2025-03-28 11:16:32.305924+00
54	63	192	CN-I2VG1WID	UnderInspection	1029	2025-03-28 10:21:04.246694+00
92	46	185	CN-UXZVVAPV	Completed	1002	2025-03-29 15:49:07.898806+00
90	108	237	\N	Active	1088	2025-03-29 15:00:30.73564+00
89	107	155	\N	Active	1016	2025-03-29 12:55:31.798222+00
82	101	241	CN-D41TGDJU	UnderInspection	1070	2025-03-29 09:23:56.113105+00
85	102	235	CN-PP5T41HS	UnderInspection	1061	2025-03-29 09:57:14.343483+00
95	91	201	CN-JNXH01WO	Completed	1103	2025-03-29 18:05:41.224061+00
91	86	190	CN-19WUJIWA	Active	1100	2025-03-29 15:22:28.86239+00
33	46	185	\N	Canceled	1039	2025-03-27 17:22:54.911926+00
76	90	147	CN-3N1PYHJM	Completed	1012	2025-03-29 05:20:51.211525+00
88	106	136	CN-NGXAHEDZ	UnderInspection	1082	2025-03-29 12:27:32.593665+00
60	67	146	CN-LCHDEQLX	Canceled	1011	2025-03-28 12:25:27.281649+00
28	39	214	CN-RQSQYLHN	Completed	1031	2025-03-27 15:50:15.372905+00
75	85	190	CN-80CHU6NN	UnderInspection	1100	2025-03-28 21:58:34.927412+00
100	78	188	CN-JU5PK68W	Completed	1021	2025-03-30 04:40:21.251035+00
17	34	197	\N	Canceled	1048	2025-03-27 12:07:05.976533+00
81	22	208	CN-142B0HPL	Completed	1054	2025-03-29 08:33:26.991596+00
67	82	262	CN-TLU4GUE7	Completed	1044	2025-03-28 14:29:11.275113+00
77	89	261	CN-V6D31KE7	UnderInspection	1044	2025-03-29 05:26:40.802048+00
48	57	232	CN-SGF27784	UnderInspection	1063	2025-03-28 09:06:58.75006+00
31	37	174	CN-EX56C8F6	UnderInspection	1031	2025-03-27 16:59:54.945427+00
20	26	131	CN-1IGTM3F0	Completed	1000	2025-03-27 12:41:07.177971+00
93	5	182	CN-FB91KD87	UnderInspection	1038	2025-03-29 17:44:19.240722+00
98	81	188	CN-U8V393NI	UnderInspection	1021	2025-03-30 04:34:07.383779+00
94	5	182	CN-5KTGX64M	UnderInspection	1038	2025-03-29 17:48:07.835434+00
96	48	133	CN-9T1V0839	UnderInspection	1090	2025-03-29 20:21:17.358909+00
101	73	186	CN-HLO8GEV0	UnderInspection	1034	2025-03-30 04:44:00.138321+00
102	73	186	CN-UTUG1KBJ	Completed	1034	2025-03-30 04:48:19.465569+00
99	80	188	\N	Canceled	1021	2025-03-30 04:37:17.515752+00
141	140	128	CN-53RMQ2XL	UnderInspection	1106	2025-03-31 07:59:55.290713+00
103	75	186	CN-X5U4C85K	UnderInspection	1034	2025-03-30 06:34:43.395155+00
80	21	208	CN-EFILKCJN	Completed	1054	2025-03-29 08:28:56.143316+00
142	102	235	CN-F5I64GRS	Active	1061	2025-03-31 08:50:06.088695+00
151	144	264	CN-XHRS2153	UnderInspection	1082	2025-03-31 14:11:15.921041+00
154	52	254	CN-67SJJBRS	UnderInspection	1031	2025-03-31 16:55:27.746645+00
108	113	241	CN-ANLG9Y77	UnderInspection	1070	2025-03-30 09:25:26.17873+00
111	35	241	CN-6I9SYXXN	UnderInspection	1070	2025-03-30 09:28:59.929428+00
112	35	241	CN-95BTI41H	UnderInspection	1070	2025-03-30 09:29:54.1187+00
117	116	156	\N	Active	1018	2025-03-30 14:11:09.442739+00
153	3	147	CN-WW7WFYQW	UnderInspection	1012	2025-03-31 15:12:38.242197+00
115	119	149	CN-M0Y1133P	UnderInspection	995	2025-03-30 13:23:33.106199+00
116	20	227	CN-R8IO8B9O	UnderInspection	1031	2025-03-30 14:09:02.035845+00
118	115	156	\N	Active	1018	2025-03-30 14:58:21.232542+00
119	120	166	\N	Active	1029	2025-03-30 15:00:26.591828+00
122	121	137	\N	Active	1008	2025-03-30 15:22:27.517787+00
123	45	237	\N	Active	1088	2025-03-30 15:39:39.741962+00
120	108	237	\N	Canceled	1088	2025-03-30 15:08:48.350775+00
124	121	137	\N	Active	1105	2025-03-30 15:44:46.107348+00
144	20	227	\N	Canceled	1031	2025-03-31 09:09:28.864922+00
109	83	241	CN-VFCAZAFG	Completed	1070	2025-03-30 09:26:26.515474+00
114	118	183	CN-7IVT1F3W	UnderInspection	1078	2025-03-30 11:54:39.102727+00
131	94	159	CN-PLSQYT8Q	UnderInspection	1023	2025-03-30 17:17:47.928944+00
152	59	147	CN-UQV1ZPL8	UnderInspection	1012	2025-03-31 15:11:59.125482+00
146	76	252	\N	Canceled	1055	2025-03-31 11:15:14.116289+00
129	56	159	CN-GMSTGPP7	UnderInspection	1023	2025-03-30 17:16:57.480092+00
130	93	159	CN-GHYRG2UD	UnderInspection	1023	2025-03-30 17:17:31.277678+00
47	58	232	CN-8DLEPA1B	UnderInspection	1063	2025-03-28 08:37:53.409543+00
155	6	254	CN-514T2R36	UnderInspection	1031	2025-03-31 16:56:12.006851+00
110	112	241	CN-TJX7UWD6	Completed	1070	2025-03-30 09:28:03.488185+00
128	68	146	CN-7S52Z07U	UnderInspection	1011	2025-03-30 16:42:58.587651+00
147	33	221	CN-EWM4CNT1	Completed	1033	2025-03-31 12:12:58.140998+00
148	142	221	CN-I1RFPOFP	Completed	1033	2025-03-31 12:40:35.625388+00
136	129	236	CN-MS0VQY7G	Completed	1082	2025-03-30 19:37:13.874532+00
140	51	238	CN-B3AFMK2O	Completed	1068	2025-03-31 05:39:14.14891+00
139	139	229	CN-LHPLEB2F	Completed	1061	2025-03-30 21:47:46.374938+00
127	69	146	CN-WRUOXDCD	UnderInspection	1011	2025-03-30 16:39:32.541094+00
135	124	214	CN-6FQC2QZ6	UnderInspection	1031	2025-03-30 19:07:44.072597+00
113	38	174	CN-04KZRD3M	UnderInspection	1031	2025-03-30 10:52:52.12365+00
105	111	197	CN-TJIQ2XF7	UnderInspection	1048	2025-03-30 08:07:19.146166+00
133	41	214	CN-S7GVDZ85	Completed	1031	2025-03-30 19:00:38.972548+00
138	138	229	CN-KIBSB5TT	Completed	1061	2025-03-30 21:44:23.64504+00
132	122	159	CN-WBQY9ERU	Completed	1023	2025-03-30 18:20:42.280989+00
134	123	214	CN-EPFD0HSP	UnderInspection	1031	2025-03-30 19:06:20.476971+00
106	111	197	CN-3BA442LI	UnderInspection	1048	2025-03-30 08:14:46.422131+00
137	66	218	CN-HAVIKLRC	UnderInspection	1081	2025-03-30 19:46:17.831705+00
121	3	147	CN-9RN16XFT	UnderInspection	1012	2025-03-30 15:16:48.035374+00
145	141	127	CN-8FXKAGQM	UnderInspection	1033	2025-03-31 10:41:21.428199+00
125	108	237	CN-WECKAM7W	Completed	1088	2025-03-30 16:03:45.905704+00
150	143	160	CN-Q52RYOJW	Active	1024	2025-03-31 13:47:32.389301+00
126	96	181	CN-UBJCYIW3	Completed	1011	2025-03-30 16:30:14.483451+00
107	114	129	CN-KKS5CFT6	Completed	1081	2025-03-30 09:23:15.063027+00
149	20	227	CN-U92XJNDA	UnderInspection	1031	2025-03-31 13:42:16.61795+00
104	109	222	CN-WJEPZT8Z	Completed	1081	2025-03-30 07:02:30.14926+00
143	134	229	CN-EWS1T3IC	UnderInspection	1061	2025-03-31 08:52:04.147416+00
156	145	141	CN-B8I5DV98	UnderInspection	1010	2025-03-31 18:26:19.816723+00
157	146	246	CN-IWLHOIBW	Active	1044	2025-03-31 20:19:06.116021+00
\.


--
-- Data for Name: packagetypes; Type: TABLE DATA; Schema: public; Owner: -
--

COPY public.packagetypes (id, pgcode, pgdescription, created_at) FROM stdin;
\.


--
-- Data for Name: packhouse_exporter; Type: TABLE DATA; Schema: public; Owner: -
--

COPY public.packhouse_exporter (id, packhouse_id, exportcompany_id, created_at) FROM stdin;
1	159	125	2025-03-24 22:16:04.10097+00
2	160	126	2025-03-24 22:16:04.108909+00
3	161	127	2025-03-24 22:16:04.109445+00
4	162	128	2025-03-24 22:16:04.109903+00
5	163	129	2025-03-24 22:16:04.110332+00
6	164	130	2025-03-24 22:16:04.11152+00
7	165	131	2025-03-24 22:16:04.111939+00
8	166	132	2025-03-24 22:16:04.112346+00
9	167	133	2025-03-24 22:16:04.112623+00
10	168	134	2025-03-24 22:16:04.113027+00
11	169	135	2025-03-24 22:16:04.113422+00
12	162	136	2025-03-24 22:16:04.113898+00
13	170	249	2025-03-24 22:16:04.114299+00
14	171	137	2025-03-24 22:16:04.114674+00
15	162	138	2025-03-24 22:16:04.115101+00
16	159	139	2025-03-24 22:16:04.115505+00
17	172	140	2025-03-24 22:16:04.115838+00
18	173	141	2025-03-24 22:16:04.116162+00
19	174	142	2025-03-24 22:16:04.11648+00
20	175	143	2025-03-24 22:16:04.116826+00
21	176	144	2025-03-24 22:16:04.117141+00
22	169	145	2025-03-24 22:16:04.117444+00
23	177	146	2025-03-24 22:16:04.117804+00
24	178	147	2025-03-24 22:16:04.118134+00
25	179	148	2025-03-24 22:16:04.118662+00
26	180	149	2025-03-24 22:16:04.119276+00
27	181	150	2025-03-24 22:16:04.119752+00
28	182	250	2025-03-24 22:16:04.120202+00
29	183	151	2025-03-24 22:16:04.120864+00
30	179	152	2025-03-24 22:16:04.121707+00
31	184	153	2025-03-24 22:16:04.122443+00
32	185	154	2025-03-24 22:16:04.1231+00
33	186	155	2025-03-24 22:16:04.123556+00
34	187	156	2025-03-24 22:16:04.123916+00
35	162	157	2025-03-24 22:16:04.124316+00
36	172	158	2025-03-24 22:16:04.1247+00
37	188	159	2025-03-24 22:16:04.125055+00
38	189	160	2025-03-24 22:16:04.1254+00
39	172	161	2025-03-24 22:16:04.125723+00
40	179	162	2025-03-24 22:16:04.12603+00
41	190	163	2025-03-24 22:16:04.126345+00
42	191	164	2025-03-24 22:16:04.126661+00
43	172	165	2025-03-24 22:16:04.126971+00
44	192	166	2025-03-24 22:16:04.127357+00
45	193	167	2025-03-24 22:16:04.12768+00
46	182	169	2025-03-24 22:16:04.127988+00
47	182	168	2025-03-24 22:16:04.128307+00
48	194	170	2025-03-24 22:16:04.128642+00
49	162	171	2025-03-24 22:16:04.128948+00
50	195	172	2025-03-24 22:16:04.129368+00
51	169	173	2025-03-24 22:16:04.129749+00
52	196	174	2025-03-24 22:16:04.130243+00
53	197	175	2025-03-24 22:16:04.130601+00
54	198	176	2025-03-24 22:16:04.130935+00
55	199	256	2025-03-24 22:16:04.131291+00
56	200	178	2025-03-24 22:16:04.13165+00
57	201	179	2025-03-24 22:16:04.131971+00
58	202	180	2025-03-24 22:16:04.132309+00
59	177	181	2025-03-24 22:16:04.13271+00
60	203	182	2025-03-24 22:16:04.133051+00
62	182	184	2025-03-24 22:16:04.133761+00
63	205	185	2025-03-24 22:16:04.134106+00
64	200	186	2025-03-24 22:16:04.134601+00
65	206	187	2025-03-24 22:16:04.135122+00
66	207	188	2025-03-24 22:16:04.135661+00
67	208	189	2025-03-24 22:16:04.13607+00
68	195	190	2025-03-24 22:16:04.136433+00
69	209	191	2025-03-24 22:16:04.136843+00
70	210	192	2025-03-24 22:16:04.137301+00
71	211	193	2025-03-24 22:16:04.137678+00
72	212	194	2025-03-24 22:16:04.138135+00
73	182	194	2025-03-24 22:16:04.138581+00
74	213	195	2025-03-24 22:16:04.138905+00
75	214	196	2025-03-24 22:16:04.139237+00
76	215	197	2025-03-24 22:16:04.139578+00
77	179	198	2025-03-24 22:16:04.139893+00
78	179	199	2025-03-24 22:16:04.140241+00
79	216	251	2025-03-24 22:16:04.140597+00
80	189	200	2025-03-24 22:16:04.140912+00
81	217	201	2025-03-24 22:16:04.141206+00
82	218	202	2025-03-24 22:16:04.141502+00
83	184	203	2025-03-24 22:16:04.141827+00
84	179	204	2025-03-24 22:16:04.142158+00
85	172	205	2025-03-24 22:16:04.142516+00
86	219	206	2025-03-24 22:16:04.142832+00
87	220	207	2025-03-24 22:16:04.143158+00
88	214	208	2025-03-24 22:16:04.143481+00
89	172	209	2025-03-24 22:16:04.14378+00
90	163	210	2025-03-24 22:16:04.1441+00
91	221	252	2025-03-24 22:16:04.144406+00
92	222	211	2025-03-24 22:16:04.144729+00
93	172	212	2025-03-24 22:16:04.145111+00
94	172	213	2025-03-24 22:16:04.145547+00
95	196	214	2025-03-24 22:16:04.145982+00
96	195	215	2025-03-24 22:16:04.146371+00
97	223	216	2025-03-24 22:16:04.146729+00
98	191	255	2025-03-24 22:16:04.147075+00
99	224	217	2025-03-24 22:16:04.147407+00
100	174	218	2025-03-24 22:16:04.147731+00
101	225	219	2025-03-24 22:16:04.14805+00
102	169	220	2025-03-24 22:16:04.148371+00
103	197	221	2025-03-24 22:16:04.148729+00
104	216	222	2025-03-24 22:16:04.149063+00
105	226	223	2025-03-24 22:16:04.14938+00
106	182	224	2025-03-24 22:16:04.14971+00
107	172	225	2025-03-24 22:16:04.150017+00
108	195	226	2025-03-24 22:16:04.150322+00
109	227	227	2025-03-24 22:16:04.150727+00
110	172	253	2025-03-24 22:16:04.151101+00
111	185	228	2025-03-24 22:16:04.151534+00
112	228	229	2025-03-24 22:16:04.152332+00
113	229	254	2025-03-24 22:16:04.153258+00
114	230	230	2025-03-24 22:16:04.153872+00
115	231	231	2025-03-24 22:16:04.154392+00
116	232	232	2025-03-24 22:16:04.155002+00
117	214	233	2025-03-24 22:16:04.155413+00
118	172	234	2025-03-24 22:16:04.155771+00
119	228	235	2025-03-24 22:16:04.156104+00
120	182	236	2025-03-24 22:16:04.15643+00
121	233	237	2025-03-24 22:16:04.156763+00
122	234	238	2025-03-24 22:16:04.157204+00
123	235	239	2025-03-24 22:16:04.157525+00
124	179	240	2025-03-24 22:16:04.157845+00
125	164	241	2025-03-24 22:16:04.158145+00
126	195	242	2025-03-24 22:16:04.158459+00
127	236	243	2025-03-24 22:16:04.158796+00
128	218	244	2025-03-24 22:16:04.159189+00
129	237	245	2025-03-24 22:16:04.15951+00
130	209	246	2025-03-24 22:16:04.159826+00
131	172	247	2025-03-24 22:16:04.160141+00
132	179	248	2025-03-24 22:16:04.160436+00
133	210	261	2025-03-28 13:33:38.526029+00
134	174	262	2025-03-28 14:16:56.828973+00
135	239	259	2025-03-28 16:54:35.934084+00
136	209	263	2025-03-29 07:13:44.351819+00
137	159	264	2025-03-30 10:24:27.285426+00
138	240	183	2025-03-30 10:55:03.688426+00
\.


--
-- Data for Name: packhouses; Type: TABLE DATA; Schema: public; Owner: -
--

COPY public.packhouses (id, phname, phregno, contactname, contactphone, contactemail, streetaddress, district_id, parish_id, village_id, long, lat, regstatus, expirydate, created_at) FROM stdin;
238	RINAHA INTERNATIONAL LIMITED	ss6ahdh8p8	RINAHA INTERNATIONAL LIMITED	jtkxv02f2	RINAHA INTERNATIONAL LIMITEDgmail.com	skjop	113	1	2	0	0	Active	0001-01-01	2025-03-24 23:26:07.752817+00
159	40 MILES FARM	e75y030b2p	40 MILES FARM	1f6m8o4dp	40 MILES FARMgmail.com	7x87y	2	1	2	32.599533	0.255693	Active	2025-12-31	2025-03-24 17:58:30.67122+00
160	Africa Haven Limited	jt5h2iu5pa	Africa Haven Limited	u3l8hhrth	Africa Haven Limitedgmail.com	w411g	2	1	2	32.51323	0.29878	Active	2025-12-31	2025-03-24 17:58:30.688871+00
161	Afrimex Foods Uganda Limited	s8xws6kstg	Afrimex Foods Uganda Limited	q0w2d77og	Afrimex Foods Uganda Limitedgmail.com	goeoo	2	1	2	32.583046	0.281294	Active	2025-12-31	2025-03-24 17:58:30.691802+00
162	Nateete stores	0na1f5cmxo	Nateete stores	w84oln8x9	Nateete storesgmail.com	cqci0	2	1	2	32.53208231	0.2985942259	Active	2025-12-31	2025-03-24 17:58:30.697127+00
163	AGRENES	vp6rj52yil	AGRENES	c90zl3rmr	AGRENESgmail.com	fhzp6	2	1	2	32.56123	0.289985	Active	2025-12-31	2025-03-24 17:58:30.699532+00
165	AGRICADO FARMS UGANDA LIMITED	aid5rump4p	AGRICADO FARMS UGANDA LIMITED	a60nrcqgm	AGRICADO FARMS UGANDA LIMITEDgmail.com	jf5ga	2	1	2	32.61647	0.354265	Active	2025-12-31	2025-03-24 17:58:30.714378+00
166	AGRIKKOM &RESEARCH CO. LTD	wwt8ueh7ps	AGRIKKOM &RESEARCH CO. LTD	qf1nvtwyb	AGRIKKOM &RESEARCH CO. LTDgmail.com	oi3op	2	1	2	32.59749	0.364631	Active	2025-12-31	2025-03-24 17:58:30.721385+00
167	AGRILINE EXPORTERS	g4dpihqlxs	AGRILINE EXPORTERS	ywif4q7lh	AGRILINE EXPORTERSgmail.com	dl6d8	2	1	2	32.488295	0.304208	Active	2025-12-31	2025-03-24 17:58:30.728231+00
168	AGRO SUPPLIES HOUSE LTD	lx2h0084hf	AGRO SUPPLIES HOUSE LTD	vk3fmif7j	AGRO SUPPLIES HOUSE LTDgmail.com	f81tm	2	1	2	32.5069057	0.3175471	Active	2025-12-31	2025-03-24 17:58:30.733807+00
170	AL GAZAL (U) SMC LTD	anq87jg0qj	AL GAZAL (U) SMC LTD	lqwgr2r0h	AL GAZAL (U) SMC LTDgmail.com	58bzf	2	1	2	32.547395	0.303207	Active	2025-12-31	2025-03-24 17:58:30.740964+00
171	Allies Agric Ltd	p303zrbgks	Allies Agric Ltd	2eg4jgqy1	Allies Agric Ltdgmail.com	uytjp	2	1	2	32.61831	0.35049	Active	2025-12-31	2025-03-24 17:58:30.743018+00
172	CURAD	538zc9f5xr	CURAD	zrb1mtquy	CURADgmail.com	zxcld	2	1	2	32.597	0.369	Active	2025-12-31	2025-03-24 17:58:30.746025+00
173	KATALEMWA PACKING FACILITY	fj7xu9wd8b	KATALEMWA PACKING FACILITY	7lm9nm1ng	KATALEMWA PACKING FACILITYgmail.com	z5r1e	2	1	2	32.58237	0.38952	Active	2025-12-31	2025-03-24 17:58:30.750718+00
175	Arizinia Foods Ltd	a3jv7qr7qc	Arizinia Foods Ltd	7gocup8yp	Arizinia Foods Ltdgmail.com	t172s	2	1	2	32.6144	0.34743	Active	2025-12-31	2025-03-24 17:58:30.754892+00
176	Aromatic fresh fruits and vegetables	4317cr9h0p	Aromatic fresh fruits and vegetables	aeyhw63pz	Aromatic fresh fruits and vegetablesgmail.com	7jipa	2	1	2	0.346861	32.307444	Active	2025-12-31	2025-03-24 17:58:30.756841+00
177	Asasira Traders ltd	zs2g66bks9	Asasira Traders ltd	o1zclxg3p	Asasira Traders ltdgmail.com	qmm4a	2	1	2	32.5746688	0.3244032	Active	2025-12-31	2025-03-24 17:58:30.759808+00
178	ASEEL IMPEX LIMITED	23rmn033ug	ASEEL IMPEX LIMITED	qd42dll20	ASEEL IMPEX LIMITEDgmail.com	n5uld	2	1	2	32.6199	0.3016	Active	2025-12-31	2025-03-24 17:58:30.761953+00
179	ZUNIE AGRI-CONSULTANCY LTD	4y5j1xobaq	ZUNIE AGRI-CONSULTANCY LTD	tub8wqts8	ZUNIE AGRI-CONSULTANCY LTDgmail.com	ez0o6	2	1	2	32.527345	0.281581	Active	2025-12-31	2025-03-24 17:58:30.763999+00
180	BUNAMWAYA	4nke8bau58	BUNAMWAYA	qo8w6s84z	BUNAMWAYAgmail.com	ppouh	2	1	2	32.54417	0.258878	Active	2025-12-31	2025-03-24 17:58:30.769618+00
181	Avotein Farms Limited	cjropure8e	Avotein Farms Limited	5idaaeqer	Avotein Farms Limitedgmail.com	qe5iq	2	1	2	32.35145	0.20029	Active	2025-12-31	2025-03-24 17:58:30.770909+00
183	Balaji Group(EA) ltd	102mwu7wug	Balaji Group(EA) ltd	ecil0qco3	Balaji Group(EA) ltdgmail.com	026f4	2	1	2	32.531355	0.439315	Active	2025-12-31	2025-03-24 17:58:30.773864+00
184	Mash fruits and vegetables (U) Ltd	yy5gtx3q0q	Mash fruits and vegetables (U) Ltd	86qua40yx	Mash fruits and vegetables (U) Ltdgmail.com	idk3x	2	1	2	32.658499	0.372936	Active	2025-12-31	2025-03-24 17:58:30.775789+00
185	SM IMPEX(U) LTD	qfzjwhg0dl	SM IMPEX(U) LTD	9njh4rc4i	SM IMPEX(U) LTDgmail.com	ffc91	2	1	2	32.519007	0.330244	Active	2025-12-31	2025-03-24 17:58:30.7807+00
186	BIOFRESH PACKHOUSE	7i7a4clv4e	BIOFRESH PACKHOUSE	p28xpadns	BIOFRESH PACKHOUSEgmail.com	s8808	2	1	2	32.59347	0.44339	Active	2025-12-31	2025-03-24 17:58:30.782382+00
187	BK MONARCH COMMODITIES LIMITED	jtk4eu12mk	BK MONARCH COMMODITIES LIMITED	961fjbvbm	BK MONARCH COMMODITIES LIMITEDgmail.com	5tqaa	2	1	2	32.61449	0.34739	Active	2025-12-31	2025-03-24 17:58:30.784744+00
188	BRAHMVISH NATURE	s1sgo9iq6u	BRAHMVISH NATURE	pbrxakcu7	BRAHMVISH NATUREgmail.com	47a53	2	1	2	32.53962	0.3096039	Active	2025-12-31	2025-03-24 17:58:30.786137+00
189	BROOKLYN ANGALS PACKING FACILITY	axoxv3ih42	BROOKLYN ANGALS PACKING FACILITY	o33i4fbgh	BROOKLYN ANGALS PACKING FACILITYgmail.com	uipm4	2	1	2	32.56030583	0.2829998333	Active	2025-12-31	2025-03-24 17:58:30.787352+00
190	Chayil Produce (U) Limited	e50aiu9m37	Chayil Produce (U) Limited	sl5cti8r2	Chayil Produce (U) Limitedgmail.com	t8tpt	2	1	2	32.5673739	0.2795601	Active	2025-12-31	2025-03-24 17:58:30.788525+00
191	PURE GROW AFRICA PACKHOUSE	cl2tpm0rsm	PURE GROW AFRICA PACKHOUSE	2lyf8ps2t	PURE GROW AFRICA PACKHOUSEgmail.com	xi9gr	2	1	2	32.61616	0.2342371	Active	2025-12-31	2025-03-24 17:58:30.789618+00
192	DAMEX (U)LTD	x0y9h4k1aw	DAMEX (U)LTD	ygb7lvcc2	DAMEX (U)LTDgmail.com	son87	2	1	2	32.5271424	0.3752095	Active	2025-12-31	2025-03-24 17:58:30.791331+00
193	DAR ANDOKA - SMC LIMITED	qdh33yhue2	DAR ANDOKA - SMC LIMITED	zdxpru0o5	DAR ANDOKA - SMC LIMITEDgmail.com	he34l	2	1	2	32.52672	0.375564	Active	2025-12-31	2025-03-24 17:58:30.792965+00
194	DUBAI HANDLERS LTD	s11dx59rzj	DUBAI HANDLERS LTD	z5627xjjv	DUBAI HANDLERS LTDgmail.com	ajp8b	2	1	2	32.59782	0.3511	Active	2025-12-31	2025-03-24 17:58:30.794597+00
196	ORISON AGRO PACKHOUSE	3x0uj46hpp	ORISON AGRO PACKHOUSE	n62en7967	ORISON AGRO PACKHOUSEgmail.com	vws4z	2	1	2	32.561237	0.273642	Active	2025-12-31	2025-03-24 17:58:30.796943+00
197	ROKI FRUITS AND VEG LTD	vj4myo9jsk	ROKI FRUITS AND VEG LTD	8poo80d9w	ROKI FRUITS AND VEG LTDgmail.com	qs1gl	2	1	2	32.5685	0.2805	Active	2025-12-31	2025-03-24 17:58:30.798179+00
198	FAST MOVERS AND LOGISTICS COMPANY LTD	ahcfbzqvhg	FAST MOVERS AND LOGISTICS COMPANY LTD	h6igdyjib	FAST MOVERS AND LOGISTICS COMPANY LTDgmail.com	ljurp	2	1	2	32.52672	0.375564	Active	2025-12-31	2025-03-24 17:58:30.799287+00
169	RIVERWAY Fresh Ltd	dqtzxcym1w	RIVERWAY Fresh Ltd	j0622fbsa	RIVERWAY Fresh Ltdgmail.com	0vbhf	2	1	2	32.583	0.317	Active	2025-12-31	2025-03-24 17:58:30.738129+00
174	REYEZ UGANDA	b1gug9bwjq	REYEZ UGANDA	n2623mukh	REYEZ UGANDAgmail.com	dmzcp	2	1	2	32.571392	0.3244032	Active	2025-12-31	2025-03-24 17:58:30.752112+00
195	YTBM HOUSE	ocooqobvxv	YTBM HOUSE	w1p1cyzlm	YTBM HOUSEgmail.com	0r8l8	2	1	2	32.59433	0.324403	Active	2025-12-31	2025-03-24 17:58:30.795874+00
182	ULTIMATE FOODS UGANDA LIMITED	tseirin53t	ULTIMATE FOODS UGANDA LIMITED	90qeggrug	ULTIMATE FOODS UGANDA LIMITEDgmail.com	rkwni	2	1	2	32.545748	0.30806	Active	2025-12-31	2025-03-24 17:58:30.772363+00
199	FEDERAL FOODS PACKHOUSE	p31x3zbb2e	FEDERAL FOODS PACKHOUSE	levqu88jm	FEDERAL FOODS PACKHOUSEgmail.com	liz0b	2	1	2	32.60915	0.35568	Active	2025-12-31	2025-03-24 17:58:30.800289+00
200	FFP	ajyi0076bz	FFP	zkutffzz9	FFPgmail.com	ikndg	2	1	2	32.58766	0.33949	Active	2025-12-31	2025-03-24 17:58:30.802916+00
201	FPG UG LTD	4r1nqqnwv5	FPG UG LTD	hc8xioh4r	FPG UG LTDgmail.com	x97nl	2	1	2	32.50666	0.29347	Active	2025-12-31	2025-03-24 17:58:30.804591+00
202	Galactica Enterprises	ew4ri4afr5	Galactica Enterprises	sx6rxsqmt	Galactica Enterprisesgmail.com	q4q4t	2	1	2	32.5191	0.330286	Active	2025-12-31	2025-03-24 17:58:30.805832+00
203	GO GREEN EXIM (U) LTD	i9xl0b98kf	GO GREEN EXIM (U) LTD	3bnpc6n8g	GO GREEN EXIM (U) LTDgmail.com	9nuyd	2	1	2	32.51898	0.29834	Active	2025-12-31	2025-03-24 17:58:30.807133+00
206	IMMANUEL AGRO PACKHOUSE	80za65ca1m	IMMANUEL AGRO PACKHOUSE	r5o9tpgrj	IMMANUEL AGRO PACKHOUSEgmail.com	zh75s	2	1	2	32.6234922	0.370575	Active	2025-12-31	2025-03-24 17:58:30.842139+00
207	interfruit dealers	4xirkg5kp8	interfruit dealers	lqjwxd255	interfruit dealersgmail.com	5a815	2	1	2	32.5627	0.2862	Active	2025-12-31	2025-03-24 17:58:30.847031+00
208	Jakana Foods Ltd	ru3gh02te3	Jakana Foods Ltd	w78br0pxm	Jakana Foods Ltdgmail.com	vh5lp	2	1	2	32.3333	0.2144	Active	2025-12-31	2025-03-24 17:58:30.848834+00
211	JOSEN VEGETABLE GROWERS	hfo84hpmjn	JOSEN VEGETABLE GROWERS	kr2laz0rq	JOSEN VEGETABLE GROWERSgmail.com	cn0uy	2	1	2	32.58064	0.29094	Active	2025-12-31	2025-03-24 17:58:30.856034+00
212	KAFECO-INT Ltd	siymfk2n1e	KAFECO-INT Ltd	169xiz7a1	KAFECO-INT Ltdgmail.com	nxwz4	2	1	2	32.5573739	0.3954792	Active	2025-12-31	2025-03-24 17:58:30.857268+00
213	Kim prime investments Ltd	qaere987sc	Kim prime investments Ltd	jip7k6fn6	Kim prime investments Ltdgmail.com	017hz	2	1	2	32.52672	0.375564	Active	2025-12-31	2025-03-24 17:58:30.858898+00
214	Newman foods limited	cnvp8yzjxc	Newman foods limited	wjuyyife8	Newman foods limitedgmail.com	v1hvd	2	1	2	32.5686	0.27725	Active	2025-12-31	2025-03-24 17:58:30.860392+00
217	MAQS AGRIC PRODUCTS   LTD	bny7adjnkv	MAQS AGRIC PRODUCTS   LTD	nmkfbdcps	MAQS AGRIC PRODUCTS   LTDgmail.com	9g1tb	2	1	2	32.538707	0.306573	Active	2025-12-31	2025-03-24 17:58:30.866675+00
218	Marse veges	8nqysui2wq	Marse veges	qrvr2ocvq	Marse vegesgmail.com	0m1xc	2	1	2	32.771	0.58909	Active	2025-12-31	2025-03-24 17:58:30.86824+00
219	MWEMBETANGA FRESH FOODS LIMITED	8cb0d4zivx	MWEMBETANGA FRESH FOODS LIMITED	y7qv774kx	MWEMBETANGA FRESH FOODS LIMITEDgmail.com	rxky2	2	1	2	32.5525935	0.3463572	Active	2025-12-31	2025-03-24 17:58:30.874814+00
220	Nerdpac Agricultural Supplies Ltd	yadcbelzsi	Nerdpac Agricultural Supplies Ltd	1oinfw6wb	Nerdpac Agricultural Supplies Ltdgmail.com	jml9l	2	1	2	32.52163	0.30816	Active	2025-12-31	2025-03-24 17:58:30.879147+00
222	HOMELYNEST	qygvdvt0mb	HOMELYNEST	9tmiq9xgj	HOMELYNESTgmail.com	zmf1u	2	1	2	32.37383	0.353672	Active	2025-12-31	2025-03-24 17:58:30.882291+00
223	Pearl of neil Ltd	yb8o4t2b7v	Pearl of neil Ltd	5zrwl0unp	Pearl of neil Ltdgmail.com	0cc38	2	1	2	32.5751863	0.3694983	Active	2025-12-31	2025-03-24 17:58:30.883614+00
224	Rabanex fruits agency	99maofsewh	Rabanex fruits agency	x7wfqer5w	Rabanex fruits agencygmail.com	5fq4h	2	1	2	32.489182	0.322418	Active	2025-12-31	2025-03-24 17:58:30.884977+00
225	Rhino Vegetable ltd	f9yez18x02	Rhino Vegetable ltd	bu54019n3	Rhino Vegetable ltdgmail.com	w3z45	2	1	2	32.511651	0.339386	Active	2025-12-31	2025-03-24 17:58:30.886355+00
227	Shaga Greens Co. Ug Ltd	sbhbaj2p10	Shaga Greens Co. Ug Ltd	gkc1rii65	Shaga Greens Co. Ug Ltdgmail.com	hlre8	2	1	2	32.58342	0.35179	Active	2025-12-31	2025-03-24 17:58:30.888968+00
228	Tropical Dynasty Packhouse	o9n56sr3mz	Tropical Dynasty Packhouse	zyopb09cx	Tropical Dynasty Packhousegmail.com	13mao	2	1	2	32.559444	0.315	Active	2025-12-31	2025-03-24 17:58:30.89022+00
229	SPAG UGANDA	ri47t5j7d4	SPAG UGANDA	5tko2jsa4	SPAG UGANDAgmail.com	me2gy	2	1	2	32.583563	0.351836	Active	2025-12-31	2025-03-24 17:58:30.89177+00
230	Ssega foods (U) LTD	snn81hig67	Ssega foods (U) LTD	di0h75872	Ssega foods (U) LTDgmail.com	yal62	2	1	2	32.583046	0.281294	Active	2025-12-31	2025-03-24 17:58:30.893517+00
231	FLORA FRESH INVESTMENTS PACKHOUSE	r8mui4vvgo	FLORA FRESH INVESTMENTS PACKHOUSE	r9nducbpc	FLORA FRESH INVESTMENTS PACKHOUSEgmail.com	fnhi2	2	1	2	32.54359	0.229603	Active	2025-12-31	2025-03-24 17:58:30.895733+00
232	Thomas & Co. Limited	uf2zvx5h07	Thomas & Co. Limited	66wlrbgbf	Thomas & Co. Limitedgmail.com	w4rar	2	1	2	32.656311	0.296002	Active	2025-12-31	2025-03-24 17:58:30.897208+00
234	VIRUNGA FARMERS LTD	bq3q0xuu7w	VIRUNGA FARMERS LTD	6z9352m1x	VIRUNGA FARMERS LTDgmail.com	d0xtm	2	1	2	32.616475	0.362646	Active	2025-12-31	2025-03-24 17:58:30.899788+00
235	Vitapure Limited	errlxsvvk6	Vitapure Limited	dnrs00gdb	Vitapure Limitedgmail.com	9ki2j	2	1	2	32.5558342	0.3895578	Active	2025-12-31	2025-03-24 17:58:30.900944+00
236	Zahra Food Industries Limited	kp6oyttb3a	Zahra Food Industries Limited	792fthbzz	Zahra Food Industries Limitedgmail.com	4ll00	2	1	2	32.68990117	0.356163458	Active	2025-12-31	2025-03-24 17:58:30.902256+00
237	ZIJJA FRUIT AND VEG PACKERS	i57gw3nmdw	ZIJJA FRUIT AND VEG PACKERS	699ghuphu	ZIJJA FRUIT AND VEG PACKERSgmail.com	4ct71	2	1	2	32.551857	0.242199	Active	2025-12-31	2025-03-24 17:58:30.903332+00
233	UNITED PEARL EXPORTERS LTD	ndz7gx92ez	UNITED PEARL EXPORTERS LTD	lnvkfyh98	UNITED PEARL EXPORTERS LTDgmail.com	lukxm	2	1	2	32.576386	0.369742	Active	2025-12-31	2025-03-24 17:58:30.89848+00
210	JONA EXOTICS UG LTD	37qebbxobv	JONA EXOTICS UG LTD	bn59ff3fs	JONA EXOTICS UG LTDgmail.com	u2ond	2	1	2	32.587776	0.33751	Active	2025-12-31	2025-03-24 17:58:30.85477+00
226	SAK AGRO PRODUCE	8dnip546ai	SAK AGRO PRODUCE	oo6gnpxa6	SAK AGRO PRODUCEgmail.com	6hj7g	2	1	2	32.5816313	0.3151692	Active	2025-12-31	2025-03-24 17:58:30.887644+00
221	NTARE INDUSTRIES LTD	invprgvj1i	NTARE INDUSTRIES LTD	8gn8ztjoq	NTARE INDUSTRIES LTDgmail.com	j8x5u	2	1	2	32.587776	0.3375104	Active	2025-12-31	2025-03-24 17:58:30.880738+00
205	HEMOLOGISTICS PACKHOUSE	tm9ag0ewzj	HEMOLOGISTICS PACKHOUSE	6yux5j5vy	HEMOLOGISTICS PACKHOUSEgmail.com	cr215	2	1	2	32.583	0.317	Active	2025-12-31	2025-03-24 17:58:30.809574+00
239	ThinkIT Packhouse	REG028032025	Andy Swaggy	+256722299999	we@thinkit.africa	Mukulu Curve	2	103	797	32.618331	0.348385	Active	2025-07-28	2025-03-28 16:54:08.462816+00
216	RWERE EXPORTS LTD	fjcj16k9n2	RWERE EXPORTS LTD	mongrc0qa	RWERE EXPORTS LTDgmail.com	0jstn	2	1	2	32.561392	0.3244031	Active	2025-12-31	2025-03-24 17:58:30.864288+00
164	Agriverde Uganda Limited	n40w5a5584	Agriverde Uganda Limited	gbxzffjmt	Agriverde Uganda Limitedgmail.com	hap1o	2	1	2	32.581631	0.315169	Active	2025-12-31	2025-03-24 17:58:30.703497+00
209	Zirwa Impex Limited	nm94md05a6	Zirwa Impex Limited	nwjkgqbfr	Zirwa Impex Limitedgmail.com	dpiad	2	1	2	32.5910528	0.3211264	Active	2025-12-31	2025-03-24 17:58:30.853408+00
240	GROWFRONT ENTERPRISES LIMITED 	UGPR20742019	KWIKIRIZA AMOS	+256700187177	growfront.ug@gmail.com	KIBIRA\t	2	78	552	32.604605	0.252987	Active	2025-12-30	2025-03-30 10:35:36.406497+00
215	KK fresh Produce Exporters Ltd	barpn1n3nm	KK fresh Produce Exporters Ltd	subs9ydtc	KK fresh Produce Exporters Ltdgmail.com	x6q6d	2	1	2	32.581631	0.315169	Active	2025-12-31	2025-03-24 17:58:30.862819+00
\.


--
-- Data for Name: packinglist; Type: TABLE DATA; Schema: public; Owner: -
--

COPY public.packinglist (id, status, user_id, exportcompany_id, order_id, updated_by, created_at) FROM stdin;
1	Submitted	1053	206	2	\N	2025-03-26 14:32:55.455907+00
2	Submitted	1038	182	4	\N	2025-03-26 18:31:55.847683+00
3	Submitted	1012	147	3	\N	2025-03-27 03:58:26.97214+00
5	Submitted	1078	217	13	\N	2025-03-27 09:56:38.336369+00
6	Submitted	1054	208	8	\N	2025-03-27 10:04:26.859541+00
7	Submitted	1080	220	14	\N	2025-03-27 11:16:21.727738+00
9	Submitted	1033	221	16	\N	2025-03-27 12:42:31.213183+00
10	Submitted	1070	241	19	\N	2025-03-27 12:48:57.327024+00
8	Submitted	1031	254	9	\N	2025-03-27 11:39:50.152358+00
11	Submitted	1033	221	21	\N	2025-03-27 13:28:05.187927+00
12	Submitted	1082	236	23	\N	2025-03-27 14:47:04.589603+00
14	Submitted	1031	214	22	\N	2025-03-27 15:33:17.307475+00
15	Pending	1081	210	15	\N	2025-03-27 16:00:39.5671+00
17	Pending	1088	237	29	\N	2025-03-27 17:29:01.469125+00
13	AwaitingUpdate	1031	214	24	\N	2025-03-27 15:29:23.63055+00
4	Submitted	1038	182	5	\N	2025-03-27 09:20:15.753661+00
18	Submitted	1082	236	37	\N	2025-03-27 18:38:08.056974+00
19	Submitted	1002	185	36	\N	2025-03-27 19:07:09.901119+00
20	Submitted	1082	224	38	\N	2025-03-27 19:12:35.884419+00
21	Submitted	1023	159	39	\N	2025-03-27 20:06:33.380989+00
22	Submitted	1012	147	26	\N	2025-03-28 03:57:25.080948+00
23	Submitted	1031	254	42	\N	2025-03-28 05:16:29.026466+00
24	Submitted	1031	254	41	\N	2025-03-28 05:32:00.879066+00
25	Submitted	1031	254	43	\N	2025-03-28 05:57:05.797073+00
26	Submitted	1081	218	44	\N	2025-03-28 06:49:50.952363+00
27	Submitted	1081	218	45	\N	2025-03-28 07:08:57.398758+00
29	Submitted	1081	218	57	\N	2025-03-28 11:01:35.118095+00
28	Submitted	1081	218	56	\N	2025-03-28 10:58:45.091212+00
31	Submitted	1012	147	49	\N	2025-03-28 11:20:54.85097+00
34	Submitted	1080	220	59	\N	2025-03-28 12:27:51.25474+00
30	Submitted	1029	192	53	\N	2025-03-28 11:13:15.704505+00
33	Submitted	1012	147	50	\N	2025-03-28 12:24:42.858851+00
36	Submitted	1054	208	58	\N	2025-03-28 13:19:13.196366+00
37	Pending	1011	146	60	\N	2025-03-28 14:22:35.634521+00
32	Submitted	1081	218	55	\N	2025-03-28 11:34:57.889481+00
38	Submitted	1081	210	68	\N	2025-03-28 14:38:25.358151+00
39	Submitted	1092	223	52	\N	2025-03-28 14:44:35.651721+00
41	Submitted	1044	246	61	\N	2025-03-28 15:28:39.91242+00
40	Submitted	1034	186	64	\N	2025-03-28 14:57:25.463859+00
42	Submitted	1081	129	71	\N	2025-03-28 15:58:00.86747+00
44	Submitted	1034	186	66	\N	2025-03-28 16:20:29.32486+00
43	Submitted	1011	146	72	\N	2025-03-28 16:11:00.154858+00
45	Submitted	1055	252	65	\N	2025-03-28 16:44:55.01923+00
46	Submitted	1044	262	67	\N	2025-03-28 17:44:04.148396+00
47	Submitted	1037	228	63	\N	2025-03-28 17:53:45.603636+00
48	Submitted	1037	228	74	\N	2025-03-28 19:17:55.536994+00
49	AwaitingUpdate	1070	241	70	\N	2025-03-28 23:55:51.421406+00
50	Submitted	1012	147	76	\N	2025-03-29 05:27:04.46059+00
51	Submitted	1059	227	69	\N	2025-03-29 06:41:48.803782+00
35	AwaitingUpdate	1029	192	54	\N	2025-03-28 13:17:58.401839+00
52	Submitted	1100	190	75	\N	2025-03-29 09:51:02.486048+00
55	Submitted	1070	241	82	\N	2025-03-29 10:32:28.006039+00
53	Submitted	1070	241	83	\N	2025-03-29 10:00:18.537193+00
59	Submitted	1061	235	86	\N	2025-03-29 13:45:37.270095+00
54	Submitted	1061	235	85	\N	2025-03-29 10:19:57.82567+00
61	Submitted	1000	131	20	\N	2025-03-29 16:08:22.752529+00
58	Submitted	1054	208	81	\N	2025-03-29 13:29:57.480719+00
60	Submitted	1044	261	77	\N	2025-03-29 15:36:17.033206+00
57	Submitted	1054	208	80	\N	2025-03-29 13:23:59.937482+00
16	Submitted	1031	214	28	\N	2025-03-27 16:51:38.292941+00
62	Submitted	1100	190	91	\N	2025-03-29 17:09:01.412215+00
56	AwaitingUpdate	1082	136	88	\N	2025-03-29 13:07:10.87167+00
63	Submitted	1002	185	92	\N	2025-03-29 18:28:20.383137+00
64	Submitted	1090	133	96	\N	2025-03-29 20:25:06.026488+00
78	Submitted	1068	238	40	\N	2025-03-30 12:17:09.981146+00
65	AwaitingUpdate	1103	201	95	\N	2025-03-29 22:16:43.496398+00
66	Submitted	1070	241	97	\N	2025-03-30 02:45:55.39053+00
67	Submitted	1034	186	101	\N	2025-03-30 05:10:09.916372+00
68	Submitted	1034	186	102	\N	2025-03-30 05:24:27.474094+00
69	Submitted	1034	186	103	\N	2025-03-30 06:48:26.732394+00
70	Submitted	1081	222	104	\N	2025-03-30 07:13:19.584478+00
71	Submitted	1070	241	112	\N	2025-03-30 09:50:40.404083+00
74	Submitted	1070	241	111	\N	2025-03-30 10:15:19.155355+00
72	Submitted	1081	129	107	\N	2025-03-30 10:02:09.932373+00
75	Submitted	1070	241	108	\N	2025-03-30 10:30:41.852207+00
76	Submitted	1070	241	109	\N	2025-03-30 10:37:29.88652+00
77	Submitted	1070	241	110	\N	2025-03-30 10:42:32.313303+00
82	Submitted	995	149	115	\N	2025-03-30 13:48:17.063146+00
83	Submitted	1031	227	116	\N	2025-03-30 14:31:43.73369+00
84	Submitted	1012	147	121	\N	2025-03-30 15:49:43.461793+00
86	Submitted	1011	146	128	\N	2025-03-30 17:05:02.056064+00
87	Submitted	1023	159	130	\N	2025-03-30 17:24:07.473857+00
88	Submitted	1023	159	131	\N	2025-03-30 17:29:03.506714+00
89	Submitted	1011	146	127	\N	2025-03-30 17:42:55.976088+00
91	Submitted	1023	159	129	\N	2025-03-30 18:00:47.350378+00
93	Submitted	1011	181	126	\N	2025-03-30 18:09:24.146278+00
92	Submitted	1048	197	105	\N	2025-03-30 18:08:51.897517+00
94	Submitted	1023	159	132	\N	2025-03-30 18:27:18.880308+00
80	Submitted	1038	182	93	\N	2025-03-30 12:42:35.572895+00
99	AwaitingUpdate	1031	214	134	\N	2025-03-30 20:15:45.273145+00
85	Submitted	1088	237	125	\N	2025-03-30 16:55:07.923459+00
95	Submitted	1031	174	31	\N	2025-03-30 18:28:24.248156+00
79	Submitted	1021	188	98	\N	2025-03-30 12:37:54.252197+00
90	Submitted	1048	197	106	\N	2025-03-30 17:56:00.55442+00
100	Submitted	1031	214	135	\N	2025-03-30 20:20:25.167264+00
98	Submitted	1031	214	133	\N	2025-03-30 20:11:26.125069+00
96	AwaitingUpdate	1031	174	113	\N	2025-03-30 18:32:35.462029+00
97	Submitted	1081	218	137	\N	2025-03-30 19:50:17.729437+00
101	Submitted	1061	229	138	\N	2025-03-31 00:52:02.401835+00
102	Submitted	1061	229	139	\N	2025-03-31 00:53:32.809162+00
103	Submitted	1068	238	140	\N	2025-03-31 05:42:00.574369+00
105	Submitted	1078	183	114	\N	2025-03-31 08:43:26.464616+00
73	Submitted	1063	232	48	\N	2025-03-30 10:14:34.171864+00
106	Submitted	1082	236	136	\N	2025-03-31 09:05:58.974191+00
81	Submitted	1063	232	47	\N	2025-03-30 13:34:14.140937+00
104	Submitted	1038	182	94	\N	2025-03-31 08:31:21.626396+00
109	Submitted	1033	127	145	\N	2025-03-31 11:57:34.651745+00
110	Submitted	1033	221	147	\N	2025-03-31 12:30:25.457982+00
111	Submitted	1033	221	148	\N	2025-03-31 12:54:33.577268+00
107	Submitted	1021	188	100	\N	2025-03-31 09:14:26.365816+00
112	Submitted	1031	227	149	\N	2025-03-31 14:00:46.4918+00
113	Submitted	1012	147	153	\N	2025-03-31 15:35:11.244946+00
114	Submitted	1012	147	152	\N	2025-03-31 15:50:38.322433+00
115	Submitted	1061	229	143	\N	2025-03-31 16:58:47.605706+00
118	Submitted	1010	141	156	\N	2025-03-31 18:56:04.852255+00
108	Submitted	1106	128	141	\N	2025-03-31 10:23:57.452005+00
119	Submitted	1044	246	157	\N	2025-03-31 20:25:53.874602+00
116	Submitted	1031	254	154	\N	2025-03-31 17:10:51.621702+00
117	Submitted	1031	254	155	\N	2025-03-31 17:12:29.321613+00
120	Submitted	1082	264	151	\N	2025-04-01 03:44:58.803031+00
\.


--
-- Data for Name: packinglist_batch; Type: TABLE DATA; Schema: public; Owner: -
--

COPY public.packinglist_batch (id, batchno, packinglist_id, order_id, receptionform_id, traceability_code, product_id, totalboxes, boxweight, productnetweight, totalproductnetweight, totalproductgrossweight, created_at, status) FROM stdin;
1	UGCR-FRESCO EUROPE GmbH-UG-105-07-24112595Hotpepper-j9yp-Germany	1	2	5	UG/105/07/24112595	8	22	0.5	10	220	231	2025-03-26 14:32:55.455907+00	Submitted
2	UGCR-FRESCO EUROPE GmbH-UG-224-025-24112596Hotpepper-1mu7-Germany	1	2	4	UG/224/025/24112596	39	40	0.5	10	400	420	2025-03-26 14:40:42.202232+00	Submitted
3	UGCR-FRESCO EUROPE GmbH-UG-117-033-24112602Hotpepper-rum9-Germany	1	2	3	UG/117/033/24112602	48	45	0.5	10	450	472.5	2025-03-26 14:44:24.644653+00	Submitted
4	UGCR-FRESCO EUROPE GmbH-UG-105-013-24112595Hotpepper-0v9r-Germany	1	2	2	UG/105/013/24112595	16	43	0.5	10	430	451.5	2025-03-26 14:47:51.417627+00	Submitted
5	UGCR-FRESCO EUROPE GmbH-UG-105-09-24112595Hotpepper-27ll-Germany	1	2	1	UG/105/09/24112595	10	28	0.5	10	280	294	2025-03-26 15:28:18.623751+00	Submitted
6	UGCR-FRESCO EUROPE GmbH-UG-113-032-132Hotpepper-bj22-Germany	1	2	7	UG/113/032/132	47	16	0.5	10	160	168	2025-03-26 15:30:43.69701+00	Submitted
7	UGCR-FRESCO EUROPE GmbH-UG-106-01-65011Hotpepper-vws2-Germany	1	2	6	UG/106/01/65011	1	165	0.5	7	1155	1237.5	2025-03-26 15:34:25.678127+00	Submitted
8	UGCR-LOGI GREEN BV-UG-418-09-240001Bird Eye Chillies-y6o2-Netherlands	2	4	9	UG/418/09/240001	10	40	0.5	7.5	300	320	2025-03-26 18:31:55.847683+00	Submitted
9	UGCR-LOGI GREEN BV-UG-113-01-101Bird Eye Chillies-al77-Netherlands	2	4	10	UG/113/01/101	1	30	0.5	5	150	165	2025-03-26 18:37:11.8419+00	Submitted
10	UGCR-LOGI GREEN BV-UG-418-08-240001Bird Eye Chillies-farh-Netherlands	2	4	11	UG/418/08/240001	9	10	0.5	5	50	55	2025-03-26 18:40:49.441357+00	Submitted
11	UGCR-LOGI GREEN BV-UG-235-022-265001Bird Eye Chillies-iqby-Netherlands	2	4	12	UG/235/022/265001	36	15	0	5	75	75	2025-03-26 19:02:41.602312+00	Submitted
12	UGCR-LOGI GREEN BV-UG-108-032-40006Bird Eye Chillies-8r3i-Netherlands	2	4	13	UG/108/032/40006	47	2	0	8.2	16.4	16.4	2025-03-26 19:06:36.243504+00	Submitted
13	UGCR-LOGI GREEN BV-UG-105-033-24102416Bird Eye Chillies-7mwn-Netherlands	2	4	14	UG/105/033/24102416	48	5	0.5	5	25	27.5	2025-03-26 19:16:55.070853+00	Submitted
14	UGCR-LOGI GREEN BV-UG-122-013-2522884Bird Eye Chillies-cr6r-Netherlands	2	4	15	UG/122/013/2522884	16	42	0.5	7.5	315	336	2025-03-26 19:23:02.586893+00	Submitted
15	UGCR-LOGI GREEN BV-UG-108-032-40006Bird Eye Chillies-us0a-Netherlands	2	4	16	UG/108/032/40006	47	10	0	8.2	82	82	2025-03-26 19:27:00.523092+00	Submitted
16	UGCR-KC CENTER LLC-UG-106-02-2492362Chillies-mqsw-Oman	3	3	23	UG/106/02/2492362	2	25	0.5	4	100	112.5	2025-03-27 03:58:26.97214+00	Submitted
17	UGCR-KC CENTER LLC-UG-119-005-24112815Chillies-zktt-Oman	3	3	22	UG/119/005/24112815	6	75	0.5	6	450	487.5	2025-03-27 03:58:49.047967+00	Submitted
18	UGCR-KC CENTER LLC-UG-405-07-65010Chillies-05z8-Oman	3	3	19	UG/405/07/65010	8	100	0.5	9.5	950	1000	2025-03-27 03:59:18.992029+00	Submitted
19	UGCR-KC CENTER LLC-UG-119-005-24112814Chillies-765v-Oman	3	3	21	UG/119/005/24112814	6	75	0.5	6	450	487.5	2025-03-27 03:59:40.020725+00	Submitted
20	UGCR-KC CENTER LLC-UG-423-007-325001Chillies-2kh6-Oman	3	3	20	UG/423/007/325001	8	100	0.5	9.5	950	1000	2025-03-27 04:00:03.433204+00	Submitted
21	UGCR-KC CENTER LLC-UG-405-07-24102480Chillies-j4sw-Oman	3	3	18	UG/405/07/24102480	8	100	0.5	9.5	950	1000	2025-03-27 04:00:31.902226+00	Submitted
22	UGCR-KC CENTER LLC-UG-105-07-45070Chillies-ulps-Oman	3	3	17	UG/105/07/45070	8	100	0.5	9.5	950	1000	2025-03-27 04:00:51.85884+00	Submitted
23	UGCR-KC CENTER LLC-UG-121-07-24102461Chillies-0ij9-Oman	3	3	8	UG/121/07/24102461	8	100	0.5	9.5	950	1000	2025-03-27 04:01:46.868758+00	Submitted
24	UGCR-ARGHYA ENTERPRISES LIMITED.-UG-105-013-24102419Mangoes-xi9y-United Kingdom	4	5	24	UG/105/013/24102419	16	142	0.5	7.5	1065	1136	2025-03-27 09:20:15.753661+00	Submitted
25	UGCR-ARGHYA ENTERPRISES LIMITED.-UG-122-013-45101Mangoes-667s-United Kingdom	4	5	25	UG/122/013/45101	16	324	0.5	7.5	2430	2592	2025-03-27 09:31:31.862968+00	Submitted
26	UGCR-JMC-UG-418-08-80055Ginger Neither ushed Nor Grounded-zqo4-Belgium	5	13	36	UG/418/08/80055	9	21	0.56	6	126	137.76	2025-03-27 09:56:38.336369+00	Submitted
27	UGCR-JMC-UG-104-026-2512872Ginger Neither ushed Nor Grounded-xcn5-Belgium	5	13	30	UG/104/026/2512872	40	60	1	12	720	780	2025-03-27 09:57:29.552114+00	Submitted
28	UGCR-JMC-UG-122-013-45101Ginger Neither ushed Nor Grounded-5pfl-Belgium	5	13	29	UG/122/013/45101	16	4	0.5	10	40	42	2025-03-27 09:58:51.444953+00	Submitted
29	UGCR-JMC-UG-405-07-45080Ginger Neither ushed Nor Grounded-x8ks-Belgium	5	13	28	UG/405/07/45080	8	17	0.5	10	170	178.5	2025-03-27 09:59:34.670806+00	Submitted
30	UGCR-JMC-UG-121-05-25011Ginger Neither ushed Nor Grounded-p1ib-Belgium	5	13	27	UG/121/05/25011	6	5	0.5	6	30	32.5	2025-03-27 10:00:21.158695+00	Submitted
31	UGCR-TRANSFOOD GMBH-UG-106-094-35262Avocados, Fresh Or Dried-13qz-Germany	6	8	38	UG/106/094/35262	115	5	0.5	10	50	52.5	2025-03-27 10:04:26.859541+00	Submitted
32	UGCR-TRANSFOOD GMBH-UG-113-033-25Avocados, Fresh Or Dried-nfwd-Germany	6	8	37	UG/113/033/25	48	20	0.5	10	200	210	2025-03-27 10:05:10.725164+00	Submitted
33	UGCR-TRANSFOOD GMBH-UG-113-032-24102472Avocados, Fresh Or Dried-ga2h-Germany	6	8	35	UG/113/032/24102472	47	5	0.5	5	25	27.5	2025-03-27 10:05:47.351496+00	Submitted
34	UGCR-TRANSFOOD GMBH-UG-117-09-110065Avocados, Fresh Or Dried-85c8-Germany	6	8	34	UG/117/09/110065	10	35	0.5	10	350	367.5	2025-03-27 10:06:19.149325+00	Submitted
35	UGCR-TRANSFOOD GMBH-UG-113-07-25Avocados, Fresh Or Dried-4vwy-Germany	6	8	33	UG/113/07/25	8	3	0.5	10	30	31.5	2025-03-27 10:07:08.466231+00	Submitted
36	UGCR-TRANSFOOD GMBH-UG-104-01-5016Avocados, Fresh Or Dried-0yra-Germany	6	8	39	UG/104/01/5016	1	60	0.5	7	420	450	2025-03-27 10:17:40.081444+00	Submitted
37	UGCR-BLUE BIRD-UG-106-05-35041Ginger ushed Or Grounded-itsy-Oman	7	14	40	UG/106/05/35041	6	75	0.5	6	450	487.5	2025-03-27 11:16:21.727738+00	Submitted
38	UGCR-BLUE BIRD-UG-106-07-24112530Ginger ushed Or Grounded-jvtu-Oman	7	14	44	UG/106/07/24112530	8	200	0.5	10	2000	2100	2025-03-27 11:35:39.56995+00	Submitted
39	UGCR-SAFARI GREENS-UG-406-014-24102379Apple Banana-cgpm-Netherlands	8	9	43	UG/406/014/24102379	17	63	0.5	5	315	346.5	2025-03-27 11:39:50.152358+00	Submitted
40	UGCR-SAFARI GREENS-UG-415-07-24102380Apple Banana-u4hj-Netherlands	8	9	45	UG/415/07/24102380	8	35	0.5	8	280	297.5	2025-03-27 11:46:49.595054+00	Submitted
42	UGCR-ARGHYA ENTERPRISES LIMITED.-UG-122-013-2522884Mangoes-r5mg-United Kingdom	4	5	49	UG/122/013/2522884	16	97	0.5	7.5	727.5	776	2025-03-27 11:58:42.073288+00	Submitted
41	UGCR-ARGHYA ENTERPRISES LIMITED.-UG-105-013-24102398Mangoes-6zjb-United Kingdom	4	5	41	UG/105/013/24102398	16	289	0.5	7.5	2167.5	2312	2025-03-27 11:50:33.423386+00	Submitted
58	UGCR-SAFARI GREENS-UG-104-01-24102378Apple Banana-f640-Netherlands	8	9	42	UG/104/01/24102378	1	30	0.5	8	240	255	2025-03-27 13:07:16.446854+00	Submitted
43	UGCR-ARGHYA ENTERPRISES LIMITED.-UG-224-050-2492370Mangoes-0ji4-United Kingdom	4	5	50	UG/224/050/2492370	72	35	0.5	5.5	192.5	210	2025-03-27 12:06:16.056774+00	Submitted
44	UGCR-SAFARI GREENS-UG-117-051-24102409Apple Banana-ddht-Netherlands	8	9	46	UG/117/051/24102409	73	15	0.5	5	75	82.5	2025-03-27 12:10:16.988258+00	Submitted
45	UGCR-ARGHYA ENTERPRISES LIMITED.-UG-204-04-2492370Mangoes-5y69-United Kingdom	4	5	53	UG/204/04/2492370	5	35	0.5	4.5	157.5	175	2025-03-27 12:33:16.933512+00	Submitted
46	UGCR-ARGHYA ENTERPRISES LIMITED.-UG-330-300-2522886Mangoes-sx97-United Kingdom	4	5	60	UG/330/300/2522886	316	5	0.5	7.5	37.5	40	2025-03-27 12:39:35.713444+00	Submitted
47	UGCR-JJ GLOBAL TRADER GmbH-UG-122-09-100037Sweet Potatoes, Fresh, Chilled, Frozen Or Dried, Whether Or Not Sliced Or In Pellets-2x3c-Germany	9	16	58	UG/122/09/100037	10	20	0.5	10	200	210	2025-03-27 12:42:31.213183+00	Submitted
48	UGCR-JJ GLOBAL TRADER GmbH-UG-409-025-24112670Sweet Potatoes, Fresh, Chilled, Frozen Or Dried, Whether Or Not Sliced Or In Pellets-6z0a-Germany	9	16	57	UG/409/025/24112670	39	30	0.5	10	300	315	2025-03-27 12:43:03.779762+00	Submitted
49	UGCR-JJ GLOBAL TRADER GmbH-UG-122-94-45033Sweet Potatoes, Fresh, Chilled, Frozen Or Dried, Whether Or Not Sliced Or In Pellets-6t05-Germany	9	16	56	UG/122/94/45033	115	5	0.5	10	50	52.5	2025-03-27 12:43:38.595994+00	Submitted
50	UGCR-JJ GLOBAL TRADER GmbH-UG-104-032-24112582Sweet Potatoes, Fresh, Chilled, Frozen Or Dried, Whether Or Not Sliced Or In Pellets-dyg0-Germany	9	16	55	UG/104/032/24112582	47	10	0.5	10	100	105	2025-03-27 12:44:09.236474+00	Submitted
51	UGCR-JJ GLOBAL TRADER GmbH-UG-105-013-24102398Sweet Potatoes, Fresh, Chilled, Frozen Or Dried, Whether Or Not Sliced Or In Pellets-0esq-Germany	9	16	54	UG/105/013/24102398	16	40	0.5	10	400	420	2025-03-27 12:44:36.677487+00	Submitted
52	UGCR-JJ GLOBAL TRADER GmbH-UG-122-007-45033Sweet Potatoes, Fresh, Chilled, Frozen Or Dried, Whether Or Not Sliced Or In Pellets-nfo2-Germany	9	16	52	UG/122/007/45033	8	10	0.5	10	100	105	2025-03-27 12:45:15.2833+00	Submitted
53	UGCR-JJ GLOBAL TRADER GmbH-UG-106-01-24102398Sweet Potatoes, Fresh, Chilled, Frozen Or Dried, Whether Or Not Sliced Or In Pellets-6zx9-Germany	9	16	51	UG/106/01/24102398	1	90	0.5	7	630	675	2025-03-27 12:46:04.96633+00	Submitted
54	UGCR-ARGHYA ENTERPRISES LIMITED.-UG-105-033-24102416Mangoes-1q8q-United Kingdom	4	5	63	UG/105/033/24102416	48	112	0.5	5	560	616	2025-03-27 12:46:12.932288+00	Submitted
55	UGCR-LULU HYPERMARKET TRADING CO.-UG-105-07-24112604Egg Plants Fresh Or Chilled-wllg-Qatar	10	19	62	UG/105/07/24112604	8	80	0.5	10	800	840	2025-03-27 12:48:57.327024+00	Submitted
56	UGCR-LULU HYPERMARKET TRADING CO.-UG-105-09-24112603Egg Plants Fresh Or Chilled-7mkw-Qatar	10	19	64	UG/105/09/24112603	10	34	0.5	6	204	221	2025-03-27 12:49:31.527032+00	Submitted
57	UGCR-ARGHYA ENTERPRISES LIMITED.-UG-235-022-265001Mangoes-mez1-United Kingdom	4	5	65	UG/235/022/265001	36	100	0	5	500	500	2025-03-27 13:02:20.441659+00	Submitted
59	UGCR-SAFARI GREENS-UG-117-01-24102375Apple Banana-3dae-Netherlands	8	9	48	UG/117/01/24102375	1	32	0.5	8	256	272	2025-03-27 13:08:31.004915+00	Submitted
60	UGCR-ARGHYA ENTERPRISES LIMITED.-UG-204-0463-2492370Mangoes-j36o-United Kingdom	4	5	66	UG/204/0463/2492370	478	35	0.5	4.5	157.5	175	2025-03-27 13:09:47.686412+00	Submitted
61	UGCR-SAFARI GREENS-UG-104-01-24102374Apple Banana-n4l2-Netherlands	8	9	67	UG/104/01/24102374	1	50	0.5	8	400	425	2025-03-27 13:14:19.759366+00	Submitted
62	UGCR-SAFARI GREENS-UG-117-033-110004Apple Banana-vcq4-Netherlands	8	9	68	UG/117/033/110004	48	25	0.5	10	250	262.5	2025-03-27 13:22:30.590778+00	Submitted
63	UGCR-STARWAY TRADING &CONTRACTING W.L.L-UG-122-007-45033Beans , Fresh Or Chilled-bt9t-Qatar	11	21	69	UG/122/007/45033	8	\N	\N	\N	\N	\N	2025-03-27 13:28:05.187927+00	Pending
64	UGCR-STARWAY TRADING &CONTRACTING W.L.L-UG-122-007-45033Beans , Fresh Or Chilled-ibsd-Qatar	11	21	70	UG/122/007/45033	8	\N	\N	\N	\N	\N	2025-03-27 13:31:22.174043+00	Pending
65	UGCR-STARWAY TRADING W.L.L-UG-122-007-45033Beans , Fresh Or Chilled-ssn6-Qatar	11	21	71	UG/122/007/45033	8	350	0.5	10	3500	3675	2025-03-27 13:34:57.411706+00	Submitted
66	UGCR-M-S SAARA TRADING PRIVATE LTD-UG-116-026-24112787Beans Dried Of Species Vigna Mungo,Hepper- Vigna Radiata,Shelled-Skinned Or Not Or Split-rftv-Maldives	12	23	73	UG/116/026/24112787	40	40	0.3	15	600	612	2025-03-27 14:47:04.589603+00	Submitted
67	UGCR-M-S SAARA TRADING PRIVATE LTD-UG-405-07-24102427Beans Dried Of Species Vigna Mungo,Hepper- Vigna Radiata,Shelled-Skinned Or Not Or Split-kztc-Maldives	12	23	72	UG/405/07/24102427	8	20	0.3	10	200	206	2025-03-27 14:47:43.004645+00	Submitted
68	UGCR-ARGHYA ENTERPRISES LIMITED.-UG-418-09-240001Mangoes-mqvc-United Kingdom	4	5	93	UG/418/09/240001	10	500	0.5	7.5	3750	4000	2025-03-27 15:23:56.466035+00	Submitted
69	UGCR-EAST AFRICAIN MARKET-UG-307-0407-24102443Beans Specially Prepared For Sowing, Dried Shelled Whether Or Not Skinned Or Split-s0td-United Arab Emirates	13	24	92	UG/307/0407/24102443	420	6	0.5	10	60	63	2025-03-27 15:29:23.63055+00	Submitted
70	UGCR-EAST AFRICAIN MARKET-UG-105-033-24102453Beans Specially Prepared For Sowing, Dried Shelled Whether Or Not Skinned Or Split-7v42-United Arab Emirates	13	24	91	UG/105/033/24102453	48	10	0.5	10	100	105	2025-03-27 15:29:53.940365+00	Submitted
71	UGCR-EAST AFRICAIN MARKET-UG-204-022-24102443Beans Specially Prepared For Sowing, Dried Shelled Whether Or Not Skinned Or Split-ycn1-United Arab Emirates	13	24	90	UG/204/022/24102443	36	23	0.5	10	230	241.5	2025-03-27 15:30:20.186369+00	Submitted
72	UGCR-EAST AFRICAIN MARKET-UG-105-013-24102453Beans Specially Prepared For Sowing, Dried Shelled Whether Or Not Skinned Or Split-u6hb-United Arab Emirates	13	24	89	UG/105/013/24102453	16	14	0.5	10	140	147	2025-03-27 15:30:46.866791+00	Submitted
73	UGCR-EAST AFRICAIN MARKET-UG-105-09-24102453Beans Specially Prepared For Sowing, Dried Shelled Whether Or Not Skinned Or Split-r75f-United Arab Emirates	13	24	88	UG/105/09/24102453	10	60	0.5	10	600	630	2025-03-27 15:31:16.260559+00	Submitted
74	UGCR-ARGHYA ENTERPRISES LIMITED.-UG-108-032-40006Mangoes-c0hb-United Kingdom	4	5	94	UG/108/032/40006	47	168	0.5	8.2	1377.6	1461.6	2025-03-27 15:31:44.149695+00	Submitted
75	UGCR-EAST AFRICAIN MARKET-UG-106-08-24102449Beans Specially Prepared For Sowing, Dried Shelled Whether Or Not Skinned Or Split-k570-United Arab Emirates	13	24	87	UG/106/08/24102449	9	6	0.5	7	42	45	2025-03-27 15:31:48.420646+00	Submitted
76	UGCR-EAST AFRICAIN MARKET-UG-124-07-24102449Beans Specially Prepared For Sowing, Dried Shelled Whether Or Not Skinned Or Split-smwn-United Arab Emirates	13	24	86	UG/124/07/24102449	8	20	0.5	10	200	210	2025-03-27 15:32:45.966555+00	Submitted
80	UGCR-A and S-UG-119-012-25069Beans Shelled Or Unshelled (Uncooked Or Cooked By Steaming Or Boiling In Water),Frozen-lktm-United Kingdom	14	22	82	UG/119/012/25069	13	100	0.5	5.5	550	600	2025-03-27 15:34:48.698593+00	Submitted
82	UGCR-A and S-UG-124-07-24102449Beans Shelled Or Unshelled (Uncooked Or Cooked By Steaming Or Boiling In Water),Frozen-qjiy-United Kingdom	14	22	80	UG/124/07/24102449	8	70	0.5	8	560	595	2025-03-27 15:35:47.020697+00	Submitted
77	UGCR-A and S-UG-105-033-24102453Beans Shelled Or Unshelled (Uncooked Or Cooked By Steaming Or Boiling In Water),Frozen-vkjf-United Kingdom	14	22	85	UG/105/033/24102453	48	60	0.5	5.5	330	360	2025-03-27 15:33:17.307475+00	Submitted
78	UGCR-A and S-UG-113-032-24102456Beans Shelled Or Unshelled (Uncooked Or Cooked By Steaming Or Boiling In Water),Frozen-h354-United Kingdom	14	22	84	UG/113/032/24102456	47	30	0.5	8	240	255	2025-03-27 15:33:49.367549+00	Submitted
79	UGCR-A and S-UG-204-022-130010Beans Shelled Or Unshelled (Uncooked Or Cooked By Steaming Or Boiling In Water),Frozen-lhq7-United Kingdom	14	22	83	UG/204/022/130010	36	50	0.1	5	250	255	2025-03-27 15:34:15.995773+00	Submitted
81	UGCR-A and S-UG-105-09-24102453Beans Shelled Or Unshelled (Uncooked Or Cooked By Steaming Or Boiling In Water),Frozen-ojs2-United Kingdom	14	22	81	UG/105/09/24102453	10	100	0.5	8	800	850	2025-03-27 15:35:14.855737+00	Submitted
83	UGCR-A and S-UG-105-013-24102453Beans Shelled Or Unshelled (Uncooked Or Cooked By Steaming Or Boiling In Water),Frozen-rjkp-United Kingdom	14	22	78	UG/105/013/24102453	16	150	0.5	8	1200	1275	2025-03-27 15:36:15.487558+00	Submitted
84	UGCR-ARGHYA ENTERPRISES LIMITED.-UG-106-012-35074Mangoes-h9tt-United Kingdom	4	5	95	UG/106/012/35074	13	167	0.5	5	835	918.5	2025-03-27 15:38:35.044311+00	Submitted
85	UGCR-A and S-UG-106-01-24102455Beans Shelled Or Unshelled (Uncooked Or Cooked By Steaming Or Boiling In Water),Frozen-z9xv-United Kingdom	14	22	97	UG/106/01/24102455	1	60	0.5	5.5	330	360	2025-03-27 15:41:45.201851+00	Submitted
86	UGCR-A and S-UG-119-01-24102454Beans Shelled Or Unshelled (Uncooked Or Cooked By Steaming Or Boiling In Water),Frozen-b7ym-United Kingdom	14	22	96	UG/119/01/24102454	1	60	0.5	5.5	330	360	2025-03-27 15:42:11.841624+00	Submitted
87	UGCR-ARGHYA ENTERPRISES LIMITED.-UG-418-08-240001Mangoes-fizu-United Kingdom	4	5	98	UG/418/08/240001	9	250	0.5	5	1250	1375	2025-03-27 15:43:19.143027+00	Submitted
88	UGCR-ARGHYA ENTERPRISES LIMITED.-UG-418-07-240001Mangoes-bx4v-United Kingdom	4	5	99	UG/418/07/240001	8	159	0.5	7.5	1192.5	1272	2025-03-27 15:50:21.013599+00	Submitted
89	UGCR-A&S EXOTIC-UG-110-033-45088Mixtures Of Ginger, Saffron, Tumeric, Thyme, Bay Leaves, Curry-n9pw-United Kingdom	15	15	79	UG/110/033/45088	48	\N	\N	\N	\N	\N	2025-03-27 16:00:39.5671+00	Pending
90	UGCR-A&S EXOTIC-UG-119-012-24112583Mixtures Of Ginger, Saffron, Tumeric, Thyme, Bay Leaves, Curry-t7da-United Kingdom	15	15	77	UG/119/012/24112583	13	\N	\N	\N	\N	\N	2025-03-27 16:06:05.429484+00	Pending
91	UGCR-ARGHYA ENTERPRISES LIMITED.-UG-105-02-5041Mangoes-ddpk-United Kingdom	4	5	101	UG/105/02/5041	2	69	0.5	3.5	241.5	276	2025-03-27 16:22:54.202124+00	Submitted
92	UGCR-ARGHYA ENTERPRISES LIMITED.-UG-117-02-110021Mangoes-km4z-United Kingdom	4	5	109	UG/117/02/110021	2	42	0.5	3.5	147	168	2025-03-27 16:41:57.516147+00	Submitted
93	UGCR-ARGHYA ENTERPRISES LIMITED.-UG-108-02-40260Mangoes-4xq6-United Kingdom	4	5	110	UG/108/02/40260	2	16	0.5	3.5	56	64	2025-03-27 16:47:19.742431+00	Submitted
94	UGCR-LES ALIMENTS FAIGNON -UG-106-01-24102455Other Lentils And Broad Beans, Dried, Shelled, Whether Or Not Skinned Or Split-anov-Canada	16	28	107	UG/106/01/24102455	1	70	0.5	10	700	735	2025-03-27 16:51:38.292941+00	Submitted
95	UGCR-LES ALIMENTS FAIGNON -UG-104-01-80010Other Lentils And Broad Beans, Dried, Shelled, Whether Or Not Skinned Or Split-zr9m-Canada	16	28	106	UG/104/01/80010	1	70	0.5	10	700	735	2025-03-27 16:52:08.923032+00	Submitted
96	UGCR-LES ALIMENTS FAIGNON -UG-106-01-35001Other Lentils And Broad Beans, Dried, Shelled, Whether Or Not Skinned Or Split-bs8a-Canada	16	28	105	UG/106/01/35001	1	70	0.5	10	700	735	2025-03-27 16:52:49.28629+00	Submitted
97	UGCR-LES ALIMENTS FAIGNON -UG-204-022-24102443Other Lentils And Broad Beans, Dried, Shelled, Whether Or Not Skinned Or Split-0n45-Canada	16	28	104	UG/204/022/24102443	36	50	0.5	10	500	525	2025-03-27 16:53:22.350093+00	Submitted
99	UGCR-LES ALIMENTS FAIGNON -UG-105-09-24102453Other Lentils And Broad Beans, Dried, Shelled, Whether Or Not Skinned Or Split-rw8y-Canada	16	28	103	UG/105/09/24102453	10	80	0.5	10	800	840	2025-03-27 16:54:00.422962+00	Submitted
98	UGCR-ARGHYA ENTERPRISES LIMITED.-UG-126-02-3018Mangoes-ghai-United Kingdom	4	5	111	UG/126/02/3018	2	21	0.5	3.5	73.5	84	2025-03-27 16:53:59.360206+00	Submitted
100	UGCR-LES ALIMENTS FAIGNON -UG-105-013-24102453Other Lentils And Broad Beans, Dried, Shelled, Whether Or Not Skinned Or Split-bbso-Canada	16	28	102	UG/105/013/24102453	16	100	0.5	10	1000	1050	2025-03-27 16:54:28.489546+00	Submitted
101	UGCR-ARGHYA ENTERPRISES LIMITED.-UG-113-01-101Mangoes-lj1n-United Kingdom	4	5	112	UG/113/01/101	1	41	0.5	5	205	225.5	2025-03-27 17:03:35.537557+00	Submitted
102	UGCR-ARGHYA ENTERPRISES LIMITED.-UG-106-01-35074Mangoes-nma5-United Kingdom	4	5	116	UG/106/01/35074	1	31	0.5	5	155	170.5	2025-03-27 17:15:18.403239+00	Submitted
103	UGCR-SOLLAND IMPORT OG RESIE AS -UG-104-01-24112637Beans Prepared Other Wise-cky9-Norway	17	29	118	UG/104/01/24112637	1	50	0.5	5	250	275	2025-03-27 17:29:01.469125+00	Submitted
104	UGCR-SOLLAND IMPORT OG RESIE AS -UG-105-013-24112695Beans Prepared Other Wise-bi4u-Norway	17	29	117	UG/105/013/24112695	16	\N	\N	\N	\N	\N	2025-03-27 17:29:47.840134+00	Pending
105	UGCR-ARGHYA ENTERPRISES LIMITED.-UG-104-01-24102405Mangoes-1fl5-United Kingdom	4	5	119	UG/104/01/24102405	1	73	0.5	5	365	401.5	2025-03-27 17:54:56.87814+00	Submitted
106	UGCR-ARGHYA ENTERPRISES LIMITED.-UG-106-01-24102506Mangoes-tj9k-United Kingdom	4	5	120	UG/106/01/24102506	1	37	0.5	5	185	203.5	2025-03-27 18:16:50.726026+00	Submitted
107	UGCR-ARGHYA ENTERPRISES LIMITED.-UG-104-01-5036Mangoes-pq6m-United Kingdom	4	5	121	UG/104/01/5036	1	26	0.5	5	130	143	2025-03-27 18:23:31.688468+00	Submitted
108	UGCR-ARGHYA ENTERPRISES LIMITED.-UG-106-01-24102505Mangoes-8v8g-United Kingdom	4	5	123	UG/106/01/24102505	1	27	0.5	5	135	148.5	2025-03-27 18:30:54.11906+00	Submitted
109	UGCR-ARGHYA ENTERPRISES LIMITED.-UG-113-01-24102397Mangoes-umia-United Kingdom	4	5	125	UG/113/01/24102397	1	20	0.5	5	100	110	2025-03-27 18:35:37.482907+00	Submitted
110	UGCR-Asma tradings Saudi arabia-UG-405-07-24102427Soursop-qms0-Saudi Arabia	18	37	124	UG/405/07/24102427	8	186	1	7.5	1395	1581	2025-03-27 18:38:08.056974+00	Submitted
111	UGCR-ALFAJRAS-UG-204-014-75013Ground Nuts-p3op-Netherlands	19	36	129	UG/204/014/75013	17	70	0.5	5	350	385	2025-03-27 19:07:09.901119+00	Submitted
112	UGCR-ALFAJRAS-UG-204-034-75013Ground Nuts-yotr-Netherlands	19	36	128	UG/204/034/75013	49	33	0.5	5	165	181.5	2025-03-27 19:07:38.87171+00	Submitted
113	UGCR-ALFAJRAS-UG-106-01-35061Ground Nuts-qoeq-Netherlands	19	36	127	UG/106/01/35061	1	46	0.5	5	230	253	2025-03-27 19:08:53.116341+00	Submitted
114	UGCR-ALFAJRAS-UG-115-009-24112777Ground Nuts-7e2n-Netherlands	19	36	126	UG/115/009/24112777	10	70	0.5	5	350	385	2025-03-27 19:09:27.4785+00	Submitted
129	UGCR-SAFARI GREENS-UG-117-051-24102409Pineapple Preserved (Sweetened- Spirit Added)-rdme-Netherlands	24	41	143	UG/117/051/24102409	73	36	0.5	5	180	198	2025-03-28 05:34:46.043999+00	Submitted
115	UGCR-Asma Trading  international  -UG-122-07-24112572Bitter Berries-kxcj-Saudi Arabia	20	38	130	UG/122/07/24112572	8	186	0.5	7.5	1395	1488	2025-03-27 19:12:35.884419+00	Submitted
116	UGCR-NRTC Dubai International vegetables and fruit trading (L.L.C)-UG-115-007-24112740Peanuts-6grm-United Arab Emirates	21	39	131	UG/115/007/24112740	8	300	0.4	3.7	1110	1230	2025-03-27 20:06:33.380989+00	Submitted
117	UGCR-KC CENTER LLC-UG-119-0444-24112812Other Beans, Dried, Shelled Whether Or Not Skinned Or Split-gxmt-Oman	22	26	133	UG/119/0444/24112812	458	75	0.5	6	450	487.5	2025-03-28 03:57:25.080948+00	Submitted
118	UGCR-KC CENTER LLC-UG-119-0444-24112813Other Beans, Dried, Shelled Whether Or Not Skinned Or Split-zake-Oman	22	26	132	UG/119/0444/24112813	458	75	0.5	6	450	487.5	2025-03-28 03:58:01.960478+00	Submitted
119	UGCR-KC CENTER LLC-UG-405-07-24102480Other Beans, Dried, Shelled Whether Or Not Skinned Or Split-yr21-Oman	22	26	137	UG/405/07/24102480	8	100	0.5	9.5	950	1000	2025-03-28 04:42:39.800543+00	Submitted
120	UGCR-KC CENTER LLC-UG-121-07-24102461Other Beans, Dried, Shelled Whether Or Not Skinned Or Split-46f4-Oman	22	26	136	UG/121/07/24102461	8	110	0.5	9.5	1045	1100	2025-03-28 04:42:59.470752+00	Submitted
121	UGCR-KC CENTER LLC-UG-405-07-65010Other Beans, Dried, Shelled Whether Or Not Skinned Or Split-yxen-Oman	22	26	135	UG/405/07/65010	8	120	0.5	9.5	1140	1200	2025-03-28 04:43:23.392224+00	Submitted
122	UGCR-KC CENTER LLC-UG-105-07-45070Other Beans, Dried, Shelled Whether Or Not Skinned Or Split-iasc-Oman	22	26	134	UG/105/07/45070	8	120	0.5	9.5	1140	1200	2025-03-28 04:43:43.384086+00	Submitted
123	UGCR-KC CENTER LLC-UG-119-012-24102467Other Beans, Dried, Shelled Whether Or Not Skinned Or Split-ntfs-Oman	22	26	138	UG/119/012/24102467	13	35	0.5	6	210	227.5	2025-03-28 04:48:42.773546+00	Submitted
124	UGCR-Al-Mubait Commercial Resources Establishment-UG-104-026-2512869Calabash-q7pq-Saudi Arabia	23	42	141	UG/104/026/2512869	40	2	0.5	8	16	17	2025-03-28 05:16:29.026466+00	Submitted
125	UGCR-Al-Mubait Commercial Resources Establishment-UG-418-09-24102500Calabash-fmr9-Saudi Arabia	23	42	140	UG/418/09/24102500	10	2	0.5	8	16	17	2025-03-28 05:17:27.699144+00	Submitted
126	UGCR-Al-Mubait Commercial Resources Establishment-UG-415-07-24102380Calabash-ezz6-Saudi Arabia	23	42	139	UG/415/07/24102380	8	2	0.5	8	16	17	2025-03-28 05:18:55.355748+00	Submitted
127	UGCR-SAFARI GREENS-UG-415-07-24102380Pineapple Preserved (Sweetened- Spirit Added)-6mqz-Netherlands	24	41	145	UG/415/07/24102380	8	15	0.5	8	120	127.5	2025-03-28 05:32:00.879066+00	Submitted
128	UGCR-SAFARI GREENS-UG-122-013-24102381Pineapple Preserved (Sweetened- Spirit Added)-kjlf-Netherlands	24	41	144	UG/122/013/24102381	16	10	0.5	8	80	85	2025-03-28 05:33:10.808983+00	Submitted
130	UGCR-SAFARI GREENS-UG-406-014-24102379Pineapple Preserved (Sweetened- Spirit Added)-wv99-Netherlands	24	41	142	UG/406/014/24102379	17	40	0.5	5	200	220	2025-03-28 05:36:44.440501+00	Submitted
131	UGCR-S.G BERGAMINI SERGE-UG-117-01-24102408Watermelons-zg5q-Belgium	25	43	147	UG/117/01/24102408	1	30	0.5	7.5	225	240	2025-03-28 05:57:05.797073+00	Submitted
132	UGCR-S.G BERGAMINI SERGE-UG-117-01-24102375Watermelons-56rb-Belgium	25	43	146	UG/117/01/24102375	1	40	0.5	7.5	300	320	2025-03-28 05:58:32.220424+00	Submitted
133	UGCR-Arab india-UG-110-09-45088Tomatoes-d3b2-Qatar	26	44	153	UG/110/09/45088	10	8	0	10	80	80	2025-03-28 06:49:50.952363+00	Submitted
134	UGCR-Arab india-UG-122-038-45018Tomatoes-92jc-Qatar	26	44	152	UG/122/038/45018	53	5	0	10	50	50	2025-03-28 06:50:58.778228+00	Submitted
135	UGCR-Arab india-UG-104-026-5040Tomatoes-e6mr-Qatar	26	44	151	UG/104/026/5040	40	5	0	13	65	65	2025-03-28 06:52:03.699535+00	Submitted
136	UGCR-Arab india-UG-106-005-24102520Tomatoes-oozj-Qatar	26	44	150	UG/106/005/24102520	6	5	0	6	30	30	2025-03-28 06:53:46.114332+00	Submitted
137	UGCR-Arab india-UG-105-013-24102453Tomatoes-8go7-Qatar	26	44	149	UG/105/013/24102453	16	20	0	10	200	200	2025-03-28 06:55:20.086357+00	Submitted
138	UGCR-Arab india-UG-122-07-24112562Tomatoes-qiav-Qatar	26	44	148	UG/122/07/24112562	8	200	0	10	2000	2000	2025-03-28 06:56:12.922783+00	Submitted
139	UGCR-Kaybee veges-UG-224-050-2492370Curry Plant-xdl9-United Kingdom	27	45	164	UG/224/050/2492370	72	40	0	1	40	40	2025-03-28 07:08:57.398758+00	Submitted
140	UGCR-Kaybee veges-UG-110-09-45088Curry Plant-h7nc-United Kingdom	27	45	163	UG/110/09/45088	10	70	0	8	560	560	2025-03-28 07:10:20.186116+00	Submitted
141	UGCR-Kaybee veges-UG-122-07-24112562Curry Plant-2thp-United Kingdom	27	45	162	UG/122/07/24112562	8	25	0	8	200	200	2025-03-28 07:11:16.417857+00	Submitted
142	UGCR-Kaybee veges-UG-204-0463-2492370Curry Plant-lyr3-United Kingdom	27	45	161	UG/204/0463/2492370	478	7	0	5	35	35	2025-03-28 07:12:13.725919+00	Submitted
143	UGCR-Kaybee veges-UG-204-0463-2492370Curry Plant-lyr3-United Kingdom	27	45	161	UG/204/0463/2492370	478	\N	\N	\N	\N	\N	2025-03-28 07:14:37.618039+00	Pending
144	UGCR-Kaybee veges-UG-106-01-35075Curry Plant-w3gs-United Kingdom	27	45	160	UG/106/01/35075	1	21	0	6	126	126	2025-03-28 07:15:41.943113+00	Submitted
145	UGCR-Kaybee veges-UG-113-032-24112533Curry Plant-lr2q-United Kingdom	27	45	159	UG/113/032/24112533	47	30	0	8	240	240	2025-03-28 07:16:45.591069+00	Submitted
146	UGCR-Kaybee veges-UG-110-08-45088Curry Plant-l8w1-United Kingdom	27	45	158	UG/110/08/45088	9	35	0	5	175	175	2025-03-28 07:17:50.045129+00	Submitted
147	UGCR-Kaybee veges-UG-204-04-2492370Curry Plant-sgyp-United Kingdom	27	45	157	UG/204/04/2492370	5	35	0	5	175	175	2025-03-28 07:19:03.229278+00	Submitted
148	UGCR-Kaybee veges-UG-224-025-24112525Curry Plant-qs08-United Kingdom	27	45	156	UG/224/025/24112525	39	19	0	5	95	95	2025-03-28 07:19:52.806431+00	Submitted
149	UGCR-Kaybee veges-UG-105-013-24102453Curry Plant-4pfp-United Kingdom	27	45	155	UG/105/013/24102453	16	70	0	8	560	560	2025-03-28 07:20:51.825087+00	Submitted
150	UGCR-Kaybee veges-UG-106-012-35074Curry Plant-0stz-United Kingdom	27	45	154	UG/106/012/35074	13	59	0	6	354	354	2025-03-28 07:21:46.615293+00	Submitted
151	UGCR-GREEN KWALITY-UG-122-07-24112562Coffee, Not Roasted Or Decaffeinated-y55n-Nepal	28	56	175	UG/122/07/24112562	8	273	0	10	2730	2730	2025-03-28 10:58:45.091212+00	Submitted
152	UGCR-PATHIBHARA FRUITS-UG-122-07-24112562Decaffeinated Coffee, Not Roasted-ap7q-Nepal	29	57	173	UG/122/07/24112562	8	202	0	10	2020	2020	2025-03-28 11:01:35.118095+00	Submitted
153	UGCR-Ndiisa Trading LLC FZ-UG-106-07-24112638Jackfruit-t94l-United Arab Emirates	30	53	176	UG/106/07/24112638	8	100	0.35	10	1000	1035	2025-03-28 11:13:15.704505+00	Submitted
154	UGCR-Ndiisa Trading LLC FZ-UG-106-013-24112638Jackfruit-3tgp-United Arab Emirates	30	53	174	UG/106/013/24112638	16	100	0.35	10	1000	1035	2025-03-28 11:14:19.207989+00	Submitted
155	UGCR-Ndiisa Trading LLC FZ-UG-106-033-24112638Jackfruit-v11y-United Arab Emirates	30	53	172	UG/106/033/24112638	48	20	0.35	10	200	207	2025-03-28 11:16:17.537323+00	Submitted
156	UGCR-Ndiisa Trading LLC FZ-UG-110-09-24112639Jackfruit-xlnq-United Arab Emirates	30	53	171	UG/110/09/24112639	10	50	0.35	10	500	517.5	2025-03-28 11:17:21.704034+00	Submitted
157	UGCR-BLUE MOUNTAIN PEAK-UG-119-0444-24112813Dudi-jkqv-United Kingdom	31	49	170	UG/119/0444/24112813	458	10	0.5	6	60	65	2025-03-28 11:20:54.85097+00	Submitted
158	UGCR-BLUE MOUNTAIN PEAK-UG-102-025-24112687Dudi-9tc8-United Kingdom	31	49	169	UG/102/025/24112687	39	24	0.5	5	120	132	2025-03-28 11:23:00.052433+00	Submitted
159	UGCR-BLUE MOUNTAIN PEAK-UG-110-08-45089Dudi-mfbx-United Kingdom	31	49	168	UG/110/08/45089	9	90	0.5	5	450	495	2025-03-28 11:23:40.758926+00	Submitted
160	UGCR-BLUE MOUNTAIN PEAK-UG-110-033-45089Dudi-nrq9-United Kingdom	31	49	167	UG/110/033/45089	48	40	0.5	7.5	300	320	2025-03-28 11:24:49.18418+00	Submitted
161	UGCR-BLUE MOUNTAIN PEAK-UG-104-013-24102481Dudi-zzj4-United Kingdom	31	49	166	UG/104/013/24102481	16	100	0.5	7.5	750	800	2025-03-28 11:25:43.296311+00	Submitted
162	UGCR-BLUE MOUNTAIN PEAK-UG-105-07-45070Dudi-mzwr-United Kingdom	31	49	165	UG/105/07/45070	8	90	0.5	7.5	675	720	2025-03-28 11:26:21.923906+00	Submitted
163	UGCR-Indian nature-UG-204-0463-2492370Cayenne-hmsa-United Kingdom	32	55	184	UG/204/0463/2492370	478	10	0	5	50	50	2025-03-28 11:34:57.889481+00	Submitted
164	UGCR-Indian nature-UG-113-032-24112533Cayenne-lk7c-United Kingdom	32	55	183	UG/113/032/24112533	47	70	0	8	560	560	2025-03-28 11:35:18.322983+00	Submitted
165	UGCR-Indian nature-UG-113-025-24112533Cayenne-25ue-United Kingdom	32	55	182	UG/113/025/24112533	39	20	0	5	100	100	2025-03-28 11:36:15.934938+00	Submitted
166	UGCR-Indian nature-UG-105-013-24102453Cayenne-asjy-United Kingdom	32	55	181	UG/105/013/24102453	16	30	0	8	240	240	2025-03-28 11:36:42.266393+00	Submitted
167	UGCR-Indian nature-UG-106-012-35074Cayenne-g5e6-United Kingdom	32	55	180	UG/106/012/35074	13	25	0	6	150	150	2025-03-28 11:37:09.248424+00	Submitted
168	UGCR-Indian nature-UG-110-09-45088Cayenne-qm5a-United Kingdom	32	55	179	UG/110/09/45088	10	10	0	8	80	80	2025-03-28 11:37:36.679612+00	Submitted
169	UGCR-Indian nature-UG-110-08-45088Cayenne-qu3l-United Kingdom	32	55	178	UG/110/08/45088	9	10	0	5	50	50	2025-03-28 11:38:01.480167+00	Submitted
170	UGCR-Indian nature-UG-204-04-2492370Cayenne-jfuf-United Kingdom	32	55	177	UG/204/04/2492370	5	15	0	5	75	75	2025-03-28 11:38:24.726586+00	Submitted
171	UGCR-AL RABBANIYYAH FRUITS-UG-119-0444-24112813Pawpaws-g5ld-Qatar	33	50	190	UG/119/0444/24112813	458	5	0.5	6	30	32.5	2025-03-28 12:24:42.858851+00	Submitted
172	UGCR-AL RABBANIYYAH FRUITS-UG-106-02-2492362Pawpaws-gfy7-Qatar	33	50	189	UG/106/02/2492362	2	20	0.5	4	80	90	2025-03-28 12:25:08.740395+00	Submitted
173	UGCR-AL RABBANIYYAH FRUITS-UG-121-07-24102461Pawpaws-8j7d-Qatar	33	50	187	UG/121/07/24102461	8	80	0.5	9.5	760	800	2025-03-28 12:26:02.42234+00	Submitted
174	UGCR-AL RABBANIYYAH FRUITS-UG-423-007-325001Pawpaws-4adq-Qatar	33	50	188	UG/423/007/325001	8	100	0.5	9.5	950	1000	2025-03-28 12:26:40.23285+00	Submitted
175	UGCR-RAK ET SPA-UG-121-033-24112530Roasted, Decaffeinated Coffee-4ssj-France	34	59	196	UG/121/033/24112530	48	100	0.5	10	1000	1050	2025-03-28 12:27:51.25474+00	Submitted
176	UGCR-RAK ET SPA-UG-106-07-24112530Roasted, Decaffeinated Coffee-7wz8-France	34	59	195	UG/106/07/24112530	8	100	0.2	4	400	420	2025-03-28 12:28:25.485383+00	Submitted
177	UGCR-RAK ET SPA-UG-106-012-24112530Roasted, Decaffeinated Coffee-kx93-France	34	59	193	UG/106/012/24112530	13	1000	0.1	5	5000	5100	2025-03-28 12:29:01.306281+00	Submitted
178	UGCR-RAK ET SPA-UG-106-01-35001Roasted, Decaffeinated Coffee-9yve-France	34	59	192	UG/106/01/35001	1	200	0.5	7	1400	1500	2025-03-28 12:29:28.985507+00	Submitted
179	UGCR-AL RABBANIYYAH FRUITS-UG-121-07-45091Pawpaws-s2sr-Qatar	33	50	198	UG/121/07/45091	8	100	0.5	9.5	950	1000	2025-03-28 12:37:45.235122+00	Submitted
180	UGCR-Ndiisa Trading LLC FZ-UG-106-38-24112638Jackfruit-cf6o-United Arab Emirates	30	53	197	UG/106/38/24112638	53	30	0.35	10	300	310.5	2025-03-28 12:37:58.95317+00	Submitted
182	UGCR-AL RABBANIYYAH FRUITS-UG-405-07-24102480Pawpaws-li3u-Qatar	33	50	186	UG/405/07/24102480	8	80	0.5	9.5	760	800	2025-03-28 12:40:03.258787+00	Submitted
181	UGCR-Ndiisa Trading LLC FZ-UG-106-5-24112638Jackfruit-oc3u-United Arab Emirates	30	53	194	UG/106/5/24112638	6	5	0.35	10	50	51.75	2025-03-28 12:38:53.270404+00	Submitted
183	UGCR-AL RABBANIYYAH FRUITS-UG-105-07-24102465Pawpaws-24kz-Qatar	33	50	185	UG/105/07/24102465	8	\N	\N	\N	\N	\N	2025-03-28 12:40:47.902767+00	Pending
184	UGCR-AL RABBANIYYAH FRUITS-UG-105-07-24102465Pawpaws-24kz-Qatar	33	50	185	UG/105/07/24102465	8	80	0.5	9.5	760	800	2025-03-28 12:41:55.362582+00	Submitted
185	UGCR-Aggarwal Ag Bern Zurich -UG-110-033-24112639Pumpkin-jvax-Switzerland	35	54	214	UG/110/033/24112639	48	10	0.35	10	100	103.5	2025-03-28 13:17:58.401839+00	Submitted
187	UGCR-TRANSFOOD GMBH-UG-113-033-25Roasted Coffee, Not Decaffeinated-m7fj-Germany	36	58	213	UG/113/033/25	48	30	0.5	10	300	315	2025-03-28 13:19:13.196366+00	Submitted
188	UGCR-TRANSFOOD GMBH-UG-105-013-24102502Roasted Coffee, Not Decaffeinated-78m2-Germany	36	58	212	UG/105/013/24102502	16	100	0.5	10	1000	1050	2025-03-28 13:19:46.076634+00	Submitted
191	UGCR-TRANSFOOD GMBH-UG-106-094-35262Roasted Coffee, Not Decaffeinated-p973-Germany	36	58	210	UG/106/094/35262	115	50	0.5	10	500	525	2025-03-28 13:20:53.679191+00	Submitted
192	UGCR-TRANSFOOD GMBH-UG-106-09-24102460Roasted Coffee, Not Decaffeinated-pcwe-Germany	36	58	209	UG/106/09/24102460	10	100	0.5	10	1000	1050	2025-03-28 13:21:23.35327+00	Submitted
194	UGCR-TRANSFOOD GMBH-UG-106-08-24102460Roasted Coffee, Not Decaffeinated-rkc6-Germany	36	58	207	UG/106/08/24102460	9	2	0.5	5	10	11	2025-03-28 13:22:22.364632+00	Submitted
186	UGCR-Aggarwal Ag Bern Zurich -UG-110-09-24112639Pumpkin-u7h0-Switzerland	35	54	201	UG/110/09/24112639	10	3	0.35	10	30	31.05	2025-03-28 13:18:52.276277+00	Submitted
189	UGCR-TRANSFOOD GMBH-UG-113-07-25Roasted Coffee, Not Decaffeinated-ifui-Germany	36	58	211	UG/113/07/25	8	25	0.5	10	250	262.5	2025-03-28 13:20:21.161468+00	Submitted
193	UGCR-TRANSFOOD GMBH-UG-215-022-5275Roasted Coffee, Not Decaffeinated-hu3x-Germany	36	58	208	UG/215/022/5275	36	70	0.5	10	700	735	2025-03-28 13:21:51.528595+00	Submitted
190	UGCR-Aggarwal Ag Bern Zurich -UG-113-03-58Pumpkin-jci0-Switzerland	35	54	200	UG/113/03/58	3	35	0.35	10	350	362.25	2025-03-28 13:20:39.208692+00	Submitted
195	UGCR-Aggarwal Ag Bern Zurich -UG-113-01-215Pumpkin-qati-Switzerland	35	54	199	UG/113/01/215	1	5	0.35	10	50	51.75	2025-03-28 13:22:50.608181+00	Submitted
196	UGCR-TRANSFOOD GMBH-UG-113-032-24102472Roasted Coffee, Not Decaffeinated-7pev-Germany	36	58	205	UG/113/032/24102472	47	35	0.5	10	350	367.5	2025-03-28 13:22:52.715689+00	Submitted
197	UGCR-TRANSFOOD GMBH-UG-104-01-5016Roasted Coffee, Not Decaffeinated-dkla-Germany	36	58	204	UG/104/01/5016	1	170	0.5	7	1190	1275	2025-03-28 13:23:39.114623+00	Submitted
198	UGCR-K2 IMPORTS-UG-104-467-24112584Other Coffee, Whether Or Not Roasted Or Decaffeinated;Coffee Husks & Skins; Coffee Su-wqjs-Sweden	37	60	229	UG/104/467/24112584	482	\N	\N	\N	\N	\N	2025-03-28 14:22:35.634521+00	Pending
199	UGCR-K2 IMPORTS-UG-104-467-24112584Other Coffee, Whether Or Not Roasted Or Decaffeinated;Coffee Husks & Skins; Coffee Su-wqjs-Sweden	37	60	229	UG/104/467/24112584	482	\N	\N	\N	\N	\N	2025-03-28 14:23:10.36638+00	Pending
200	UGCR-K2 IMPORTS-UG-119-049-24112551Other Coffee, Whether Or Not Roasted Or Decaffeinated;Coffee Husks & Skins; Coffee Su-zpcw-Sweden	37	60	226	UG/119/049/24112551	71	\N	\N	\N	\N	\N	2025-03-28 14:24:25.180656+00	Pending
201	UGCR-K2 IMPORTS-UG-113-038-60Other Coffee, Whether Or Not Roasted Or Decaffeinated;Coffee Husks & Skins; Coffee Su-0437-Sweden	37	60	223	UG/113/038/60	53	\N	\N	\N	\N	\N	2025-03-28 14:29:15.649998+00	Pending
202	UGCR-K2 IMPORTS-UG-122-035-60Other Coffee, Whether Or Not Roasted Or Decaffeinated;Coffee Husks & Skins; Coffee Su-dvm5-Sweden	37	60	222	UG/122/035/60	50	\N	\N	\N	\N	\N	2025-03-28 14:34:25.794695+00	Pending
203	UGCR-K2 IMPORTS-UG-122-034-60Other Coffee, Whether Or Not Roasted Or Decaffeinated;Coffee Husks & Skins; Coffee Su-d8n6-Sweden	37	60	221	UG/122/034/60	49	\N	\N	\N	\N	\N	2025-03-28 14:34:59.174219+00	Pending
204	UGCR-K2 IMPORTS-UG-122-09-45018Other Coffee, Whether Or Not Roasted Or Decaffeinated;Coffee Husks & Skins; Coffee Su-8kob-Sweden	37	60	216	UG/122/09/45018	10	\N	\N	\N	\N	\N	2025-03-28 14:35:19.468083+00	Pending
205	UGCR-K2 IMPORTS-UG-117-01-110026Other Coffee, Whether Or Not Roasted Or Decaffeinated;Coffee Husks & Skins; Coffee Su-irh0-Sweden	37	60	215	UG/117/01/110026	1	\N	\N	\N	\N	\N	2025-03-28 14:35:43.155375+00	Pending
206	UGCR-A and S EXOTIC-UG-115-02-20001Cucumbers And Gherkins-k44w-United Kingdom	38	68	239	UG/115/02/20001	2	50	0	4	200	200	2025-03-28 14:38:25.358151+00	Submitted
207	UGCR-A and S EXOTIC-UG-121-02-25026Cucumbers And Gherkins-ydc6-United Kingdom	38	68	238	UG/121/02/25026	2	200	0	4	800	800	2025-03-28 14:39:26.085811+00	Submitted
208	UGCR-Dastgyr UK LTD-UG-113-022-24112561Green Pepper-z5p0-United Kingdom	39	52	231	UG/113/022/24112561	36	90	0.1	4.89	440.09999999999997	449.09999999999997	2025-03-28 14:44:35.651721+00	Submitted
209	UGCR-Dastgyr UK LTD-UG-122-013-24112559Green Pepper-2qex-United Kingdom	39	52	230	UG/122/013/24112559	16	130	0.5	7.5	975	1040	2025-03-28 14:50:50.611552+00	Submitted
210	UGCR-Dastgyr UK LTD-UG-106-012-24112563Green Pepper-xbmq-United Kingdom	39	52	228	UG/106/012/24112563	13	65	0.5	4.5	292.5	325	2025-03-28 14:52:23.751962+00	Submitted
211	UGCR-Dastgyr UK LTD-UG-122-09-24112566Green Pepper-yga2-United Kingdom	39	52	227	UG/122/09/24112566	10	100	0.5	7.5	750	800	2025-03-28 14:53:12.465475+00	Submitted
212	UGCR-Dastgyr UK LTD-UG-122-08-24112566Green Pepper-4otc-United Kingdom	39	52	225	UG/122/08/24112566	9	30	0.5	4.5	135	150	2025-03-28 14:53:59.861684+00	Submitted
219	UGCR-Sunfresh-UG-104-01-24102384Groats And Meals Of Maize (Corn)-2nr5-United Kingdom	40	64	232	UG/104/01/24102384	1	100	0.5	5	500	550	2025-03-28 15:03:28.545193+00	Submitted
213	UGCR-Dastgyr UK LTD-UG-106-01-35001Green Pepper-0125-United Kingdom	39	52	224	UG/106/01/35001	1	20	0.5	5.5	110	120	2025-03-28 14:55:02.382489+00	Submitted
214	UGCR-Sunfresh-UG-122-013-2482358Groats And Meals Of Maize (Corn)-uygo-United Kingdom	40	64	237	UG/122/013/2482358	16	150	0.5	7	1050	1125	2025-03-28 14:57:25.463859+00	Submitted
215	UGCR-Sunfresh-UG-106-012-35083Groats And Meals Of Maize (Corn)-rqbe-United Kingdom	40	64	236	UG/106/012/35083	13	65	0.5	6	390	422.5	2025-03-28 14:58:18.036006+00	Submitted
216	UGCR-Sunfresh-UG-124-09-2482358Groats And Meals Of Maize (Corn)-eiea-United Kingdom	40	64	235	UG/124/09/2482358	10	120	0.5	7	840	900	2025-03-28 14:58:58.251759+00	Submitted
217	UGCR-Sunfresh-UG-124-08-2482358Groats And Meals Of Maize (Corn)-5fzr-United Kingdom	40	64	234	UG/124/08/2482358	9	20	0.5	5	100	110	2025-03-28 15:01:14.194674+00	Submitted
218	UGCR-Sunfresh-UG-124-07-2482358Groats And Meals Of Maize (Corn)-n7g9-United Kingdom	40	64	233	UG/124/07/2482358	8	20	0.5	7	140	150	2025-03-28 15:02:10.961974+00	Submitted
220	UGCR-BUTT INTERNATIONAL IMPORT& EXPORT BV-UG-104-01-80010Maize (Corn) Seed-ouil-Netherlands	41	61	242	UG/104/01/80010	1	\N	\N	\N	\N	\N	2025-03-28 15:28:39.91242+00	Pending
221	UGCR-Sunfresh-UG-122-032-45043Groats And Meals Of Maize (Corn)-6ttb-United Kingdom	40	64	240	UG/122/032/45043	47	60	0.5	9	540	570	2025-03-28 15:31:00.755508+00	Submitted
222	UGCR-BUTT INTERNATIONAL IMPORT& EXPORT BV-UG-410-07-24112538Maize (Corn) Seed-hdv0-Netherlands	41	61	220	UG/410/07/24112538	8	\N	\N	\N	\N	\N	2025-03-28 15:34:23.41407+00	Pending
223	UGCR-BUTT INTERNATIONAL IMPORT& EXPORT BV-UG-119-013-24112540Maize (Corn) Seed-sasq-Netherlands	41	61	219	UG/119/013/24112540	16	\N	\N	\N	\N	\N	2025-03-28 15:36:22.202655+00	Pending
224	UGCR-BUTT.-UG-105-013-24112695Maize (Corn) Seed-68ax-Netherlands	41	61	252	UG/105/013/24112695	16	200	0.5	8	1600	1700	2025-03-28 15:43:50.749057+00	Submitted
225	UGCR-BUTT.-UG-410-09-24112539Maize (Corn) Seed-q1sh-Netherlands	41	61	251	UG/410/09/24112539	10	63	0.8	16	1008	1058.4	2025-03-28 15:44:12.827411+00	Submitted
226	UGCR-BUTT.-UG-410-07-35072Maize (Corn) Seed-ddmt-Netherlands	41	61	250	UG/410/07/35072	8	50	0.5	8	400	425	2025-03-28 15:44:34.206295+00	Submitted
227	UGCR-BUTT.-UG-104-01-80010Maize (Corn) Seed-qytf-Netherlands	41	61	248	UG/104/01/80010	1	100	0.5	8	800	850	2025-03-28 15:45:13.581906+00	Submitted
228	UGCR-K2 IMPORTS-UG-122-01-60Other Coffee, Whether Or Not Roasted Or Decaffeinated;Coffee Husks & Skins; Coffee Su-qp5k-Sweden	37	60	255	UG/122/01/60	1	\N	\N	\N	\N	\N	2025-03-28 15:54:49.78598+00	Pending
229	UGCR-YASSEN FRUITS .-UG-122-025-24102423Turmeric-6rbk-United Kingdom	42	71	249	UG/122/025/24102423	39	50	0	5	250	250	2025-03-28 15:58:00.86747+00	Submitted
230	UGCR-YASSEN FRUITS .-UG-122-033-24102423Turmeric-fpr6-United Kingdom	42	71	246	UG/122/033/24102423	48	20	0	7	140	140	2025-03-28 15:58:19.68325+00	Submitted
231	UGCR-YASSEN FRUITS .-UG-124-08-24112611Turmeric-wfai-United Kingdom	42	71	245	UG/124/08/24112611	9	20	0	5	100	100	2025-03-28 15:58:43.84364+00	Submitted
232	UGCR-YASSEN FRUITS .-UG-119-013-24112611Turmeric-6bxd-United Kingdom	42	71	244	UG/119/013/24112611	16	100	0	8	800	800	2025-03-28 15:59:23.284061+00	Submitted
233	UGCR-YASSEN FRUITS .-UG-124-09-24112611Turmeric-726q-United Kingdom	42	71	243	UG/124/09/24112611	10	200	0	8	1600	1600	2025-03-28 15:59:59.97719+00	Submitted
234	UGCR-K2 IMPORTS-UG-113-01-110005Curry Leaves-bbbs-Sweden	43	72	263	UG/113/01/110005	1	10	0.5	5	50	55	2025-03-28 16:11:00.154858+00	Submitted
235	UGCR-Island imports-UG-235-025-24112774Maize (Corn) Starch-i6xd-United Kingdom	44	66	262	UG/235/025/24112774	39	15	0.5	5	75	82.5	2025-03-28 16:20:29.32486+00	Submitted
236	UGCR-Island imports-UG-122-013-2482358Maize (Corn) Starch-d0du-United Kingdom	44	66	261	UG/122/013/2482358	16	30	0.5	7	210	225	2025-03-28 16:22:04.810125+00	Submitted
237	UGCR-Island imports-UG-106-012-35083Maize (Corn) Starch-5cnl-United Kingdom	44	66	259	UG/106/012/35083	13	30	0.5	6	180	195	2025-03-28 16:23:04.575696+00	Submitted
238	UGCR-Island imports-UG-124-09-2482358Maize (Corn) Starch-jx4y-United Kingdom	44	66	258	UG/124/09/2482358	10	15	0.5	7	105	112.5	2025-03-28 16:23:45.561589+00	Submitted
239	UGCR-Island imports-UG-124-08-2482358Maize (Corn) Starch-lncv-United Kingdom	44	66	257	UG/124/08/2482358	9	60	0.5	5	300	330	2025-03-28 16:27:55.443578+00	Submitted
240	UGCR-Island imports-UG-124-07-2482358Maize (Corn) Starch-bicq-United Kingdom	44	66	256	UG/124/07/2482358	8	20	0.5	7	140	150	2025-03-28 16:29:05.563795+00	Submitted
241	UGCR-Island imports-UG-104-01-80010Maize (Corn) Starch-d4ot-United Kingdom	44	66	253	UG/104/01/80010	1	10	0.5	5	50	55	2025-03-28 16:29:39.420637+00	Submitted
242	UGCR-K2 IMPORTS-UG-104-467-24112584Curry Leaves-zjh5-Sweden	43	72	270	UG/104/467/24112584	482	4	0.5	4	16	18	2025-03-28 16:30:53.462615+00	Submitted
243	UGCR-K2 IMPORTS-UG-119-049-24112551Curry Leaves-2u01-Sweden	43	72	269	UG/119/049/24112551	71	6	0.5	4	24	27	2025-03-28 16:31:29.590193+00	Submitted
244	UGCR-K2 IMPORTS-UG-113-038-60Curry Leaves-723e-Sweden	43	72	268	UG/113/038/60	53	12	0.5	4	48	54	2025-03-28 16:31:55.030634+00	Submitted
245	UGCR-K2 IMPORTS-UG-122-035-60Curry Leaves-4xrf-Sweden	43	72	267	UG/122/035/60	50	16	0.5	4	64	72	2025-03-28 16:32:45.622088+00	Submitted
246	UGCR-K2 IMPORTS-UG-122-034-60Curry Leaves-7xxu-Sweden	43	72	265	UG/122/034/60	49	40	0.5	4	160	180	2025-03-28 16:33:19.691342+00	Submitted
247	UGCR-K2 IMPORTS-UG-122-09-45018Curry Leaves-l4jo-Sweden	43	72	264	UG/122/09/45018	10	17	0.5	4	68	76.5	2025-03-28 16:33:41.398273+00	Submitted
248	UGCR-MASSA INDUSTRIES LIMITED-UG-104-01-5016Other Worked Grains Of Maize (Corn)-f9tn-Canada	45	65	271	UG/104/01/5016	1	150	0.5	10	1500	1575	2025-03-28 16:44:55.01923+00	Submitted
249	UGCR-MASSA INDUSTRIES LIMITED-UG-118-024-2512870Other Worked Grains Of Maize (Corn)-74s5-Canada	45	65	266	UG/118/024/2512870	38	5	0	10.5	52.5	52.5	2025-03-28 16:49:39.759554+00	Submitted
250	UGCR-MASSA INDUSTRIES LIMITED-UG-404-022-24112709Other Worked Grains Of Maize (Corn)-a5te-Canada	45	65	260	UG/404/022/24112709	36	20	0.5	12	240	250	2025-03-28 16:50:34.339771+00	Submitted
251	UGCR-MASSA INDUSTRIES LIMITED-UG-106-013-24112707Other Worked Grains Of Maize (Corn)-2em6-Canada	45	65	247	UG/106/013/24112707	16	100	0.5	10	1000	1050	2025-03-28 16:53:16.21922+00	Submitted
252	UGCR-MASSA INDUSTRIES LIMITED-UG-118-09-24112681Other Worked Grains Of Maize (Corn)-xyba-Canada	45	65	241	UG/118/09/24112681	10	250	0.5	10	2500	2625	2025-03-28 16:56:20.52043+00	Submitted
253	UGCR-S.SWED-UG-105-09-24112695Woolflower-wvht-Sweden	46	67	275	UG/105/09/24112695	10	17	0.5	4	68	76.5	2025-03-28 17:44:04.148396+00	Submitted
254	UGCR-S.SWED-UG-410-08-24112539Woolflower-iytj-Sweden	46	67	274	UG/410/08/24112539	9	7	0.5	4	28	31.5	2025-03-28 17:44:27.640449+00	Submitted
255	UGCR-S.SWED-UG-108-003-2021Woolflower-4gee-Sweden	46	67	273	UG/108/003/2021	3	160	0.5	4	640	720	2025-03-28 17:44:54.844456+00	Submitted
256	UGCR-S.SWED-UG-108-02-2021Woolflower-lyj4-Sweden	46	67	272	UG/108/02/2021	2	20	0.5	4	80	90	2025-03-28 17:45:18.38092+00	Submitted
257	UGCR-PHX-UG-106-01-65011Maize (Corn) Flour-tao2-France	47	63	284	UG/106/01/65011	1	140	0.5	7	980	1050	2025-03-28 17:53:45.603636+00	Submitted
258	UGCR-PHX-UG-106-094-24112586Maize (Corn) Flour-swkj-France	47	63	281	UG/106/094/24112586	115	5	7	0.9	4.5	39.5	2025-03-28 17:55:26.558413+00	Submitted
259	UGCR-PHX-UG-106-033-24112586Maize (Corn) Flour-9yj4-France	47	63	280	UG/106/033/24112586	48	60	0.5	10	600	630	2025-03-28 17:57:15.553357+00	Submitted
260	UGCR-PHX-UG-126-013-24112640Maize (Corn) Flour-rrcz-France	47	63	279	UG/126/013/24112640	16	90	0.5	10	900	945	2025-03-28 18:25:11.95032+00	Submitted
261	UGCR-PHX-UG-121-012-30013Maize (Corn) Flour-71a5-France	47	63	278	UG/121/012/30013	13	100	0.5	10	1000	1050	2025-03-28 18:28:50.245252+00	Submitted
262	UGCR-PHX-UG-418-009-80055Maize (Corn) Flour-67du-France	47	63	277	UG/418/009/80055	10	20	0.9	10	200	218	2025-03-28 18:34:39.860123+00	Submitted
263	UGCR-PHX-UG-106-033-24112586Maize (Corn) Flour-9yj4-France	47	63	280	UG/106/033/24112586	48	\N	\N	\N	\N	\N	2025-03-28 18:52:15.372192+00	Pending
264	UGCR-PHX-UG-106-033-24112586Maize (Corn) Flour-9yj4-France	47	63	280	UG/106/033/24112586	48	\N	\N	\N	\N	\N	2025-03-28 18:59:57.322673+00	Pending
265	UGCR-PHX-UG-126-013-24112640Zucchini-mt1z-France	48	74	289	UG/126/013/24112640	16	90	0.5	10	900	945	2025-03-28 19:17:55.536994+00	Submitted
266	UGCR-PHX-UG-418-009-80055Zucchini-5mou-France	48	74	288	UG/418/009/80055	10	20	0.9	10	200	218	2025-03-28 19:19:07.230256+00	Submitted
267	UGCR-PHX-UG-106-094-24112586Zucchini-95kj-France	48	74	287	UG/106/094/24112586	115	5	0.9	10	50	54.5	2025-03-28 19:20:20.718965+00	Submitted
268	UGCR-PHX-UG-106-012-24112530Zucchini-gig1-France	48	74	286	UG/106/012/24112530	13	100	0.5	10	1000	1050	2025-03-28 19:22:58.418425+00	Submitted
269	UGCR-PHX-UG-106-01-65011Zucchini-cmx1-France	48	74	285	UG/106/01/65011	1	140	0.5	7	980	1050	2025-03-28 19:24:25.166811+00	Submitted
270	UGCR-LULU Dubai Hyper Market-UG-105-013-24112603Chandelier Plant (Cinamon)-cd6d-United Arab Emirates	49	70	290	UG/105/013/24112603	16	88	0.5	8	704	748	2025-03-28 23:55:51.421406+00	Submitted
271	UGCR-LULU Dubai Hyper Market-UG-105-07-24112604Chandelier Plant (Cinamon)-7hm8-United Arab Emirates	49	70	291	UG/105/07/24112604	8	50	0.3	4	200	215	2025-03-28 23:56:22.93114+00	Submitted
272	UGCR-LULU Dubai Hyper Market-UG-116-03-50035Chandelier Plant (Cinamon)-2ne8-United Arab Emirates	49	70	292	UG/116/03/50035	3	20	0.5	5	100	110	2025-03-28 23:57:11.545193+00	Submitted
273	UGCR-LULU Dubai Hyper Market-UG-107-02-24112608Chandelier Plant (Cinamon)-ukqv-United Arab Emirates	49	70	293	UG/107/02/24112608	2	30	0.5	4	120	135	2025-03-28 23:57:48.960691+00	Submitted
274	UGCR-NEW NESTO CENTER-UG-423-007-325001Brachycome X Hybrida-cqku-United Arab Emirates	50	76	295	UG/423/007/325001	8	250	0.3	3.7	925	1000	2025-03-29 05:27:04.46059+00	Submitted
275	UGCR-NEW NESTO CENTER-UG-121-07-45091Brachycome X Hybrida-v8zt-United Arab Emirates	50	76	294	UG/121/07/45091	8	250	0.3	3.7	925	1000	2025-03-29 05:27:42.81722+00	Submitted
276	UGCR-Aggarwal Ag Bern Zurich -UG-105-013-24102398Pumpkin-ruie-Switzerland	35	54	296	UG/105/013/24102398	16	30	0.35	10	300	310.5	2025-03-29 05:36:38.848711+00	Submitted
277	UGCR-S.G BERGAMINI SERGES-UG-117-09-24102412Parsley-ofig-Belgium	51	69	297	UG/117/09/24102412	10	140	1	16	2240	2380	2025-03-29 06:41:48.803782+00	Submitted
278	UGCR-S.G BERGAMINI SERGES-UG-122-013-24102381Parsley-mqif-Belgium	51	69	298	UG/122/013/24102381	16	101	0.5	9.5	959.5	1010	2025-03-29 06:52:10.061574+00	Submitted
279	UGCR-Owinio trading company Ltd-UG-113-26-113Turnip-75cn-United Kingdom	52	75	310	UG/113/26/113	40	20	0.5	5	100	110	2025-03-29 09:51:02.486048+00	Submitted
280	UGCR-Owinio trading company Ltd-UG-106-09-2472348Turnip-pwk2-United Kingdom	52	75	299	UG/106/09/2472348	10	200	0.5	10	2000	2100	2025-03-29 09:52:36.881556+00	Submitted
281	UGCR-Owinio trading company Ltd-UG-122-8-253997Turnip-jrta-United Kingdom	52	75	300	UG/122/8/253997	9	100	0.5	6	600	650	2025-03-29 09:53:18.06129+00	Submitted
282	UGCR-Owinio trading company Ltd-UG-122-7-253997Turnip-wkuk-United Kingdom	52	75	301	UG/122/7/253997	8	100	0.5	10	1000	1050	2025-03-29 09:53:55.731639+00	Submitted
283	UGCR-Owinio trading company Ltd-UG-122-033-24112559Turnip-dsyp-United Kingdom	52	75	303	UG/122/033/24112559	48	3	0.5	10	30	31.5	2025-03-29 09:54:47.970961+00	Submitted
284	UGCR-Owinio trading company Ltd-UG-122-300-253996Turnip-vbus-United Kingdom	52	75	302	UG/122/300/253996	316	10	0.5	10	100	105	2025-03-29 09:55:35.930805+00	Submitted
285	UGCR-LULU ABUDHABI HYPER MARKET LLC-UG-105-038-24112603Garden Dahlia-n7tz-United Arab Emirates	53	83	312	UG/105/038/24112603	53	125	1	8	1000	1125	2025-03-29 10:00:18.537193+00	Submitted
286	UGCR-Exotimex Europe-UG-106-07-35249Graceful Spurge-50su-Netherlands	54	85	318	UG/106/07/35249	8	15	0.5	9	135	142.5	2025-03-29 10:19:57.82567+00	Submitted
287	UGCR-Owinio trading company Ltd-UG-113-445-113Turnip-uk13-United Kingdom	52	75	307	UG/113/445/113	459	20	0.5	2.5	50	60	2025-03-29 10:23:26.161417+00	Submitted
288	UGCR-Owinio trading company Ltd-UG-122-038-24112559Turnip-o1sm-United Kingdom	52	75	305	UG/122/038/24112559	53	3	0.5	12	36	37.5	2025-03-29 10:24:31.836474+00	Submitted
289	UGCR-Owinio trading company Ltd-UG-113-39-113Turnip-kqgd-United Kingdom	52	75	314	UG/113/39/113	54	3	0.5	8	24	25.5	2025-03-29 10:25:14.2465+00	Submitted
290	UGCR-Owinio trading company Ltd-UG-106-032-113Turnip-23vc-United Kingdom	52	75	306	UG/106/032/113	47	10	0.1	12	120	121	2025-03-29 10:25:58.746154+00	Submitted
291	UGCR-Owinio trading company Ltd-UG-122-13-253996Turnip-wtb2-United Kingdom	52	75	304	UG/122/13/253996	16	50	0.5	10	500	525	2025-03-29 10:26:57.801494+00	Submitted
292	UGCR-LULU KUWAIT HYPERMARKET CENTRE CO. WLL-UG-105-013-24112603Dahlia-49d6-Kuwait	55	82	316	UG/105/013/24112603	16	13	0.5	8	104	110.5	2025-03-29 10:32:28.006039+00	Submitted
293	UGCR-LULU KUWAIT HYPERMARKET CENTRE CO. WLL-UG-105-008-24112603Dahlia-73pl-Kuwait	55	82	313	UG/105/008/24112603	9	5	0.5	6	30	32.5	2025-03-29 10:33:34.566855+00	Submitted
294	UGCR-LULU KUWAIT HYPERMARKET CENTRE CO. WLL-UG-105-09-24112603Dahlia-3g8l-Kuwait	55	82	319	UG/105/09/24112603	10	18	0.5	8	144	153	2025-03-29 10:34:06.715895+00	Submitted
295	UGCR-LULU KUWAIT HYPERMARKET CENTRE CO. WLL-UG-116-03-50035Dahlia-k86y-Kuwait	55	82	320	UG/116/03/50035	3	80	0.5	5	400	440	2025-03-29 10:38:38.9363+00	Submitted
296	UGCR-LULU KUWAIT HYPERMARKET CENTRE CO. WLL-UG-105-038-24112603Dahlia-2pbr-Kuwait	55	82	322	UG/105/038/24112603	53	35	1	8	280	315	2025-03-29 11:41:14.055686+00	Submitted
297	UGCR-AFRICAN FOOD MARKETS -UG-405-008-24122841New Guinea Impatiens-l0vc-Bahrain	56	88	337	UG/405/008/24122841	9	1	0.5	10	10	10.5	2025-03-29 13:07:10.87167+00	Submitted
298	UGCR-AFRICAN FOOD MARKETS -UG-115-013-24122840New Guinea Impatiens-iyjn-Bahrain	56	88	335	UG/115/013/24122840	16	5	0.5	10	50	52.5	2025-03-29 13:09:12.758283+00	Submitted
299	UGCR-AFRICAN FOOD MARKETS -UG-405-009-24122841New Guinea Impatiens-xcc6-Bahrain	56	88	333	UG/405/009/24122841	10	50	0.5	10	500	525	2025-03-29 13:10:41.163889+00	Submitted
300	UGCR-TRANSFOOD GMBH-UG-106-094-35262Bellflower-zty9-Germany	57	80	340	UG/106/094/35262	115	7	0.5	10	70	73.5	2025-03-29 13:23:59.937482+00	Submitted
301	UGCR-TRANSFOOD GMBH-UG-113-033-25Bellflower-rz67-Germany	57	80	339	UG/113/033/25	48	15	0.5	10	150	157.5	2025-03-29 13:24:43.832231+00	Submitted
302	UGCR-TRANSFOOD GMBH-UG-113-013-24102504Bellflower-vp2z-Germany	57	80	338	UG/113/013/24102504	16	16	0.5	10	160	168	2025-03-29 13:25:30.542224+00	Submitted
303	UGCR-TRANSFOOD GMBH-UG-106-09-24102460Bellflower-6ss5-Germany	57	80	336	UG/106/09/24102460	10	40	0.5	10	400	420	2025-03-29 13:26:35.951654+00	Submitted
304	UGCR-TRANSFOOD GMBH-UG-106-08-24102460Bellflower-bacg-Germany	57	80	334	UG/106/08/24102460	9	2	0.5	5	10	11	2025-03-29 13:27:11.720758+00	Submitted
305	UGCR-TRANSFOOD GMBH-UG-113-07-25Bellflower-d0kg-Germany	57	80	332	UG/113/07/25	8	3	0.5	10	30	31.5	2025-03-29 13:27:44.174172+00	Submitted
306	UGCR-TRANSFOOD GMBH-UG-104-01-5016Bellflower-ii2m-Germany	57	80	331	UG/104/01/5016	1	40	0.5	7	280	300	2025-03-29 13:29:05.622168+00	Submitted
309	UGCR-SAI TRADERS GMBH-UG-113-032-24102472Cuphea Hyssopifolia-ew1j-Switzerland	58	81	329	UG/113/032/24102472	47	\N	\N	\N	\N	\N	2025-03-29 13:31:10.152622+00	Pending
314	UGCR-SAI TRADERS GMBH-UG-215-022-5275Cuphea Hyssopifolia-xss5-Switzerland	58	81	324	UG/215/022/5275	36	10	0.5	10	100	105	2025-03-29 13:35:46.887733+00	Submitted
307	UGCR-SAI TRADERS GMBH-UG-113-033-25Cuphea Hyssopifolia-zx2m-Switzerland	58	81	330	UG/113/033/25	48	8	0.5	10	80	84	2025-03-29 13:29:57.480719+00	Submitted
308	UGCR-SAI TRADERS GMBH-UG-113-032-24102472Cuphea Hyssopifolia-ew1j-Switzerland	58	81	329	UG/113/032/24102472	47	8	0.5	10	80	84	2025-03-29 13:30:34.39281+00	Submitted
310	UGCR-SAI TRADERS GMBH-UG-113-013-24102504Cuphea Hyssopifolia-830v-Switzerland	58	81	328	UG/113/013/24102504	16	15	0.5	10	150	157.5	2025-03-29 13:32:11.221628+00	Submitted
311	UGCR-SAI TRADERS GMBH-UG-106-094-35262Cuphea Hyssopifolia-1mnn-Switzerland	58	81	327	UG/106/094/35262	115	5	0.5	10	50	52.5	2025-03-29 13:32:44.42078+00	Submitted
312	UGCR-SAI TRADERS GMBH-UG-113-07-25Cuphea Hyssopifolia-qs5d-Switzerland	58	81	326	UG/113/07/25	8	5	0.5	10	50	52.5	2025-03-29 13:33:14.945189+00	Submitted
313	UGCR-SAI TRADERS GMBH-UG-117-09-110065Cuphea Hyssopifolia-fubw-Switzerland	58	81	325	UG/117/09/110065	10	10	0.5	10	100	105	2025-03-29 13:34:24.506792+00	Submitted
315	UGCR-SAI TRADERS GMBH-UG-104-01-5016Cuphea Hyssopifolia-h7ge-Switzerland	58	81	323	UG/104/01/5016	1	12	0.5	7	84	90	2025-03-29 13:38:02.194246+00	Submitted
316	UGCR-Depot Yussuf-UG-204-014-235002Ground Ivy-5taw-Switzerland	59	86	343	UG/204/014/235002	17	24	0.5	5	120	132	2025-03-29 13:45:37.270095+00	Submitted
317	UGCR-Depot Yussuf-UG-106-07-35249Ground Ivy-dkj1-Switzerland	59	86	341	UG/106/07/35249	8	12	0.5	10	120	126	2025-03-29 13:47:40.691186+00	Submitted
318	UGCR-AFRICAN FOOD MARKETS -UG-115-0443-24122840New Guinea Impatiens-9eln-Bahrain	56	88	350	UG/115/0443/24122840	457	2	0.5	10	20	21	2025-03-29 14:25:45.694488+00	Submitted
319	UGCR-AFRICAN FOOD MARKETS -UG-122-07-24112572New Guinea Impatiens-84g8-Bahrain	56	88	351	UG/122/07/24112572	8	20	0.5	10	200	210	2025-03-29 15:24:01.25931+00	Submitted
320	UGCR-AFRICAN FOOD MARKETS -UG-106-033-24102410New Guinea Impatiens-8iu4-Bahrain	56	88	356	UG/106/033/24102410	48	3	0.5	10	30	31.5	2025-03-29 15:27:43.0238+00	Submitted
321	UGCR-Tropical SAS-UG-119-013-24112540Twinspur-6957-Belgium	60	77	359	UG/119/013/24112540	16	40	0.5	8	320	340	2025-03-29 15:36:17.033206+00	Submitted
322	UGCR-Tropical SAS-UG-113-032-24112533Twinspur-bqk4-Belgium	60	77	358	UG/113/032/24112533	47	8	0.5	10	80	84	2025-03-29 15:36:43.947974+00	Submitted
323	UGCR-Tropical SAS-UG-113-025-24112533Twinspur-3ssi-Belgium	60	77	357	UG/113/025/24112533	39	10	0.5	10	100	105	2025-03-29 15:37:25.421523+00	Submitted
324	UGCR-Tropical SAS-UG-119-012-24112583Twinspur-wq0d-Belgium	60	77	355	UG/119/012/24112583	13	10	0.5	8	80	85	2025-03-29 15:38:06.389009+00	Submitted
325	UGCR-Tropical SAS-UG-111-08-24112526Twinspur-fe9x-Belgium	60	77	354	UG/111/08/24112526	9	20	0.5	6	120	130	2025-03-29 15:38:37.128699+00	Submitted
326	UGCR-Tropical SAS-UG-111-09-24112526Twinspur-0bga-Belgium	60	77	353	UG/111/09/24112526	10	50	0.5	10	500	525	2025-03-29 15:39:29.94734+00	Submitted
327	UGCR-Tropical SAS-UG-410-07-35072Twinspur-8w8s-Belgium	60	77	352	UG/410/07/35072	8	10	0.5	10	100	105	2025-03-29 15:39:55.108652+00	Submitted
328	UGCR-Veggie Fruit S.r.o-UG-107-03-2452339scarlet gourd-7n5m-Czech Republic	61	20	217	UG/107/03/2452339	3	43	0.5	5	215	236.5	2025-03-29 16:08:22.752529+00	Submitted
329	UGCR-Veggie Fruit S.r.o-UG-107-03-2452338scarlet gourd-6fgp-Czech Republic	61	20	206	UG/107/03/2452338	3	110	0.5	5	550	605	2025-03-29 16:09:04.179098+00	Submitted
330	UGCR-Veggie Fruit S.r.o-UG-106-005-24112543scarlet gourd-pkjk-Czech Republic	61	20	203	UG/106/005/24112543	6	1	0.5	6	6	6.5	2025-03-29 16:09:39.665149+00	Submitted
331	UGCR-Veggie Fruit S.r.o-UG-107-032-2452331scarlet gourd-rtdx-Czech Republic	61	20	202	UG/107/032/2452331	47	42	0.2	20	840	848.4	2025-03-29 16:10:07.915008+00	Submitted
332	UGCR-Tropical SAS-UG-113-032-24112533Twinspur-dhbw-Belgium	60	77	369	UG/113/032/24112533	47	8	0.5	10	80	84	2025-03-29 16:32:58.688139+00	Submitted
333	UGCR-SAI TRADERS GMBH-UG-104-3-5016Cuphea Hyssopifolia-oo9t-Switzerland	58	81	370	UG/113/300/24102472	316	1	0.5	10	10	10.5	2025-03-29 16:37:38.641547+00	Submitted
334	UGCR-SAI TRADERS GMBH-UG-104-3-5016Cuphea Hyssopifolia-sumh-Switzerland	58	81	372	UG/104/3/5016	3	50	0.5	5	250	275	2025-03-29 16:41:57.934478+00	Submitted
335	UGCR-TRANSFOOD GMBH-UG-113-300-24102472Bellflower-3mvb-Germany	57	80	373	UG/113/300/24102472	316	2	0.5	10	20	21	2025-03-29 16:46:21.612005+00	Submitted
336	UGCR-Thomas pepprah-UG-113-42-113African Daisy-wzef-Sweden	62	91	376	UG/113/42/113	61	3	0.5	10	30	31.5	2025-03-29 17:09:01.412215+00	Submitted
337	UGCR-Thomas pepprah-UG-113-445-113African Daisy-1rdi-Sweden	62	91	375	UG/113/445/113	459	4	0.5	5	20	22	2025-03-29 17:09:39.883033+00	Submitted
338	UGCR-Thomas pepprah-UG-113-39-113African Daisy-rtr7-Sweden	62	91	374	UG/113/39/113	54	6	0.5	5	30	33	2025-03-29 17:10:29.292327+00	Submitted
339	UGCR-Thomas pepprah-UG-106-032-113African Daisy-qvx8-Sweden	62	91	368	UG/106/032/113	47	3	0.5	10	30	31.5	2025-03-29 17:11:17.077288+00	Submitted
340	UGCR-Thomas pepprah-UG-122-7-253997African Daisy-dd76-Sweden	62	91	367	UG/122/7/253997	8	6	0.5	10	60	63	2025-03-29 17:12:07.476226+00	Submitted
341	UGCR-Thomas pepprah-UG-122-033-24112559African Daisy-xs9z-Sweden	62	91	366	UG/122/033/24112559	48	6	0.5	10	60	63	2025-03-29 17:12:54.146851+00	Submitted
342	UGCR-Thomas pepprah-UG-122-300-253996African Daisy-bctf-Sweden	62	91	365	UG/122/300/253996	316	10	0.5	10	100	105	2025-03-29 17:13:56.751634+00	Submitted
343	UGCR-Thomas pepprah-UG-122-8-253997African Daisy-w2x6-Sweden	62	91	364	UG/122/8/253997	9	3	0.5	6	18	19.5	2025-03-29 17:14:48.958303+00	Submitted
344	UGCR-Thomas pepprah-UG-122-13-253996African Daisy-ssxp-Sweden	62	91	363	UG/122/13/253996	16	40	0.5	10	400	420	2025-03-29 17:15:40.157459+00	Submitted
345	UGCR-Thomas pepprah-UG-106-01-2472348African Daisy-zzhw-Sweden	62	91	362	UG/106/01/2472348	1	10	0.5	10	100	105	2025-03-29 17:16:26.846457+00	Submitted
346	UGCR-Thomas pepprah-UG-122-09-24112559African Daisy-38dp-Sweden	62	91	361	UG/122/09/24112559	10	60	0.5	10	600	630	2025-03-29 17:17:27.264714+00	Submitted
347	UGCR-Thomas pepprah-UG-113-18-113African Daisy-jqbv-Sweden	62	91	360	UG/113/18/113	22	5	0.5	12	60	62.5	2025-03-29 17:18:04.834202+00	Submitted
348	UGCR-Thomas pepprah-UG-113-12-113African Daisy-d2ot-Sweden	62	91	377	UG/113/12/113	15	2	0.5	8	16	17	2025-03-29 17:29:42.496204+00	Submitted
349	UGCR-ALFAJRAS-UG-122-033-45067Ivy Geranium-blcb-Netherlands	63	92	383	UG/122/033/45067	48	22	0.5	5	110	121	2025-03-29 18:28:20.383137+00	Submitted
350	UGCR-ALFAJRAS-UG-204-014-75013Ivy Geranium-14uu-Netherlands	63	92	382	UG/204/014/75013	17	70	0.5	5	350	385	2025-03-29 18:29:26.169419+00	Submitted
352	UGCR-ALFAJRAS-UG-115-009-24112777Ivy Geranium-xxrv-Netherlands	63	92	379	UG/115/009/24112777	10	70	0.5	5	350	385	2025-03-29 18:31:04.508186+00	Submitted
354	UGCR-ALFAJRAS-UG-105-013-45094Ivy Geranium-h6i3-Netherlands	63	92	380	UG/105/013/45094	16	22	0.5	5	110	121	2025-03-29 18:32:36.805952+00	Submitted
351	UGCR-ALFAJRAS-UG-106-01-35061Ivy Geranium-wg6k-Netherlands	63	92	378	UG/106/01/35061	1	42	0.5	5	210	231	2025-03-29 18:30:20.584529+00	Submitted
353	UGCR-ALFAJRAS-UG-102-0442-24112715Ivy Geranium-s8g9-Netherlands	63	92	384	UG/102/0442/24112715	456	30	0.5	5	150	165	2025-03-29 18:31:50.302563+00	Submitted
355	UGCR-Moonz trading llc-UG-122-07-5085eeping Zinnia-6nmp-United Arab Emirates	64	96	393	UG/122/07/5085	8	250	0.3	3.7	925	1000	2025-03-29 20:25:06.026488+00	Submitted
356	UGCR-K AND A FOOD CENTRE LTD-UG-320-023-24112552Blue Spurflower-9er6-United Kingdom	65	95	391	UG/320/023/24112552	37	25	0.5	6	150	162.5	2025-03-29 22:16:43.496398+00	Submitted
357	UGCR-K AND A FOOD CENTRE LTD-UG-124-07-270025Blue Spurflower-8qq4-United Kingdom	65	95	390	UG/124/07/270025	8	31	0.5	7	217	232.5	2025-03-29 22:17:04.783687+00	Submitted
358	UGCR-K AND A FOOD CENTRE LTD-UG-104-01-2452329Blue Spurflower-efmf-United Kingdom	65	95	389	UG/104/01/2452329	1	34	0.5	6	204	221	2025-03-29 22:17:30.302437+00	Submitted
359	UGCR-K AND A FOOD CENTRE LTD-UG-124-09-270025Blue Spurflower-a16r-United Kingdom	65	95	387	UG/124/09/270025	10	50	0.5	7	350	375	2025-03-29 22:17:55.474667+00	Submitted
360	UGCR-K AND A FOOD CENTRE LTD-UG-124-013-270025Blue Spurflower-jqni-United Kingdom	65	95	385	UG/124/013/270025	16	71	0.5	7	497	532.5	2025-03-29 22:18:28.753757+00	Submitted
361	UGCR-K AND A FOOD CENTRE LTD-UG-104-002-2452329Blue Spurflower-6irq-United Kingdom	65	95	392	UG/104/002/2452329	2	21	0.5	4	84	94.5	2025-03-29 22:18:55.890905+00	Submitted
362	UGCR-LULU HYPERMARKET TRADING CO.-UG-105-07-24112604Scaevola Saligna-i02e-Qatar	66	97	394	UG/105/07/24112604	8	75	0.5	10	750	787.5	2025-03-30 02:45:55.39053+00	Submitted
363	UGCR-LULU HYPERMARKET TRADING CO.-UG-105-09-24112603Scaevola Saligna-vjoy-Qatar	66	97	395	UG/105/09/24112603	10	34	0.5	6	204	221	2025-03-30 02:46:57.967336+00	Submitted
364	UGCR-Sunfresh-UG-124-09-2482358Golden Pothos-Devil'S Ivy-woxk-United Kingdom	67	101	403	UG/124/09/2482358	10	71	0.5	7	497	532.5	2025-03-30 05:10:09.916372+00	Submitted
365	UGCR-Sunfresh-UG-235-025-24112774Golden Pothos-Devil'S Ivy-p5n0-United Kingdom	67	101	402	UG/235/025/24112774	39	40	0.5	5	200	220	2025-03-30 05:11:47.447316+00	Submitted
366	UGCR-Sunfresh-UG-124-09-2482358Golden Pothos-Devil'S Ivy-g6w1-United Kingdom	67	101	401	UG/124/09/2482358	10	1	0.5	4	4	4.5	2025-03-30 05:12:35.120658+00	Submitted
367	UGCR-Sunfresh-UG-106-012-35083Golden Pothos-Devil'S Ivy-tjt3-United Kingdom	67	101	400	UG/106/012/35083	13	50	0.5	6	300	325	2025-03-30 05:14:11.521574+00	Submitted
368	UGCR-Sunfresh-UG-124-07-2482358Golden Pothos-Devil'S Ivy-90q5-United Kingdom	67	101	399	UG/124/07/2482358	8	40	0.5	7	280	300	2025-03-30 05:14:56.635267+00	Submitted
369	UGCR-Sunfresh-UG-124-08-2482358Golden Pothos-Devil'S Ivy-wmmm-United Kingdom	67	101	398	UG/124/08/2482358	9	40	0.5	5	200	220	2025-03-30 05:15:33.055329+00	Submitted
370	UGCR-Sunfresh-UG-104-01-24102384Golden Pothos-Devil'S Ivy-zriz-United Kingdom	67	101	397	UG/104/01/24102384	1	100	0.5	5	500	550	2025-03-30 05:16:05.23135+00	Submitted
371	UGCR-Sunfresh-UG-122-013-2482358Golden Pothos-Devil'S Ivy-wo23-United Kingdom	67	101	396	UG/122/013/2482358	16	160	0.5	7	1120	1200	2025-03-30 05:16:39.81232+00	Submitted
372	UGCR-Sunfresh-UG-106-02-35083Stem Rooting-goxt-United Kingdom	68	102	404	UG/106/02/35083	2	256	0.5	4	1024	1152	2025-03-30 05:24:27.474094+00	Submitted
373	UGCR-Sunfresh-UG-108-02-24102431Stem Rooting-qlj8-United Kingdom	68	102	407	UG/108/02/24102431	2	112	0.5	4	448	504	2025-03-30 05:31:28.075047+00	Submitted
374	UGCR-Sunfresh-UG-108-02-24102438Stem Rooting-p1yv-United Kingdom	68	102	406	UG/108/02/24102438	2	47	0.5	4	188	211.5	2025-03-30 05:33:33.20963+00	Submitted
375	UGCR-Sunfresh-UG-106-02-2472347Stem Rooting-arix-United Kingdom	68	102	405	UG/106/02/2472347	2	97	0.5	4	388	436.5	2025-03-30 05:35:05.887635+00	Submitted
376	UGCR-Green fresh-UG-122-013-2482358Flour, Meal And Powder Of Sago Or Of Roots Or Tubers-px5j-United Kingdom	69	103	415	UG/122/013/2482358	16	80	0.5	7	560	600	2025-03-30 06:48:26.732394+00	Submitted
377	UGCR-Green fresh-UG-124-08-2482358Flour, Meal And Powder Of Sago Or Of Roots Or Tubers-wsgh-United Kingdom	69	103	410	UG/124/08/2482358	9	20	0.5	5	100	110	2025-03-30 07:09:07.094394+00	Submitted
378	UGCR-Green fresh-UG-124-07-2482358Flour, Meal And Powder Of Sago Or Of Roots Or Tubers-4w7y-United Kingdom	69	103	409	UG/124/07/2482358	8	20	0.5	7	140	150	2025-03-30 07:09:39.351315+00	Submitted
379	UGCR-Green fresh-UG-113-018-24102458Flour, Meal And Powder Of Sago Or Of Roots Or Tubers-toh8-United Kingdom	69	103	411	UG/113/018/24102458	21	30	0.5	10	300	315	2025-03-30 07:10:09.660198+00	Submitted
380	UGCR-Green fresh-UG-124-09-2482358Flour, Meal And Powder Of Sago Or Of Roots Or Tubers-vxy9-United Kingdom	69	103	412	UG/124/09/2482358	10	40	0.5	7	280	300	2025-03-30 07:10:51.23337+00	Submitted
382	UGCR-Green fresh-UG-235-025-24112774Flour, Meal And Powder Of Sago Or Of Roots Or Tubers-hcnu-United Kingdom	69	103	413	UG/235/025/24112774	39	40	0.5	5	200	220	2025-03-30 07:13:45.217243+00	Submitted
381	UGCR-Ellimon Exim-UG-113-02-24112598Ceropegia-tssy-Maldives	70	104	426	UG/113/02/24112598	2	52	0.265	4	208	221.78	2025-03-30 07:13:19.584478+00	Submitted
384	UGCR-Green fresh-UG-104-032-24102458Flour, Meal And Powder Of Sago Or Of Roots Or Tubers-qigj-United Kingdom	69	103	414	UG/104/032/24102458	47	30	0.5	9	270	285	2025-03-30 07:14:16.849312+00	Submitted
383	UGCR-Ellimon Exim-UG-106-005-24102428Ceropegia-wtxw-Maldives	70	104	425	UG/106/005/24102428	6	25	0.5	6	150	162.5	2025-03-30 07:14:15.743968+00	Submitted
385	UGCR-Ellimon Exim-UG-122-07-45054Ceropegia-0rql-Maldives	70	104	424	UG/122/07/45054	8	150	0.265	4	600	639.75	2025-03-30 07:14:48.024021+00	Submitted
386	UGCR-LULU HYPERMARKET TRADING CO.-UG-105-038-24112603Hardy Ice Plant-vy1a-Qatar	71	112	451	UG/105/038/24112603	53	75	1	8	600	675	2025-03-30 09:50:40.404083+00	Submitted
387	UGCR-FRE PRO LIMITED-UG-108-023-24112522Araliaceous (Woody- Climbing -Trailingplant)-ztba-United Kingdom	72	107	452	UG/108/023/24112522	37	60	0	6	360	360	2025-03-30 10:02:09.932373+00	Submitted
390	UGCR-FRE PRO LIMITED-UG-124-08-24112611Araliaceous (Woody- Climbing -Trailingplant)-wthu-United Kingdom	72	107	446	UG/124/08/24112611	9	60	0	5	300	300	2025-03-30 10:03:30.012655+00	Submitted
388	UGCR-FRE PRO LIMITED-UG-119-013-24112611Araliaceous (Woody- Climbing -Trailingplant)-eghi-United Kingdom	72	107	448	UG/119/013/24112611	16	60	0	8	480	480	2025-03-30 10:02:28.442404+00	Submitted
389	UGCR-FRE PRO LIMITED-UG-106-012-24102520Araliaceous (Woody- Climbing -Trailingplant)-24wi-United Kingdom	72	107	447	UG/106/012/24102520	13	50	0	5	250	250	2025-03-30 10:03:07.143458+00	Submitted
392	UGCR-FRE PRO LIMITED-UG-121-02-30013Araliaceous (Woody- Climbing -Trailingplant)-m9c8-United Kingdom	72	107	444	UG/121/02/30013	2	250	0	4	1000	1000	2025-03-30 10:04:23.893653+00	Submitted
393	UGCR-FRE PRO LIMITED-UG-113-032-24112533Araliaceous (Woody- Climbing -Trailingplant)-cr8s-United Kingdom	72	107	458	UG/113/032/24112533	47	50	0	8	400	400	2025-03-30 10:04:44.80526+00	Submitted
391	UGCR-FRE PRO LIMITED-UG-124-07-24112611Araliaceous (Woody- Climbing -Trailingplant)-oneh-United Kingdom	72	107	445	UG/124/07/24112611	8	50	0	8	400	400	2025-03-30 10:03:58.638177+00	Submitted
394	UGCR-ECOLOG INTERNATIONAL FZE ABYEI-UG-104-053-24112630Cocoyam-l7jz-Sudan	73	48	456	UG/104/053/24112630	75	1	1	2	2	3	2025-03-30 10:14:34.171864+00	Submitted
395	UGCR-LULU HYPERMARKET TRADING CO.-UG-105-09-24112603Photinia (Red Tip)-tsot-Qatar	74	111	459	UG/105/09/24112603	10	34	0.5	6	204	221	2025-03-30 10:15:19.155355+00	Submitted
396	UGCR-LULU HYPERMARKET TRADING CO.-UG-105-07-24112604Photinia (Red Tip)-0tcb-Qatar	74	111	457	UG/105/07/24112604	8	80	0.5	10	800	840	2025-03-30 10:16:03.320734+00	Submitted
397	UGCR-ECOLOG INTERNATIONAL FZE ABYEI-UG-116-029-24112714Cocoyam-ad1s-Sudan	73	48	455	UG/116/029/24112714	44	84	1	25	2100	2184	2025-03-30 10:19:09.321164+00	Submitted
398	UGCR-ECOLOG INTERNATIONAL FZE ABYEI-UG-212-039-24112628Cocoyam-vedx-Sudan	73	48	454	UG/212/039/24112628	54	13	1	15	195	208	2025-03-30 10:21:18.230075+00	Submitted
399	UGCR-ECOLOG INTERNATIONAL FZE ABYEI-UG-408-013-155001Cocoyam-w8to-Sudan	73	48	453	UG/408/013/155001	16	1	1	15	15	16	2025-03-30 10:22:07.075307+00	Submitted
400	UGCR-ECOLOG INTERNATIONAL FZE ABYEI-UG-429-0275-24112626Cocoyam-d7uw-Sudan	73	48	450	UG/429/0275/24112626	291	39	1	28	1092	1131	2025-03-30 10:22:43.326634+00	Submitted
401	UGCR-ECOLOG INTERNATIONAL FZE ABYEI-UG-104-026-24112625Cocoyam-wqos-Sudan	73	48	449	UG/104/026/24112625	40	9	1	15	135	144	2025-03-30 10:23:33.327088+00	Submitted
402	UGCR-ECOLOG INTERNATIONAL FZE ABYEI-UG-113-021-130002Cocoyam-2tfw-Sudan	73	48	440	UG/113/021/130002	33	10	1	10	100	110	2025-03-30 10:24:07.806312+00	Submitted
403	UGCR-ECOLOG INTERNATIONAL FZE ABYEI-UG-113-03-15003Cocoyam-y1l7-Sudan	73	48	438	UG/113/03/15003	3	22	1	10	220	242	2025-03-30 10:24:57.880365+00	Submitted
404	UGCR-ECOLOG INTERNATIONAL FZE ABYEI-UG-113-02-5038Cocoyam-9zi8-Sudan	73	48	434	UG/113/02/5038	2	22	1	9	198	220	2025-03-30 10:25:25.324823+00	Submitted
405	UGCR-ECOLOG INTERNATIONAL FZE ABYEI-UG-102-047-24112635Cocoyam-njpy-Sudan	73	48	431	UG/102/047/24112635	69	2	1	2	4	6	2025-03-30 10:26:10.074364+00	Submitted
406	UGCR-ECOLOG INTERNATIONAL FZE ABYEI-UG-116-0337-15003Cocoyam-001i-Sudan	73	48	430	UG/116/0337/15003	351	1	1	5	5	6	2025-03-30 10:26:36.800123+00	Submitted
407	UGCR-ECOLOG INTERNATIONAL FZE ABYEI-UG-104-014-5038Cocoyam-qwyo-Sudan	73	48	429	UG/104/014/5038	17	3	1	10	30	33	2025-03-30 10:29:47.424402+00	Submitted
408	UGCR-LULU BAHRAIN HYPER MARKET W.L.L-UG-107-02-24112608Spindle Tree,Burning Bush, Wahoo-871b-Bahrain	75	108	460	UG/107/02/24112608	2	20	0.5	4	80	90	2025-03-30 10:30:41.852207+00	Submitted
409	UGCR-LULU BAHRAIN HYPER MARKET W.L.L-UG-105-07-24112604Spindle Tree,Burning Bush, Wahoo-70ud-Bahrain	75	108	463	UG/105/07/24112604	8	90	0.5	10	900	945	2025-03-30 10:31:21.331513+00	Submitted
410	UGCR-LULU BAHRAIN HYPER MARKET W.L.L-UG-105-038-24112603Spindle Tree,Burning Bush, Wahoo-ou49-Bahrain	75	108	461	UG/105/038/24112603	53	25	1	8	200	225	2025-03-30 10:31:53.238894+00	Submitted
411	UGCR-LULU BAHRAIN HYPER MARKET W.L.L-UG-105-008-24112603Spindle Tree,Burning Bush, Wahoo-ywan-Bahrain	75	108	462	UG/105/008/24112603	9	6	0.5	6	36	39	2025-03-30 10:32:25.38967+00	Submitted
412	UGCR-ECOLOG INTERNATIONAL FZE ABYEI-UG-212-028-24112628Cocoyam-xobz-Sudan	73	48	428	UG/212/028/24112628	43	2	1	20	40	42	2025-03-30 10:36:02.563537+00	Submitted
413	UGCR-ECOLOG INTERNATIONAL FZE ABYEI-UG-104-04-135090Cocoyam-iyxe-Sudan	73	48	427	UG/104/04/135090	5	11	1	20	220	231	2025-03-30 10:36:41.227391+00	Submitted
414	UGCR-ECOLOG INTERNATIONAL FZE ABYEI-UG-404-0246-24112636Cocoyam-kqo4-Sudan	73	48	423	UG/404/0246/24112636	262	46	1	10	460	506	2025-03-30 10:37:28.894562+00	Submitted
415	UGCR-LULU Dubai Hyper Market-UG-105-038-24112603Summer Lilac, Butterfly-Bush-negb-United Arab Emirates	76	109	464	UG/105/038/24112603	53	150	1	8	1200	1350	2025-03-30 10:37:29.88652+00	Submitted
416	UGCR-ECOLOG INTERNATIONAL FZE ABYEI-UG-106-251-35003Cocoyam-1whe-Sudan	73	48	422	UG/106/251/35003	267	24	1	10	240	264	2025-03-30 10:38:01.702393+00	Submitted
417	UGCR-ECOLOG INTERNATIONAL FZE ABYEI-UG-429-0249-24112711Cocoyam-ku4e-Sudan	73	48	421	UG/429/0249/24112711	265	12	1	15	180	192	2025-03-30 10:39:00.750095+00	Submitted
418	UGCR-ECOLOG INTERNATIONAL FZE ABYEI-UG-104-0259-135090Cocoyam-omaj-Sudan	73	48	420	UG/104/0259/135090	275	41	1	25	1025	1066	2025-03-30 10:39:33.19185+00	Submitted
419	UGCR-ECOLOG INTERNATIONAL FZE ABYEI-UG-404-031-24112711Cocoyam-s9ml-Sudan	73	48	419	UG/404/031/24112711	46	25	1	20	500	525	2025-03-30 10:40:11.092982+00	Submitted
420	UGCR-ECOLOG INTERNATIONAL FZE ABYEI-UG-102-018-24112635Cocoyam-dxbx-Sudan	73	48	418	UG/102/018/24112635	21	6	4	15	90	114	2025-03-30 10:40:32.80377+00	Submitted
421	UGCR-ECOLOG INTERNATIONAL FZE ABYEI-UG-410-010-24112710Cocoyam-r98z-Sudan	73	48	417	UG/410/010/24112710	11	5	1	20	100	105	2025-03-30 10:41:24.782711+00	Submitted
422	UGCR-ECOLOG INTERNATIONAL FZE ABYEI-UG-418-09-24112710Cocoyam-v4sx-Sudan	73	48	416	UG/418/09/24112710	10	7	1	20	140	147	2025-03-30 10:42:14.901729+00	Submitted
423	UGCR-LULU MUSCAT HYPERMARKET L.L.C-UG-105-038-24112603Seeds Of Herbaceous Plants-t96w-Oman	77	110	465	UG/105/038/24112603	53	125	1	8	1000	1125	2025-03-30 10:42:32.313303+00	Submitted
424	UGCR-ECOLOG INTERNATIONAL FZE ABYEI-UG-122-016-100003Cocoyam-m7on-Sudan	73	48	408	UG/122/016/100003	19	30	1	10	300	330	2025-03-30 10:42:48.255641+00	Submitted
425	UGCR-sipi farmers -UG-108-038-24112806Pineapples, Fresh Or Dried-gz1j-Czech Republic	78	40	443	UG/108/038/24112806	53	\N	\N	\N	\N	\N	2025-03-30 12:17:09.981146+00	Pending
426	UGCR-sipi farmers -UG-106-012-24112805Pineapples, Fresh Or Dried-gura-Czech Republic	78	40	442	UG/106/012/24112805	13	2	0.4	5	10	10.8	2025-03-30 12:18:00.934548+00	Submitted
427	UGCR-sipi farmers -UG-108-0441-24112806Pineapples, Fresh Or Dried-dgkq-Czech Republic	78	40	441	UG/108/0441/24112806	455	2	0.5	5	10	11	2025-03-30 12:18:50.208053+00	Submitted
428	UGCR-sipi farmers -UG-108-007-24112806Pineapples, Fresh Or Dried-8tc8-Czech Republic	78	40	439	UG/108/007/24112806	8	60	0.4	5	300	324	2025-03-30 12:19:33.178757+00	Submitted
429	UGCR-sipi farmers -UG-105-032-24112809Pineapples, Fresh Or Dried-9rdt-Czech Republic	78	40	437	UG/105/032/24112809	47	4	0.1	10	40	40.4	2025-03-30 12:20:24.293461+00	Submitted
430	UGCR-sipi farmers -UG-410-008-24112804Pineapples, Fresh Or Dried-ud9r-Czech Republic	78	40	436	UG/410/008/24112804	9	32	0.4	5	160	172.8	2025-03-30 12:21:35.12201+00	Submitted
431	UGCR-sipi farmers -UG-410-094-24112804Pineapples, Fresh Or Dried-kvea-Czech Republic	78	40	435	UG/410/094/24112804	115	70	0.4	5	350	378	2025-03-30 12:22:37.882028+00	Submitted
432	UGCR-sipi farmers -UG-105-043-24112809Pineapples, Fresh Or Dried-79dh-Czech Republic	78	40	433	UG/105/043/24112809	443	4	0.7	10	40	42.8	2025-03-30 12:24:29.201628+00	Submitted
433	UGCR-sipi farmers -UG-421-004-24122842Pineapples, Fresh Or Dried-it7m-Czech Republic	78	40	432	UG/421/004/24122842	5	130	0.4	5	650	702	2025-03-30 12:25:33.973751+00	Submitted
434	UGCR-sipi farmers -UG-108-038-24112806Pineapples, Fresh Or Dried-wzxy-Czech Republic	78	40	482	UG/108/038/24112806	53	20	0.1	10	200	202	2025-03-30 12:34:11.730593+00	Submitted
435	UGCR-KVEG WHOLESALERS-UG-124-09-24102449Perennial Verbena( Red Devil)-k7zl-United Kingdom	79	98	483	UG/124/09/24102449	10	80	0.5	8	640	680	2025-03-30 12:37:54.252197+00	Submitted
436	UGCR-ARGHYA ENTERPRISES LIMITED.-UG-418-07-240001Purslane-dn6p-United Kingdom	80	93	481	UG/418/07/240001	8	147	0.5	7.5	1102.5	1176	2025-03-30 12:42:35.572895+00	Submitted
437	UGCR-sipi farmers -UG-108-007-24112806Pineapples, Fresh Or Dried-qkyt-Czech Republic	78	40	484	UG/108/007/24112806	8	56	0.4	5	280	302.4	2025-03-30 12:43:38.851511+00	Submitted
438	UGCR-ARGHYA ENTERPRISES LIMITED.-UG-105-013-24102398Purslane-y236-United Kingdom	80	93	485	UG/105/013/24102398	16	200	0.5	7.5	1500	1600	2025-03-30 12:47:46.677459+00	Submitted
439	UGCR-ARGHYA ENTERPRISES LIMITED.-UG-122-013-24102417Purslane-ke33-United Kingdom	80	93	486	UG/122/013/24102417	16	192	0.5	7.5	1440	1536	2025-03-30 12:54:14.991128+00	Submitted
440	UGCR-ARGHYA ENTERPRISES LIMITED.-UG-122-013-24102423Purslane-p3aj-United Kingdom	80	93	487	UG/122/013/24102423	16	183	0.5	7.5	1372.5	1464	2025-03-30 13:04:02.981501+00	Submitted
441	UGCR-ARGHYA ENTERPRISES LIMITED.-UG-122-013-45101Purslane-1383-United Kingdom	80	93	488	UG/122/013/45101	16	50	0.5	7.5	375	400	2025-03-30 13:10:11.650806+00	Submitted
442	UGCR-ARGHYA ENTERPRISES LIMITED.-UG-104-03-5036Purslane-jc2x-United Kingdom	80	93	489	UG/104/03/5036	3	3	0.5	2.7	8.100000000000001	9.600000000000001	2025-03-30 13:32:11.19093+00	Submitted
443	UGCR-JUBA-UNMISS,C-O.ES-KO INTERNATIONAL-UG-403-016-24112780Sugar Cane-4t1m-South Sudan	81	47	477	UG/403/016/24112780	19	30	10	10	300	600	2025-03-30 13:34:14.140937+00	Submitted
444	UGCR-JUBA-UNMISS,C-O.ES-KO INTERNATIONAL-UG-108-012-24112629Sugar Cane-j0je-South Sudan	81	47	476	UG/108/012/24112629	13	34	1	25	850	884	2025-03-30 13:35:30.764411+00	Submitted
445	UGCR-JUBA-UNMISS,C-O.ES-KO INTERNATIONAL-UG-403-039-24112634Sugar Cane-kqu9-South Sudan	81	47	475	UG/403/039/24112634	54	35	1	20	700	735	2025-03-30 13:36:33.030419+00	Submitted
446	UGCR-JUBA-UNMISS,C-O.ES-KO INTERNATIONAL-UG-113-03-15003Sugar Cane-4egs-South Sudan	81	47	474	UG/113/03/15003	3	85	1	10	850	935	2025-03-30 13:37:00.355487+00	Submitted
447	UGCR-JUBA-UNMISS,C-O.ES-KO INTERNATIONAL-UG-405-020-135001Sugar Cane-ykzk-South Sudan	81	47	472	UG/106/036/35003	51	60	1	25	1500	1560	2025-03-30 13:37:44.429679+00	Submitted
448	UGCR-JUBA-UNMISS,C-O.ES-KO INTERNATIONAL-UG-405-020-135001Sugar Cane-ykzk-South Sudan	81	47	472	UG/106/036/35003	51	\N	\N	\N	\N	\N	2025-03-30 13:38:08.589282+00	Pending
449	UGCR-JUBA-UNMISS,C-O.ES-KO INTERNATIONAL-UG-212-028-24112628Sugar Cane-rdkx-South Sudan	81	47	471	UG/212/028/24112628	43	24	1	25	600	624	2025-03-30 13:38:39.254739+00	Submitted
451	UGCR-ARGHYA ENTERPRISES LIMITED.-UG-108-032-40006Purslane-iht1-United Kingdom	80	93	494	UG/108/032/40006	47	50	0	8.2	409.99999999999994	409.99999999999994	2025-03-30 13:39:23.59674+00	Submitted
450	UGCR-JUBA-UNMISS,C-O.ES-KO INTERNATIONAL-UG-104-04-135090Sugar Cane-9bo6-South Sudan	81	47	470	UG/104/04/135090	5	16	1	25	400	416	2025-03-30 13:39:16.420269+00	Submitted
452	UGCR-JUBA-UNMISS,C-O.ES-KO INTERNATIONAL-UG-106-0255-35003Sugar Cane-6ppa-South Sudan	81	47	469	UG/106/0255/35003	271	28	1	10	280	308	2025-03-30 13:39:56.676255+00	Submitted
453	UGCR-JUBA-UNMISS,C-O.ES-KO INTERNATIONAL-UG-404-031-24112711Sugar Cane-q9t4-South Sudan	81	47	468	UG/404/031/24112711	46	170	1	20	3400	3570	2025-03-30 13:40:24.14106+00	Submitted
454	UGCR-JUBA-UNMISS,C-O.ES-KO INTERNATIONAL-UG-410-010-24112710Sugar Cane-obls-South Sudan	81	47	467	UG/410/010/24112710	11	25	1	20	500	525	2025-03-30 13:40:52.164904+00	Submitted
455	UGCR-JUBA-UNMISS,C-O.ES-KO INTERNATIONAL-UG-418-09-24112710Sugar Cane-x6js-South Sudan	81	47	466	UG/418/09/24112710	10	78	1	20	1560	1638	2025-03-30 13:41:23.250283+00	Submitted
456	UGCR-Lord Afrique AB-UG-431-032-24112619Ash Plantain-v24l-Sweden	82	115	495	UG/431/032/24112619	47	7	0.5	10	70	73.5	2025-03-30 13:48:17.063146+00	Submitted
457	UGCR-Lord Afrique AB-UG-124-08-24112611Ash Plantain-fqgm-Sweden	82	115	493	UG/124/08/24112611	9	5	0.5	6	30	32.5	2025-03-30 13:49:01.257372+00	Submitted
458	UGCR-Lord Afrique AB-UG-124-07-24112611Ash Plantain-nd3m-Sweden	82	115	492	UG/124/07/24112611	8	22	0.5	10	220	231	2025-03-30 13:49:18.982009+00	Submitted
459	UGCR-Lord Afrique AB-UG-119-013-30001Ash Plantain-04uu-Sweden	82	115	491	UG/119/013/30001	16	46	0.5	10	460	483	2025-03-30 13:49:53.851669+00	Submitted
460	UGCR-Lord Afrique AB-UG-124-09-24112611Ash Plantain-hlhb-Sweden	82	115	490	UG/124/09/24112611	10	83	0.5	10	830	871.5	2025-03-30 13:50:17.90757+00	Submitted
461	UGCR-ARGHYA ENTERPRISES LIMITED.-UG-224-050-2492370Purslane-ftr4-United Kingdom	80	93	496	UG/224/050/2492370	72	65	0.5	1	65	97.5	2025-03-30 13:50:45.566441+00	Submitted
462	UGCR-Lord Afrique AB-UG-104-01-5016Ash Plantain-gduo-Sweden	82	115	497	UG/104/01/5016	1	14	0.5	6	84	91	2025-03-30 14:05:58.711436+00	Submitted
463	UGCR-ARGHYA ENTERPRISES LIMITED.-UG-204-0463-2492370Purslane-bmb0-United Kingdom	80	93	499	UG/204/0463/2492370	478	34	0.5	4.4	149.60000000000002	166.60000000000002	2025-03-30 14:09:15.986629+00	Submitted
464	UGCR-Lord Afrique AB-UG-113-33-24112731Ash Plantain-7bo1-Sweden	82	115	498	UG/113/33/24112731	48	8	0.5	10	80	84	2025-03-30 14:09:16.030783+00	Submitted
465	UGCR-SAFARI GREEN-UG-406-003-24102379Nepeta-c41q-Netherlands	83	116	500	UG/406/003/24102379	3	57	0.5	5	285	313.5	2025-03-30 14:31:43.73369+00	Submitted
466	UGCR-ARGHYA ENTERPRISES LIMITED.-UG-108-03-24102385Purslane-7t7q-United Kingdom	80	93	501	UG/108/03/24102385	3	118	0.5	2.7	318.6	377.6	2025-03-30 14:37:26.01394+00	Submitted
467	UGCR-ARGHYA ENTERPRISES LIMITED.-UG-126-02-3018Purslane-du51-United Kingdom	80	93	502	UG/126/02/3018	2	35	0.5	3.5	122.5	140	2025-03-30 15:01:11.974342+00	Submitted
468	UGCR-ARGHYA ENTERPRISES LIMITED.-UG-117-02-110021Purslane-qrmg-United Kingdom	80	93	503	UG/117/02/110021	2	58	0.5	3.5	203	232	2025-03-30 15:10:34.341631+00	Submitted
469	UGCR-ARGHYA ENTERPRISES LIMITED.-UG-108-02-24102403Purslane-z51w-United Kingdom	80	93	504	UG/108/02/24102403	2	18	0.5	3.5	63	72	2025-03-30 15:20:06.842137+00	Submitted
470	UGCR-ARGHYA ENTERPRISES LIMITED.-UG-113-02-24102508Purslane-8fco-United Kingdom	80	93	505	UG/113/02/24102508	2	20	0.5	3.5	70	80	2025-03-30 15:29:39.15145+00	Submitted
471	UGCR-ARGHYA ENTERPRISES LIMITED.-UG-105-033-2512876Purslane-xzhn-United Kingdom	80	93	506	UG/105/033/2512876	48	50	0.5	5	250	275	2025-03-30 15:36:17.070574+00	Submitted
472	UGCR-KC CENTER LLC-UG-119-0444-24112813Viburnum-2ri2-Oman	84	121	511	UG/119/0444/24112813	458	100	0.5	6	600	650	2025-03-30 15:49:43.461793+00	Submitted
473	UGCR-KC CENTER LLC-UG-405-07-65010Viburnum-klr1-Oman	84	121	510	UG/405/07/65010	8	50	0.5	9.5	475	500	2025-03-30 15:50:23.750702+00	Submitted
474	UGCR-KC CENTER LLC-UG-121-07-45091Viburnum-107k-Oman	84	121	508	UG/121/07/45091	8	100	0.5	9.5	950	1000	2025-03-30 15:50:57.948078+00	Submitted
475	UGCR-KC CENTER LLC-UG-105-07-45070Viburnum-q07f-Oman	84	121	507	UG/105/07/45070	8	100	0.5	9.5	950	1000	2025-03-30 15:51:45.596675+00	Submitted
476	UGCR-MK IMPEX LTD-UG-204-04-2492370Lysimachia-g51j-United Kingdom	85	125	527	UG/204/04/2492370	5	36	0.5	4	144	162	2025-03-30 16:55:07.923459+00	Submitted
477	UGCR-ARGHYA ENTERPRISES LIMITED.-UG-113-01-24102397Purslane-1i4i-United Kingdom	80	93	528	UG/113/01/24102397	1	39	0.5	5	195	214.5	2025-03-30 16:55:46.46866+00	Submitted
478	UGCR-MK IMPEX LTD-UG-204-0463-2492370Lysimachia-oj4i-United Kingdom	85	125	525	UG/204/0463/2492370	478	15	0.5	5	75	82.5	2025-03-30 16:55:48.23475+00	Submitted
479	UGCR-MK IMPEX LTD-UG-105-300-24112695Lysimachia-s181-United Kingdom	85	125	524	UG/105/300/24112695	316	10	0.5	5	50	55	2025-03-30 16:56:42.458051+00	Submitted
480	UGCR-MK IMPEX LTD-UG-113-032-132Lysimachia-qu4g-United Kingdom	85	125	523	UG/113/032/132	47	92	0.5	8	736	782	2025-03-30 16:57:23.505959+00	Submitted
481	UGCR-MK IMPEX LTD-UG-205-025-235044Lysimachia-b6va-United Kingdom	85	125	522	UG/205/025/235044	39	40	0.5	5	200	220	2025-03-30 16:58:04.084207+00	Submitted
482	UGCR-VIKEN ENGROS OG TRANSPORT-UG-122-013-45018Isotoma-sww1-Norway	86	128	532	UG/122/013/45018	16	16	0.5	5	80	88	2025-03-30 17:05:02.056064+00	Submitted
483	UGCR-VIKEN ENGROS OG TRANSPORT-UG-113-011-60Isotoma-ha6x-Norway	86	128	531	UG/113/011/60	12	11	0.5	5	55	60.5	2025-03-30 17:05:40.578581+00	Submitted
484	UGCR-VIKEN ENGROS OG TRANSPORT-UG-122-09-45018Isotoma-h818-Norway	86	128	530	UG/122/09/45018	10	71	0.5	5	355	390.5	2025-03-30 17:06:04.525262+00	Submitted
485	UGCR-VIKEN ENGROS OG TRANSPORT-UG-104-01-80010Isotoma-9jzx-Norway	86	128	529	UG/104/01/80010	1	30	0.5	5	150	165	2025-03-30 17:06:30.681809+00	Submitted
486	UGCR-VIKEN ENGROS OG TRANSPORT-UG-104-014-5037Isotoma-2uka-Norway	86	128	533	UG/104/014/5037	17	40	0.5	5	200	220	2025-03-30 17:08:42.764012+00	Submitted
487	UGCR-Family Food Center -UG-113-003-24112801Cotoneaster-ip2v-Qatar	87	130	545	UG/113/003/24112801	3	30	0.2	10	300	306	2025-03-30 17:24:07.473857+00	Submitted
488	UGCR-HAMOUD ALENAZI ESTABLISHMENT-UG-115-007-24112799Mentha-lt1m-Saudi Arabia	88	131	547	UG/115/007/24112799	8	94	0.4	10	940	977.6	2025-03-30 17:29:03.506714+00	Submitted
489	UGCR-MK IMPEX LTD-UG-105-09-24112695Lysimachia-y9oc-United Kingdom	85	125	521	UG/105/09/24112695	10	115	0.5	7.5	862.5	920	2025-03-30 17:33:59.961898+00	Submitted
491	UGCR-MK IMPEX LTD-UG-104-01-24112637Lysimachia-2g5n-United Kingdom	85	125	519	UG/104/01/24112637	1	10	0.5	5	50	55	2025-03-30 17:37:47.681542+00	Submitted
490	UGCR-ARGHYA ENTERPRISES LIMITED.-UG-106-01-24102506Purslane-i5y2-United Kingdom	80	93	553	UG/106/01/24102506	1	55	0.5	5	275	302.5	2025-03-30 17:37:44.268103+00	Submitted
492	UGCR-MK IMPEX LTD-UG-105-033-24112695Lysimachia-oxba-United Kingdom	85	125	518	UG/105/033/24112695	48	20	0.5	5	100	110	2025-03-30 17:38:36.217274+00	Submitted
493	UGCR-MK IMPEX LTD-UG-410-07-24112539Lysimachia-x19b-United Kingdom	85	125	516	UG/410/07/24112539	8	20	0.5	8	160	170	2025-03-30 17:39:30.512819+00	Submitted
494	UGCR-MK IMPEX LTD-UG-105-08-24112695Lysimachia-jldb-United Kingdom	85	125	515	UG/105/08/24112695	9	65	0.5	4.5	292.5	325	2025-03-30 17:40:03.826955+00	Submitted
495	UGCR-INTERSOCOTRIEX SPA RUE-UG-204-022-355005Genista-a0rl-Belgium	89	127	551	UG/204/022/355005	36	4	0	20	80	80	2025-03-30 17:42:55.976088+00	Submitted
496	UGCR-INTERSOCOTRIEX SPA RUE-UG-122-07-45018Genista-mnd9-Belgium	89	127	549	UG/122/07/45018	8	16	0.5	10	160	168	2025-03-30 17:43:20.760677+00	Submitted
497	UGCR-INTERSOCOTRIEX SPA RUE-UG-119-012-24112551Genista-rjb9-Belgium	89	127	546	UG/119/012/24112551	13	3	0.5	8	24	25.5	2025-03-30 17:43:42.258892+00	Submitted
498	UGCR-INTERSOCOTRIEX SPA RUE-UG-122-013-45018Genista-ky12-Belgium	89	127	537	UG/122/013/45018	16	61	0.5	10	610	640.5	2025-03-30 17:44:06.389765+00	Submitted
499	UGCR-INTERSOCOTRIEX SPA RUE-UG-122-033-45018Genista-06ez-Belgium	89	127	543	UG/122/033/45018	48	11	0.5	10	110	115.5	2025-03-30 17:44:39.451446+00	Submitted
500	UGCR-INTERSOCOTRIEX SPA RUE-UG-122-300-45018Genista-ljvt-Belgium	89	127	542	UG/122/300/45018	316	8	0.5	10	80	84	2025-03-30 17:44:59.125656+00	Submitted
501	UGCR-INTERSOCOTRIEX SPA RUE-UG-122-08-45018Genista-bgts-Belgium	89	127	538	UG/122/08/45018	9	15	0.5	6	90	97.5	2025-03-30 17:45:38.047314+00	Submitted
502	UGCR-INTERSOCOTRIEX SPA RUE-UG-104-01-5036Genista-ppdb-Belgium	89	127	536	UG/104/01/5036	1	20	0.5	8	160	170	2025-03-30 17:46:02.237802+00	Submitted
503	UGCR-INTERSOCOTRIEX SPA RUE-UG-122-09-45018Genista-g1lx-Belgium	89	127	535	UG/122/09/45018	10	115	0.5	20	2300	2357.5	2025-03-30 17:46:35.543024+00	Submitted
504	UGCR-ARGHYA ENTERPRISES LIMITED.-UG-104-01-24102405Purslane-5gi8-United Kingdom	80	93	561	UG/104/01/24102405	1	35	0.5	5	175	192.5	2025-03-30 17:47:02.209987+00	Submitted
505	UGCR-MK IMPEX LTD-UG-105-013-24112695Lysimachia-ctn0-United Kingdom	85	125	563	UG/105/013/24112695	16	115	0.5	8	920	977.5	2025-03-30 17:48:17.810287+00	Submitted
506	UGCR-MK IMPEX LTD-UG-106-012-35074Lysimachia-bswq-United Kingdom	85	125	559	UG/106/012/35074	13	42	0.5	4.5	189	210	2025-03-30 17:49:55.241409+00	Submitted
507	UGCR-St Mark Services Ltd-UG-105-033-100001Hydrangea-mew5-United Kingdom	90	106	534	UG/105/033/100001	48	\N	\N	\N	\N	\N	2025-03-30 17:56:00.55442+00	Pending
508	UGCR- RAWABI HYPER MARKET -UG-119-02-24112712Hypericum-bl9m-Qatar	91	129	578	UG/119/02/24112712	2	65	0.4	4	260	286	2025-03-30 18:00:47.350378+00	Submitted
509	UGCR- RAWABI HYPER MARKET -UG-108-003-24112735Hypericum-sj1f-Qatar	91	129	540	UG/108/003/24112735	3	20	0.2	5	100	104	2025-03-30 18:01:06.255813+00	Submitted
510	UGCR-St Mark Services Ltd-UG-105-013-100001Hydrangea-80hw-United Kingdom	90	106	514	UG/105/013/100001	16	135	0.5	8	1080	1147.5	2025-03-30 18:02:49.395759+00	Submitted
511	UGCR-St Mark Services Ltd-UG-105-09-100001Hydrangea-rweg-United Kingdom	90	106	513	UG/105/09/100001	10	195	0.5	8	1560	1657.5	2025-03-30 18:05:36.249848+00	Submitted
512	UGCR-St Mark Services Ltd-UG-105-08-100001Hydrangea-jfy9-United Kingdom	90	106	512	UG/105/08/100001	9	45	0.5	5	225	247.5	2025-03-30 18:07:23.92111+00	Submitted
513	UGCR-St Mark Services Ltd-UG-104-003-2512866Lanten Flowers-nytv-United Kingdom	92	105	552	UG/104/003/2512866	3	162	0.5	5	810	891	2025-03-30 18:08:51.897517+00	Submitted
514	UGCR-HASCO GROUP LTD-UG-122-013-45018Symphoricarpos-eqbq-Belgium	93	126	575	UG/122/013/45018	16	125	0.5	8	1000	1062.5	2025-03-30 18:09:24.146278+00	Submitted
515	UGCR-HASCO GROUP LTD-UG-119-049-24112551Symphoricarpos-dw1w-Belgium	93	126	581	UG/119/049/24112551	71	8	0.5	6	48	52	2025-03-30 18:09:56.277084+00	Submitted
516	UGCR-HASCO GROUP LTD-UG-122-033-45018Symphoricarpos-m04w-Belgium	93	126	579	UG/122/033/45018	48	41	0.5	10	410	430.5	2025-03-30 18:10:20.716307+00	Submitted
518	UGCR-HASCO GROUP LTD-UG-113-032-60Symphoricarpos-jn2o-Belgium	93	126	577	UG/113/032/60	47	8	0.5	10	80	84	2025-03-30 18:11:16.769033+00	Submitted
517	UGCR-St Mark Services Ltd-UG-105-07-100001Hydrangea-zddd-United Kingdom	90	106	580	UG/105/07/100001	8	74	0.5	8	592	629	2025-03-30 18:10:54.720387+00	Submitted
519	UGCR-HASCO GROUP LTD-UG-119-012-24112551Symphoricarpos-h6bx-Belgium	93	126	574	UG/119/012/24112551	13	45	0.5	8	360	382.5	2025-03-30 18:11:43.987968+00	Submitted
520	UGCR-HASCO GROUP LTD-UG-122-09-45018Symphoricarpos-kbyq-Belgium	93	126	572	UG/122/09/45018	10	130	0.5	16	2080	2145	2025-03-30 18:12:15.298527+00	Submitted
521	UGCR-HASCO GROUP LTD-UG-122-08-45018Symphoricarpos-2prn-Belgium	93	126	570	UG/122/08/45018	9	5	0.5	6	30	32.5	2025-03-30 18:12:52.750269+00	Submitted
522	UGCR-ARGHYA ENTERPRISES LIMITED.-UG-113-01-101Purslane-9fnh-United Kingdom	80	93	582	UG/113/01/101	1	65	0.5	5	325	357.5	2025-03-30 18:13:10.088457+00	Submitted
523	UGCR-HASCO GROUP LTD-UG-122-07-45018Symphoricarpos-3qgz-Belgium	93	126	569	UG/122/07/45018	8	70	0.5	8	560	595	2025-03-30 18:13:23.379897+00	Submitted
524	UGCR-HASCO GROUP LTD-UG-104-01-80010Symphoricarpos-fn4p-Belgium	93	126	566	UG/104/01/80010	1	30	0.5	8	240	255	2025-03-30 18:15:04.888327+00	Submitted
525	UGCR-ANWAR AL KHALIDIYA AL WATANIYA LLC-UG-122-07-5085Helenium-g3to-Oman	94	132	590	UG/122/07/5085	8	265	0.4	9.8	2597	2703	2025-03-30 18:27:18.880308+00	Submitted
526	UGCR-ANWAR AL KHALIDIYA AL WATANIYA LLC-UG-106-005-24112743Helenium-mtyr-Oman	94	132	588	UG/106/005/24112743	6	85	0.4	6	510	544	2025-03-30 18:27:39.371971+00	Submitted
527	UGCR-Dastgyr -UG-113-032-24102456Turia-3yog-United Kingdom	95	31	573	UG/113/032/24102456	47	30	0.2	8	240	246	2025-03-30 18:28:24.248156+00	Submitted
528	UGCR-Dastgyr -UG-204-022-24102443Turia-7vwg-United Kingdom	95	31	571	UG/204/022/24102443	36	80	0.1	5	400	408	2025-03-30 18:28:46.755281+00	Submitted
529	UGCR-Dastgyr -UG-119-012-25069Turia-5qh7-United Kingdom	95	31	568	UG/119/012/25069	13	100	0.5	5	500	550	2025-03-30 18:29:36.623674+00	Submitted
530	UGCR-Dastgyr -UG-105-013-24102453Turia-tczq-United Kingdom	95	31	567	UG/105/013/24102453	16	160	0.5	8	1280	1360	2025-03-30 18:30:03.787282+00	Submitted
531	UGCR-Dastgyr -UG-105-09-24102453Turia-rk80-United Kingdom	95	31	565	UG/105/09/24102453	10	100	0	8	800	800	2025-03-30 18:30:34.108669+00	Submitted
532	UGCR-Dastgyr -UG-124-07-24102449Turia-rfkf-United Kingdom	95	31	564	UG/124/07/24102449	8	70	0	8	560	560	2025-03-30 18:31:04.435998+00	Submitted
533	UGCR-Dastgyr -UG-104-01-80010Turia-5jvy-United Kingdom	95	31	562	UG/104/01/80010	1	50	0.5	5	250	275	2025-03-30 18:31:31.540194+00	Submitted
534	UGCR-ARGHYA ENTERPRISES LIMITED.-UG-106-01-24102505Purslane-lyvu-United Kingdom	80	93	592	UG/106/01/24102505	1	17	0.5	5	85	93.5	2025-03-30 18:31:41.97592+00	Submitted
535	UGCR-Dastgyr -UG-106-01-35001Turia-31ty-United Kingdom	95	31	560	UG/106/01/35001	1	50	0.5	5	250	275	2025-03-30 18:32:00.92237+00	Submitted
536	UGCR-SUNRIPE-UG-108-023-24112522Garden Phlox-y0w5-United Kingdom	96	113	558	UG/108/023/24112522	37	40	0.5	5.5	220	240	2025-03-30 18:32:35.462029+00	Submitted
537	UGCR-SUNRIPE-UG-105-013-24102453Garden Phlox-hme2-United Kingdom	96	113	557	UG/105/013/24102453	16	300	0.5	8	2400	2550	2025-03-30 18:33:12.454208+00	Submitted
538	UGCR-SUNRIPE-UG-119-012-25069Garden Phlox-wlwk-United Kingdom	96	113	556	UG/119/012/25069	13	100	0.5	5.5	550	600	2025-03-30 18:33:54.451506+00	Submitted
539	UGCR-SUNRIPE-UG-124-07-24102449Garden Phlox-s8ww-United Kingdom	96	113	555	UG/124/07/24102449	8	70	0.5	8	560	595	2025-03-30 18:34:35.560643+00	Submitted
540	UGCR-SUNRIPE-UG-106-08-35212Garden Phlox-aqla-United Kingdom	96	113	554	UG/106/08/35212	9	30	0.5	5.5	165	180	2025-03-30 18:34:59.814099+00	Submitted
541	UGCR-SUNRIPE-UG-119-02-24102454Garden Phlox-gksy-United Kingdom	96	113	550	UG/119/02/24102454	2	175	0.5	4	700	787.5	2025-03-30 18:35:33.481222+00	Submitted
542	UGCR-KVEG WHOLESALERS-UG-124-022-24102449Perennial Verbena( Red Devil)-ilit-United Kingdom	79	98	593	UG/124/022/24102449	36	50	0	4	200	200	2025-03-30 18:36:58.147603+00	Submitted
543	UGCR-KVEG WHOLESALERS-UG-222-050-24112802Perennial Verbena( Red Devil)-ahn5-United Kingdom	79	98	591	UG/222/050/24112802	72	5	0.5	2	10	12.5	2025-03-30 18:37:20.0269+00	Submitted
544	UGCR-KVEG WHOLESALERS-UG-124-033-24102449Perennial Verbena( Red Devil)-um5a-United Kingdom	79	98	589	UG/124/033/24102449	48	20	0.5	5	100	110	2025-03-30 18:37:44.492528+00	Submitted
545	UGCR-KVEG WHOLESALERS-UG-119-012-24112553Perennial Verbena( Red Devil)-e68f-United Kingdom	79	98	585	UG/119/012/24112553	13	70	0.5	5	350	385	2025-03-30 18:38:06.106393+00	Submitted
546	UGCR-KVEG WHOLESALERS-UG-106-08-24102449Perennial Verbena( Red Devil)-crgh-United Kingdom	79	98	584	UG/106/08/24102449	9	37	0.5	5	185	203.5	2025-03-30 18:38:27.641183+00	Submitted
547	UGCR-KVEG WHOLESALERS-UG-124-07-24102449Perennial Verbena( Red Devil)-5rp1-United Kingdom	79	98	583	UG/124/07/24102449	8	20	0.5	8	160	170	2025-03-30 18:38:52.904352+00	Submitted
548	UGCR-SUNRIPE-UG-119-02-25069Garden Phlox-sdqq-United Kingdom	96	113	548	UG/119/02/25069	2	175	0.5	4	700	787.5	2025-03-30 18:38:59.554453+00	Submitted
554	UGCR-SUNRIPE-UG-113-03-1Garden Phlox-7c3q-United Kingdom	96	113	478	UG/113/03/1	3	700	0.5	3	2100	2450	2025-03-30 18:44:40.309933+00	Submitted
555	UGCR-Dastgyr -UG-122-008-24112568Turia-axis-United Kingdom	95	31	113	UG/122/008/24112568	9	30	0.5	5	150	165	2025-03-30 18:45:45.353334+00	Submitted
549	UGCR-SUNRIPE-UG-104-01-24102374Garden Phlox-h3xh-United Kingdom	96	113	544	UG/104/01/24102374	1	83	0.5	5.5	456.5	498	2025-03-30 18:39:59.490026+00	Submitted
550	UGCR-SUNRIPE-UG-104-01-80010Garden Phlox-we0w-United Kingdom	96	113	541	UG/104/01/80010	1	84	0.5	5.5	462	504	2025-03-30 18:41:10.624575+00	Submitted
551	UGCR-SUNRIPE-UG-106-01-35001Garden Phlox-ly9c-United Kingdom	96	113	539	UG/106/01/35001	1	83	0.5	5.5	456.5	498	2025-03-30 18:42:13.392955+00	Submitted
553	UGCR-KVEG WHOLESALERS-UG-106-013-24102449Perennial Verbena( Red Devil)-tn0g-United Kingdom	79	98	594	UG/106/013/24102449	16	\N	\N	\N	\N	\N	2025-03-30 18:43:19.040969+00	Pending
552	UGCR-SUNRIPE-UG-122-02-24112568Garden Phlox-hrb6-United Kingdom	96	113	479	UG/122/02/24112568	2	350	0.5	4	1400	1575	2025-03-30 18:43:08.599165+00	Submitted
556	UGCR-KVEG WHOLESALERS-UG-106-013-24102449Perennial Verbena( Red Devil)-noqc-United Kingdom	79	98	596	UG/106/013/24102449	16	120	0.5	8	960	1020	2025-03-30 18:47:56.039601+00	Submitted
557	UGCR-Dastgyr -UG-104-01-24102374Turia-kprw-United Kingdom	95	31	597	UG/104/01/24102374	1	50	0.5	5	250	275	2025-03-30 18:55:21.524581+00	Submitted
558	UGCR-KVEG WHOLESALERS-UG-106-032-24102449Perennial Verbena( Red Devil)-d84m-United Kingdom	79	98	598	UG/106/032/24102449	47	50	0	8	400	400	2025-03-30 18:57:11.905703+00	Submitted
559	UGCR-St Mark Services Ltd-UG-105-033-100001Hydrangea-lbtz-United Kingdom	90	106	607	UG/105/033/100001	48	6	0.5	8	48	51	2025-03-30 19:33:54.384473+00	Submitted
560	UGCR-St Mark Services Ltd-UG-122-032-45043Hydrangea-8cww-United Kingdom	90	106	606	UG/122/032/45043	47	80	0.5	10	800	840	2025-03-30 19:34:47.636189+00	Submitted
561	UGCR-St Mark Services Ltd-UG-105-12-100001Hydrangea-uzsi-United Kingdom	90	106	601	UG/105/12/100001	13	15	0.5	8	120	127.5	2025-03-30 19:37:23.238424+00	Submitted
562	UGCR-GREEN KWALITY-UG-122-07-24112562Sambucus-w6qj-Nepal	97	137	618	UG/122/07/24112562	8	404	0.5	10	4040	4242	2025-03-30 19:50:17.729437+00	Submitted
563	UGCR-A and S-UG-113-032-24102456Teuium-u5g2-United Kingdom	98	133	617	UG/113/032/24102456	47	30	0.4	8	240	252	2025-03-30 20:11:26.125069+00	Submitted
564	UGCR-A and S-UG-108-023-24112522Teuium-qm30-United Kingdom	98	133	616	UG/108/023/24112522	37	30	0.5	5.5	165	180	2025-03-30 20:12:04.731286+00	Submitted
565	UGCR-A and S-UG-119-012-25069Teuium-a55h-United Kingdom	98	133	615	UG/119/012/25069	13	80	0.5	5.5	440	480	2025-03-30 20:12:55.934618+00	Submitted
566	UGCR-A and S-UG-124-07-24102449Teuium-1ota-United Kingdom	98	133	614	UG/124/07/24102449	8	70	0	8	560	560	2025-03-30 20:13:28.251091+00	Submitted
567	UGCR-A and S-UG-105-09-24102453Teuium-v0f2-United Kingdom	98	133	613	UG/105/09/24102453	10	100	0.5	8	800	850	2025-03-30 20:13:58.965796+00	Submitted
568	UGCR-A and S-UG-105-013-24102453Teuium-se5k-United Kingdom	98	133	612	UG/105/013/24102453	16	150	0	8	1200	1200	2025-03-30 20:14:31.679619+00	Submitted
569	UGCR-A and S-UG-104-01-24102374Teuium-g0ld-United Kingdom	98	133	611	UG/104/01/24102374	1	40	0.5	5.5	220	240	2025-03-30 20:15:11.816844+00	Submitted
570	UGCR-KEN PRO-UG-104-01-24102374Sophora-cu3j-United Kingdom	99	134	610	UG/104/01/24102374	1	50	0	5.5	275	275	2025-03-30 20:15:45.273145+00	Submitted
571	UGCR-KEN PRO-UG-106-01-35001Sophora-47ev-United Kingdom	99	134	609	UG/106/01/35001	1	50	0.5	5.5	275	300	2025-03-30 20:16:18.285966+00	Submitted
572	UGCR-KEN PRO-UG-119-012-25069Sophora-msbu-United Kingdom	99	134	608	UG/119/012/25069	13	100	0.5	5.5	550	600	2025-03-30 20:16:47.956014+00	Submitted
573	UGCR-KEN PRO-UG-113-032-24102456Sophora-y5ir-United Kingdom	99	134	605	UG/113/032/24102456	47	50	0.5	8	400	425	2025-03-30 20:17:16.109781+00	Submitted
574	UGCR-KEN PRO-UG-105-013-24102453Sophora-e3hx-United Kingdom	99	134	604	UG/105/013/24102453	16	100	0	8	800	800	2025-03-30 20:17:44.98794+00	Submitted
575	UGCR-KEN PRO-UG-105-09-24102453Sophora-nf5x-United Kingdom	99	134	603	UG/105/09/24102453	10	50	0.5	8	400	425	2025-03-30 20:18:11.312968+00	Submitted
576	UGCR-KEN PRO-UG-119-02-24102454Sophora-u0uz-United Kingdom	99	134	602	UG/119/02/24102454	2	125	0	4	500	500	2025-03-30 20:18:46.24732+00	Submitted
577	UGCR-KEN PRO-UG-119-02-24102454Sophora-u0uz-United Kingdom	99	134	602	UG/119/02/24102454	2	\N	\N	\N	\N	\N	2025-03-30 20:19:21.845573+00	Pending
578	UGCR-KEN PRO-UG-106-02-24102455Sophora-kvg6-United Kingdom	99	134	600	UG/106/02/24102455	2	125	0	4	500	500	2025-03-30 20:19:59.804344+00	Submitted
579	UGCR-BM TRADING -UG-108-023-24112522Cistus-osy0-Tunisia	100	135	599	UG/108/023/24112522	37	70	0.5	5	350	385	2025-03-30 20:20:25.167264+00	Submitted
580	UGCR-A and S-UG-106-01-35001Teuium-45wt-United Kingdom	98	133	619	UG/106/01/35001	1	40	0.5	5.5	220	240	2025-03-30 20:26:29.421318+00	Submitted
581	UGCR-Simpliaisons (SLs TM) titulaire Ngobi-UG-121-013-24112764Osmanthus-o6lg-Switzerland	101	138	620	UG/121/013/24112764	16	5	0.5	10	50	52.5	2025-03-31 00:52:02.401835+00	Submitted
582	UGCR-Pearl Of Africa. lu-UG-121-013-24112764Wild lilac-bh6d-Belgium	102	139	621	UG/121/013/24112764	16	20	0.5	10	200	210	2025-03-31 00:53:32.809162+00	Submitted
583	UGCR-sipi farmers -UG-105-005-24122845Caryopteris-w0rm-Czech Republic	103	140	622	UG/105/005/24122845	6	18	0.7	10	180	192.6	2025-03-31 05:42:00.574369+00	Submitted
584	UGCR-ARGHYA ENTERPRISES LIMITED.-UG-418-08-240001Petunia-t3n2-United Kingdom	104	94	623	UG/418/08/240001	9	163	0.5	5	815	896.5	2025-03-31 08:31:21.626396+00	Submitted
585	UGCR-ARGHYA ENTERPRISES LIMITED.-UG-113-032-24102397Petunia-d899-United Kingdom	104	94	633	UG/113/032/24102397	47	191	0	8.2	1566.1999999999998	1566.1999999999998	2025-03-31 08:36:32.344894+00	Submitted
586	UGCR-ECO-UG-121-033-24112530Waldsteinia-po3v-France	105	114	632	UG/121/033/24112530	48	5	0.5	10	50	52.5	2025-03-31 08:43:26.464616+00	Submitted
588	UGCR-ARGHYA ENTERPRISES LIMITED.-UG-108-032-40006Petunia-h03d-United Kingdom	104	94	634	UG/108/032/40006	47	445	0	8.2	3648.9999999999995	3648.9999999999995	2025-03-31 08:44:06.180389+00	Submitted
587	UGCR-ECO-UG-106-08-24102449Waldsteinia-dip4-France	105	114	631	UG/106/08/24102449	9	9	0.5	6	54	58.5	2025-03-31 08:44:04.458954+00	Submitted
589	UGCR-ECO-UG-106-01-24112567Waldsteinia-694u-France	105	114	630	UG/106/01/24112567	1	18	0.5	7	126	135	2025-03-31 08:44:38.025229+00	Submitted
590	UGCR-ECO-UG-108-002-24112811Waldsteinia-rolu-France	105	114	629	UG/108/002/24112811	2	22	0.5	4	88	99	2025-03-31 08:45:21.321821+00	Submitted
591	UGCR-ECO-UG-106-012-24112530Waldsteinia-mouj-France	105	114	628	UG/106/012/24112530	13	21	0.1	5	105	107.1	2025-03-31 08:45:53.92516+00	Submitted
592	UGCR-ECO-UG-405-007-80075Waldsteinia-z0jh-France	105	114	627	UG/405/007/80075	8	16	0.5	10	160	168	2025-03-31 08:46:36.139412+00	Submitted
593	UGCR-ECO-UG-105-013-24112734Waldsteinia-1j3x-France	105	114	625	UG/105/013/24112734	16	25	0.5	10	250	262.5	2025-03-31 08:47:11.307773+00	Submitted
594	UGCR-ARGHYA ENTERPRISES LIMITED.-UG-418-09-240001Petunia-v09x-United Kingdom	104	94	635	UG/418/09/240001	10	328	0.5	7.5	2460	2624	2025-03-31 08:47:37.257688+00	Submitted
595	UGCR-ECO-UG-418-009-24122852Waldsteinia-ogpc-France	105	114	624	UG/418/009/24122852	10	40	0.5	10	400	420	2025-03-31 08:47:43.490577+00	Submitted
596	UGCR-ARGHYA ENTERPRISES LIMITED.-UG-235-022-265001Petunia-iswc-United Kingdom	104	94	636	UG/235/022/265001	36	120	0	5	600	600	2025-03-31 08:53:37.448439+00	Submitted
597	UGCR-SUNSHINE LIMITED LLC-UG-105-0444-285050Convolvulus-4mss-Oman	106	136	638	UG/105/0444/285050	458	200	0.3	5	1000	1060	2025-03-31 09:05:58.974191+00	Submitted
598	UGCR-SUNSHINE LIMITED LLC-UG-405-07-24102427Convolvulus-otp9-Oman	106	136	637	UG/405/07/24102427	8	105	0.3	10	1050	1081.5	2025-03-31 09:07:27.199448+00	Submitted
599	UGCR-CARRIBEAN TRADING LTD-UG-124-033-24102449Jungle Cactus-zwir-Netherlands	107	100	640	UG/124/033/24102449	48	4	0.5	10	40	42	2025-03-31 09:14:26.365816+00	Submitted
600	UGCR-JUBA-UNMISS,C-O.ES-KO INTERNATIONAL-UG-405-020-135001Sugar Cane-4nh1-South Sudan	81	47	642	UG/405/020/135001	32	132	1	25	3300	3432	2025-03-31 09:15:45.627244+00	Submitted
601	UGCR-ARGHYA ENTERPRISES LIMITED.-UG-224-050-2492370Petunia-hdol-United Kingdom	104	94	643	UG/224/050/2492370	72	51	0.5	1	51	76.5	2025-03-31 09:32:44.153641+00	Submitted
602	UGCR-ARGHYA ENTERPRISES LIMITED.-UG-330-300-2522886Petunia-nvjy-United Kingdom	104	94	652	UG/330/300/2522886	316	8	0.5	7.5	60	64	2025-03-31 09:41:12.788524+00	Submitted
603	UGCR-ARGHYA ENTERPRISES LIMITED.-UG-105-033-24102416Petunia-3uqk-United Kingdom	104	94	659	UG/105/033/24102416	48	32	0.5	5	160	176	2025-03-31 09:53:14.561985+00	Submitted
604	UGCR-ARGHYA ENTERPRISES LIMITED.-UG-105-013-24102398Petunia-gx8o-United Kingdom	104	94	663	UG/105/013/24102398	16	291	0.5	7.5	2182.5	2328	2025-03-31 10:19:40.152656+00	Submitted
605	UGCR-CARRIBEAN TRADING LTD-UG-124-09-24102449Jungle Cactus-vozw-Netherlands	107	100	664	UG/124/09/24102449	10	2	0.5	10	20	21	2025-03-31 10:20:27.020305+00	Submitted
606	UGCR-ALFAYLAQ HAJARA -UG-106-018-24112572Passiflora-xvjc-Oman	108	141	662	UG/106/018/24112572	21	10	0.4	10	100	104	2025-03-31 10:23:57.452005+00	Submitted
607	UGCR-ALFAYLAQ HAJARA -UG-106-0444-24112524Passiflora-z695-Oman	108	141	660	UG/106/0444/24112524	458	7	0.4	7	49	51.8	2025-03-31 10:24:30.224481+00	Submitted
608	UGCR-ARGHYA ENTERPRISES LIMITED.-UG-122-013-24102417Petunia-q0tb-United Kingdom	104	94	665	UG/122/013/24102417	16	125	0.5	7.5	937.5	1000	2025-03-31 10:25:30.552971+00	Submitted
609	UGCR-ALFAYLAQ HAJARA -UG-106-038-24112572Passiflora-g7vy-Oman	108	141	658	UG/106/038/24112572	53	4	0	15	60	60	2025-03-31 10:25:54.243486+00	Submitted
610	UGCR-ALFAYLAQ HAJARA -UG-106-02-65011Passiflora-06lm-Oman	108	141	657	UG/106/02/65011	2	6	0.4	5	30	32.4	2025-03-31 10:26:26.227281+00	Submitted
611	UGCR-ALFAYLAQ HAJARA -UG-113-032-24102456Passiflora-e9sk-Oman	108	141	656	UG/113/032/24102456	47	6	0.4	10	60	62.4	2025-03-31 10:27:16.855026+00	Submitted
612	UGCR-ALFAYLAQ HAJARA -UG-106-026-24102410Passiflora-nuyk-Oman	108	141	655	UG/106/026/24102410	40	13	0.6	14	182	189.8	2025-03-31 10:27:48.121684+00	Submitted
613	UGCR-ALFAYLAQ HAJARA -UG-106-09-24102410Passiflora-gvcd-Oman	108	141	654	UG/106/09/24102410	10	10	0.4	10.5	105	109	2025-03-31 10:28:18.677369+00	Submitted
614	UGCR-ALFAYLAQ HAJARA -UG-106-01-35049Passiflora-bqej-Oman	108	141	653	UG/106/01/35049	1	8	0.4	8	64	67.2	2025-03-31 10:28:45.861444+00	Submitted
615	UGCR-ALFAYLAQ HAJARA -UG-119-012-24112569Passiflora-jkbj-Oman	108	141	651	UG/119/012/24112569	13	9	0.4	10	90	93.6	2025-03-31 10:29:25.445361+00	Submitted
616	UGCR-ARGHYA ENTERPRISES LIMITED.-UG-122-013-24102423Petunia-eoko-United Kingdom	104	94	666	UG/122/013/24102423	16	50	0.5	7.5	375	400	2025-03-31 10:29:35.850091+00	Submitted
617	UGCR-ALFAYLAQ HAJARA -UG-404-033-24102456Passiflora-p5vj-Oman	108	141	650	UG/404/033/24102456	48	2	0.4	10	20	20.8	2025-03-31 10:30:00.231712+00	Submitted
618	UGCR-ALFAYLAQ HAJARA -UG-106-013-24102410Passiflora-28yr-Oman	108	141	649	UG/106/013/24102410	16	10	0.4	10	100	104	2025-03-31 10:30:25.731463+00	Submitted
619	UGCR-ALFAYLAQ HAJARA -UG-106-010-24112572Passiflora-jrfe-Oman	108	141	648	UG/106/010/24112572	11	10	0.4	10	100	104	2025-03-31 10:30:56.96205+00	Submitted
620	UGCR-ALFAYLAQ HAJARA -UG-106-08-24112572Passiflora-xiom-Oman	108	141	647	UG/106/08/24112572	9	10	0.4	7	70	74	2025-03-31 10:31:29.04175+00	Submitted
622	UGCR-RAHMAN SUPERMARKET BVBA-UG-119-049-24112583Begonia Hybrid-zt1i-Belgium	109	145	674	UG/119/049/24112583	71	7	0.5	5	35	38.5	2025-03-31 11:58:59.105657+00	Submitted
621	UGCR-RAHMAN SUPERMARKET BVBA-UG-409-025-24112670Begonia Hybrid-hnox-Belgium	109	145	675	UG/409/025/24112670	39	5	0.5	12	60	62.5	2025-03-31 11:57:34.651745+00	Submitted
623	UGCR-RAHMAN SUPERMARKET BVBA-UG-104-032-24112582Begonia Hybrid-tthf-Belgium	109	145	673	UG/104/032/24112582	47	18	0.5	10	180	189	2025-03-31 11:59:38.13917+00	Submitted
624	UGCR-RAHMAN SUPERMARKET BVBA-UG-415-08-35201Begonia Hybrid-m1ns-Belgium	109	145	672	UG/415/08/35201	9	14	0.5	6	84	91	2025-03-31 12:01:46.223866+00	Submitted
625	UGCR-RAHMAN SUPERMARKET BVBA-UG-119-012-24112583Begonia Hybrid-f6ct-Belgium	109	145	671	UG/119/012/24112583	13	34	0.5	10	340	357	2025-03-31 12:02:32.678023+00	Submitted
626	UGCR-RAHMAN SUPERMARKET BVBA-UG-415-033-35201Begonia Hybrid-lv4p-Belgium	109	145	670	UG/415/033/35201	48	30	0.5	10	300	315	2025-03-31 12:03:50.811171+00	Submitted
627	UGCR-RAHMAN SUPERMARKET BVBA-UG-415-07-35201Begonia Hybrid-gdxw-Belgium	109	145	669	UG/415/07/35201	8	15	0.5	8	120	127.5	2025-03-31 12:04:21.458374+00	Submitted
628	UGCR-RAHMAN SUPERMARKET BVBA-UG-122-013-45101Begonia Hybrid-r03b-Belgium	109	145	668	UG/122/013/45101	16	30	0.5	8	240	255	2025-03-31 12:05:16.177081+00	Submitted
632	UGCR-JJ GLOBAL TRADER GmbH-UG-122-09-100037Begonia X Tuberhybrida-wc22-Germany	110	147	678	UG/122/09/100037	10	45	0.5	10	450	472.5	2025-03-31 12:32:00.923272+00	Submitted
634	UGCR-JJ GLOBAL TRADER GmbH-UG-106-01-24102398Begonia X Tuberhybrida-vlqi-Germany	110	147	676	UG/106/01/24102398	1	90	0.5	7	630	675	2025-03-31 12:32:57.169786+00	Submitted
635	UGCR-CARRIBEAN TRADING LTD-UG-106-032-24102449Jungle Cactus-cbcw-Netherlands	107	100	681	UG/106/032/24102449	47	4	0.5	10	40	42	2025-03-31 12:40:11.163935+00	Submitted
629	UGCR-RAHMAN SUPERMARKET BVBA-UG-111-09-24112526Begonia Hybrid-w4ws-Belgium	109	145	667	UG/111/09/24112526	10	129	0.5	16	2064	2128.5	2025-03-31 12:06:20.27445+00	Submitted
630	UGCR-JJ GLOBAL TRADER GmbH-UG-122-94-45033Begonia X Tuberhybrida-nnic-Germany	110	147	680	UG/122/94/45033	115	10	0.5	10	100	105	2025-03-31 12:30:25.457982+00	Submitted
631	UGCR-JJ GLOBAL TRADER GmbH-UG-409-025-24112670Begonia X Tuberhybrida-4by3-Germany	110	147	679	UG/409/025/24112670	39	25	0.5	10	250	262.5	2025-03-31 12:31:04.278795+00	Submitted
633	UGCR-JJ GLOBAL TRADER GmbH-UG-122-007-45033Begonia X Tuberhybrida-429m-Germany	110	147	677	UG/122/007/45033	8	10	0.5	10	100	105	2025-03-31 12:32:29.854709+00	Submitted
636	UGCR-M-S. SUNSHINE LTD. LLC.-UG-106-0444-24102428Begonia Richmondesis-3etw-Oman	111	148	683	UG/106/0444/24102428	458	200	0.5	6	1200	1300	2025-03-31 12:54:33.577268+00	Submitted
637	UGCR-M-S. SUNSHINE LTD. LLC.-UG-122-007-45033Begonia Richmondesis-avig-Oman	111	148	682	UG/122/007/45033	8	400	0.5	1	400	600	2025-03-31 12:55:19.697937+00	Submitted
638	UGCR-CARRIBEAN TRADING LTD-UG-124-07-24102449Jungle Cactus-j544-Netherlands	107	100	688	UG/124/07/24102449	8	15	0.5	10	150	157.5	2025-03-31 13:44:43.492792+00	Submitted
639	UGCR-CARRIBEAN TRADING LTD-UG-115-003-24112553Jungle Cactus-dx50-Netherlands	107	100	687	UG/115/003/24112553	3	133	0.5	5	665	731.5	2025-03-31 13:45:06.244675+00	Submitted
640	UGCR-CARRIBEAN TRADING LTD-UG-119-049-24112553Jungle Cactus-mnxv-Netherlands	107	100	686	UG/119/049/24112553	71	10	0.5	6	60	65	2025-03-31 13:45:23.137537+00	Submitted
641	UGCR-CARRIBEAN TRADING LTD-UG-104-01-5016Jungle Cactus-07y8-Netherlands	107	100	685	UG/104/01/5016	1	5	0.5	8	40	42.5	2025-03-31 13:45:43.422657+00	Submitted
642	UGCR-CARRIBEAN TRADING LTD-UG-119-012-24112553Jungle Cactus-yn99-Netherlands	107	100	684	UG/119/012/24112553	13	3	0.5	5	15	16.5	2025-03-31 13:46:05.527364+00	Submitted
643	UGCR-SAFARI GREEN-UG-406-014-24102379Bacopa Monnieri-ft0j-Netherlands	112	149	689	UG/406/014/24102379	17	43	0.5	5	215	236.5	2025-03-31 14:00:46.4918+00	Submitted
644	UGCR-SAFARI GREEN-UG-109-03-24102390Bacopa Monnieri-ohsj-Netherlands	112	149	691	UG/109/03/24102390	3	3	0.5	5	15	16.5	2025-03-31 14:06:40.290465+00	Submitted
645	UGCR-SAFARI GREEN-UG-406-003-24102379Bacopa Monnieri-4e6a-Netherlands	112	149	690	UG/406/003/24102379	3	6	0.5	5	30	33	2025-03-31 14:07:27.950289+00	Submitted
646	UGCR-KC CENTER LLC-UG-119-0444-24112814Sanvitalia Speciosa-19e4-Oman	113	153	697	UG/119/0444/24112814	458	70	0.5	6	420	455	2025-03-31 15:35:11.244946+00	Submitted
647	UGCR-KC CENTER LLC-UG-119-0444-24112812Sanvitalia Speciosa-t68q-Oman	113	153	696	UG/119/0444/24112812	458	100	0.5	6	600	650	2025-03-31 15:35:31.105907+00	Submitted
648	UGCR-KC CENTER LLC-UG-405-07-24102480Sanvitalia Speciosa-zbsq-Oman	113	153	695	UG/405/07/24102480	8	100	0.5	9.5	950	1000	2025-03-31 15:35:49.937761+00	Submitted
649	UGCR-KC CENTER LLC-UG-423-007-325001Sanvitalia Speciosa-joya-Oman	113	153	694	UG/423/007/325001	8	100	0.5	9.5	950	1000	2025-03-31 15:36:12.774729+00	Submitted
650	UGCR-KC CENTER LLC-UG-405-07-65010Sanvitalia Speciosa-qcpc-Oman	113	153	693	UG/405/07/65010	8	50	0.5	9.5	475	500	2025-03-31 15:36:45.220918+00	Submitted
651	UGCR-KC CENTER LLC-UG-105-07-45070Sanvitalia Speciosa-s9d9-Oman	113	153	692	UG/105/07/45070	8	100	0.5	9.5	950	1000	2025-03-31 15:37:03.205051+00	Submitted
652	UGCR-BLUE MOUNTAIN PEAK-UG-121-018-45091Pericallis Spp-ej5x-United Kingdom	114	152	703	UG/121/018/45091	21	25	0.5	10	250	262.5	2025-03-31 15:50:38.322433+00	Submitted
653	UGCR-BLUE MOUNTAIN PEAK-UG-119-012-24102467Pericallis Spp-ahqd-United Kingdom	114	152	702	UG/119/012/24102467	13	40	0.5	5	200	220	2025-03-31 15:51:11.491727+00	Submitted
654	UGCR-BLUE MOUNTAIN PEAK-UG-110-033-24112689Pericallis Spp-mrv9-United Kingdom	114	152	701	UG/110/033/24112689	48	30	0.5	7.5	225	240	2025-03-31 15:51:50.624581+00	Submitted
655	UGCR-BLUE MOUNTAIN PEAK-UG-110-08-24112689Pericallis Spp-9p51-United Kingdom	114	152	700	UG/110/08/24112689	9	90	0.5	5	450	495	2025-03-31 15:52:39.357112+00	Submitted
656	UGCR-BLUE MOUNTAIN PEAK-UG-106-013-24102482Pericallis Spp-9jtn-United Kingdom	114	152	699	UG/106/013/24102482	16	120	0.5	7.5	900	960	2025-03-31 15:53:21.200525+00	Submitted
657	UGCR-BLUE MOUNTAIN PEAK-UG-105-07-24102465Pericallis Spp-ty2n-United Kingdom	114	152	698	UG/105/07/24102465	8	110	0.5	7.5	825	880	2025-03-31 15:53:41.183793+00	Submitted
658	UGCR-Kaystar Bv Super Market-UG-121-013-24112764Angelonia Angustifolia-9guk-Netherlands	115	143	708	UG/121/013/24112764	16	20	0.5	10	200	210	2025-03-31 16:58:47.605706+00	Submitted
659	UGCR-Kaystar Bv Super Market-UG-108-009-24112763Angelonia Angustifolia-16b7-Netherlands	115	143	707	UG/108/009/24112763	10	41	1	20	820	861	2025-03-31 17:00:54.247404+00	Submitted
660	UGCR-Al-Mubait Commercial Resources Establishment-UG-104-026-2512869Fairy Fan-Flower-bzw2-Saudi Arabia	116	154	712	UG/104/026/2512869	40	2	1	9	18	20	2025-03-31 17:10:51.621702+00	Submitted
661	UGCR-Al-Mubait Commercial Resources Establishment-UG-418-09-24102500Fairy Fan-Flower-x4ie-Saudi Arabia	116	154	711	UG/418/09/24102500	10	2	0.5	8	16	17	2025-03-31 17:11:19.582167+00	Submitted
662	UGCR-Al-Mubait Commercial Resources Establishment-UG-204-07-170007Fairy Fan-Flower-0dup-Saudi Arabia	116	154	710	UG/204/07/170007	8	4	0.5	5	20	22	2025-03-31 17:11:47.927393+00	Submitted
663	UGCR-SAFARI GREENS-UG-104-01-24102378Verbena Hortensis-onu3-Netherlands	117	155	709	UG/104/01/24102378	1	80	0.5	8	640	680	2025-03-31 17:12:29.321613+00	Submitted
664	UGCR-Al accad department stores llc-UG-119-0441-24112747Campanula Portenschlagiana-haqe-United Arab Emirates	118	156	722	UG/119/0441/24112747	455	1	1	5	5	6	2025-03-31 18:56:04.852255+00	Submitted
665	UGCR-Al accad department stores llc-UG-119-007-24112747Campanula Portenschlagiana-yt2x-United Arab Emirates	118	156	721	UG/119/007/24112747	8	7	1	9	63	70	2025-03-31 18:56:48.1168+00	Submitted
666	UGCR-Al accad department stores llc-UG-119-039-24112747Campanula Portenschlagiana-ougz-United Arab Emirates	118	156	720	UG/119/039/24112747	54	4	1	17.5	70	74	2025-03-31 18:57:26.371582+00	Submitted
667	UGCR-Al accad department stores llc-UG-119-0246-24112747Campanula Portenschlagiana-719z-United Arab Emirates	118	156	719	UG/119/0246/24112747	262	3	1	16.6	49.800000000000004	52.800000000000004	2025-03-31 18:58:16.060315+00	Submitted
668	UGCR-Al accad department stores llc-UG-119-012-24112747Campanula Portenschlagiana-keka-United Arab Emirates	118	156	718	UG/119/012/24112747	13	10	1	10	100	110	2025-03-31 18:58:51.157775+00	Submitted
670	UGCR-Al accad department stores llc-UG-119-005-24112747Campanula Portenschlagiana-c178-United Arab Emirates	118	156	716	UG/119/005/24112747	6	5	1	13.8	69	74	2025-03-31 19:00:26.587811+00	Submitted
672	UGCR-Al accad department stores llc-UG-119-008-24112747Campanula Portenschlagiana-23or-United Arab Emirates	118	156	714	UG/119/008/24112747	9	30	1	6	180	210	2025-03-31 19:01:31.251639+00	Submitted
669	UGCR-Al accad department stores llc-UG-119-031-24112747Campanula Portenschlagiana-d2aw-United Arab Emirates	118	156	717	UG/119/031/24112747	46	8	1	17.5	140	148	2025-03-31 18:59:23.809793+00	Submitted
671	UGCR-Al accad department stores llc-UG-119-026-24112747Campanula Portenschlagiana-zscn-United Arab Emirates	118	156	715	UG/119/026/24112747	40	25	1	10	250	275	2025-03-31 19:00:59.609858+00	Submitted
673	UGCR-Al accad department stores llc-UG-119-013-24112747Campanula Portenschlagiana-46ny-United Arab Emirates	118	156	713	UG/119/013/24112747	16	12	1	10	120	132	2025-03-31 19:02:04.927661+00	Submitted
674	UGCR-ALFAYLAQ HAJARA -UG-404-0246-24102456Passiflora-g1ak-Oman	108	141	646	UG/404/0246/24102456	262	3	0.5	10	30	31.5	2025-03-31 19:48:28.544598+00	Submitted
675	UGCR-ALFAYLAQ HAJARA -UG-122-07-24112572Passiflora-wb8k-Oman	108	141	645	UG/122/07/24112572	8	8	0.5	10	80	84	2025-03-31 19:49:17.544304+00	Submitted
676	UGCR-ALFAYLAQ HAJARA -UG-205-039-24112573Passiflora-99sn-Oman	108	141	644	UG/205/039/24112573	54	6	0.5	10	60	63	2025-03-31 19:50:12.604097+00	Submitted
677	UGCR-FRANKFURT FOODSTUFF TRADING LLC-UG-410-07-24112539Soya Beans Seed-0jm5-United Arab Emirates	119	157	723	UG/410/07/24112539	8	1400	0.3	3	4200	4620	2025-03-31 20:25:53.874602+00	Submitted
678	UGCR-ALL4GASTRO S.R.O-UG-113-43-253999Lobularia Maritima-cnc1-Austria	120	151	729	UG/113/43/253999	443	5	0.5	10	50	52.5	2025-04-01 03:44:58.803031+00	Submitted
679	UGCR-ALL4GASTRO S.R.O-UG-405-07-24102427Lobularia Maritima-w3bz-Austria	120	151	728	UG/405/07/24102427	8	20	0.5	10	200	210	2025-04-01 03:49:29.994598+00	Submitted
680	UGCR-ALL4GASTRO S.R.O-UG-104-04-135090Lobularia Maritima-z7e8-Austria	120	151	727	UG/104/04/135090	5	2	0.5	2.5	5	6	2025-04-01 03:50:13.90339+00	Submitted
681	UGCR-ALL4GASTRO S.R.O-UG-112-035-15003Lobularia Maritima-2j11-Austria	120	151	726	UG/112/035/15003	50	10	0.5	10	100	105	2025-04-01 03:53:18.704593+00	Submitted
682	UGCR-ALL4GASTRO S.R.O-UG-106-08-24112572Lobularia Maritima-69hn-Austria	120	151	725	UG/106/08/24112572	9	20	0.5	10	200	210	2025-04-01 03:57:24.265685+00	Submitted
683	UGCR-ALL4GASTRO S.R.O-UG-106-026-24102410Lobularia Maritima-s2cq-Austria	120	151	724	UG/106/026/24102410	40	30	1	10	300	330	2025-04-01 03:58:27.775593+00	Submitted
684	UGCR-ALL4GASTRO S.R.O-UG-113-331-253999Lobularia Maritima-06aw-Austria	120	151	730	UG/113/331/253999	346	7	0.5	10	70	73.5	2025-04-01 04:38:35.504209+00	Submitted
685	UGCR-KC CENTER LLC-UG-121-07-45091Sanvitalia Speciosa-f8rk-Oman	113	153	734	UG/121/07/45091	8	5	0.5	9.5	47.5	50	2025-04-01 04:52:20.324546+00	Submitted
686	UGCR-KC CENTER LLC-UG-105-07-24102465Sanvitalia Speciosa-ezwb-Oman	113	153	733	UG/105/07/24102465	8	18	0.5	9.5	171	180	2025-04-01 04:52:50.317839+00	Submitted
687	UGCR-KC CENTER LLC-UG-121-07-24102461Sanvitalia Speciosa-jq6m-Oman	113	153	732	UG/121/07/24102461	8	15	0.5	9.5	142.5	150	2025-04-01 04:53:23.314224+00	Submitted
688	UGCR-KC CENTER LLC-UG-105-07-45070Sanvitalia Speciosa-uri1-Oman	113	153	731	UG/105/07/45070	8	10	0.5	9.5	95	100	2025-04-01 04:53:51.822247+00	Submitted
689	UGCR-ALL4GASTRO S.R.O-UG-106-0444-24112524Lobularia Maritima-py73-Austria	120	151	735	UG/106/0444/24112524	458	16	0.5	7.5	120	128	2025-04-01 05:16:27.739628+00	Submitted
\.


--
